{"id":48596,"date":"2023-08-27T16:46:52","date_gmt":"2023-08-27T14:46:52","guid":{"rendered":"https:\/\/fundacion-biodiversidad.es\/convocatorias_biodiv\/biodivprotect-call-for-support-for-the-protection-of-biodiversity-and-terrestrial-and-marine-ecosystems\/"},"modified":"2025-04-24T08:31:19","modified_gmt":"2025-04-24T06:31:19","slug":"biodivprotect-call-for-support-for-the-protection-of-biodiversity-and-terrestrial-and-marine-ecosystems","status":"publish","type":"convocatorias_biodiv","link":"https:\/\/fundacion-biodiversidad.es\/en\/convocatorias_biodiv\/biodivprotect-call-for-support-for-the-protection-of-biodiversity-and-terrestrial-and-marine-ecosystems\/","title":{"rendered":"BiodivProtect call for support for the protection of biodiversity and terrestrial and marine ecosystems"},"content":{"rendered":"<p><strong>Call BiodivProtect of the European Biodiversity Partnership (Biodiversa +) for the support to the protection of biodiversity and terrestrial and marine ecosystems.<\/strong><\/p>\n<p>This call, intended to support 3-year transnational research projects, is co-funded by the European Commission within the state program for scientific, technical and innovation research 2021-2023 and addresses the following three (non-exclusive) topics:<\/p>\n<p>&#8211; Knowledge to identify priority conservation areas, establish effective and resilient ecological networks, improve species protection and preserve genetic diversity.<\/p>\n<p>&#8211; Multiple benefits and costs of biodiversity and ecosystem protection: synergies and trade-offs.<\/p>\n<p>&#8211; Effective management and equitable governance for effective conservation outcomes.<\/p>\n<p>&nbsp;<\/p>\n","protected":false},"parent":0,"template":"","meta":{"_acf_changed":false},"financiaci_n":[679],"lineas_actuacion_tematicas":[656],"class_list":["post-48596","convocatorias_biodiv","type-convocatorias_biodiv","status-publish","hentry","financiaci_n-biodiversa-en","lineas_actuacion_tematicas-knowledge-generation-and-management"],"acf":[],"yoast_head":"<!-- This site is optimized with the Yoast SEO plugin v26.9 - https:\/\/yoast.com\/product\/yoast-seo-wordpress\/ -->\n<title>BiodivProtect call for support for the protection of biodiversity and terrestrial and marine ecosystems - Fundaci\u00f3n Biodiversidad<\/title>\n<meta name=\"robots\" content=\"index, follow, max-snippet:-1, max-image-preview:large, max-video-preview:-1\" \/>\n<link rel=\"canonical\" href=\"https:\/\/fundacion-biodiversidad.es\/en\/convocatorias_biodiv\/biodivprotect-call-for-support-for-the-protection-of-biodiversity-and-terrestrial-and-marine-ecosystems\/\" \/>\n<meta property=\"og:locale\" content=\"en_US\" \/>\n<meta property=\"og:type\" content=\"article\" \/>\n<meta property=\"og:title\" content=\"BiodivProtect call for support for the protection of biodiversity and terrestrial and marine ecosystems - Fundaci\u00f3n Biodiversidad\" \/>\n<meta property=\"og:description\" content=\"Call BiodivProtect of the European Biodiversity Partnership (Biodiversa +) for the support to the protection of biodiversity and terrestrial and marine ecosystems. This call, intended [&hellip;]\" \/>\n<meta property=\"og:url\" content=\"https:\/\/fundacion-biodiversidad.es\/en\/convocatorias_biodiv\/biodivprotect-call-for-support-for-the-protection-of-biodiversity-and-terrestrial-and-marine-ecosystems\/\" \/>\n<meta property=\"og:site_name\" content=\"Fundaci\u00f3n Biodiversidad\" \/>\n<meta property=\"article:modified_time\" content=\"2025-04-24T06:31:19+00:00\" \/>\n<meta property=\"og:image\" content=\"https:\/\/fundacion-biodiversidad.es\/wp-content\/uploads\/2023\/01\/2487661294_35330241_720x405.png\" \/>\n\t<meta property=\"og:image:width\" content=\"720\" \/>\n\t<meta property=\"og:image:height\" content=\"405\" \/>\n\t<meta property=\"og:image:type\" content=\"image\/png\" \/>\n<meta name=\"twitter:card\" content=\"summary_large_image\" \/>\n<script type=\"application\/ld+json\" class=\"yoast-schema-graph\">{\"@context\":\"https:\/\/schema.org\",\"@graph\":[{\"@type\":\"WebPage\",\"@id\":\"https:\/\/fundacion-biodiversidad.es\/en\/convocatorias_biodiv\/biodivprotect-call-for-support-for-the-protection-of-biodiversity-and-terrestrial-and-marine-ecosystems\/\",\"url\":\"https:\/\/fundacion-biodiversidad.es\/en\/convocatorias_biodiv\/biodivprotect-call-for-support-for-the-protection-of-biodiversity-and-terrestrial-and-marine-ecosystems\/\",\"name\":\"BiodivProtect call for support for the protection of biodiversity and terrestrial and marine ecosystems - Fundaci\u00f3n Biodiversidad\",\"isPartOf\":{\"@id\":\"https:\/\/fundacion-biodiversidad.es\/en\/#website\"},\"datePublished\":\"2023-08-27T14:46:52+00:00\",\"dateModified\":\"2025-04-24T06:31:19+00:00\",\"breadcrumb\":{\"@id\":\"https:\/\/fundacion-biodiversidad.es\/en\/convocatorias_biodiv\/biodivprotect-call-for-support-for-the-protection-of-biodiversity-and-terrestrial-and-marine-ecosystems\/#breadcrumb\"},\"inLanguage\":\"en-US\",\"potentialAction\":[{\"@type\":\"ReadAction\",\"target\":[\"https:\/\/fundacion-biodiversidad.es\/en\/convocatorias_biodiv\/biodivprotect-call-for-support-for-the-protection-of-biodiversity-and-terrestrial-and-marine-ecosystems\/\"]}]},{\"@type\":\"BreadcrumbList\",\"@id\":\"https:\/\/fundacion-biodiversidad.es\/en\/convocatorias_biodiv\/biodivprotect-call-for-support-for-the-protection-of-biodiversity-and-terrestrial-and-marine-ecosystems\/#breadcrumb\",\"itemListElement\":[{\"@type\":\"ListItem\",\"position\":1,\"name\":\"Portada\",\"item\":\"https:\/\/fundacion-biodiversidad.es\/en\/inicio\/\"},{\"@type\":\"ListItem\",\"position\":2,\"name\":\"Convocatorias Biodiversa +\",\"item\":\"https:\/\/fundacion-biodiversidad.es\/en\/convocatorias_biodiv\/\"},{\"@type\":\"ListItem\",\"position\":3,\"name\":\"BiodivProtect call for support for the protection of biodiversity and terrestrial and marine ecosystems\"}]},{\"@type\":\"WebSite\",\"@id\":\"https:\/\/fundacion-biodiversidad.es\/en\/#website\",\"url\":\"https:\/\/fundacion-biodiversidad.es\/en\/\",\"name\":\"Fundaci\u00f3n Biodiversidad\",\"description\":\"Fundaci\u00f3n p\u00fablica adscrita al Ministerio para la Transici\u00f3n Ecol\u00f3gica\",\"potentialAction\":[{\"@type\":\"SearchAction\",\"target\":{\"@type\":\"EntryPoint\",\"urlTemplate\":\"https:\/\/fundacion-biodiversidad.es\/en\/?s={search_term_string}\"},\"query-input\":{\"@type\":\"PropertyValueSpecification\",\"valueRequired\":true,\"valueName\":\"search_term_string\"}}],\"inLanguage\":\"en-US\"}]}<\/script>\n<!-- \/ Yoast SEO plugin. -->","yoast_head_json":{"title":"BiodivProtect call for support for the protection of biodiversity and terrestrial and marine ecosystems - Fundaci\u00f3n Biodiversidad","robots":{"index":"index","follow":"follow","max-snippet":"max-snippet:-1","max-image-preview":"max-image-preview:large","max-video-preview":"max-video-preview:-1"},"canonical":"https:\/\/fundacion-biodiversidad.es\/en\/convocatorias_biodiv\/biodivprotect-call-for-support-for-the-protection-of-biodiversity-and-terrestrial-and-marine-ecosystems\/","og_locale":"en_US","og_type":"article","og_title":"BiodivProtect call for support for the protection of biodiversity and terrestrial and marine ecosystems - Fundaci\u00f3n Biodiversidad","og_description":"Call BiodivProtect of the European Biodiversity Partnership (Biodiversa +) for the support to the protection of biodiversity and terrestrial and marine ecosystems. This call, intended [&hellip;]","og_url":"https:\/\/fundacion-biodiversidad.es\/en\/convocatorias_biodiv\/biodivprotect-call-for-support-for-the-protection-of-biodiversity-and-terrestrial-and-marine-ecosystems\/","og_site_name":"Fundaci\u00f3n Biodiversidad","article_modified_time":"2025-04-24T06:31:19+00:00","og_image":[{"width":720,"height":405,"url":"https:\/\/fundacion-biodiversidad.es\/wp-content\/uploads\/2023\/01\/2487661294_35330241_720x405.png","type":"image\/png"}],"twitter_card":"summary_large_image","schema":{"@context":"https:\/\/schema.org","@graph":[{"@type":"WebPage","@id":"https:\/\/fundacion-biodiversidad.es\/en\/convocatorias_biodiv\/biodivprotect-call-for-support-for-the-protection-of-biodiversity-and-terrestrial-and-marine-ecosystems\/","url":"https:\/\/fundacion-biodiversidad.es\/en\/convocatorias_biodiv\/biodivprotect-call-for-support-for-the-protection-of-biodiversity-and-terrestrial-and-marine-ecosystems\/","name":"BiodivProtect call for support for the protection of biodiversity and terrestrial and marine ecosystems - Fundaci\u00f3n Biodiversidad","isPartOf":{"@id":"https:\/\/fundacion-biodiversidad.es\/en\/#website"},"datePublished":"2023-08-27T14:46:52+00:00","dateModified":"2025-04-24T06:31:19+00:00","breadcrumb":{"@id":"https:\/\/fundacion-biodiversidad.es\/en\/convocatorias_biodiv\/biodivprotect-call-for-support-for-the-protection-of-biodiversity-and-terrestrial-and-marine-ecosystems\/#breadcrumb"},"inLanguage":"en-US","potentialAction":[{"@type":"ReadAction","target":["https:\/\/fundacion-biodiversidad.es\/en\/convocatorias_biodiv\/biodivprotect-call-for-support-for-the-protection-of-biodiversity-and-terrestrial-and-marine-ecosystems\/"]}]},{"@type":"BreadcrumbList","@id":"https:\/\/fundacion-biodiversidad.es\/en\/convocatorias_biodiv\/biodivprotect-call-for-support-for-the-protection-of-biodiversity-and-terrestrial-and-marine-ecosystems\/#breadcrumb","itemListElement":[{"@type":"ListItem","position":1,"name":"Portada","item":"https:\/\/fundacion-biodiversidad.es\/en\/inicio\/"},{"@type":"ListItem","position":2,"name":"Convocatorias Biodiversa +","item":"https:\/\/fundacion-biodiversidad.es\/en\/convocatorias_biodiv\/"},{"@type":"ListItem","position":3,"name":"BiodivProtect call for support for the protection of biodiversity and terrestrial and marine ecosystems"}]},{"@type":"WebSite","@id":"https:\/\/fundacion-biodiversidad.es\/en\/#website","url":"https:\/\/fundacion-biodiversidad.es\/en\/","name":"Fundaci\u00f3n Biodiversidad","description":"Fundaci\u00f3n p\u00fablica adscrita al Ministerio para la Transici\u00f3n Ecol\u00f3gica","potentialAction":[{"@type":"SearchAction","target":{"@type":"EntryPoint","urlTemplate":"https:\/\/fundacion-biodiversidad.es\/en\/?s={search_term_string}"},"query-input":{"@type":"PropertyValueSpecification","valueRequired":true,"valueName":"search_term_string"}}],"inLanguage":"en-US"}]}},"_links":{"self":[{"href":"https:\/\/fundacion-biodiversidad.es\/en\/wp-json\/wp\/v2\/convocatorias_biodiv\/48596","targetHints":{"allow":["GET"]}}],"collection":[{"href":"https:\/\/fundacion-biodiversidad.es\/en\/wp-json\/wp\/v2\/convocatorias_biodiv"}],"about":[{"href":"https:\/\/fundacion-biodiversidad.es\/en\/wp-json\/wp\/v2\/types\/convocatorias_biodiv"}],"wp:attachment":[{"href":"https:\/\/fundacion-biodiversidad.es\/en\/wp-json\/wp\/v2\/media?parent=48596"}],"wp:term":[{"taxonomy":"financiaci_n","embeddable":true,"href":"https:\/\/fundacion-biodiversidad.es\/en\/wp-json\/wp\/v2\/financiaci_n?post=48596"},{"taxonomy":"lineas_actuacion_tematicas","embeddable":true,"href":"https:\/\/fundacion-biodiversidad.es\/en\/wp-json\/wp\/v2\/lineas_actuacion_tematicas?post=48596"}],"curies":[{"name":"wp","href":"https:\/\/api.w.org\/{rel}","templated":true}]}}

<!-- This site is optimized with the Yoast SEO plugin v26.9 - https://yoast.com/product/yoast-seo-wordpress/ -->
<title>BiodivProtect call for support for the protection of biodiversity and terrestrial and marine ecosystems - Fundación Biodiversidad</title>
<meta name="robots" content="index, follow, max-snippet:-1, max-image-preview:large, max-video-preview:-1" />
<link rel="canonical" href="https://fundacion-biodiversidad.es/en/convocatorias_biodiv/biodivprotect-call-for-support-for-the-protection-of-biodiversity-and-terrestrial-and-marine-ecosystems/" />
<meta property="og:locale" content="en_US" />
<meta property="og:type" content="article" />
<meta property="og:title" content="BiodivProtect call for support for the protection of biodiversity and terrestrial and marine ecosystems - Fundación Biodiversidad" />
<meta property="og:description" content="Call BiodivProtect of the European Biodiversity Partnership (Biodiversa +) for the support to the protection of biodiversity and terrestrial and marine ecosystems. This call, intended [&hellip;]" />
<meta property="og:url" content="https://fundacion-biodiversidad.es/en/convocatorias_biodiv/biodivprotect-call-for-support-for-the-protection-of-biodiversity-and-terrestrial-and-marine-ecosystems/" />
<meta property="og:site_name" content="Fundación Biodiversidad" />
<meta property="article:modified_time" content="2025-04-24T06:31:19+00:00" />
<meta property="og:image" content="https://fundacion-biodiversidad.es/wp-content/uploads/2023/01/2487661294_35330241_720x405.png" />
	<meta property="og:image:width" content="720" />
	<meta property="og:image:height" content="405" />
	<meta property="og:image:type" content="image/png" />
<meta name="twitter:card" content="summary_large_image" />
<script type="application/ld+json" class="yoast-schema-graph">{"@context":"https://schema.org","@graph":[{"@type":"WebPage","@id":"https://fundacion-biodiversidad.es/en/convocatorias_biodiv/biodivprotect-call-for-support-for-the-protection-of-biodiversity-and-terrestrial-and-marine-ecosystems/","url":"https://fundacion-biodiversidad.es/en/convocatorias_biodiv/biodivprotect-call-for-support-for-the-protection-of-biodiversity-and-terrestrial-and-marine-ecosystems/","name":"BiodivProtect call for support for the protection of biodiversity and terrestrial and marine ecosystems - Fundación Biodiversidad","isPartOf":{"@id":"https://fundacion-biodiversidad.es/en/#website"},"datePublished":"2023-08-27T14:46:52+00:00","dateModified":"2025-04-24T06:31:19+00:00","breadcrumb":{"@id":"https://fundacion-biodiversidad.es/en/convocatorias_biodiv/biodivprotect-call-for-support-for-the-protection-of-biodiversity-and-terrestrial-and-marine-ecosystems/#breadcrumb"},"inLanguage":"en-US","potentialAction":[{"@type":"ReadAction","target":["https://fundacion-biodiversidad.es/en/convocatorias_biodiv/biodivprotect-call-for-support-for-the-protection-of-biodiversity-and-terrestrial-and-marine-ecosystems/"]}]},{"@type":"BreadcrumbList","@id":"https://fundacion-biodiversidad.es/en/convocatorias_biodiv/biodivprotect-call-for-support-for-the-protection-of-biodiversity-and-terrestrial-and-marine-ecosystems/#breadcrumb","itemListElement":[{"@type":"ListItem","position":1,"name":"Portada","item":"https://fundacion-biodiversidad.es/en/inicio/"},{"@type":"ListItem","position":2,"name":"Convocatorias Biodiversa +","item":"https://fundacion-biodiversidad.es/en/convocatorias_biodiv/"},{"@type":"ListItem","position":3,"name":"BiodivProtect call for support for the protection of biodiversity and terrestrial and marine ecosystems"}]},{"@type":"WebSite","@id":"https://fundacion-biodiversidad.es/en/#website","url":"https://fundacion-biodiversidad.es/en/","name":"Fundación Biodiversidad","description":"Fundación pública adscrita al Ministerio para la Transición Ecológica","potentialAction":[{"@type":"SearchAction","target":{"@type":"EntryPoint","urlTemplate":"https://fundacion-biodiversidad.es/en/?s={search_term_string}"},"query-input":{"@type":"PropertyValueSpecification","valueRequired":true,"valueName":"search_term_string"}}],"inLanguage":"en-US"}]}</script>
<!-- / Yoast SEO plugin. -->

BiodivProtect call for support for the protection of biodiversity and terrestrial and marine ecosystems - Fundación Biodiversidad

Fundación Biodiversidad

Fundación pública adscrita al Ministerio para la Transición Ecológica
