{"id":47387,"date":"2019-02-07T12:06:17","date_gmt":"2019-02-07T11:06:17","guid":{"rendered":"https:\/\/fundacion-biodiversidad.es\/convocatorias_pleama\/call-for-grants-of-the-pleamar-program-2019\/"},"modified":"2025-02-04T10:37:35","modified_gmt":"2025-02-04T09:37:35","slug":"call-for-grants-of-the-pleamar-program-2019","status":"publish","type":"convocatorias_pleama","link":"https:\/\/fundacion-biodiversidad.es\/en\/convocatorias_pleama\/call-for-grants-of-the-pleamar-program-2019\/","title":{"rendered":"Call for proposals of the Pleamar Program 2019"},"content":{"rendered":"<p>Call for grants from the Biodiversity Foundation, on a competitive basis, for the promotion and promotion of fisheries and aquaculture sustainability, within the framework of the Pleamar Programme, co-financed by the EMFF \u2013 2019. &nbsp; The Biodiversity Foundation&#8217;s <a href=\"https:\/\/www.programapleamar.es\/\" target=\"_blank\" rel=\"noopener\">Pleamar Programme<\/a> aims to support the fisheries and aquaculture sector in its commitment to sustainability and its commitment to the protection and conservation of biodiversity and natural heritage. For any queries, please contact the following e-mail: <a href=\"mailto:pleamar@fundacion-biodiversidad.es\" rel=\"nofollow\">pleamar@fundacion-biodiversidad.es<\/a>. &nbsp; Resolution of 20 December 2018, of the Secretary of State for the Environment, which publishes the regulatory bases for the granting of subsidies by the Biodiversity Foundation.   <\/p>\n<ul>\n<li>Published: &#8220;<abbr title=\"Official State Gazette\">BOE<\/abbr>&#8221; <abbr title=\"number\">no.<\/abbr> 25, of January 29, 2019, pages 8001 to 8036 (36 <abbr title=\"pages\">pages) <a href=\"https:\/\/www.boe.es\/diario_boe\/txt.php?id=BOE-A-2019-1092\">Consultation<\/a><\/abbr><\/li>\n<\/ul>\n<p>  Reference: BOE-A-2019-1092 Extract from the Resolution of 29 January 2019 of the Management of the Biodiversity Foundation F.S.P., approving the publication of the Call for the granting of subsidies, on a competitive basis, for the promotion and promotion of fisheries and aquaculture sustainability, within the framework of the Pleamar Programme,  co-financed by the European Maritime and Fisheries Fund (EMFF) in 2019.  <\/p>\n<ul>\n<li>Published in: &#8220;<abbr title=\"Official State Gazette\">BOE<\/abbr>&#8221; <abbr title=\"number\">No.<\/abbr> 33, of February 7, 2019, pages 6330 to 6330 (1 <abbr title=\"Page\">page<\/abbr>). <a href=\"https:\/\/www.boe.es\/boe\/dias\/2019\/02\/07\/pdfs\/BOE-B-2019-4961.pdf\">See<\/a><\/li>\n<\/ul>\n<p>  Reference: BOE-B-2019-4961 &nbsp; To consult any information related to the European Maritime and Fisheries Fund, such as the Community Implementing Regulations, the Spanish Operational Programme or all the information related to the EMFF Monitoring Committee, you can consult the website of the Ministry of Agriculture and Fisheries, Food and the Environment by clicking <a href=\"http:\/\/www.mapama.gob.es\/es\/pesca\/temas\/fondos-europeos\/femp\/default.aspx\" target=\"_blank\" rel=\"noopener\">here.<\/a> On 12 January 2020, the restructuring of the Ministerial Departments was published in the <a href=\"https:\/\/www.boe.es\/buscar\/act.php?id=BOE-A-2020-410\">Official State Gazette<\/a> , creating the Ministry for the Ecological Transition and the Demographic Challenge. This implies that the logos used in information and publicity materials must be updated to include the new name of the Ministry. To download the update of the different logos of interest for the correct communication of the projects of the pleamar program: click <a href=\"https:\/\/www.programapleamar.es\/sites\/default\/files\/default_images\/logos_pleamar_vigentes_2020.zip\">here<\/a>.<\/p>\n","protected":false},"featured_media":0,"parent":0,"menu_order":0,"template":"","meta":{"_acf_changed":false},"tags":[],"financiaci_n":[652],"lineas_actuacion_tematicas":[655],"class_list":["post-47387","convocatorias_pleama","type-convocatorias_pleama","status-publish","hentry","financiaci_n-fondo-europeo-maritimo-de-pesca-en","lineas_actuacion_tematicas-marine-ecosystems"],"acf":[],"yoast_head":"<!-- This site is optimized with the Yoast SEO plugin v26.9 - https:\/\/yoast.com\/product\/yoast-seo-wordpress\/ -->\n<title>Call for proposals of the Pleamar Program 2019 - Fundaci\u00f3n Biodiversidad<\/title>\n<meta name=\"robots\" content=\"index, follow, max-snippet:-1, max-image-preview:large, max-video-preview:-1\" \/>\n<link rel=\"canonical\" href=\"https:\/\/fundacion-biodiversidad.es\/en\/convocatorias_pleama\/call-for-grants-of-the-pleamar-program-2019\/\" \/>\n<meta property=\"og:locale\" content=\"en_US\" \/>\n<meta property=\"og:type\" content=\"article\" \/>\n<meta property=\"og:title\" content=\"Call for proposals of the Pleamar Program 2019 - Fundaci\u00f3n Biodiversidad\" \/>\n<meta property=\"og:description\" content=\"Call for grants from the Biodiversity Foundation, on a competitive basis, for the promotion and promotion of fisheries and aquaculture sustainability, within the framework of [&hellip;]\" \/>\n<meta property=\"og:url\" content=\"https:\/\/fundacion-biodiversidad.es\/en\/convocatorias_pleama\/call-for-grants-of-the-pleamar-program-2019\/\" \/>\n<meta property=\"og:site_name\" content=\"Fundaci\u00f3n Biodiversidad\" \/>\n<meta property=\"article:modified_time\" content=\"2025-02-04T09:37:35+00:00\" \/>\n<meta property=\"og:image\" content=\"https:\/\/fundacion-biodiversidad.es\/wp-content\/uploads\/2023\/01\/2487661294_35330241_720x405.png\" \/>\n\t<meta property=\"og:image:width\" content=\"720\" \/>\n\t<meta property=\"og:image:height\" content=\"405\" \/>\n\t<meta property=\"og:image:type\" content=\"image\/png\" \/>\n<meta name=\"twitter:card\" content=\"summary_large_image\" \/>\n<meta name=\"twitter:label1\" content=\"Est. reading time\" \/>\n\t<meta name=\"twitter:data1\" content=\"2 minutes\" \/>\n<script type=\"application\/ld+json\" class=\"yoast-schema-graph\">{\"@context\":\"https:\/\/schema.org\",\"@graph\":[{\"@type\":\"WebPage\",\"@id\":\"https:\/\/fundacion-biodiversidad.es\/en\/convocatorias_pleama\/call-for-grants-of-the-pleamar-program-2019\/\",\"url\":\"https:\/\/fundacion-biodiversidad.es\/en\/convocatorias_pleama\/call-for-grants-of-the-pleamar-program-2019\/\",\"name\":\"Call for proposals of the Pleamar Program 2019 - Fundaci\u00f3n Biodiversidad\",\"isPartOf\":{\"@id\":\"https:\/\/fundacion-biodiversidad.es\/en\/#website\"},\"datePublished\":\"2019-02-07T11:06:17+00:00\",\"dateModified\":\"2025-02-04T09:37:35+00:00\",\"breadcrumb\":{\"@id\":\"https:\/\/fundacion-biodiversidad.es\/en\/convocatorias_pleama\/call-for-grants-of-the-pleamar-program-2019\/#breadcrumb\"},\"inLanguage\":\"en-US\",\"potentialAction\":[{\"@type\":\"ReadAction\",\"target\":[\"https:\/\/fundacion-biodiversidad.es\/en\/convocatorias_pleama\/call-for-grants-of-the-pleamar-program-2019\/\"]}]},{\"@type\":\"BreadcrumbList\",\"@id\":\"https:\/\/fundacion-biodiversidad.es\/en\/convocatorias_pleama\/call-for-grants-of-the-pleamar-program-2019\/#breadcrumb\",\"itemListElement\":[{\"@type\":\"ListItem\",\"position\":1,\"name\":\"Portada\",\"item\":\"https:\/\/fundacion-biodiversidad.es\/en\/inicio\/\"},{\"@type\":\"ListItem\",\"position\":2,\"name\":\"Convocatorias pleamar\",\"item\":\"https:\/\/fundacion-biodiversidad.es\/en\/convocatorias_pleama\/\"},{\"@type\":\"ListItem\",\"position\":3,\"name\":\"Call for proposals of the Pleamar Program 2019\"}]},{\"@type\":\"WebSite\",\"@id\":\"https:\/\/fundacion-biodiversidad.es\/en\/#website\",\"url\":\"https:\/\/fundacion-biodiversidad.es\/en\/\",\"name\":\"Fundaci\u00f3n Biodiversidad\",\"description\":\"Fundaci\u00f3n p\u00fablica adscrita al Ministerio para la Transici\u00f3n Ecol\u00f3gica\",\"potentialAction\":[{\"@type\":\"SearchAction\",\"target\":{\"@type\":\"EntryPoint\",\"urlTemplate\":\"https:\/\/fundacion-biodiversidad.es\/en\/?s={search_term_string}\"},\"query-input\":{\"@type\":\"PropertyValueSpecification\",\"valueRequired\":true,\"valueName\":\"search_term_string\"}}],\"inLanguage\":\"en-US\"}]}<\/script>\n<!-- \/ Yoast SEO plugin. -->","yoast_head_json":{"title":"Call for proposals of the Pleamar Program 2019 - Fundaci\u00f3n Biodiversidad","robots":{"index":"index","follow":"follow","max-snippet":"max-snippet:-1","max-image-preview":"max-image-preview:large","max-video-preview":"max-video-preview:-1"},"canonical":"https:\/\/fundacion-biodiversidad.es\/en\/convocatorias_pleama\/call-for-grants-of-the-pleamar-program-2019\/","og_locale":"en_US","og_type":"article","og_title":"Call for proposals of the Pleamar Program 2019 - Fundaci\u00f3n Biodiversidad","og_description":"Call for grants from the Biodiversity Foundation, on a competitive basis, for the promotion and promotion of fisheries and aquaculture sustainability, within the framework of [&hellip;]","og_url":"https:\/\/fundacion-biodiversidad.es\/en\/convocatorias_pleama\/call-for-grants-of-the-pleamar-program-2019\/","og_site_name":"Fundaci\u00f3n Biodiversidad","article_modified_time":"2025-02-04T09:37:35+00:00","og_image":[{"width":720,"height":405,"url":"https:\/\/fundacion-biodiversidad.es\/wp-content\/uploads\/2023\/01\/2487661294_35330241_720x405.png","type":"image\/png"}],"twitter_card":"summary_large_image","twitter_misc":{"Est. reading time":"2 minutes"},"schema":{"@context":"https:\/\/schema.org","@graph":[{"@type":"WebPage","@id":"https:\/\/fundacion-biodiversidad.es\/en\/convocatorias_pleama\/call-for-grants-of-the-pleamar-program-2019\/","url":"https:\/\/fundacion-biodiversidad.es\/en\/convocatorias_pleama\/call-for-grants-of-the-pleamar-program-2019\/","name":"Call for proposals of the Pleamar Program 2019 - Fundaci\u00f3n Biodiversidad","isPartOf":{"@id":"https:\/\/fundacion-biodiversidad.es\/en\/#website"},"datePublished":"2019-02-07T11:06:17+00:00","dateModified":"2025-02-04T09:37:35+00:00","breadcrumb":{"@id":"https:\/\/fundacion-biodiversidad.es\/en\/convocatorias_pleama\/call-for-grants-of-the-pleamar-program-2019\/#breadcrumb"},"inLanguage":"en-US","potentialAction":[{"@type":"ReadAction","target":["https:\/\/fundacion-biodiversidad.es\/en\/convocatorias_pleama\/call-for-grants-of-the-pleamar-program-2019\/"]}]},{"@type":"BreadcrumbList","@id":"https:\/\/fundacion-biodiversidad.es\/en\/convocatorias_pleama\/call-for-grants-of-the-pleamar-program-2019\/#breadcrumb","itemListElement":[{"@type":"ListItem","position":1,"name":"Portada","item":"https:\/\/fundacion-biodiversidad.es\/en\/inicio\/"},{"@type":"ListItem","position":2,"name":"Convocatorias pleamar","item":"https:\/\/fundacion-biodiversidad.es\/en\/convocatorias_pleama\/"},{"@type":"ListItem","position":3,"name":"Call for proposals of the Pleamar Program 2019"}]},{"@type":"WebSite","@id":"https:\/\/fundacion-biodiversidad.es\/en\/#website","url":"https:\/\/fundacion-biodiversidad.es\/en\/","name":"Fundaci\u00f3n Biodiversidad","description":"Fundaci\u00f3n p\u00fablica adscrita al Ministerio para la Transici\u00f3n Ecol\u00f3gica","potentialAction":[{"@type":"SearchAction","target":{"@type":"EntryPoint","urlTemplate":"https:\/\/fundacion-biodiversidad.es\/en\/?s={search_term_string}"},"query-input":{"@type":"PropertyValueSpecification","valueRequired":true,"valueName":"search_term_string"}}],"inLanguage":"en-US"}]}},"_links":{"self":[{"href":"https:\/\/fundacion-biodiversidad.es\/en\/wp-json\/wp\/v2\/convocatorias_pleama\/47387","targetHints":{"allow":["GET"]}}],"collection":[{"href":"https:\/\/fundacion-biodiversidad.es\/en\/wp-json\/wp\/v2\/convocatorias_pleama"}],"about":[{"href":"https:\/\/fundacion-biodiversidad.es\/en\/wp-json\/wp\/v2\/types\/convocatorias_pleama"}],"wp:attachment":[{"href":"https:\/\/fundacion-biodiversidad.es\/en\/wp-json\/wp\/v2\/media?parent=47387"}],"wp:term":[{"taxonomy":"post_tag","embeddable":true,"href":"https:\/\/fundacion-biodiversidad.es\/en\/wp-json\/wp\/v2\/tags?post=47387"},{"taxonomy":"financiaci_n","embeddable":true,"href":"https:\/\/fundacion-biodiversidad.es\/en\/wp-json\/wp\/v2\/financiaci_n?post=47387"},{"taxonomy":"lineas_actuacion_tematicas","embeddable":true,"href":"https:\/\/fundacion-biodiversidad.es\/en\/wp-json\/wp\/v2\/lineas_actuacion_tematicas?post=47387"}],"curies":[{"name":"wp","href":"https:\/\/api.w.org\/{rel}","templated":true}]}}

<!-- This site is optimized with the Yoast SEO plugin v26.9 - https://yoast.com/product/yoast-seo-wordpress/ -->
<title>Call for proposals of the Pleamar Program 2019 - Fundación Biodiversidad</title>
<meta name="robots" content="index, follow, max-snippet:-1, max-image-preview:large, max-video-preview:-1" />
<link rel="canonical" href="https://fundacion-biodiversidad.es/en/convocatorias_pleama/call-for-grants-of-the-pleamar-program-2019/" />
<meta property="og:locale" content="en_US" />
<meta property="og:type" content="article" />
<meta property="og:title" content="Call for proposals of the Pleamar Program 2019 - Fundación Biodiversidad" />
<meta property="og:description" content="Call for grants from the Biodiversity Foundation, on a competitive basis, for the promotion and promotion of fisheries and aquaculture sustainability, within the framework of [&hellip;]" />
<meta property="og:url" content="https://fundacion-biodiversidad.es/en/convocatorias_pleama/call-for-grants-of-the-pleamar-program-2019/" />
<meta property="og:site_name" content="Fundación Biodiversidad" />
<meta property="article:modified_time" content="2025-02-04T09:37:35+00:00" />
<meta property="og:image" content="https://fundacion-biodiversidad.es/wp-content/uploads/2023/01/2487661294_35330241_720x405.png" />
	<meta property="og:image:width" content="720" />
	<meta property="og:image:height" content="405" />
	<meta property="og:image:type" content="image/png" />
<meta name="twitter:card" content="summary_large_image" />
<meta name="twitter:label1" content="Est. reading time" />
	<meta name="twitter:data1" content="2 minutes" />
<script type="application/ld+json" class="yoast-schema-graph">{"@context":"https://schema.org","@graph":[{"@type":"WebPage","@id":"https://fundacion-biodiversidad.es/en/convocatorias_pleama/call-for-grants-of-the-pleamar-program-2019/","url":"https://fundacion-biodiversidad.es/en/convocatorias_pleama/call-for-grants-of-the-pleamar-program-2019/","name":"Call for proposals of the Pleamar Program 2019 - Fundación Biodiversidad","isPartOf":{"@id":"https://fundacion-biodiversidad.es/en/#website"},"datePublished":"2019-02-07T11:06:17+00:00","dateModified":"2025-02-04T09:37:35+00:00","breadcrumb":{"@id":"https://fundacion-biodiversidad.es/en/convocatorias_pleama/call-for-grants-of-the-pleamar-program-2019/#breadcrumb"},"inLanguage":"en-US","potentialAction":[{"@type":"ReadAction","target":["https://fundacion-biodiversidad.es/en/convocatorias_pleama/call-for-grants-of-the-pleamar-program-2019/"]}]},{"@type":"BreadcrumbList","@id":"https://fundacion-biodiversidad.es/en/convocatorias_pleama/call-for-grants-of-the-pleamar-program-2019/#breadcrumb","itemListElement":[{"@type":"ListItem","position":1,"name":"Portada","item":"https://fundacion-biodiversidad.es/en/inicio/"},{"@type":"ListItem","position":2,"name":"Convocatorias pleamar","item":"https://fundacion-biodiversidad.es/en/convocatorias_pleama/"},{"@type":"ListItem","position":3,"name":"Call for proposals of the Pleamar Program 2019"}]},{"@type":"WebSite","@id":"https://fundacion-biodiversidad.es/en/#website","url":"https://fundacion-biodiversidad.es/en/","name":"Fundación Biodiversidad","description":"Fundación pública adscrita al Ministerio para la Transición Ecológica","potentialAction":[{"@type":"SearchAction","target":{"@type":"EntryPoint","urlTemplate":"https://fundacion-biodiversidad.es/en/?s={search_term_string}"},"query-input":{"@type":"PropertyValueSpecification","valueRequired":true,"valueName":"search_term_string"}}],"inLanguage":"en-US"}]}</script>
<!-- / Yoast SEO plugin. -->

Call for proposals of the Pleamar Program 2019 - Fundación Biodiversidad

Fundación Biodiversidad

Fundación pública adscrita al Ministerio para la Transición Ecológica
