{"id":47376,"date":"2021-08-09T11:59:49","date_gmt":"2021-08-09T09:59:49","guid":{"rendered":"https:\/\/fundacion-biodiversidad.es\/life\/life-teal\/"},"modified":"2026-03-09T17:13:23","modified_gmt":"2026-03-09T16:13:23","slug":"life-teal","status":"publish","type":"life","link":"https:\/\/fundacion-biodiversidad.es\/en\/life\/life-teal\/","title":{"rendered":"LIFE Teal"},"content":{"rendered":"<p>The marbled teal <strong>is the most endangered duck in Europe, in critical condition in Spain<\/strong>. Habitat loss and degradation is their greatest threat and endangers the survival of the species. Wetlands are impacted by drought, pollution, the proliferation of artificial barriers and other threats caused by human activities.<\/p>\n<p class=\"Default\" style=\"text-align: justify;\">But there is still time to reverse the situation. To this end, we have launched the LIFE &#8220;<strong>Coordinated actions for the recovery of the marbled teal (<em>Marmaronetta angustirostris<\/em>)<\/strong>&#8220;. From 2021 to 2025, the project will carry out 22 actions in 7 of the 13 critical sites where 83% of the breeding pairs in Spain are located.<\/p>\n<p class=\"Default\" style=\"text-align: justify;\">With LIFE Cerceta Pardilla, Spain will conserve not only one of the most emblematic ducks of our country, in danger of extinction, but also one of the most important ecosystems for the health of the planet, which is among our main allies in the fight against climate change: wetlands.<\/p>\n<p class=\"Default\" style=\"text-align: justify;\">The project <strong>is supported by the European Union&#8217;s LIFE Program <\/strong>and operates in Natura 2000 Network sites in Spain.<\/p>\n","protected":false},"featured_media":42509,"parent":0,"template":"","meta":{"_acf_changed":false},"financiaci_n":[],"lineas_actuacion_tematicas":[654],"class_list":["post-47376","life","type-life","status-publish","has-post-thumbnail","hentry","lineas_actuacion_tematicas-terrestrial-ecosystems"],"acf":[],"yoast_head":"<!-- This site is optimized with the Yoast SEO plugin v26.9 - https:\/\/yoast.com\/product\/yoast-seo-wordpress\/ -->\n<title>LIFE Teal - Fundaci\u00f3n Biodiversidad<\/title>\n<meta name=\"robots\" content=\"index, follow, max-snippet:-1, max-image-preview:large, max-video-preview:-1\" \/>\n<link rel=\"canonical\" href=\"https:\/\/fundacion-biodiversidad.es\/en\/life\/life-teal\/\" \/>\n<meta property=\"og:locale\" content=\"en_US\" \/>\n<meta property=\"og:type\" content=\"article\" \/>\n<meta property=\"og:title\" content=\"LIFE Teal - Fundaci\u00f3n Biodiversidad\" \/>\n<meta property=\"og:description\" content=\"The marbled teal is the most endangered duck in Europe, in critical condition in Spain. Habitat loss and degradation is their greatest threat and endangers [&hellip;]\" \/>\n<meta property=\"og:url\" content=\"https:\/\/fundacion-biodiversidad.es\/en\/life\/life-teal\/\" \/>\n<meta property=\"og:site_name\" content=\"Fundaci\u00f3n Biodiversidad\" \/>\n<meta property=\"article:modified_time\" content=\"2026-03-09T16:13:23+00:00\" \/>\n<meta property=\"og:image\" content=\"https:\/\/fundacion-biodiversidad.es\/wp-content\/uploads\/2021\/08\/cerceta_pardilla.jpeg\" \/>\n\t<meta property=\"og:image:width\" content=\"1086\" \/>\n\t<meta property=\"og:image:height\" content=\"724\" \/>\n\t<meta property=\"og:image:type\" content=\"image\/jpeg\" \/>\n<meta name=\"twitter:card\" content=\"summary_large_image\" \/>\n<meta name=\"twitter:label1\" content=\"Est. reading time\" \/>\n\t<meta name=\"twitter:data1\" content=\"1 minute\" \/>\n<script type=\"application\/ld+json\" class=\"yoast-schema-graph\">{\"@context\":\"https:\/\/schema.org\",\"@graph\":[{\"@type\":\"WebPage\",\"@id\":\"https:\/\/fundacion-biodiversidad.es\/en\/life\/life-teal\/\",\"url\":\"https:\/\/fundacion-biodiversidad.es\/en\/life\/life-teal\/\",\"name\":\"LIFE Teal - Fundaci\u00f3n Biodiversidad\",\"isPartOf\":{\"@id\":\"https:\/\/fundacion-biodiversidad.es\/en\/#website\"},\"primaryImageOfPage\":{\"@id\":\"https:\/\/fundacion-biodiversidad.es\/en\/life\/life-teal\/#primaryimage\"},\"image\":{\"@id\":\"https:\/\/fundacion-biodiversidad.es\/en\/life\/life-teal\/#primaryimage\"},\"thumbnailUrl\":\"https:\/\/fundacion-biodiversidad.es\/wp-content\/uploads\/2021\/08\/cerceta_pardilla.jpeg\",\"datePublished\":\"2021-08-09T09:59:49+00:00\",\"dateModified\":\"2026-03-09T16:13:23+00:00\",\"breadcrumb\":{\"@id\":\"https:\/\/fundacion-biodiversidad.es\/en\/life\/life-teal\/#breadcrumb\"},\"inLanguage\":\"en-US\",\"potentialAction\":[{\"@type\":\"ReadAction\",\"target\":[\"https:\/\/fundacion-biodiversidad.es\/en\/life\/life-teal\/\"]}]},{\"@type\":\"ImageObject\",\"inLanguage\":\"en-US\",\"@id\":\"https:\/\/fundacion-biodiversidad.es\/en\/life\/life-teal\/#primaryimage\",\"url\":\"https:\/\/fundacion-biodiversidad.es\/wp-content\/uploads\/2021\/08\/cerceta_pardilla.jpeg\",\"contentUrl\":\"https:\/\/fundacion-biodiversidad.es\/wp-content\/uploads\/2021\/08\/cerceta_pardilla.jpeg\",\"width\":1086,\"height\":724},{\"@type\":\"BreadcrumbList\",\"@id\":\"https:\/\/fundacion-biodiversidad.es\/en\/life\/life-teal\/#breadcrumb\",\"itemListElement\":[{\"@type\":\"ListItem\",\"position\":1,\"name\":\"Portada\",\"item\":\"https:\/\/fundacion-biodiversidad.es\/en\/inicio\/\"},{\"@type\":\"ListItem\",\"position\":2,\"name\":\"LIFE\",\"item\":\"https:\/\/fundacion-biodiversidad.es\/en\/life\/\"},{\"@type\":\"ListItem\",\"position\":3,\"name\":\"LIFE Teal\"}]},{\"@type\":\"WebSite\",\"@id\":\"https:\/\/fundacion-biodiversidad.es\/en\/#website\",\"url\":\"https:\/\/fundacion-biodiversidad.es\/en\/\",\"name\":\"Fundaci\u00f3n Biodiversidad\",\"description\":\"Fundaci\u00f3n p\u00fablica adscrita al Ministerio para la Transici\u00f3n Ecol\u00f3gica\",\"potentialAction\":[{\"@type\":\"SearchAction\",\"target\":{\"@type\":\"EntryPoint\",\"urlTemplate\":\"https:\/\/fundacion-biodiversidad.es\/en\/?s={search_term_string}\"},\"query-input\":{\"@type\":\"PropertyValueSpecification\",\"valueRequired\":true,\"valueName\":\"search_term_string\"}}],\"inLanguage\":\"en-US\"}]}<\/script>\n<!-- \/ Yoast SEO plugin. -->","yoast_head_json":{"title":"LIFE Teal - Fundaci\u00f3n Biodiversidad","robots":{"index":"index","follow":"follow","max-snippet":"max-snippet:-1","max-image-preview":"max-image-preview:large","max-video-preview":"max-video-preview:-1"},"canonical":"https:\/\/fundacion-biodiversidad.es\/en\/life\/life-teal\/","og_locale":"en_US","og_type":"article","og_title":"LIFE Teal - Fundaci\u00f3n Biodiversidad","og_description":"The marbled teal is the most endangered duck in Europe, in critical condition in Spain. Habitat loss and degradation is their greatest threat and endangers [&hellip;]","og_url":"https:\/\/fundacion-biodiversidad.es\/en\/life\/life-teal\/","og_site_name":"Fundaci\u00f3n Biodiversidad","article_modified_time":"2026-03-09T16:13:23+00:00","og_image":[{"width":1086,"height":724,"url":"https:\/\/fundacion-biodiversidad.es\/wp-content\/uploads\/2021\/08\/cerceta_pardilla.jpeg","type":"image\/jpeg"}],"twitter_card":"summary_large_image","twitter_misc":{"Est. reading time":"1 minute"},"schema":{"@context":"https:\/\/schema.org","@graph":[{"@type":"WebPage","@id":"https:\/\/fundacion-biodiversidad.es\/en\/life\/life-teal\/","url":"https:\/\/fundacion-biodiversidad.es\/en\/life\/life-teal\/","name":"LIFE Teal - Fundaci\u00f3n Biodiversidad","isPartOf":{"@id":"https:\/\/fundacion-biodiversidad.es\/en\/#website"},"primaryImageOfPage":{"@id":"https:\/\/fundacion-biodiversidad.es\/en\/life\/life-teal\/#primaryimage"},"image":{"@id":"https:\/\/fundacion-biodiversidad.es\/en\/life\/life-teal\/#primaryimage"},"thumbnailUrl":"https:\/\/fundacion-biodiversidad.es\/wp-content\/uploads\/2021\/08\/cerceta_pardilla.jpeg","datePublished":"2021-08-09T09:59:49+00:00","dateModified":"2026-03-09T16:13:23+00:00","breadcrumb":{"@id":"https:\/\/fundacion-biodiversidad.es\/en\/life\/life-teal\/#breadcrumb"},"inLanguage":"en-US","potentialAction":[{"@type":"ReadAction","target":["https:\/\/fundacion-biodiversidad.es\/en\/life\/life-teal\/"]}]},{"@type":"ImageObject","inLanguage":"en-US","@id":"https:\/\/fundacion-biodiversidad.es\/en\/life\/life-teal\/#primaryimage","url":"https:\/\/fundacion-biodiversidad.es\/wp-content\/uploads\/2021\/08\/cerceta_pardilla.jpeg","contentUrl":"https:\/\/fundacion-biodiversidad.es\/wp-content\/uploads\/2021\/08\/cerceta_pardilla.jpeg","width":1086,"height":724},{"@type":"BreadcrumbList","@id":"https:\/\/fundacion-biodiversidad.es\/en\/life\/life-teal\/#breadcrumb","itemListElement":[{"@type":"ListItem","position":1,"name":"Portada","item":"https:\/\/fundacion-biodiversidad.es\/en\/inicio\/"},{"@type":"ListItem","position":2,"name":"LIFE","item":"https:\/\/fundacion-biodiversidad.es\/en\/life\/"},{"@type":"ListItem","position":3,"name":"LIFE Teal"}]},{"@type":"WebSite","@id":"https:\/\/fundacion-biodiversidad.es\/en\/#website","url":"https:\/\/fundacion-biodiversidad.es\/en\/","name":"Fundaci\u00f3n Biodiversidad","description":"Fundaci\u00f3n p\u00fablica adscrita al Ministerio para la Transici\u00f3n Ecol\u00f3gica","potentialAction":[{"@type":"SearchAction","target":{"@type":"EntryPoint","urlTemplate":"https:\/\/fundacion-biodiversidad.es\/en\/?s={search_term_string}"},"query-input":{"@type":"PropertyValueSpecification","valueRequired":true,"valueName":"search_term_string"}}],"inLanguage":"en-US"}]}},"_links":{"self":[{"href":"https:\/\/fundacion-biodiversidad.es\/en\/wp-json\/wp\/v2\/life\/47376","targetHints":{"allow":["GET"]}}],"collection":[{"href":"https:\/\/fundacion-biodiversidad.es\/en\/wp-json\/wp\/v2\/life"}],"about":[{"href":"https:\/\/fundacion-biodiversidad.es\/en\/wp-json\/wp\/v2\/types\/life"}],"wp:featuredmedia":[{"embeddable":true,"href":"https:\/\/fundacion-biodiversidad.es\/en\/wp-json\/wp\/v2\/media\/42509"}],"wp:attachment":[{"href":"https:\/\/fundacion-biodiversidad.es\/en\/wp-json\/wp\/v2\/media?parent=47376"}],"wp:term":[{"taxonomy":"financiaci_n","embeddable":true,"href":"https:\/\/fundacion-biodiversidad.es\/en\/wp-json\/wp\/v2\/financiaci_n?post=47376"},{"taxonomy":"lineas_actuacion_tematicas","embeddable":true,"href":"https:\/\/fundacion-biodiversidad.es\/en\/wp-json\/wp\/v2\/lineas_actuacion_tematicas?post=47376"}],"curies":[{"name":"wp","href":"https:\/\/api.w.org\/{rel}","templated":true}]}}

<!-- This site is optimized with the Yoast SEO plugin v26.9 - https://yoast.com/product/yoast-seo-wordpress/ -->
<title>LIFE Teal - Fundación Biodiversidad</title>
<meta name="robots" content="index, follow, max-snippet:-1, max-image-preview:large, max-video-preview:-1" />
<link rel="canonical" href="https://fundacion-biodiversidad.es/en/life/life-teal/" />
<meta property="og:locale" content="en_US" />
<meta property="og:type" content="article" />
<meta property="og:title" content="LIFE Teal - Fundación Biodiversidad" />
<meta property="og:description" content="The marbled teal is the most endangered duck in Europe, in critical condition in Spain. Habitat loss and degradation is their greatest threat and endangers [&hellip;]" />
<meta property="og:url" content="https://fundacion-biodiversidad.es/en/life/life-teal/" />
<meta property="og:site_name" content="Fundación Biodiversidad" />
<meta property="article:modified_time" content="2026-03-09T16:13:23+00:00" />
<meta property="og:image" content="https://fundacion-biodiversidad.es/wp-content/uploads/2021/08/cerceta_pardilla.jpeg" />
	<meta property="og:image:width" content="1086" />
	<meta property="og:image:height" content="724" />
	<meta property="og:image:type" content="image/jpeg" />
<meta name="twitter:card" content="summary_large_image" />
<meta name="twitter:label1" content="Est. reading time" />
	<meta name="twitter:data1" content="1 minute" />
<script type="application/ld+json" class="yoast-schema-graph">{"@context":"https://schema.org","@graph":[{"@type":"WebPage","@id":"https://fundacion-biodiversidad.es/en/life/life-teal/","url":"https://fundacion-biodiversidad.es/en/life/life-teal/","name":"LIFE Teal - Fundación Biodiversidad","isPartOf":{"@id":"https://fundacion-biodiversidad.es/en/#website"},"primaryImageOfPage":{"@id":"https://fundacion-biodiversidad.es/en/life/life-teal/#primaryimage"},"image":{"@id":"https://fundacion-biodiversidad.es/en/life/life-teal/#primaryimage"},"thumbnailUrl":"https://fundacion-biodiversidad.es/wp-content/uploads/2021/08/cerceta_pardilla.jpeg","datePublished":"2021-08-09T09:59:49+00:00","dateModified":"2026-03-09T16:13:23+00:00","breadcrumb":{"@id":"https://fundacion-biodiversidad.es/en/life/life-teal/#breadcrumb"},"inLanguage":"en-US","potentialAction":[{"@type":"ReadAction","target":["https://fundacion-biodiversidad.es/en/life/life-teal/"]}]},{"@type":"ImageObject","inLanguage":"en-US","@id":"https://fundacion-biodiversidad.es/en/life/life-teal/#primaryimage","url":"https://fundacion-biodiversidad.es/wp-content/uploads/2021/08/cerceta_pardilla.jpeg","contentUrl":"https://fundacion-biodiversidad.es/wp-content/uploads/2021/08/cerceta_pardilla.jpeg","width":1086,"height":724},{"@type":"BreadcrumbList","@id":"https://fundacion-biodiversidad.es/en/life/life-teal/#breadcrumb","itemListElement":[{"@type":"ListItem","position":1,"name":"Portada","item":"https://fundacion-biodiversidad.es/en/inicio/"},{"@type":"ListItem","position":2,"name":"LIFE","item":"https://fundacion-biodiversidad.es/en/life/"},{"@type":"ListItem","position":3,"name":"LIFE Teal"}]},{"@type":"WebSite","@id":"https://fundacion-biodiversidad.es/en/#website","url":"https://fundacion-biodiversidad.es/en/","name":"Fundación Biodiversidad","description":"Fundación pública adscrita al Ministerio para la Transición Ecológica","potentialAction":[{"@type":"SearchAction","target":{"@type":"EntryPoint","urlTemplate":"https://fundacion-biodiversidad.es/en/?s={search_term_string}"},"query-input":{"@type":"PropertyValueSpecification","valueRequired":true,"valueName":"search_term_string"}}],"inLanguage":"en-US"}]}</script>
<!-- / Yoast SEO plugin. -->

LIFE Teal - Fundación Biodiversidad

Fundación Biodiversidad

Fundación pública adscrita al Ministerio para la Transición Ecológica
