{"id":97862163,"date":"2014-03-28T10:10:57","date_gmt":"2014-03-28T09:10:57","guid":{"rendered":"https:\/\/fundacion-biodiversidad.es\/life\/life-elaboration-of-the-priority-action-framework-for\/"},"modified":"2014-03-28T10:10:57","modified_gmt":"2014-03-28T09:10:57","slug":"life-elaboration-of-the-priority-action-framework-for","status":"publish","type":"life","link":"https:\/\/fundacion-biodiversidad.es\/en\/life\/life-elaboration-of-the-priority-action-framework-for\/","title":{"rendered":"LIFE+ &#8220;Elaboration of the Priority Action Framework for &#8230;"},"content":{"rendered":"<p>It aims to improve the financing and management capacity of the Natura 2000 Network in Spain, identifying measures for maintenance and restoration of favourable conservation of the habitats and species present in the Network.<br \/>\n<!--more--><\/p>\n<p>The LIFE+ project &#8220;Preparation of the Priority Action Framework for the financing of the Natura 2000 Network in Spain&#8221; (LIFE11NAT\/ES\/700), implemented by the Biodiversity Foundation of the Ministry for Ecological Transition, aimed to improve the financing and management capacity of the Natura 2000 Network in Spain, by identifying the necessary measures for the maintenance or restoration of a favourable conservation status of habitats and species present on the Internet.<br \/>&nbsp;<\/p>\n","protected":false},"featured_media":22405,"parent":0,"template":"","meta":{"_acf_changed":false},"financiaci_n":[],"lineas_actuacion_tematicas":[654],"class_list":["post-97862163","life","type-life","status-publish","has-post-thumbnail","hentry","lineas_actuacion_tematicas-terrestrial-ecosystems"],"acf":[],"yoast_head":"<!-- This site is optimized with the Yoast SEO plugin v26.9 - https:\/\/yoast.com\/product\/yoast-seo-wordpress\/ -->\n<title>LIFE+ &quot;Elaboration of the Priority Action Framework for ... - Fundaci\u00f3n Biodiversidad<\/title>\n<meta name=\"robots\" content=\"index, follow, max-snippet:-1, max-image-preview:large, max-video-preview:-1\" \/>\n<link rel=\"canonical\" href=\"https:\/\/fundacion-biodiversidad.es\/en\/life\/life-elaboration-of-the-priority-action-framework-for\/\" \/>\n<meta property=\"og:locale\" content=\"en_US\" \/>\n<meta property=\"og:type\" content=\"article\" \/>\n<meta property=\"og:title\" content=\"LIFE+ &quot;Elaboration of the Priority Action Framework for ... - Fundaci\u00f3n Biodiversidad\" \/>\n<meta property=\"og:description\" content=\"It aims to improve the financing and management capacity of the Natura 2000 Network in Spain, identifying measures for maintenance and restoration of favourable conservation [&hellip;]\" \/>\n<meta property=\"og:url\" content=\"https:\/\/fundacion-biodiversidad.es\/en\/life\/life-elaboration-of-the-priority-action-framework-for\/\" \/>\n<meta property=\"og:site_name\" content=\"Fundaci\u00f3n Biodiversidad\" \/>\n<meta property=\"og:image\" content=\"https:\/\/fundacion-biodiversidad.es\/wp-content\/uploads\/2022\/11\/no-imagen.jpg\" \/>\n\t<meta property=\"og:image:width\" content=\"2048\" \/>\n\t<meta property=\"og:image:height\" content=\"2048\" \/>\n\t<meta property=\"og:image:type\" content=\"image\/jpeg\" \/>\n<meta name=\"twitter:card\" content=\"summary_large_image\" \/>\n<meta name=\"twitter:label1\" content=\"Est. reading time\" \/>\n\t<meta name=\"twitter:data1\" content=\"1 minute\" \/>\n<script type=\"application\/ld+json\" class=\"yoast-schema-graph\">{\"@context\":\"https:\/\/schema.org\",\"@graph\":[{\"@type\":\"WebPage\",\"@id\":\"https:\/\/fundacion-biodiversidad.es\/en\/life\/life-elaboration-of-the-priority-action-framework-for\/\",\"url\":\"https:\/\/fundacion-biodiversidad.es\/en\/life\/life-elaboration-of-the-priority-action-framework-for\/\",\"name\":\"LIFE+ \\\"Elaboration of the Priority Action Framework for ... - Fundaci\u00f3n Biodiversidad\",\"isPartOf\":{\"@id\":\"https:\/\/fundacion-biodiversidad.es\/en\/#website\"},\"primaryImageOfPage\":{\"@id\":\"https:\/\/fundacion-biodiversidad.es\/en\/life\/life-elaboration-of-the-priority-action-framework-for\/#primaryimage\"},\"image\":{\"@id\":\"https:\/\/fundacion-biodiversidad.es\/en\/life\/life-elaboration-of-the-priority-action-framework-for\/#primaryimage\"},\"thumbnailUrl\":\"https:\/\/fundacion-biodiversidad.es\/wp-content\/uploads\/2022\/11\/no-imagen.jpg\",\"datePublished\":\"2014-03-28T09:10:57+00:00\",\"breadcrumb\":{\"@id\":\"https:\/\/fundacion-biodiversidad.es\/en\/life\/life-elaboration-of-the-priority-action-framework-for\/#breadcrumb\"},\"inLanguage\":\"en-US\",\"potentialAction\":[{\"@type\":\"ReadAction\",\"target\":[\"https:\/\/fundacion-biodiversidad.es\/en\/life\/life-elaboration-of-the-priority-action-framework-for\/\"]}]},{\"@type\":\"ImageObject\",\"inLanguage\":\"en-US\",\"@id\":\"https:\/\/fundacion-biodiversidad.es\/en\/life\/life-elaboration-of-the-priority-action-framework-for\/#primaryimage\",\"url\":\"https:\/\/fundacion-biodiversidad.es\/wp-content\/uploads\/2022\/11\/no-imagen.jpg\",\"contentUrl\":\"https:\/\/fundacion-biodiversidad.es\/wp-content\/uploads\/2022\/11\/no-imagen.jpg\",\"width\":2048,\"height\":2048,\"caption\":\"Formaci\u00f3n en medio ambiente natural\"},{\"@type\":\"BreadcrumbList\",\"@id\":\"https:\/\/fundacion-biodiversidad.es\/en\/life\/life-elaboration-of-the-priority-action-framework-for\/#breadcrumb\",\"itemListElement\":[{\"@type\":\"ListItem\",\"position\":1,\"name\":\"Portada\",\"item\":\"https:\/\/fundacion-biodiversidad.es\/en\/inicio\/\"},{\"@type\":\"ListItem\",\"position\":2,\"name\":\"LIFE\",\"item\":\"https:\/\/fundacion-biodiversidad.es\/en\/life\/\"},{\"@type\":\"ListItem\",\"position\":3,\"name\":\"LIFE+ &#8220;Elaboration of the Priority Action Framework for &#8230;\"}]},{\"@type\":\"WebSite\",\"@id\":\"https:\/\/fundacion-biodiversidad.es\/en\/#website\",\"url\":\"https:\/\/fundacion-biodiversidad.es\/en\/\",\"name\":\"Fundaci\u00f3n Biodiversidad\",\"description\":\"Fundaci\u00f3n p\u00fablica adscrita al Ministerio para la Transici\u00f3n Ecol\u00f3gica\",\"potentialAction\":[{\"@type\":\"SearchAction\",\"target\":{\"@type\":\"EntryPoint\",\"urlTemplate\":\"https:\/\/fundacion-biodiversidad.es\/en\/?s={search_term_string}\"},\"query-input\":{\"@type\":\"PropertyValueSpecification\",\"valueRequired\":true,\"valueName\":\"search_term_string\"}}],\"inLanguage\":\"en-US\"}]}<\/script>\n<!-- \/ Yoast SEO plugin. -->","yoast_head_json":{"title":"LIFE+ \"Elaboration of the Priority Action Framework for ... - Fundaci\u00f3n Biodiversidad","robots":{"index":"index","follow":"follow","max-snippet":"max-snippet:-1","max-image-preview":"max-image-preview:large","max-video-preview":"max-video-preview:-1"},"canonical":"https:\/\/fundacion-biodiversidad.es\/en\/life\/life-elaboration-of-the-priority-action-framework-for\/","og_locale":"en_US","og_type":"article","og_title":"LIFE+ \"Elaboration of the Priority Action Framework for ... - Fundaci\u00f3n Biodiversidad","og_description":"It aims to improve the financing and management capacity of the Natura 2000 Network in Spain, identifying measures for maintenance and restoration of favourable conservation [&hellip;]","og_url":"https:\/\/fundacion-biodiversidad.es\/en\/life\/life-elaboration-of-the-priority-action-framework-for\/","og_site_name":"Fundaci\u00f3n Biodiversidad","og_image":[{"width":2048,"height":2048,"url":"https:\/\/fundacion-biodiversidad.es\/wp-content\/uploads\/2022\/11\/no-imagen.jpg","type":"image\/jpeg"}],"twitter_card":"summary_large_image","twitter_misc":{"Est. reading time":"1 minute"},"schema":{"@context":"https:\/\/schema.org","@graph":[{"@type":"WebPage","@id":"https:\/\/fundacion-biodiversidad.es\/en\/life\/life-elaboration-of-the-priority-action-framework-for\/","url":"https:\/\/fundacion-biodiversidad.es\/en\/life\/life-elaboration-of-the-priority-action-framework-for\/","name":"LIFE+ \"Elaboration of the Priority Action Framework for ... - Fundaci\u00f3n Biodiversidad","isPartOf":{"@id":"https:\/\/fundacion-biodiversidad.es\/en\/#website"},"primaryImageOfPage":{"@id":"https:\/\/fundacion-biodiversidad.es\/en\/life\/life-elaboration-of-the-priority-action-framework-for\/#primaryimage"},"image":{"@id":"https:\/\/fundacion-biodiversidad.es\/en\/life\/life-elaboration-of-the-priority-action-framework-for\/#primaryimage"},"thumbnailUrl":"https:\/\/fundacion-biodiversidad.es\/wp-content\/uploads\/2022\/11\/no-imagen.jpg","datePublished":"2014-03-28T09:10:57+00:00","breadcrumb":{"@id":"https:\/\/fundacion-biodiversidad.es\/en\/life\/life-elaboration-of-the-priority-action-framework-for\/#breadcrumb"},"inLanguage":"en-US","potentialAction":[{"@type":"ReadAction","target":["https:\/\/fundacion-biodiversidad.es\/en\/life\/life-elaboration-of-the-priority-action-framework-for\/"]}]},{"@type":"ImageObject","inLanguage":"en-US","@id":"https:\/\/fundacion-biodiversidad.es\/en\/life\/life-elaboration-of-the-priority-action-framework-for\/#primaryimage","url":"https:\/\/fundacion-biodiversidad.es\/wp-content\/uploads\/2022\/11\/no-imagen.jpg","contentUrl":"https:\/\/fundacion-biodiversidad.es\/wp-content\/uploads\/2022\/11\/no-imagen.jpg","width":2048,"height":2048,"caption":"Formaci\u00f3n en medio ambiente natural"},{"@type":"BreadcrumbList","@id":"https:\/\/fundacion-biodiversidad.es\/en\/life\/life-elaboration-of-the-priority-action-framework-for\/#breadcrumb","itemListElement":[{"@type":"ListItem","position":1,"name":"Portada","item":"https:\/\/fundacion-biodiversidad.es\/en\/inicio\/"},{"@type":"ListItem","position":2,"name":"LIFE","item":"https:\/\/fundacion-biodiversidad.es\/en\/life\/"},{"@type":"ListItem","position":3,"name":"LIFE+ &#8220;Elaboration of the Priority Action Framework for &#8230;"}]},{"@type":"WebSite","@id":"https:\/\/fundacion-biodiversidad.es\/en\/#website","url":"https:\/\/fundacion-biodiversidad.es\/en\/","name":"Fundaci\u00f3n Biodiversidad","description":"Fundaci\u00f3n p\u00fablica adscrita al Ministerio para la Transici\u00f3n Ecol\u00f3gica","potentialAction":[{"@type":"SearchAction","target":{"@type":"EntryPoint","urlTemplate":"https:\/\/fundacion-biodiversidad.es\/en\/?s={search_term_string}"},"query-input":{"@type":"PropertyValueSpecification","valueRequired":true,"valueName":"search_term_string"}}],"inLanguage":"en-US"}]}},"_links":{"self":[{"href":"https:\/\/fundacion-biodiversidad.es\/en\/wp-json\/wp\/v2\/life\/97862163","targetHints":{"allow":["GET"]}}],"collection":[{"href":"https:\/\/fundacion-biodiversidad.es\/en\/wp-json\/wp\/v2\/life"}],"about":[{"href":"https:\/\/fundacion-biodiversidad.es\/en\/wp-json\/wp\/v2\/types\/life"}],"wp:featuredmedia":[{"embeddable":true,"href":"https:\/\/fundacion-biodiversidad.es\/en\/wp-json\/wp\/v2\/media\/22405"}],"wp:attachment":[{"href":"https:\/\/fundacion-biodiversidad.es\/en\/wp-json\/wp\/v2\/media?parent=97862163"}],"wp:term":[{"taxonomy":"financiaci_n","embeddable":true,"href":"https:\/\/fundacion-biodiversidad.es\/en\/wp-json\/wp\/v2\/financiaci_n?post=97862163"},{"taxonomy":"lineas_actuacion_tematicas","embeddable":true,"href":"https:\/\/fundacion-biodiversidad.es\/en\/wp-json\/wp\/v2\/lineas_actuacion_tematicas?post=97862163"}],"curies":[{"name":"wp","href":"https:\/\/api.w.org\/{rel}","templated":true}]}}

<!-- This site is optimized with the Yoast SEO plugin v26.9 - https://yoast.com/product/yoast-seo-wordpress/ -->
<title>LIFE+ &quot;Elaboration of the Priority Action Framework for ... - Fundación Biodiversidad</title>
<meta name="robots" content="index, follow, max-snippet:-1, max-image-preview:large, max-video-preview:-1" />
<link rel="canonical" href="https://fundacion-biodiversidad.es/en/life/life-elaboration-of-the-priority-action-framework-for/" />
<meta property="og:locale" content="en_US" />
<meta property="og:type" content="article" />
<meta property="og:title" content="LIFE+ &quot;Elaboration of the Priority Action Framework for ... - Fundación Biodiversidad" />
<meta property="og:description" content="It aims to improve the financing and management capacity of the Natura 2000 Network in Spain, identifying measures for maintenance and restoration of favourable conservation [&hellip;]" />
<meta property="og:url" content="https://fundacion-biodiversidad.es/en/life/life-elaboration-of-the-priority-action-framework-for/" />
<meta property="og:site_name" content="Fundación Biodiversidad" />
<meta property="og:image" content="https://fundacion-biodiversidad.es/wp-content/uploads/2022/11/no-imagen.jpg" />
	<meta property="og:image:width" content="2048" />
	<meta property="og:image:height" content="2048" />
	<meta property="og:image:type" content="image/jpeg" />
<meta name="twitter:card" content="summary_large_image" />
<meta name="twitter:label1" content="Est. reading time" />
	<meta name="twitter:data1" content="1 minute" />
<script type="application/ld+json" class="yoast-schema-graph">{"@context":"https://schema.org","@graph":[{"@type":"WebPage","@id":"https://fundacion-biodiversidad.es/en/life/life-elaboration-of-the-priority-action-framework-for/","url":"https://fundacion-biodiversidad.es/en/life/life-elaboration-of-the-priority-action-framework-for/","name":"LIFE+ \"Elaboration of the Priority Action Framework for ... - Fundación Biodiversidad","isPartOf":{"@id":"https://fundacion-biodiversidad.es/en/#website"},"primaryImageOfPage":{"@id":"https://fundacion-biodiversidad.es/en/life/life-elaboration-of-the-priority-action-framework-for/#primaryimage"},"image":{"@id":"https://fundacion-biodiversidad.es/en/life/life-elaboration-of-the-priority-action-framework-for/#primaryimage"},"thumbnailUrl":"https://fundacion-biodiversidad.es/wp-content/uploads/2022/11/no-imagen.jpg","datePublished":"2014-03-28T09:10:57+00:00","breadcrumb":{"@id":"https://fundacion-biodiversidad.es/en/life/life-elaboration-of-the-priority-action-framework-for/#breadcrumb"},"inLanguage":"en-US","potentialAction":[{"@type":"ReadAction","target":["https://fundacion-biodiversidad.es/en/life/life-elaboration-of-the-priority-action-framework-for/"]}]},{"@type":"ImageObject","inLanguage":"en-US","@id":"https://fundacion-biodiversidad.es/en/life/life-elaboration-of-the-priority-action-framework-for/#primaryimage","url":"https://fundacion-biodiversidad.es/wp-content/uploads/2022/11/no-imagen.jpg","contentUrl":"https://fundacion-biodiversidad.es/wp-content/uploads/2022/11/no-imagen.jpg","width":2048,"height":2048,"caption":"Formación en medio ambiente natural"},{"@type":"BreadcrumbList","@id":"https://fundacion-biodiversidad.es/en/life/life-elaboration-of-the-priority-action-framework-for/#breadcrumb","itemListElement":[{"@type":"ListItem","position":1,"name":"Portada","item":"https://fundacion-biodiversidad.es/en/inicio/"},{"@type":"ListItem","position":2,"name":"LIFE","item":"https://fundacion-biodiversidad.es/en/life/"},{"@type":"ListItem","position":3,"name":"LIFE+ &#8220;Elaboration of the Priority Action Framework for &#8230;"}]},{"@type":"WebSite","@id":"https://fundacion-biodiversidad.es/en/#website","url":"https://fundacion-biodiversidad.es/en/","name":"Fundación Biodiversidad","description":"Fundación pública adscrita al Ministerio para la Transición Ecológica","potentialAction":[{"@type":"SearchAction","target":{"@type":"EntryPoint","urlTemplate":"https://fundacion-biodiversidad.es/en/?s={search_term_string}"},"query-input":{"@type":"PropertyValueSpecification","valueRequired":true,"valueName":"search_term_string"}}],"inLanguage":"en-US"}]}</script>
<!-- / Yoast SEO plugin. -->

LIFE+ "Elaboration of the Priority Action Framework for ... - Fundación Biodiversidad

Fundación Biodiversidad

Formación en medio ambiente natural

Fundación pública adscrita al Ministerio para la Transición Ecológica
