{"id":97862164,"date":"2014-02-27T15:23:17","date_gmt":"2014-02-27T14:23:17","guid":{"rendered":"https:\/\/fundacion-biodiversidad.es\/life\/life-desmania\/"},"modified":"2014-02-27T15:23:17","modified_gmt":"2014-02-27T14:23:17","slug":"life-desmania","status":"publish","type":"life","link":"https:\/\/fundacion-biodiversidad.es\/en\/life\/life-desmania\/","title":{"rendered":"LIFE+ Desmania"},"content":{"rendered":"<p>Its objective is to contribute to the conservation and recovery of the Iberian Desman and its habitat in Castilla y Le\u00f3n and Extremadura.<br \/>\n<!--more--><\/p>\n<p>Its objective is to contribute to the conservation and recovery of the Iberian Desman and its habitat in Castilla y Le\u00f3n and Extremadura.<\/p>\n<p>The LIFE+ Desmania project for the conservation of the Iberian desman, approved by the European Commission in 2012, involves the collaboration of eight national and regional entities, such as the autonomous communities of Extremadura and Castilla y Le\u00f3n. The Iberian desman is a small semi-aquatic insectivorous mammal that is distributed throughout the northern half of the Iberian Peninsula. The populations of this river insectivore have experienced a significant decline and, in some autonomous communities, it is in danger of extinction.  <\/p>\n<p>The populations of the Central System have suffered a serious decline in recent decades, with the confirmation of local extinctions, a fact that justified the inclusion of these populations in the category of endangered within the Spanish Catalogue of Threatened Species.<\/p>\n<p>The main threats have to do with causes that lead to the degradation and fragmentation of their habitat, and which are mainly of anthropic origin, such as water pollution, illegal or uncontrolled withdrawals, degradation of riparian forests, the presence or creation of artificial barriers and the expansion of the American mink.<\/p>\n<p>With the aim of contributing to its conservation, the project LIFE11\/NAT\/ES\/691 Conservation and recovery programme for Galemys pyrenaicus and its habitat in Castilla y Le\u00f3n and Extremadura (LIFE+ Desmania) has been launched.<\/p>\n<p>The project, 50% co-financed by the European Commission within the framework of the LIFE+ programme, is being carried out between 2012 and 2016 in Natura 2000 Network areas in the provinces of Le\u00f3n, Zamora, Salamanca and C\u00e1ceres. It is coordinated by the Biodiversity Foundation and has as partners the Ministry for Ecological Transition, the Regional Government of Castilla y Le\u00f3n, the Regional Government of Extremadura, the Cesefor Foundation, the Natural Heritage Foundation of Castilla y Le\u00f3n, SOMACYL and Tragsatec. The City Council of Valencia de Don Juan and the Association of Municipalities of the South of Le\u00f3n participate as co-financiers and has the support of the Hydrographic Confederations of Mi\u00f1o-Sil, Tagus and Duero, research centers and fishermen&#8217;s associations.  <\/p>\n","protected":false},"featured_media":22405,"parent":0,"template":"","meta":{"_acf_changed":false},"financiaci_n":[],"lineas_actuacion_tematicas":[654],"class_list":["post-97862164","life","type-life","status-publish","has-post-thumbnail","hentry","lineas_actuacion_tematicas-terrestrial-ecosystems"],"acf":[],"yoast_head":"<!-- This site is optimized with the Yoast SEO plugin v26.9 - https:\/\/yoast.com\/product\/yoast-seo-wordpress\/ -->\n<title>LIFE+ Desmania - Fundaci\u00f3n Biodiversidad<\/title>\n<meta name=\"robots\" content=\"index, follow, max-snippet:-1, max-image-preview:large, max-video-preview:-1\" \/>\n<link rel=\"canonical\" href=\"https:\/\/fundacion-biodiversidad.es\/en\/life\/life-desmania\/\" \/>\n<meta property=\"og:locale\" content=\"en_US\" \/>\n<meta property=\"og:type\" content=\"article\" \/>\n<meta property=\"og:title\" content=\"LIFE+ Desmania - Fundaci\u00f3n Biodiversidad\" \/>\n<meta property=\"og:description\" content=\"Its objective is to contribute to the conservation and recovery of the Iberian Desman and its habitat in Castilla y Le\u00f3n and Extremadura.\" \/>\n<meta property=\"og:url\" content=\"https:\/\/fundacion-biodiversidad.es\/en\/life\/life-desmania\/\" \/>\n<meta property=\"og:site_name\" content=\"Fundaci\u00f3n Biodiversidad\" \/>\n<meta property=\"og:image\" content=\"https:\/\/fundacion-biodiversidad.es\/wp-content\/uploads\/2022\/11\/no-imagen.jpg\" \/>\n\t<meta property=\"og:image:width\" content=\"2048\" \/>\n\t<meta property=\"og:image:height\" content=\"2048\" \/>\n\t<meta property=\"og:image:type\" content=\"image\/jpeg\" \/>\n<meta name=\"twitter:card\" content=\"summary_large_image\" \/>\n<meta name=\"twitter:label1\" content=\"Est. reading time\" \/>\n\t<meta name=\"twitter:data1\" content=\"2 minutes\" \/>\n<script type=\"application\/ld+json\" class=\"yoast-schema-graph\">{\"@context\":\"https:\/\/schema.org\",\"@graph\":[{\"@type\":\"WebPage\",\"@id\":\"https:\/\/fundacion-biodiversidad.es\/en\/life\/life-desmania\/\",\"url\":\"https:\/\/fundacion-biodiversidad.es\/en\/life\/life-desmania\/\",\"name\":\"LIFE+ Desmania - Fundaci\u00f3n Biodiversidad\",\"isPartOf\":{\"@id\":\"https:\/\/fundacion-biodiversidad.es\/en\/#website\"},\"primaryImageOfPage\":{\"@id\":\"https:\/\/fundacion-biodiversidad.es\/en\/life\/life-desmania\/#primaryimage\"},\"image\":{\"@id\":\"https:\/\/fundacion-biodiversidad.es\/en\/life\/life-desmania\/#primaryimage\"},\"thumbnailUrl\":\"https:\/\/fundacion-biodiversidad.es\/wp-content\/uploads\/2022\/11\/no-imagen.jpg\",\"datePublished\":\"2014-02-27T14:23:17+00:00\",\"breadcrumb\":{\"@id\":\"https:\/\/fundacion-biodiversidad.es\/en\/life\/life-desmania\/#breadcrumb\"},\"inLanguage\":\"en-US\",\"potentialAction\":[{\"@type\":\"ReadAction\",\"target\":[\"https:\/\/fundacion-biodiversidad.es\/en\/life\/life-desmania\/\"]}]},{\"@type\":\"ImageObject\",\"inLanguage\":\"en-US\",\"@id\":\"https:\/\/fundacion-biodiversidad.es\/en\/life\/life-desmania\/#primaryimage\",\"url\":\"https:\/\/fundacion-biodiversidad.es\/wp-content\/uploads\/2022\/11\/no-imagen.jpg\",\"contentUrl\":\"https:\/\/fundacion-biodiversidad.es\/wp-content\/uploads\/2022\/11\/no-imagen.jpg\",\"width\":2048,\"height\":2048,\"caption\":\"Formaci\u00f3n en medio ambiente natural\"},{\"@type\":\"BreadcrumbList\",\"@id\":\"https:\/\/fundacion-biodiversidad.es\/en\/life\/life-desmania\/#breadcrumb\",\"itemListElement\":[{\"@type\":\"ListItem\",\"position\":1,\"name\":\"Portada\",\"item\":\"https:\/\/fundacion-biodiversidad.es\/en\/inicio\/\"},{\"@type\":\"ListItem\",\"position\":2,\"name\":\"LIFE\",\"item\":\"https:\/\/fundacion-biodiversidad.es\/en\/life\/\"},{\"@type\":\"ListItem\",\"position\":3,\"name\":\"LIFE+ Desmania\"}]},{\"@type\":\"WebSite\",\"@id\":\"https:\/\/fundacion-biodiversidad.es\/en\/#website\",\"url\":\"https:\/\/fundacion-biodiversidad.es\/en\/\",\"name\":\"Fundaci\u00f3n Biodiversidad\",\"description\":\"Fundaci\u00f3n p\u00fablica adscrita al Ministerio para la Transici\u00f3n Ecol\u00f3gica\",\"potentialAction\":[{\"@type\":\"SearchAction\",\"target\":{\"@type\":\"EntryPoint\",\"urlTemplate\":\"https:\/\/fundacion-biodiversidad.es\/en\/?s={search_term_string}\"},\"query-input\":{\"@type\":\"PropertyValueSpecification\",\"valueRequired\":true,\"valueName\":\"search_term_string\"}}],\"inLanguage\":\"en-US\"}]}<\/script>\n<!-- \/ Yoast SEO plugin. -->","yoast_head_json":{"title":"LIFE+ Desmania - Fundaci\u00f3n Biodiversidad","robots":{"index":"index","follow":"follow","max-snippet":"max-snippet:-1","max-image-preview":"max-image-preview:large","max-video-preview":"max-video-preview:-1"},"canonical":"https:\/\/fundacion-biodiversidad.es\/en\/life\/life-desmania\/","og_locale":"en_US","og_type":"article","og_title":"LIFE+ Desmania - Fundaci\u00f3n Biodiversidad","og_description":"Its objective is to contribute to the conservation and recovery of the Iberian Desman and its habitat in Castilla y Le\u00f3n and Extremadura.","og_url":"https:\/\/fundacion-biodiversidad.es\/en\/life\/life-desmania\/","og_site_name":"Fundaci\u00f3n Biodiversidad","og_image":[{"width":2048,"height":2048,"url":"https:\/\/fundacion-biodiversidad.es\/wp-content\/uploads\/2022\/11\/no-imagen.jpg","type":"image\/jpeg"}],"twitter_card":"summary_large_image","twitter_misc":{"Est. reading time":"2 minutes"},"schema":{"@context":"https:\/\/schema.org","@graph":[{"@type":"WebPage","@id":"https:\/\/fundacion-biodiversidad.es\/en\/life\/life-desmania\/","url":"https:\/\/fundacion-biodiversidad.es\/en\/life\/life-desmania\/","name":"LIFE+ Desmania - Fundaci\u00f3n Biodiversidad","isPartOf":{"@id":"https:\/\/fundacion-biodiversidad.es\/en\/#website"},"primaryImageOfPage":{"@id":"https:\/\/fundacion-biodiversidad.es\/en\/life\/life-desmania\/#primaryimage"},"image":{"@id":"https:\/\/fundacion-biodiversidad.es\/en\/life\/life-desmania\/#primaryimage"},"thumbnailUrl":"https:\/\/fundacion-biodiversidad.es\/wp-content\/uploads\/2022\/11\/no-imagen.jpg","datePublished":"2014-02-27T14:23:17+00:00","breadcrumb":{"@id":"https:\/\/fundacion-biodiversidad.es\/en\/life\/life-desmania\/#breadcrumb"},"inLanguage":"en-US","potentialAction":[{"@type":"ReadAction","target":["https:\/\/fundacion-biodiversidad.es\/en\/life\/life-desmania\/"]}]},{"@type":"ImageObject","inLanguage":"en-US","@id":"https:\/\/fundacion-biodiversidad.es\/en\/life\/life-desmania\/#primaryimage","url":"https:\/\/fundacion-biodiversidad.es\/wp-content\/uploads\/2022\/11\/no-imagen.jpg","contentUrl":"https:\/\/fundacion-biodiversidad.es\/wp-content\/uploads\/2022\/11\/no-imagen.jpg","width":2048,"height":2048,"caption":"Formaci\u00f3n en medio ambiente natural"},{"@type":"BreadcrumbList","@id":"https:\/\/fundacion-biodiversidad.es\/en\/life\/life-desmania\/#breadcrumb","itemListElement":[{"@type":"ListItem","position":1,"name":"Portada","item":"https:\/\/fundacion-biodiversidad.es\/en\/inicio\/"},{"@type":"ListItem","position":2,"name":"LIFE","item":"https:\/\/fundacion-biodiversidad.es\/en\/life\/"},{"@type":"ListItem","position":3,"name":"LIFE+ Desmania"}]},{"@type":"WebSite","@id":"https:\/\/fundacion-biodiversidad.es\/en\/#website","url":"https:\/\/fundacion-biodiversidad.es\/en\/","name":"Fundaci\u00f3n Biodiversidad","description":"Fundaci\u00f3n p\u00fablica adscrita al Ministerio para la Transici\u00f3n Ecol\u00f3gica","potentialAction":[{"@type":"SearchAction","target":{"@type":"EntryPoint","urlTemplate":"https:\/\/fundacion-biodiversidad.es\/en\/?s={search_term_string}"},"query-input":{"@type":"PropertyValueSpecification","valueRequired":true,"valueName":"search_term_string"}}],"inLanguage":"en-US"}]}},"_links":{"self":[{"href":"https:\/\/fundacion-biodiversidad.es\/en\/wp-json\/wp\/v2\/life\/97862164","targetHints":{"allow":["GET"]}}],"collection":[{"href":"https:\/\/fundacion-biodiversidad.es\/en\/wp-json\/wp\/v2\/life"}],"about":[{"href":"https:\/\/fundacion-biodiversidad.es\/en\/wp-json\/wp\/v2\/types\/life"}],"wp:featuredmedia":[{"embeddable":true,"href":"https:\/\/fundacion-biodiversidad.es\/en\/wp-json\/wp\/v2\/media\/22405"}],"wp:attachment":[{"href":"https:\/\/fundacion-biodiversidad.es\/en\/wp-json\/wp\/v2\/media?parent=97862164"}],"wp:term":[{"taxonomy":"financiaci_n","embeddable":true,"href":"https:\/\/fundacion-biodiversidad.es\/en\/wp-json\/wp\/v2\/financiaci_n?post=97862164"},{"taxonomy":"lineas_actuacion_tematicas","embeddable":true,"href":"https:\/\/fundacion-biodiversidad.es\/en\/wp-json\/wp\/v2\/lineas_actuacion_tematicas?post=97862164"}],"curies":[{"name":"wp","href":"https:\/\/api.w.org\/{rel}","templated":true}]}}

<p>Its objective is to contribute to the conservation and recovery of the Iberian Desman and its habitat in Castilla y León and Extremadura.<br />
<!--more--></p>
<p>Its objective is to contribute to the conservation and recovery of the Iberian Desman and its habitat in Castilla y León and Extremadura.</p>
<p>The LIFE+ Desmania project for the conservation of the Iberian desman, approved by the European Commission in 2012, involves the collaboration of eight national and regional entities, such as the autonomous communities of Extremadura and Castilla y León. The Iberian desman is a small semi-aquatic insectivorous mammal that is distributed throughout the northern half of the Iberian Peninsula. The populations of this river insectivore have experienced a significant decline and, in some autonomous communities, it is in danger of extinction.  </p>
<p>The populations of the Central System have suffered a serious decline in recent decades, with the confirmation of local extinctions, a fact that justified the inclusion of these populations in the category of endangered within the Spanish Catalogue of Threatened Species.</p>
<p>The main threats have to do with causes that lead to the degradation and fragmentation of their habitat, and which are mainly of anthropic origin, such as water pollution, illegal or uncontrolled withdrawals, degradation of riparian forests, the presence or creation of artificial barriers and the expansion of the American mink.</p>
<p>With the aim of contributing to its conservation, the project LIFE11/NAT/ES/691 Conservation and recovery programme for Galemys pyrenaicus and its habitat in Castilla y León and Extremadura (LIFE+ Desmania) has been launched.</p>
<p>The project, 50% co-financed by the European Commission within the framework of the LIFE+ programme, is being carried out between 2012 and 2016 in Natura 2000 Network areas in the provinces of León, Zamora, Salamanca and Cáceres. It is coordinated by the Biodiversity Foundation and has as partners the Ministry for Ecological Transition, the Regional Government of Castilla y León, the Regional Government of Extremadura, the Cesefor Foundation, the Natural Heritage Foundation of Castilla y León, SOMACYL and Tragsatec. The City Council of Valencia de Don Juan and the Association of Municipalities of the South of León participate as co-financiers and has the support of the Hydrographic Confederations of Miño-Sil, Tagus and Duero, research centers and fishermen&#8217;s associations.  </p>

<!-- This site is optimized with the Yoast SEO plugin v26.9 - https://yoast.com/product/yoast-seo-wordpress/ -->
<title>LIFE+ Desmania - Fundación Biodiversidad</title>
<meta name="robots" content="index, follow, max-snippet:-1, max-image-preview:large, max-video-preview:-1" />
<link rel="canonical" href="https://fundacion-biodiversidad.es/en/life/life-desmania/" />
<meta property="og:locale" content="en_US" />
<meta property="og:type" content="article" />
<meta property="og:title" content="LIFE+ Desmania - Fundación Biodiversidad" />
<meta property="og:description" content="Its objective is to contribute to the conservation and recovery of the Iberian Desman and its habitat in Castilla y León and Extremadura." />
<meta property="og:url" content="https://fundacion-biodiversidad.es/en/life/life-desmania/" />
<meta property="og:site_name" content="Fundación Biodiversidad" />
<meta property="og:image" content="https://fundacion-biodiversidad.es/wp-content/uploads/2022/11/no-imagen.jpg" />
	<meta property="og:image:width" content="2048" />
	<meta property="og:image:height" content="2048" />
	<meta property="og:image:type" content="image/jpeg" />
<meta name="twitter:card" content="summary_large_image" />
<meta name="twitter:label1" content="Est. reading time" />
	<meta name="twitter:data1" content="2 minutes" />
<script type="application/ld+json" class="yoast-schema-graph">{"@context":"https://schema.org","@graph":[{"@type":"WebPage","@id":"https://fundacion-biodiversidad.es/en/life/life-desmania/","url":"https://fundacion-biodiversidad.es/en/life/life-desmania/","name":"LIFE+ Desmania - Fundación Biodiversidad","isPartOf":{"@id":"https://fundacion-biodiversidad.es/en/#website"},"primaryImageOfPage":{"@id":"https://fundacion-biodiversidad.es/en/life/life-desmania/#primaryimage"},"image":{"@id":"https://fundacion-biodiversidad.es/en/life/life-desmania/#primaryimage"},"thumbnailUrl":"https://fundacion-biodiversidad.es/wp-content/uploads/2022/11/no-imagen.jpg","datePublished":"2014-02-27T14:23:17+00:00","breadcrumb":{"@id":"https://fundacion-biodiversidad.es/en/life/life-desmania/#breadcrumb"},"inLanguage":"en-US","potentialAction":[{"@type":"ReadAction","target":["https://fundacion-biodiversidad.es/en/life/life-desmania/"]}]},{"@type":"ImageObject","inLanguage":"en-US","@id":"https://fundacion-biodiversidad.es/en/life/life-desmania/#primaryimage","url":"https://fundacion-biodiversidad.es/wp-content/uploads/2022/11/no-imagen.jpg","contentUrl":"https://fundacion-biodiversidad.es/wp-content/uploads/2022/11/no-imagen.jpg","width":2048,"height":2048,"caption":"Formación en medio ambiente natural"},{"@type":"BreadcrumbList","@id":"https://fundacion-biodiversidad.es/en/life/life-desmania/#breadcrumb","itemListElement":[{"@type":"ListItem","position":1,"name":"Portada","item":"https://fundacion-biodiversidad.es/en/inicio/"},{"@type":"ListItem","position":2,"name":"LIFE","item":"https://fundacion-biodiversidad.es/en/life/"},{"@type":"ListItem","position":3,"name":"LIFE+ Desmania"}]},{"@type":"WebSite","@id":"https://fundacion-biodiversidad.es/en/#website","url":"https://fundacion-biodiversidad.es/en/","name":"Fundación Biodiversidad","description":"Fundación pública adscrita al Ministerio para la Transición Ecológica","potentialAction":[{"@type":"SearchAction","target":{"@type":"EntryPoint","urlTemplate":"https://fundacion-biodiversidad.es/en/?s={search_term_string}"},"query-input":{"@type":"PropertyValueSpecification","valueRequired":true,"valueName":"search_term_string"}}],"inLanguage":"en-US"}]}</script>
<!-- / Yoast SEO plugin. -->

LIFE+ Desmania - Fundación Biodiversidad

Its objective is to contribute to the conservation and recovery of the Iberian Desman and its habitat in Castilla y León and Extremadura.

Fundación Biodiversidad

Formación en medio ambiente natural

Fundación pública adscrita al Ministerio para la Transición Ecológica
