{"id":97862168,"date":"2017-08-09T11:43:18","date_gmt":"2017-08-09T09:43:18","guid":{"rendered":"https:\/\/fundacion-biodiversidad.es\/life\/life-elcn-european-land-conservation-network\/"},"modified":"2017-08-09T11:43:18","modified_gmt":"2017-08-09T09:43:18","slug":"life-elcn-european-land-conservation-network","status":"publish","type":"life","link":"https:\/\/fundacion-biodiversidad.es\/en\/life\/life-elcn-european-land-conservation-network\/","title":{"rendered":"LIFE ELCN (European land conservation network)"},"content":{"rendered":"<p>The LIFE ELCN (European land conservation network) project focuses on the development, implementation and evaluation of the different existing tools and models in the conservation of private land.<br \/>\n<!--more--><\/p>\n<p>The <strong>LIFE ELCN (European land conservation network) project,<\/strong> coordinated by the German entity <a href=\"https:\/\/www.nabu.de\/\" target=\"_blank\" rel=\"noopener\">NABU<\/a> and of which the Biodiversity Foundation of <strong>the Ministry for Ecological Transition <\/strong>is a partner, has a double objective: on the one hand, it aims to analyse real experiences on the application of conservation tools in the field and on the other, to propose specific policies to support private conservation initiatives. In addition, <strong>a European network dedicated to the conservation of these private spaces will be created<\/strong>, which will be based on a long-term operating strategy and will have strong international allies. <\/p>\n<p>The project&#8217;s work programme focuses on the <strong>development, implementation and evaluation of the different tools and models that currently exist in the conservation of private land<\/strong> , encouraging the exchange of knowledge and experiences, identifying and escalating possible legal and political obstacles and disseminating this new modality of conservation among interested public and private entities. This will help to promote the development of the different private conservation tools and the expansion of their use and, at the same time, to strengthen and strengthen ties between promoters of the conservation of private land in the European Union and beyond. The project will be consolidated through the <strong>creation of a Secretariat for the European Land Conservation Network, which will be responsible for the management, coordination and long-term maintenance of the network.<\/strong>  <\/p>\n","protected":false},"featured_media":22405,"parent":0,"template":"","meta":{"_acf_changed":false},"financiaci_n":[],"lineas_actuacion_tematicas":[654],"class_list":["post-97862168","life","type-life","status-publish","has-post-thumbnail","hentry","lineas_actuacion_tematicas-terrestrial-ecosystems"],"acf":[],"yoast_head":"<!-- This site is optimized with the Yoast SEO plugin v26.9 - https:\/\/yoast.com\/product\/yoast-seo-wordpress\/ -->\n<title>LIFE ELCN (European land conservation network) - Fundaci\u00f3n Biodiversidad<\/title>\n<meta name=\"robots\" content=\"index, follow, max-snippet:-1, max-image-preview:large, max-video-preview:-1\" \/>\n<link rel=\"canonical\" href=\"https:\/\/fundacion-biodiversidad.es\/en\/life\/life-elcn-european-land-conservation-network\/\" \/>\n<meta property=\"og:locale\" content=\"en_US\" \/>\n<meta property=\"og:type\" content=\"article\" \/>\n<meta property=\"og:title\" content=\"LIFE ELCN (European land conservation network) - Fundaci\u00f3n Biodiversidad\" \/>\n<meta property=\"og:description\" content=\"The LIFE ELCN (European land conservation network) project focuses on the development, implementation and evaluation of the different existing tools and models in the conservation [&hellip;]\" \/>\n<meta property=\"og:url\" content=\"https:\/\/fundacion-biodiversidad.es\/en\/life\/life-elcn-european-land-conservation-network\/\" \/>\n<meta property=\"og:site_name\" content=\"Fundaci\u00f3n Biodiversidad\" \/>\n<meta property=\"og:image\" content=\"https:\/\/fundacion-biodiversidad.es\/wp-content\/uploads\/2022\/11\/no-imagen.jpg\" \/>\n\t<meta property=\"og:image:width\" content=\"2048\" \/>\n\t<meta property=\"og:image:height\" content=\"2048\" \/>\n\t<meta property=\"og:image:type\" content=\"image\/jpeg\" \/>\n<meta name=\"twitter:card\" content=\"summary_large_image\" \/>\n<meta name=\"twitter:label1\" content=\"Est. reading time\" \/>\n\t<meta name=\"twitter:data1\" content=\"1 minute\" \/>\n<script type=\"application\/ld+json\" class=\"yoast-schema-graph\">{\"@context\":\"https:\/\/schema.org\",\"@graph\":[{\"@type\":\"WebPage\",\"@id\":\"https:\/\/fundacion-biodiversidad.es\/en\/life\/life-elcn-european-land-conservation-network\/\",\"url\":\"https:\/\/fundacion-biodiversidad.es\/en\/life\/life-elcn-european-land-conservation-network\/\",\"name\":\"LIFE ELCN (European land conservation network) - Fundaci\u00f3n Biodiversidad\",\"isPartOf\":{\"@id\":\"https:\/\/fundacion-biodiversidad.es\/en\/#website\"},\"primaryImageOfPage\":{\"@id\":\"https:\/\/fundacion-biodiversidad.es\/en\/life\/life-elcn-european-land-conservation-network\/#primaryimage\"},\"image\":{\"@id\":\"https:\/\/fundacion-biodiversidad.es\/en\/life\/life-elcn-european-land-conservation-network\/#primaryimage\"},\"thumbnailUrl\":\"https:\/\/fundacion-biodiversidad.es\/wp-content\/uploads\/2022\/11\/no-imagen.jpg\",\"datePublished\":\"2017-08-09T09:43:18+00:00\",\"breadcrumb\":{\"@id\":\"https:\/\/fundacion-biodiversidad.es\/en\/life\/life-elcn-european-land-conservation-network\/#breadcrumb\"},\"inLanguage\":\"en-US\",\"potentialAction\":[{\"@type\":\"ReadAction\",\"target\":[\"https:\/\/fundacion-biodiversidad.es\/en\/life\/life-elcn-european-land-conservation-network\/\"]}]},{\"@type\":\"ImageObject\",\"inLanguage\":\"en-US\",\"@id\":\"https:\/\/fundacion-biodiversidad.es\/en\/life\/life-elcn-european-land-conservation-network\/#primaryimage\",\"url\":\"https:\/\/fundacion-biodiversidad.es\/wp-content\/uploads\/2022\/11\/no-imagen.jpg\",\"contentUrl\":\"https:\/\/fundacion-biodiversidad.es\/wp-content\/uploads\/2022\/11\/no-imagen.jpg\",\"width\":2048,\"height\":2048,\"caption\":\"Formaci\u00f3n en medio ambiente natural\"},{\"@type\":\"BreadcrumbList\",\"@id\":\"https:\/\/fundacion-biodiversidad.es\/en\/life\/life-elcn-european-land-conservation-network\/#breadcrumb\",\"itemListElement\":[{\"@type\":\"ListItem\",\"position\":1,\"name\":\"Portada\",\"item\":\"https:\/\/fundacion-biodiversidad.es\/en\/inicio\/\"},{\"@type\":\"ListItem\",\"position\":2,\"name\":\"LIFE\",\"item\":\"https:\/\/fundacion-biodiversidad.es\/en\/life\/\"},{\"@type\":\"ListItem\",\"position\":3,\"name\":\"LIFE ELCN (European land conservation network)\"}]},{\"@type\":\"WebSite\",\"@id\":\"https:\/\/fundacion-biodiversidad.es\/en\/#website\",\"url\":\"https:\/\/fundacion-biodiversidad.es\/en\/\",\"name\":\"Fundaci\u00f3n Biodiversidad\",\"description\":\"Fundaci\u00f3n p\u00fablica adscrita al Ministerio para la Transici\u00f3n Ecol\u00f3gica\",\"potentialAction\":[{\"@type\":\"SearchAction\",\"target\":{\"@type\":\"EntryPoint\",\"urlTemplate\":\"https:\/\/fundacion-biodiversidad.es\/en\/?s={search_term_string}\"},\"query-input\":{\"@type\":\"PropertyValueSpecification\",\"valueRequired\":true,\"valueName\":\"search_term_string\"}}],\"inLanguage\":\"en-US\"}]}<\/script>\n<!-- \/ Yoast SEO plugin. -->","yoast_head_json":{"title":"LIFE ELCN (European land conservation network) - Fundaci\u00f3n Biodiversidad","robots":{"index":"index","follow":"follow","max-snippet":"max-snippet:-1","max-image-preview":"max-image-preview:large","max-video-preview":"max-video-preview:-1"},"canonical":"https:\/\/fundacion-biodiversidad.es\/en\/life\/life-elcn-european-land-conservation-network\/","og_locale":"en_US","og_type":"article","og_title":"LIFE ELCN (European land conservation network) - Fundaci\u00f3n Biodiversidad","og_description":"The LIFE ELCN (European land conservation network) project focuses on the development, implementation and evaluation of the different existing tools and models in the conservation [&hellip;]","og_url":"https:\/\/fundacion-biodiversidad.es\/en\/life\/life-elcn-european-land-conservation-network\/","og_site_name":"Fundaci\u00f3n Biodiversidad","og_image":[{"width":2048,"height":2048,"url":"https:\/\/fundacion-biodiversidad.es\/wp-content\/uploads\/2022\/11\/no-imagen.jpg","type":"image\/jpeg"}],"twitter_card":"summary_large_image","twitter_misc":{"Est. reading time":"1 minute"},"schema":{"@context":"https:\/\/schema.org","@graph":[{"@type":"WebPage","@id":"https:\/\/fundacion-biodiversidad.es\/en\/life\/life-elcn-european-land-conservation-network\/","url":"https:\/\/fundacion-biodiversidad.es\/en\/life\/life-elcn-european-land-conservation-network\/","name":"LIFE ELCN (European land conservation network) - Fundaci\u00f3n Biodiversidad","isPartOf":{"@id":"https:\/\/fundacion-biodiversidad.es\/en\/#website"},"primaryImageOfPage":{"@id":"https:\/\/fundacion-biodiversidad.es\/en\/life\/life-elcn-european-land-conservation-network\/#primaryimage"},"image":{"@id":"https:\/\/fundacion-biodiversidad.es\/en\/life\/life-elcn-european-land-conservation-network\/#primaryimage"},"thumbnailUrl":"https:\/\/fundacion-biodiversidad.es\/wp-content\/uploads\/2022\/11\/no-imagen.jpg","datePublished":"2017-08-09T09:43:18+00:00","breadcrumb":{"@id":"https:\/\/fundacion-biodiversidad.es\/en\/life\/life-elcn-european-land-conservation-network\/#breadcrumb"},"inLanguage":"en-US","potentialAction":[{"@type":"ReadAction","target":["https:\/\/fundacion-biodiversidad.es\/en\/life\/life-elcn-european-land-conservation-network\/"]}]},{"@type":"ImageObject","inLanguage":"en-US","@id":"https:\/\/fundacion-biodiversidad.es\/en\/life\/life-elcn-european-land-conservation-network\/#primaryimage","url":"https:\/\/fundacion-biodiversidad.es\/wp-content\/uploads\/2022\/11\/no-imagen.jpg","contentUrl":"https:\/\/fundacion-biodiversidad.es\/wp-content\/uploads\/2022\/11\/no-imagen.jpg","width":2048,"height":2048,"caption":"Formaci\u00f3n en medio ambiente natural"},{"@type":"BreadcrumbList","@id":"https:\/\/fundacion-biodiversidad.es\/en\/life\/life-elcn-european-land-conservation-network\/#breadcrumb","itemListElement":[{"@type":"ListItem","position":1,"name":"Portada","item":"https:\/\/fundacion-biodiversidad.es\/en\/inicio\/"},{"@type":"ListItem","position":2,"name":"LIFE","item":"https:\/\/fundacion-biodiversidad.es\/en\/life\/"},{"@type":"ListItem","position":3,"name":"LIFE ELCN (European land conservation network)"}]},{"@type":"WebSite","@id":"https:\/\/fundacion-biodiversidad.es\/en\/#website","url":"https:\/\/fundacion-biodiversidad.es\/en\/","name":"Fundaci\u00f3n Biodiversidad","description":"Fundaci\u00f3n p\u00fablica adscrita al Ministerio para la Transici\u00f3n Ecol\u00f3gica","potentialAction":[{"@type":"SearchAction","target":{"@type":"EntryPoint","urlTemplate":"https:\/\/fundacion-biodiversidad.es\/en\/?s={search_term_string}"},"query-input":{"@type":"PropertyValueSpecification","valueRequired":true,"valueName":"search_term_string"}}],"inLanguage":"en-US"}]}},"_links":{"self":[{"href":"https:\/\/fundacion-biodiversidad.es\/en\/wp-json\/wp\/v2\/life\/97862168","targetHints":{"allow":["GET"]}}],"collection":[{"href":"https:\/\/fundacion-biodiversidad.es\/en\/wp-json\/wp\/v2\/life"}],"about":[{"href":"https:\/\/fundacion-biodiversidad.es\/en\/wp-json\/wp\/v2\/types\/life"}],"wp:featuredmedia":[{"embeddable":true,"href":"https:\/\/fundacion-biodiversidad.es\/en\/wp-json\/wp\/v2\/media\/22405"}],"wp:attachment":[{"href":"https:\/\/fundacion-biodiversidad.es\/en\/wp-json\/wp\/v2\/media?parent=97862168"}],"wp:term":[{"taxonomy":"financiaci_n","embeddable":true,"href":"https:\/\/fundacion-biodiversidad.es\/en\/wp-json\/wp\/v2\/financiaci_n?post=97862168"},{"taxonomy":"lineas_actuacion_tematicas","embeddable":true,"href":"https:\/\/fundacion-biodiversidad.es\/en\/wp-json\/wp\/v2\/lineas_actuacion_tematicas?post=97862168"}],"curies":[{"name":"wp","href":"https:\/\/api.w.org\/{rel}","templated":true}]}}

<!-- This site is optimized with the Yoast SEO plugin v26.9 - https://yoast.com/product/yoast-seo-wordpress/ -->
<title>LIFE ELCN (European land conservation network) - Fundación Biodiversidad</title>
<meta name="robots" content="index, follow, max-snippet:-1, max-image-preview:large, max-video-preview:-1" />
<link rel="canonical" href="https://fundacion-biodiversidad.es/en/life/life-elcn-european-land-conservation-network/" />
<meta property="og:locale" content="en_US" />
<meta property="og:type" content="article" />
<meta property="og:title" content="LIFE ELCN (European land conservation network) - Fundación Biodiversidad" />
<meta property="og:description" content="The LIFE ELCN (European land conservation network) project focuses on the development, implementation and evaluation of the different existing tools and models in the conservation [&hellip;]" />
<meta property="og:url" content="https://fundacion-biodiversidad.es/en/life/life-elcn-european-land-conservation-network/" />
<meta property="og:site_name" content="Fundación Biodiversidad" />
<meta property="og:image" content="https://fundacion-biodiversidad.es/wp-content/uploads/2022/11/no-imagen.jpg" />
	<meta property="og:image:width" content="2048" />
	<meta property="og:image:height" content="2048" />
	<meta property="og:image:type" content="image/jpeg" />
<meta name="twitter:card" content="summary_large_image" />
<meta name="twitter:label1" content="Est. reading time" />
	<meta name="twitter:data1" content="1 minute" />
<script type="application/ld+json" class="yoast-schema-graph">{"@context":"https://schema.org","@graph":[{"@type":"WebPage","@id":"https://fundacion-biodiversidad.es/en/life/life-elcn-european-land-conservation-network/","url":"https://fundacion-biodiversidad.es/en/life/life-elcn-european-land-conservation-network/","name":"LIFE ELCN (European land conservation network) - Fundación Biodiversidad","isPartOf":{"@id":"https://fundacion-biodiversidad.es/en/#website"},"primaryImageOfPage":{"@id":"https://fundacion-biodiversidad.es/en/life/life-elcn-european-land-conservation-network/#primaryimage"},"image":{"@id":"https://fundacion-biodiversidad.es/en/life/life-elcn-european-land-conservation-network/#primaryimage"},"thumbnailUrl":"https://fundacion-biodiversidad.es/wp-content/uploads/2022/11/no-imagen.jpg","datePublished":"2017-08-09T09:43:18+00:00","breadcrumb":{"@id":"https://fundacion-biodiversidad.es/en/life/life-elcn-european-land-conservation-network/#breadcrumb"},"inLanguage":"en-US","potentialAction":[{"@type":"ReadAction","target":["https://fundacion-biodiversidad.es/en/life/life-elcn-european-land-conservation-network/"]}]},{"@type":"ImageObject","inLanguage":"en-US","@id":"https://fundacion-biodiversidad.es/en/life/life-elcn-european-land-conservation-network/#primaryimage","url":"https://fundacion-biodiversidad.es/wp-content/uploads/2022/11/no-imagen.jpg","contentUrl":"https://fundacion-biodiversidad.es/wp-content/uploads/2022/11/no-imagen.jpg","width":2048,"height":2048,"caption":"Formación en medio ambiente natural"},{"@type":"BreadcrumbList","@id":"https://fundacion-biodiversidad.es/en/life/life-elcn-european-land-conservation-network/#breadcrumb","itemListElement":[{"@type":"ListItem","position":1,"name":"Portada","item":"https://fundacion-biodiversidad.es/en/inicio/"},{"@type":"ListItem","position":2,"name":"LIFE","item":"https://fundacion-biodiversidad.es/en/life/"},{"@type":"ListItem","position":3,"name":"LIFE ELCN (European land conservation network)"}]},{"@type":"WebSite","@id":"https://fundacion-biodiversidad.es/en/#website","url":"https://fundacion-biodiversidad.es/en/","name":"Fundación Biodiversidad","description":"Fundación pública adscrita al Ministerio para la Transición Ecológica","potentialAction":[{"@type":"SearchAction","target":{"@type":"EntryPoint","urlTemplate":"https://fundacion-biodiversidad.es/en/?s={search_term_string}"},"query-input":{"@type":"PropertyValueSpecification","valueRequired":true,"valueName":"search_term_string"}}],"inLanguage":"en-US"}]}</script>
<!-- / Yoast SEO plugin. -->

LIFE ELCN (European land conservation network) - Fundación Biodiversidad

Fundación Biodiversidad

Formación en medio ambiente natural

Fundación pública adscrita al Ministerio para la Transición Ecológica
