{"id":97861566,"date":"2022-05-04T13:54:11","date_gmt":"2022-05-04T11:54:11","guid":{"rendered":"https:\/\/fundacion-biodiversidad.es\/programa_empleaverde\/upcycling-and-upcycling\/"},"modified":"2022-05-04T13:54:11","modified_gmt":"2022-05-04T11:54:11","slug":"upcycling-and-upcycling","status":"publish","type":"programa_empleaverde","link":"https:\/\/fundacion-biodiversidad.es\/en\/programa_empleaverde\/upcycling-and-upcycling\/","title":{"rendered":"Upcycling and upcycling"},"content":{"rendered":"<p>AXIS: Create<\/p>\n<p>LINE: Empleaclima<\/p>\n<p>OBJECTIVE: Training in sustainability, ethics and circularity.<\/p>\n<p>DESCRIPTION: This project aims to promote training in sustainability applied to the textile sector for the unemployed in Galicia and Extremadura, favouring their employability and improving professional qualifications. Currently, the predominant production model is linear, the classic model of extract, manufacture, use and throw away, which requires large amounts of energy and natural resources and where the scarcity of some natural resources is beginning to be detected. It is therefore necessary and urgent to move to a more circular production model based on the principle of closing the circle in which the waste of some becomes resources for others. To obtain this knowledge, 4 workshops of 60 hours each will be held.<\/p>\n<p>AIMED AT: Unemployed people from Badajoz, A Coru\u00f1a and Pontevedra.<\/p>\n","protected":false},"featured_media":22405,"parent":0,"template":"","meta":{"_acf_changed":false},"financiaci_n":[651],"lineas_actuacion_tematicas":[654],"class_list":["post-97861566","programa_empleaverde","type-programa_empleaverde","status-publish","has-post-thumbnail","hentry","financiaci_n-fondo-social-europeo-en","lineas_actuacion_tematicas-terrestrial-ecosystems"],"acf":[],"yoast_head":"<!-- This site is optimized with the Yoast SEO plugin v26.9 - https:\/\/yoast.com\/product\/yoast-seo-wordpress\/ -->\n<title>Upcycling and upcycling - Fundaci\u00f3n Biodiversidad<\/title>\n<meta name=\"robots\" content=\"index, follow, max-snippet:-1, max-image-preview:large, max-video-preview:-1\" \/>\n<link rel=\"canonical\" href=\"https:\/\/fundacion-biodiversidad.es\/en\/programa_empleaverde\/upcycling-and-upcycling\/\" \/>\n<meta property=\"og:locale\" content=\"en_US\" \/>\n<meta property=\"og:type\" content=\"article\" \/>\n<meta property=\"og:title\" content=\"Upcycling and upcycling - Fundaci\u00f3n Biodiversidad\" \/>\n<meta property=\"og:description\" content=\"AXIS: Create LINE: Empleaclima OBJECTIVE: Training in sustainability, ethics and circularity. DESCRIPTION: This project aims to promote training in sustainability applied to the textile sector [&hellip;]\" \/>\n<meta property=\"og:url\" content=\"https:\/\/fundacion-biodiversidad.es\/en\/programa_empleaverde\/upcycling-and-upcycling\/\" \/>\n<meta property=\"og:site_name\" content=\"Fundaci\u00f3n Biodiversidad\" \/>\n<meta property=\"og:image\" content=\"https:\/\/fundacion-biodiversidad.es\/wp-content\/uploads\/2022\/11\/no-imagen.jpg\" \/>\n\t<meta property=\"og:image:width\" content=\"2048\" \/>\n\t<meta property=\"og:image:height\" content=\"2048\" \/>\n\t<meta property=\"og:image:type\" content=\"image\/jpeg\" \/>\n<meta name=\"twitter:card\" content=\"summary_large_image\" \/>\n<meta name=\"twitter:label1\" content=\"Est. reading time\" \/>\n\t<meta name=\"twitter:data1\" content=\"1 minute\" \/>\n<script type=\"application\/ld+json\" class=\"yoast-schema-graph\">{\"@context\":\"https:\/\/schema.org\",\"@graph\":[{\"@type\":\"WebPage\",\"@id\":\"https:\/\/fundacion-biodiversidad.es\/en\/programa_empleaverde\/upcycling-and-upcycling\/\",\"url\":\"https:\/\/fundacion-biodiversidad.es\/en\/programa_empleaverde\/upcycling-and-upcycling\/\",\"name\":\"Upcycling and upcycling - Fundaci\u00f3n Biodiversidad\",\"isPartOf\":{\"@id\":\"https:\/\/fundacion-biodiversidad.es\/en\/#website\"},\"primaryImageOfPage\":{\"@id\":\"https:\/\/fundacion-biodiversidad.es\/en\/programa_empleaverde\/upcycling-and-upcycling\/#primaryimage\"},\"image\":{\"@id\":\"https:\/\/fundacion-biodiversidad.es\/en\/programa_empleaverde\/upcycling-and-upcycling\/#primaryimage\"},\"thumbnailUrl\":\"https:\/\/fundacion-biodiversidad.es\/wp-content\/uploads\/2022\/11\/no-imagen.jpg\",\"datePublished\":\"2022-05-04T11:54:11+00:00\",\"breadcrumb\":{\"@id\":\"https:\/\/fundacion-biodiversidad.es\/en\/programa_empleaverde\/upcycling-and-upcycling\/#breadcrumb\"},\"inLanguage\":\"en-US\",\"potentialAction\":[{\"@type\":\"ReadAction\",\"target\":[\"https:\/\/fundacion-biodiversidad.es\/en\/programa_empleaverde\/upcycling-and-upcycling\/\"]}]},{\"@type\":\"ImageObject\",\"inLanguage\":\"en-US\",\"@id\":\"https:\/\/fundacion-biodiversidad.es\/en\/programa_empleaverde\/upcycling-and-upcycling\/#primaryimage\",\"url\":\"https:\/\/fundacion-biodiversidad.es\/wp-content\/uploads\/2022\/11\/no-imagen.jpg\",\"contentUrl\":\"https:\/\/fundacion-biodiversidad.es\/wp-content\/uploads\/2022\/11\/no-imagen.jpg\",\"width\":2048,\"height\":2048,\"caption\":\"Formaci\u00f3n en medio ambiente natural\"},{\"@type\":\"BreadcrumbList\",\"@id\":\"https:\/\/fundacion-biodiversidad.es\/en\/programa_empleaverde\/upcycling-and-upcycling\/#breadcrumb\",\"itemListElement\":[{\"@type\":\"ListItem\",\"position\":1,\"name\":\"Portada\",\"item\":\"https:\/\/fundacion-biodiversidad.es\/en\/inicio\/\"},{\"@type\":\"ListItem\",\"position\":2,\"name\":\"Programa empleaverde\",\"item\":\"https:\/\/fundacion-biodiversidad.es\/en\/programa_empleaverde\/\"},{\"@type\":\"ListItem\",\"position\":3,\"name\":\"Upcycling and upcycling\"}]},{\"@type\":\"WebSite\",\"@id\":\"https:\/\/fundacion-biodiversidad.es\/en\/#website\",\"url\":\"https:\/\/fundacion-biodiversidad.es\/en\/\",\"name\":\"Fundaci\u00f3n Biodiversidad\",\"description\":\"Fundaci\u00f3n p\u00fablica adscrita al Ministerio para la Transici\u00f3n Ecol\u00f3gica\",\"potentialAction\":[{\"@type\":\"SearchAction\",\"target\":{\"@type\":\"EntryPoint\",\"urlTemplate\":\"https:\/\/fundacion-biodiversidad.es\/en\/?s={search_term_string}\"},\"query-input\":{\"@type\":\"PropertyValueSpecification\",\"valueRequired\":true,\"valueName\":\"search_term_string\"}}],\"inLanguage\":\"en-US\"}]}<\/script>\n<!-- \/ Yoast SEO plugin. -->","yoast_head_json":{"title":"Upcycling and upcycling - Fundaci\u00f3n Biodiversidad","robots":{"index":"index","follow":"follow","max-snippet":"max-snippet:-1","max-image-preview":"max-image-preview:large","max-video-preview":"max-video-preview:-1"},"canonical":"https:\/\/fundacion-biodiversidad.es\/en\/programa_empleaverde\/upcycling-and-upcycling\/","og_locale":"en_US","og_type":"article","og_title":"Upcycling and upcycling - Fundaci\u00f3n Biodiversidad","og_description":"AXIS: Create LINE: Empleaclima OBJECTIVE: Training in sustainability, ethics and circularity. DESCRIPTION: This project aims to promote training in sustainability applied to the textile sector [&hellip;]","og_url":"https:\/\/fundacion-biodiversidad.es\/en\/programa_empleaverde\/upcycling-and-upcycling\/","og_site_name":"Fundaci\u00f3n Biodiversidad","og_image":[{"width":2048,"height":2048,"url":"https:\/\/fundacion-biodiversidad.es\/wp-content\/uploads\/2022\/11\/no-imagen.jpg","type":"image\/jpeg"}],"twitter_card":"summary_large_image","twitter_misc":{"Est. reading time":"1 minute"},"schema":{"@context":"https:\/\/schema.org","@graph":[{"@type":"WebPage","@id":"https:\/\/fundacion-biodiversidad.es\/en\/programa_empleaverde\/upcycling-and-upcycling\/","url":"https:\/\/fundacion-biodiversidad.es\/en\/programa_empleaverde\/upcycling-and-upcycling\/","name":"Upcycling and upcycling - Fundaci\u00f3n Biodiversidad","isPartOf":{"@id":"https:\/\/fundacion-biodiversidad.es\/en\/#website"},"primaryImageOfPage":{"@id":"https:\/\/fundacion-biodiversidad.es\/en\/programa_empleaverde\/upcycling-and-upcycling\/#primaryimage"},"image":{"@id":"https:\/\/fundacion-biodiversidad.es\/en\/programa_empleaverde\/upcycling-and-upcycling\/#primaryimage"},"thumbnailUrl":"https:\/\/fundacion-biodiversidad.es\/wp-content\/uploads\/2022\/11\/no-imagen.jpg","datePublished":"2022-05-04T11:54:11+00:00","breadcrumb":{"@id":"https:\/\/fundacion-biodiversidad.es\/en\/programa_empleaverde\/upcycling-and-upcycling\/#breadcrumb"},"inLanguage":"en-US","potentialAction":[{"@type":"ReadAction","target":["https:\/\/fundacion-biodiversidad.es\/en\/programa_empleaverde\/upcycling-and-upcycling\/"]}]},{"@type":"ImageObject","inLanguage":"en-US","@id":"https:\/\/fundacion-biodiversidad.es\/en\/programa_empleaverde\/upcycling-and-upcycling\/#primaryimage","url":"https:\/\/fundacion-biodiversidad.es\/wp-content\/uploads\/2022\/11\/no-imagen.jpg","contentUrl":"https:\/\/fundacion-biodiversidad.es\/wp-content\/uploads\/2022\/11\/no-imagen.jpg","width":2048,"height":2048,"caption":"Formaci\u00f3n en medio ambiente natural"},{"@type":"BreadcrumbList","@id":"https:\/\/fundacion-biodiversidad.es\/en\/programa_empleaverde\/upcycling-and-upcycling\/#breadcrumb","itemListElement":[{"@type":"ListItem","position":1,"name":"Portada","item":"https:\/\/fundacion-biodiversidad.es\/en\/inicio\/"},{"@type":"ListItem","position":2,"name":"Programa empleaverde","item":"https:\/\/fundacion-biodiversidad.es\/en\/programa_empleaverde\/"},{"@type":"ListItem","position":3,"name":"Upcycling and upcycling"}]},{"@type":"WebSite","@id":"https:\/\/fundacion-biodiversidad.es\/en\/#website","url":"https:\/\/fundacion-biodiversidad.es\/en\/","name":"Fundaci\u00f3n Biodiversidad","description":"Fundaci\u00f3n p\u00fablica adscrita al Ministerio para la Transici\u00f3n Ecol\u00f3gica","potentialAction":[{"@type":"SearchAction","target":{"@type":"EntryPoint","urlTemplate":"https:\/\/fundacion-biodiversidad.es\/en\/?s={search_term_string}"},"query-input":{"@type":"PropertyValueSpecification","valueRequired":true,"valueName":"search_term_string"}}],"inLanguage":"en-US"}]}},"_links":{"self":[{"href":"https:\/\/fundacion-biodiversidad.es\/en\/wp-json\/wp\/v2\/programa_empleaverde\/97861566","targetHints":{"allow":["GET"]}}],"collection":[{"href":"https:\/\/fundacion-biodiversidad.es\/en\/wp-json\/wp\/v2\/programa_empleaverde"}],"about":[{"href":"https:\/\/fundacion-biodiversidad.es\/en\/wp-json\/wp\/v2\/types\/programa_empleaverde"}],"wp:featuredmedia":[{"embeddable":true,"href":"https:\/\/fundacion-biodiversidad.es\/en\/wp-json\/wp\/v2\/media\/22405"}],"wp:attachment":[{"href":"https:\/\/fundacion-biodiversidad.es\/en\/wp-json\/wp\/v2\/media?parent=97861566"}],"wp:term":[{"taxonomy":"financiaci_n","embeddable":true,"href":"https:\/\/fundacion-biodiversidad.es\/en\/wp-json\/wp\/v2\/financiaci_n?post=97861566"},{"taxonomy":"lineas_actuacion_tematicas","embeddable":true,"href":"https:\/\/fundacion-biodiversidad.es\/en\/wp-json\/wp\/v2\/lineas_actuacion_tematicas?post=97861566"}],"curies":[{"name":"wp","href":"https:\/\/api.w.org\/{rel}","templated":true}]}}

<p>AXIS: Create</p>
<p>LINE: Empleaclima</p>
<p>OBJECTIVE: Training in sustainability, ethics and circularity.</p>
<p>DESCRIPTION: This project aims to promote training in sustainability applied to the textile sector for the unemployed in Galicia and Extremadura, favouring their employability and improving professional qualifications. Currently, the predominant production model is linear, the classic model of extract, manufacture, use and throw away, which requires large amounts of energy and natural resources and where the scarcity of some natural resources is beginning to be detected. It is therefore necessary and urgent to move to a more circular production model based on the principle of closing the circle in which the waste of some becomes resources for others. To obtain this knowledge, 4 workshops of 60 hours each will be held.</p>
<p>AIMED AT: Unemployed people from Badajoz, A Coruña and Pontevedra.</p>

<!-- This site is optimized with the Yoast SEO plugin v26.9 - https://yoast.com/product/yoast-seo-wordpress/ -->
<title>Upcycling and upcycling - Fundación Biodiversidad</title>
<meta name="robots" content="index, follow, max-snippet:-1, max-image-preview:large, max-video-preview:-1" />
<link rel="canonical" href="https://fundacion-biodiversidad.es/en/programa_empleaverde/upcycling-and-upcycling/" />
<meta property="og:locale" content="en_US" />
<meta property="og:type" content="article" />
<meta property="og:title" content="Upcycling and upcycling - Fundación Biodiversidad" />
<meta property="og:description" content="AXIS: Create LINE: Empleaclima OBJECTIVE: Training in sustainability, ethics and circularity. DESCRIPTION: This project aims to promote training in sustainability applied to the textile sector [&hellip;]" />
<meta property="og:url" content="https://fundacion-biodiversidad.es/en/programa_empleaverde/upcycling-and-upcycling/" />
<meta property="og:site_name" content="Fundación Biodiversidad" />
<meta property="og:image" content="https://fundacion-biodiversidad.es/wp-content/uploads/2022/11/no-imagen.jpg" />
	<meta property="og:image:width" content="2048" />
	<meta property="og:image:height" content="2048" />
	<meta property="og:image:type" content="image/jpeg" />
<meta name="twitter:card" content="summary_large_image" />
<meta name="twitter:label1" content="Est. reading time" />
	<meta name="twitter:data1" content="1 minute" />
<script type="application/ld+json" class="yoast-schema-graph">{"@context":"https://schema.org","@graph":[{"@type":"WebPage","@id":"https://fundacion-biodiversidad.es/en/programa_empleaverde/upcycling-and-upcycling/","url":"https://fundacion-biodiversidad.es/en/programa_empleaverde/upcycling-and-upcycling/","name":"Upcycling and upcycling - Fundación Biodiversidad","isPartOf":{"@id":"https://fundacion-biodiversidad.es/en/#website"},"primaryImageOfPage":{"@id":"https://fundacion-biodiversidad.es/en/programa_empleaverde/upcycling-and-upcycling/#primaryimage"},"image":{"@id":"https://fundacion-biodiversidad.es/en/programa_empleaverde/upcycling-and-upcycling/#primaryimage"},"thumbnailUrl":"https://fundacion-biodiversidad.es/wp-content/uploads/2022/11/no-imagen.jpg","datePublished":"2022-05-04T11:54:11+00:00","breadcrumb":{"@id":"https://fundacion-biodiversidad.es/en/programa_empleaverde/upcycling-and-upcycling/#breadcrumb"},"inLanguage":"en-US","potentialAction":[{"@type":"ReadAction","target":["https://fundacion-biodiversidad.es/en/programa_empleaverde/upcycling-and-upcycling/"]}]},{"@type":"ImageObject","inLanguage":"en-US","@id":"https://fundacion-biodiversidad.es/en/programa_empleaverde/upcycling-and-upcycling/#primaryimage","url":"https://fundacion-biodiversidad.es/wp-content/uploads/2022/11/no-imagen.jpg","contentUrl":"https://fundacion-biodiversidad.es/wp-content/uploads/2022/11/no-imagen.jpg","width":2048,"height":2048,"caption":"Formación en medio ambiente natural"},{"@type":"BreadcrumbList","@id":"https://fundacion-biodiversidad.es/en/programa_empleaverde/upcycling-and-upcycling/#breadcrumb","itemListElement":[{"@type":"ListItem","position":1,"name":"Portada","item":"https://fundacion-biodiversidad.es/en/inicio/"},{"@type":"ListItem","position":2,"name":"Programa empleaverde","item":"https://fundacion-biodiversidad.es/en/programa_empleaverde/"},{"@type":"ListItem","position":3,"name":"Upcycling and upcycling"}]},{"@type":"WebSite","@id":"https://fundacion-biodiversidad.es/en/#website","url":"https://fundacion-biodiversidad.es/en/","name":"Fundación Biodiversidad","description":"Fundación pública adscrita al Ministerio para la Transición Ecológica","potentialAction":[{"@type":"SearchAction","target":{"@type":"EntryPoint","urlTemplate":"https://fundacion-biodiversidad.es/en/?s={search_term_string}"},"query-input":{"@type":"PropertyValueSpecification","valueRequired":true,"valueName":"search_term_string"}}],"inLanguage":"en-US"}]}</script>
<!-- / Yoast SEO plugin. -->

Upcycling and upcycling - Fundación Biodiversidad

Fundación Biodiversidad

Formación en medio ambiente natural

Fundación pública adscrita al Ministerio para la Transición Ecológica
