{"id":97861730,"date":"2017-12-31T09:22:12","date_gmt":"2017-12-31T08:22:12","guid":{"rendered":"https:\/\/fundacion-biodiversidad.es\/programa_empleaverde\/improving-professional-skills-for-sustainable-business-development\/"},"modified":"2017-12-31T09:22:12","modified_gmt":"2017-12-31T08:22:12","slug":"improving-professional-skills-for-sustainable-business-development","status":"publish","type":"programa_empleaverde","link":"https:\/\/fundacion-biodiversidad.es\/en\/programa_empleaverde\/improving-professional-skills-for-sustainable-business-development\/","title":{"rendered":"Improving professional skills for sustainable business development"},"content":{"rendered":"<p>PROJECT NAME: Improvement of professional skills for sustainable business development (GREEN 4mation).<\/p>\n<p>OBJECTIVE: The objective of the project is to develop the capacities of workers so that they can contribute to the transformation of their economic activity towards a more environmentally efficient model and, by extension, to the transition towards a global model of sustainable development.<\/p>\n<p>THEMES: The environmental issues addressed by the project are management, environmental improvement and eco-innovation in industry or business, sustainable tourism, energy saving and efficiency and waste reduction, reuse and recycling.<\/p>\n<p>DESCRIPTION: To meet the general objective, the project proposes activities at three levels with a 360\u00ba approach:<\/p>\n<p>-Formation. On essential topics for the company and key sectors for our economy and aligned with international strategies: environmental improvement, eco-design, circular economy, sustainable tourism and energy. Traditional elements, face-to-face sessions, will be combined with other more innovative ones through online platforms that allow interaction with experts, and even between participants.  <\/p>\n<p>-Advice. To consolidate learning from the previous stage and to accompany integration into companies with the help of the participants in the training. Traditional elements, face-to-face support, will be combined with other possibilities offered by technology.  <\/p>\n<p>&#8211; Promotion of environmental innovation platforms, to transcend the borders of an organization and create spaces for collaboration that give impetus to transformative action.<\/p>\n","protected":false},"featured_media":22405,"parent":0,"template":"","meta":{"_acf_changed":false},"financiaci_n":[651],"lineas_actuacion_tematicas":[654],"class_list":["post-97861730","programa_empleaverde","type-programa_empleaverde","status-publish","has-post-thumbnail","hentry","financiaci_n-fondo-social-europeo-en","lineas_actuacion_tematicas-terrestrial-ecosystems"],"acf":[],"yoast_head":"<!-- This site is optimized with the Yoast SEO plugin v26.9 - https:\/\/yoast.com\/product\/yoast-seo-wordpress\/ -->\n<title>Improving professional skills for sustainable business development - Fundaci\u00f3n Biodiversidad<\/title>\n<meta name=\"robots\" content=\"index, follow, max-snippet:-1, max-image-preview:large, max-video-preview:-1\" \/>\n<link rel=\"canonical\" href=\"https:\/\/fundacion-biodiversidad.es\/en\/programa_empleaverde\/improving-professional-skills-for-sustainable-business-development\/\" \/>\n<meta property=\"og:locale\" content=\"en_US\" \/>\n<meta property=\"og:type\" content=\"article\" \/>\n<meta property=\"og:title\" content=\"Improving professional skills for sustainable business development - Fundaci\u00f3n Biodiversidad\" \/>\n<meta property=\"og:description\" content=\"PROJECT NAME: Improvement of professional skills for sustainable business development (GREEN 4mation). OBJECTIVE: The objective of the project is to develop the capacities of workers [&hellip;]\" \/>\n<meta property=\"og:url\" content=\"https:\/\/fundacion-biodiversidad.es\/en\/programa_empleaverde\/improving-professional-skills-for-sustainable-business-development\/\" \/>\n<meta property=\"og:site_name\" content=\"Fundaci\u00f3n Biodiversidad\" \/>\n<meta property=\"og:image\" content=\"https:\/\/fundacion-biodiversidad.es\/wp-content\/uploads\/2022\/11\/no-imagen.jpg\" \/>\n\t<meta property=\"og:image:width\" content=\"2048\" \/>\n\t<meta property=\"og:image:height\" content=\"2048\" \/>\n\t<meta property=\"og:image:type\" content=\"image\/jpeg\" \/>\n<meta name=\"twitter:card\" content=\"summary_large_image\" \/>\n<meta name=\"twitter:label1\" content=\"Est. reading time\" \/>\n\t<meta name=\"twitter:data1\" content=\"1 minute\" \/>\n<script type=\"application\/ld+json\" class=\"yoast-schema-graph\">{\"@context\":\"https:\/\/schema.org\",\"@graph\":[{\"@type\":\"WebPage\",\"@id\":\"https:\/\/fundacion-biodiversidad.es\/en\/programa_empleaverde\/improving-professional-skills-for-sustainable-business-development\/\",\"url\":\"https:\/\/fundacion-biodiversidad.es\/en\/programa_empleaverde\/improving-professional-skills-for-sustainable-business-development\/\",\"name\":\"Improving professional skills for sustainable business development - Fundaci\u00f3n Biodiversidad\",\"isPartOf\":{\"@id\":\"https:\/\/fundacion-biodiversidad.es\/en\/#website\"},\"primaryImageOfPage\":{\"@id\":\"https:\/\/fundacion-biodiversidad.es\/en\/programa_empleaverde\/improving-professional-skills-for-sustainable-business-development\/#primaryimage\"},\"image\":{\"@id\":\"https:\/\/fundacion-biodiversidad.es\/en\/programa_empleaverde\/improving-professional-skills-for-sustainable-business-development\/#primaryimage\"},\"thumbnailUrl\":\"https:\/\/fundacion-biodiversidad.es\/wp-content\/uploads\/2022\/11\/no-imagen.jpg\",\"datePublished\":\"2017-12-31T08:22:12+00:00\",\"breadcrumb\":{\"@id\":\"https:\/\/fundacion-biodiversidad.es\/en\/programa_empleaverde\/improving-professional-skills-for-sustainable-business-development\/#breadcrumb\"},\"inLanguage\":\"en-US\",\"potentialAction\":[{\"@type\":\"ReadAction\",\"target\":[\"https:\/\/fundacion-biodiversidad.es\/en\/programa_empleaverde\/improving-professional-skills-for-sustainable-business-development\/\"]}]},{\"@type\":\"ImageObject\",\"inLanguage\":\"en-US\",\"@id\":\"https:\/\/fundacion-biodiversidad.es\/en\/programa_empleaverde\/improving-professional-skills-for-sustainable-business-development\/#primaryimage\",\"url\":\"https:\/\/fundacion-biodiversidad.es\/wp-content\/uploads\/2022\/11\/no-imagen.jpg\",\"contentUrl\":\"https:\/\/fundacion-biodiversidad.es\/wp-content\/uploads\/2022\/11\/no-imagen.jpg\",\"width\":2048,\"height\":2048,\"caption\":\"Formaci\u00f3n en medio ambiente natural\"},{\"@type\":\"BreadcrumbList\",\"@id\":\"https:\/\/fundacion-biodiversidad.es\/en\/programa_empleaverde\/improving-professional-skills-for-sustainable-business-development\/#breadcrumb\",\"itemListElement\":[{\"@type\":\"ListItem\",\"position\":1,\"name\":\"Portada\",\"item\":\"https:\/\/fundacion-biodiversidad.es\/en\/inicio\/\"},{\"@type\":\"ListItem\",\"position\":2,\"name\":\"Programa empleaverde\",\"item\":\"https:\/\/fundacion-biodiversidad.es\/en\/programa_empleaverde\/\"},{\"@type\":\"ListItem\",\"position\":3,\"name\":\"Improving professional skills for sustainable business development\"}]},{\"@type\":\"WebSite\",\"@id\":\"https:\/\/fundacion-biodiversidad.es\/en\/#website\",\"url\":\"https:\/\/fundacion-biodiversidad.es\/en\/\",\"name\":\"Fundaci\u00f3n Biodiversidad\",\"description\":\"Fundaci\u00f3n p\u00fablica adscrita al Ministerio para la Transici\u00f3n Ecol\u00f3gica\",\"potentialAction\":[{\"@type\":\"SearchAction\",\"target\":{\"@type\":\"EntryPoint\",\"urlTemplate\":\"https:\/\/fundacion-biodiversidad.es\/en\/?s={search_term_string}\"},\"query-input\":{\"@type\":\"PropertyValueSpecification\",\"valueRequired\":true,\"valueName\":\"search_term_string\"}}],\"inLanguage\":\"en-US\"}]}<\/script>\n<!-- \/ Yoast SEO plugin. -->","yoast_head_json":{"title":"Improving professional skills for sustainable business development - Fundaci\u00f3n Biodiversidad","robots":{"index":"index","follow":"follow","max-snippet":"max-snippet:-1","max-image-preview":"max-image-preview:large","max-video-preview":"max-video-preview:-1"},"canonical":"https:\/\/fundacion-biodiversidad.es\/en\/programa_empleaverde\/improving-professional-skills-for-sustainable-business-development\/","og_locale":"en_US","og_type":"article","og_title":"Improving professional skills for sustainable business development - Fundaci\u00f3n Biodiversidad","og_description":"PROJECT NAME: Improvement of professional skills for sustainable business development (GREEN 4mation). OBJECTIVE: The objective of the project is to develop the capacities of workers [&hellip;]","og_url":"https:\/\/fundacion-biodiversidad.es\/en\/programa_empleaverde\/improving-professional-skills-for-sustainable-business-development\/","og_site_name":"Fundaci\u00f3n Biodiversidad","og_image":[{"width":2048,"height":2048,"url":"https:\/\/fundacion-biodiversidad.es\/wp-content\/uploads\/2022\/11\/no-imagen.jpg","type":"image\/jpeg"}],"twitter_card":"summary_large_image","twitter_misc":{"Est. reading time":"1 minute"},"schema":{"@context":"https:\/\/schema.org","@graph":[{"@type":"WebPage","@id":"https:\/\/fundacion-biodiversidad.es\/en\/programa_empleaverde\/improving-professional-skills-for-sustainable-business-development\/","url":"https:\/\/fundacion-biodiversidad.es\/en\/programa_empleaverde\/improving-professional-skills-for-sustainable-business-development\/","name":"Improving professional skills for sustainable business development - Fundaci\u00f3n Biodiversidad","isPartOf":{"@id":"https:\/\/fundacion-biodiversidad.es\/en\/#website"},"primaryImageOfPage":{"@id":"https:\/\/fundacion-biodiversidad.es\/en\/programa_empleaverde\/improving-professional-skills-for-sustainable-business-development\/#primaryimage"},"image":{"@id":"https:\/\/fundacion-biodiversidad.es\/en\/programa_empleaverde\/improving-professional-skills-for-sustainable-business-development\/#primaryimage"},"thumbnailUrl":"https:\/\/fundacion-biodiversidad.es\/wp-content\/uploads\/2022\/11\/no-imagen.jpg","datePublished":"2017-12-31T08:22:12+00:00","breadcrumb":{"@id":"https:\/\/fundacion-biodiversidad.es\/en\/programa_empleaverde\/improving-professional-skills-for-sustainable-business-development\/#breadcrumb"},"inLanguage":"en-US","potentialAction":[{"@type":"ReadAction","target":["https:\/\/fundacion-biodiversidad.es\/en\/programa_empleaverde\/improving-professional-skills-for-sustainable-business-development\/"]}]},{"@type":"ImageObject","inLanguage":"en-US","@id":"https:\/\/fundacion-biodiversidad.es\/en\/programa_empleaverde\/improving-professional-skills-for-sustainable-business-development\/#primaryimage","url":"https:\/\/fundacion-biodiversidad.es\/wp-content\/uploads\/2022\/11\/no-imagen.jpg","contentUrl":"https:\/\/fundacion-biodiversidad.es\/wp-content\/uploads\/2022\/11\/no-imagen.jpg","width":2048,"height":2048,"caption":"Formaci\u00f3n en medio ambiente natural"},{"@type":"BreadcrumbList","@id":"https:\/\/fundacion-biodiversidad.es\/en\/programa_empleaverde\/improving-professional-skills-for-sustainable-business-development\/#breadcrumb","itemListElement":[{"@type":"ListItem","position":1,"name":"Portada","item":"https:\/\/fundacion-biodiversidad.es\/en\/inicio\/"},{"@type":"ListItem","position":2,"name":"Programa empleaverde","item":"https:\/\/fundacion-biodiversidad.es\/en\/programa_empleaverde\/"},{"@type":"ListItem","position":3,"name":"Improving professional skills for sustainable business development"}]},{"@type":"WebSite","@id":"https:\/\/fundacion-biodiversidad.es\/en\/#website","url":"https:\/\/fundacion-biodiversidad.es\/en\/","name":"Fundaci\u00f3n Biodiversidad","description":"Fundaci\u00f3n p\u00fablica adscrita al Ministerio para la Transici\u00f3n Ecol\u00f3gica","potentialAction":[{"@type":"SearchAction","target":{"@type":"EntryPoint","urlTemplate":"https:\/\/fundacion-biodiversidad.es\/en\/?s={search_term_string}"},"query-input":{"@type":"PropertyValueSpecification","valueRequired":true,"valueName":"search_term_string"}}],"inLanguage":"en-US"}]}},"_links":{"self":[{"href":"https:\/\/fundacion-biodiversidad.es\/en\/wp-json\/wp\/v2\/programa_empleaverde\/97861730","targetHints":{"allow":["GET"]}}],"collection":[{"href":"https:\/\/fundacion-biodiversidad.es\/en\/wp-json\/wp\/v2\/programa_empleaverde"}],"about":[{"href":"https:\/\/fundacion-biodiversidad.es\/en\/wp-json\/wp\/v2\/types\/programa_empleaverde"}],"wp:featuredmedia":[{"embeddable":true,"href":"https:\/\/fundacion-biodiversidad.es\/en\/wp-json\/wp\/v2\/media\/22405"}],"wp:attachment":[{"href":"https:\/\/fundacion-biodiversidad.es\/en\/wp-json\/wp\/v2\/media?parent=97861730"}],"wp:term":[{"taxonomy":"financiaci_n","embeddable":true,"href":"https:\/\/fundacion-biodiversidad.es\/en\/wp-json\/wp\/v2\/financiaci_n?post=97861730"},{"taxonomy":"lineas_actuacion_tematicas","embeddable":true,"href":"https:\/\/fundacion-biodiversidad.es\/en\/wp-json\/wp\/v2\/lineas_actuacion_tematicas?post=97861730"}],"curies":[{"name":"wp","href":"https:\/\/api.w.org\/{rel}","templated":true}]}}

<p>PROJECT NAME: Improvement of professional skills for sustainable business development (GREEN 4mation).</p>
<p>OBJECTIVE: The objective of the project is to develop the capacities of workers so that they can contribute to the transformation of their economic activity towards a more environmentally efficient model and, by extension, to the transition towards a global model of sustainable development.</p>
<p>THEMES: The environmental issues addressed by the project are management, environmental improvement and eco-innovation in industry or business, sustainable tourism, energy saving and efficiency and waste reduction, reuse and recycling.</p>
<p>DESCRIPTION: To meet the general objective, the project proposes activities at three levels with a 360º approach:</p>
<p>-Formation. On essential topics for the company and key sectors for our economy and aligned with international strategies: environmental improvement, eco-design, circular economy, sustainable tourism and energy. Traditional elements, face-to-face sessions, will be combined with other more innovative ones through online platforms that allow interaction with experts, and even between participants.  </p>
<p>-Advice. To consolidate learning from the previous stage and to accompany integration into companies with the help of the participants in the training. Traditional elements, face-to-face support, will be combined with other possibilities offered by technology.  </p>
<p>&#8211; Promotion of environmental innovation platforms, to transcend the borders of an organization and create spaces for collaboration that give impetus to transformative action.</p>

<!-- This site is optimized with the Yoast SEO plugin v26.9 - https://yoast.com/product/yoast-seo-wordpress/ -->
<title>Improving professional skills for sustainable business development - Fundación Biodiversidad</title>
<meta name="robots" content="index, follow, max-snippet:-1, max-image-preview:large, max-video-preview:-1" />
<link rel="canonical" href="https://fundacion-biodiversidad.es/en/programa_empleaverde/improving-professional-skills-for-sustainable-business-development/" />
<meta property="og:locale" content="en_US" />
<meta property="og:type" content="article" />
<meta property="og:title" content="Improving professional skills for sustainable business development - Fundación Biodiversidad" />
<meta property="og:description" content="PROJECT NAME: Improvement of professional skills for sustainable business development (GREEN 4mation). OBJECTIVE: The objective of the project is to develop the capacities of workers [&hellip;]" />
<meta property="og:url" content="https://fundacion-biodiversidad.es/en/programa_empleaverde/improving-professional-skills-for-sustainable-business-development/" />
<meta property="og:site_name" content="Fundación Biodiversidad" />
<meta property="og:image" content="https://fundacion-biodiversidad.es/wp-content/uploads/2022/11/no-imagen.jpg" />
	<meta property="og:image:width" content="2048" />
	<meta property="og:image:height" content="2048" />
	<meta property="og:image:type" content="image/jpeg" />
<meta name="twitter:card" content="summary_large_image" />
<meta name="twitter:label1" content="Est. reading time" />
	<meta name="twitter:data1" content="1 minute" />
<script type="application/ld+json" class="yoast-schema-graph">{"@context":"https://schema.org","@graph":[{"@type":"WebPage","@id":"https://fundacion-biodiversidad.es/en/programa_empleaverde/improving-professional-skills-for-sustainable-business-development/","url":"https://fundacion-biodiversidad.es/en/programa_empleaverde/improving-professional-skills-for-sustainable-business-development/","name":"Improving professional skills for sustainable business development - Fundación Biodiversidad","isPartOf":{"@id":"https://fundacion-biodiversidad.es/en/#website"},"primaryImageOfPage":{"@id":"https://fundacion-biodiversidad.es/en/programa_empleaverde/improving-professional-skills-for-sustainable-business-development/#primaryimage"},"image":{"@id":"https://fundacion-biodiversidad.es/en/programa_empleaverde/improving-professional-skills-for-sustainable-business-development/#primaryimage"},"thumbnailUrl":"https://fundacion-biodiversidad.es/wp-content/uploads/2022/11/no-imagen.jpg","datePublished":"2017-12-31T08:22:12+00:00","breadcrumb":{"@id":"https://fundacion-biodiversidad.es/en/programa_empleaverde/improving-professional-skills-for-sustainable-business-development/#breadcrumb"},"inLanguage":"en-US","potentialAction":[{"@type":"ReadAction","target":["https://fundacion-biodiversidad.es/en/programa_empleaverde/improving-professional-skills-for-sustainable-business-development/"]}]},{"@type":"ImageObject","inLanguage":"en-US","@id":"https://fundacion-biodiversidad.es/en/programa_empleaverde/improving-professional-skills-for-sustainable-business-development/#primaryimage","url":"https://fundacion-biodiversidad.es/wp-content/uploads/2022/11/no-imagen.jpg","contentUrl":"https://fundacion-biodiversidad.es/wp-content/uploads/2022/11/no-imagen.jpg","width":2048,"height":2048,"caption":"Formación en medio ambiente natural"},{"@type":"BreadcrumbList","@id":"https://fundacion-biodiversidad.es/en/programa_empleaverde/improving-professional-skills-for-sustainable-business-development/#breadcrumb","itemListElement":[{"@type":"ListItem","position":1,"name":"Portada","item":"https://fundacion-biodiversidad.es/en/inicio/"},{"@type":"ListItem","position":2,"name":"Programa empleaverde","item":"https://fundacion-biodiversidad.es/en/programa_empleaverde/"},{"@type":"ListItem","position":3,"name":"Improving professional skills for sustainable business development"}]},{"@type":"WebSite","@id":"https://fundacion-biodiversidad.es/en/#website","url":"https://fundacion-biodiversidad.es/en/","name":"Fundación Biodiversidad","description":"Fundación pública adscrita al Ministerio para la Transición Ecológica","potentialAction":[{"@type":"SearchAction","target":{"@type":"EntryPoint","urlTemplate":"https://fundacion-biodiversidad.es/en/?s={search_term_string}"},"query-input":{"@type":"PropertyValueSpecification","valueRequired":true,"valueName":"search_term_string"}}],"inLanguage":"en-US"}]}</script>
<!-- / Yoast SEO plugin. -->

Improving professional skills for sustainable business development - Fundación Biodiversidad

Fundación Biodiversidad

Formación en medio ambiente natural

Fundación pública adscrita al Ministerio para la Transición Ecológica
