{"id":97861733,"date":"2017-12-31T09:26:29","date_gmt":"2017-12-31T08:26:29","guid":{"rendered":"https:\/\/fundacion-biodiversidad.es\/programa_empleaverde\/improvement-of-the-technical-knowledge-of-workers-in-the-forestry-sector-in-galicia-and-andalusia\/"},"modified":"2017-12-31T09:26:29","modified_gmt":"2017-12-31T08:26:29","slug":"improvement-of-the-technical-knowledge-of-workers-in-the-forestry-sector-in-galicia-and-andalusia","status":"publish","type":"programa_empleaverde","link":"https:\/\/fundacion-biodiversidad.es\/en\/programa_empleaverde\/improvement-of-the-technical-knowledge-of-workers-in-the-forestry-sector-in-galicia-and-andalusia\/","title":{"rendered":"Improvement of the technical knowledge of workers in the forestry sector in Galicia and Andalusia"},"content":{"rendered":"<p>PROJECT NAME: Improvement of the technical knowledge of workers in the forestry sector of Galicia and Andalusia to promote and guarantee the sustainable use of wood.<\/p>\n<p>OBJECTIVES: To improve the skills and technical knowledge of workers related to the processing and distribution of wood and forest derivatives in order to promote and guarantee the efficient use of wood of legal and sustainable origin.<\/p>\n<p>THEME: The environmental theme addressed by the project is: Sustainable forest management<\/p>\n<p>DESCRIPTION: The project consists of training and educating employees of companies that transform and distribute wood and its derivatives in Galicia and Andalusia so that they have in-depth knowledge about the legal system that applies to this sector and about the current forest certification systems that promote responsible use. The idea is that they are fluent in the concepts of the legality and sustainability of wood and apply them to their jobs in order to be better qualified. <\/p>\n<p>To this end, face-to-face training will be carried out in the workplaces of several companies, on EU Timber Regulation and on the FSC, PEFC and Fair Wood certification systems, focusing on the handling of the concepts and how to apply them to their different jobs, distinguishing between processing and distribution sectors. This knowledge will be focused on promoting and facilitating the sustainable use of wood and disseminating it to end consumers. <\/p>\n","protected":false},"featured_media":22405,"parent":0,"template":"","meta":{"_acf_changed":false},"financiaci_n":[651],"lineas_actuacion_tematicas":[654],"class_list":["post-97861733","programa_empleaverde","type-programa_empleaverde","status-publish","has-post-thumbnail","hentry","financiaci_n-fondo-social-europeo-en","lineas_actuacion_tematicas-terrestrial-ecosystems"],"acf":[],"yoast_head":"<!-- This site is optimized with the Yoast SEO plugin v26.9 - https:\/\/yoast.com\/product\/yoast-seo-wordpress\/ -->\n<title>Improvement of the technical knowledge of workers in the forestry sector in Galicia and Andalusia - Fundaci\u00f3n Biodiversidad<\/title>\n<meta name=\"robots\" content=\"index, follow, max-snippet:-1, max-image-preview:large, max-video-preview:-1\" \/>\n<link rel=\"canonical\" href=\"https:\/\/fundacion-biodiversidad.es\/en\/programa_empleaverde\/improvement-of-the-technical-knowledge-of-workers-in-the-forestry-sector-in-galicia-and-andalusia\/\" \/>\n<meta property=\"og:locale\" content=\"en_US\" \/>\n<meta property=\"og:type\" content=\"article\" \/>\n<meta property=\"og:title\" content=\"Improvement of the technical knowledge of workers in the forestry sector in Galicia and Andalusia - Fundaci\u00f3n Biodiversidad\" \/>\n<meta property=\"og:description\" content=\"PROJECT NAME: Improvement of the technical knowledge of workers in the forestry sector of Galicia and Andalusia to promote and guarantee the sustainable use of [&hellip;]\" \/>\n<meta property=\"og:url\" content=\"https:\/\/fundacion-biodiversidad.es\/en\/programa_empleaverde\/improvement-of-the-technical-knowledge-of-workers-in-the-forestry-sector-in-galicia-and-andalusia\/\" \/>\n<meta property=\"og:site_name\" content=\"Fundaci\u00f3n Biodiversidad\" \/>\n<meta property=\"og:image\" content=\"https:\/\/fundacion-biodiversidad.es\/wp-content\/uploads\/2022\/11\/no-imagen.jpg\" \/>\n\t<meta property=\"og:image:width\" content=\"2048\" \/>\n\t<meta property=\"og:image:height\" content=\"2048\" \/>\n\t<meta property=\"og:image:type\" content=\"image\/jpeg\" \/>\n<meta name=\"twitter:card\" content=\"summary_large_image\" \/>\n<meta name=\"twitter:label1\" content=\"Est. reading time\" \/>\n\t<meta name=\"twitter:data1\" content=\"1 minute\" \/>\n<script type=\"application\/ld+json\" class=\"yoast-schema-graph\">{\"@context\":\"https:\/\/schema.org\",\"@graph\":[{\"@type\":\"WebPage\",\"@id\":\"https:\/\/fundacion-biodiversidad.es\/en\/programa_empleaverde\/improvement-of-the-technical-knowledge-of-workers-in-the-forestry-sector-in-galicia-and-andalusia\/\",\"url\":\"https:\/\/fundacion-biodiversidad.es\/en\/programa_empleaverde\/improvement-of-the-technical-knowledge-of-workers-in-the-forestry-sector-in-galicia-and-andalusia\/\",\"name\":\"Improvement of the technical knowledge of workers in the forestry sector in Galicia and Andalusia - Fundaci\u00f3n Biodiversidad\",\"isPartOf\":{\"@id\":\"https:\/\/fundacion-biodiversidad.es\/en\/#website\"},\"primaryImageOfPage\":{\"@id\":\"https:\/\/fundacion-biodiversidad.es\/en\/programa_empleaverde\/improvement-of-the-technical-knowledge-of-workers-in-the-forestry-sector-in-galicia-and-andalusia\/#primaryimage\"},\"image\":{\"@id\":\"https:\/\/fundacion-biodiversidad.es\/en\/programa_empleaverde\/improvement-of-the-technical-knowledge-of-workers-in-the-forestry-sector-in-galicia-and-andalusia\/#primaryimage\"},\"thumbnailUrl\":\"https:\/\/fundacion-biodiversidad.es\/wp-content\/uploads\/2022\/11\/no-imagen.jpg\",\"datePublished\":\"2017-12-31T08:26:29+00:00\",\"breadcrumb\":{\"@id\":\"https:\/\/fundacion-biodiversidad.es\/en\/programa_empleaverde\/improvement-of-the-technical-knowledge-of-workers-in-the-forestry-sector-in-galicia-and-andalusia\/#breadcrumb\"},\"inLanguage\":\"en-US\",\"potentialAction\":[{\"@type\":\"ReadAction\",\"target\":[\"https:\/\/fundacion-biodiversidad.es\/en\/programa_empleaverde\/improvement-of-the-technical-knowledge-of-workers-in-the-forestry-sector-in-galicia-and-andalusia\/\"]}]},{\"@type\":\"ImageObject\",\"inLanguage\":\"en-US\",\"@id\":\"https:\/\/fundacion-biodiversidad.es\/en\/programa_empleaverde\/improvement-of-the-technical-knowledge-of-workers-in-the-forestry-sector-in-galicia-and-andalusia\/#primaryimage\",\"url\":\"https:\/\/fundacion-biodiversidad.es\/wp-content\/uploads\/2022\/11\/no-imagen.jpg\",\"contentUrl\":\"https:\/\/fundacion-biodiversidad.es\/wp-content\/uploads\/2022\/11\/no-imagen.jpg\",\"width\":2048,\"height\":2048,\"caption\":\"Formaci\u00f3n en medio ambiente natural\"},{\"@type\":\"BreadcrumbList\",\"@id\":\"https:\/\/fundacion-biodiversidad.es\/en\/programa_empleaverde\/improvement-of-the-technical-knowledge-of-workers-in-the-forestry-sector-in-galicia-and-andalusia\/#breadcrumb\",\"itemListElement\":[{\"@type\":\"ListItem\",\"position\":1,\"name\":\"Portada\",\"item\":\"https:\/\/fundacion-biodiversidad.es\/en\/inicio\/\"},{\"@type\":\"ListItem\",\"position\":2,\"name\":\"Programa empleaverde\",\"item\":\"https:\/\/fundacion-biodiversidad.es\/en\/programa_empleaverde\/\"},{\"@type\":\"ListItem\",\"position\":3,\"name\":\"Improvement of the technical knowledge of workers in the forestry sector in Galicia and Andalusia\"}]},{\"@type\":\"WebSite\",\"@id\":\"https:\/\/fundacion-biodiversidad.es\/en\/#website\",\"url\":\"https:\/\/fundacion-biodiversidad.es\/en\/\",\"name\":\"Fundaci\u00f3n Biodiversidad\",\"description\":\"Fundaci\u00f3n p\u00fablica adscrita al Ministerio para la Transici\u00f3n Ecol\u00f3gica\",\"potentialAction\":[{\"@type\":\"SearchAction\",\"target\":{\"@type\":\"EntryPoint\",\"urlTemplate\":\"https:\/\/fundacion-biodiversidad.es\/en\/?s={search_term_string}\"},\"query-input\":{\"@type\":\"PropertyValueSpecification\",\"valueRequired\":true,\"valueName\":\"search_term_string\"}}],\"inLanguage\":\"en-US\"}]}<\/script>\n<!-- \/ Yoast SEO plugin. -->","yoast_head_json":{"title":"Improvement of the technical knowledge of workers in the forestry sector in Galicia and Andalusia - Fundaci\u00f3n Biodiversidad","robots":{"index":"index","follow":"follow","max-snippet":"max-snippet:-1","max-image-preview":"max-image-preview:large","max-video-preview":"max-video-preview:-1"},"canonical":"https:\/\/fundacion-biodiversidad.es\/en\/programa_empleaverde\/improvement-of-the-technical-knowledge-of-workers-in-the-forestry-sector-in-galicia-and-andalusia\/","og_locale":"en_US","og_type":"article","og_title":"Improvement of the technical knowledge of workers in the forestry sector in Galicia and Andalusia - Fundaci\u00f3n Biodiversidad","og_description":"PROJECT NAME: Improvement of the technical knowledge of workers in the forestry sector of Galicia and Andalusia to promote and guarantee the sustainable use of [&hellip;]","og_url":"https:\/\/fundacion-biodiversidad.es\/en\/programa_empleaverde\/improvement-of-the-technical-knowledge-of-workers-in-the-forestry-sector-in-galicia-and-andalusia\/","og_site_name":"Fundaci\u00f3n Biodiversidad","og_image":[{"width":2048,"height":2048,"url":"https:\/\/fundacion-biodiversidad.es\/wp-content\/uploads\/2022\/11\/no-imagen.jpg","type":"image\/jpeg"}],"twitter_card":"summary_large_image","twitter_misc":{"Est. reading time":"1 minute"},"schema":{"@context":"https:\/\/schema.org","@graph":[{"@type":"WebPage","@id":"https:\/\/fundacion-biodiversidad.es\/en\/programa_empleaverde\/improvement-of-the-technical-knowledge-of-workers-in-the-forestry-sector-in-galicia-and-andalusia\/","url":"https:\/\/fundacion-biodiversidad.es\/en\/programa_empleaverde\/improvement-of-the-technical-knowledge-of-workers-in-the-forestry-sector-in-galicia-and-andalusia\/","name":"Improvement of the technical knowledge of workers in the forestry sector in Galicia and Andalusia - Fundaci\u00f3n Biodiversidad","isPartOf":{"@id":"https:\/\/fundacion-biodiversidad.es\/en\/#website"},"primaryImageOfPage":{"@id":"https:\/\/fundacion-biodiversidad.es\/en\/programa_empleaverde\/improvement-of-the-technical-knowledge-of-workers-in-the-forestry-sector-in-galicia-and-andalusia\/#primaryimage"},"image":{"@id":"https:\/\/fundacion-biodiversidad.es\/en\/programa_empleaverde\/improvement-of-the-technical-knowledge-of-workers-in-the-forestry-sector-in-galicia-and-andalusia\/#primaryimage"},"thumbnailUrl":"https:\/\/fundacion-biodiversidad.es\/wp-content\/uploads\/2022\/11\/no-imagen.jpg","datePublished":"2017-12-31T08:26:29+00:00","breadcrumb":{"@id":"https:\/\/fundacion-biodiversidad.es\/en\/programa_empleaverde\/improvement-of-the-technical-knowledge-of-workers-in-the-forestry-sector-in-galicia-and-andalusia\/#breadcrumb"},"inLanguage":"en-US","potentialAction":[{"@type":"ReadAction","target":["https:\/\/fundacion-biodiversidad.es\/en\/programa_empleaverde\/improvement-of-the-technical-knowledge-of-workers-in-the-forestry-sector-in-galicia-and-andalusia\/"]}]},{"@type":"ImageObject","inLanguage":"en-US","@id":"https:\/\/fundacion-biodiversidad.es\/en\/programa_empleaverde\/improvement-of-the-technical-knowledge-of-workers-in-the-forestry-sector-in-galicia-and-andalusia\/#primaryimage","url":"https:\/\/fundacion-biodiversidad.es\/wp-content\/uploads\/2022\/11\/no-imagen.jpg","contentUrl":"https:\/\/fundacion-biodiversidad.es\/wp-content\/uploads\/2022\/11\/no-imagen.jpg","width":2048,"height":2048,"caption":"Formaci\u00f3n en medio ambiente natural"},{"@type":"BreadcrumbList","@id":"https:\/\/fundacion-biodiversidad.es\/en\/programa_empleaverde\/improvement-of-the-technical-knowledge-of-workers-in-the-forestry-sector-in-galicia-and-andalusia\/#breadcrumb","itemListElement":[{"@type":"ListItem","position":1,"name":"Portada","item":"https:\/\/fundacion-biodiversidad.es\/en\/inicio\/"},{"@type":"ListItem","position":2,"name":"Programa empleaverde","item":"https:\/\/fundacion-biodiversidad.es\/en\/programa_empleaverde\/"},{"@type":"ListItem","position":3,"name":"Improvement of the technical knowledge of workers in the forestry sector in Galicia and Andalusia"}]},{"@type":"WebSite","@id":"https:\/\/fundacion-biodiversidad.es\/en\/#website","url":"https:\/\/fundacion-biodiversidad.es\/en\/","name":"Fundaci\u00f3n Biodiversidad","description":"Fundaci\u00f3n p\u00fablica adscrita al Ministerio para la Transici\u00f3n Ecol\u00f3gica","potentialAction":[{"@type":"SearchAction","target":{"@type":"EntryPoint","urlTemplate":"https:\/\/fundacion-biodiversidad.es\/en\/?s={search_term_string}"},"query-input":{"@type":"PropertyValueSpecification","valueRequired":true,"valueName":"search_term_string"}}],"inLanguage":"en-US"}]}},"_links":{"self":[{"href":"https:\/\/fundacion-biodiversidad.es\/en\/wp-json\/wp\/v2\/programa_empleaverde\/97861733","targetHints":{"allow":["GET"]}}],"collection":[{"href":"https:\/\/fundacion-biodiversidad.es\/en\/wp-json\/wp\/v2\/programa_empleaverde"}],"about":[{"href":"https:\/\/fundacion-biodiversidad.es\/en\/wp-json\/wp\/v2\/types\/programa_empleaverde"}],"wp:featuredmedia":[{"embeddable":true,"href":"https:\/\/fundacion-biodiversidad.es\/en\/wp-json\/wp\/v2\/media\/22405"}],"wp:attachment":[{"href":"https:\/\/fundacion-biodiversidad.es\/en\/wp-json\/wp\/v2\/media?parent=97861733"}],"wp:term":[{"taxonomy":"financiaci_n","embeddable":true,"href":"https:\/\/fundacion-biodiversidad.es\/en\/wp-json\/wp\/v2\/financiaci_n?post=97861733"},{"taxonomy":"lineas_actuacion_tematicas","embeddable":true,"href":"https:\/\/fundacion-biodiversidad.es\/en\/wp-json\/wp\/v2\/lineas_actuacion_tematicas?post=97861733"}],"curies":[{"name":"wp","href":"https:\/\/api.w.org\/{rel}","templated":true}]}}

<!-- This site is optimized with the Yoast SEO plugin v26.9 - https://yoast.com/product/yoast-seo-wordpress/ -->
<title>Improvement of the technical knowledge of workers in the forestry sector in Galicia and Andalusia - Fundación Biodiversidad</title>
<meta name="robots" content="index, follow, max-snippet:-1, max-image-preview:large, max-video-preview:-1" />
<link rel="canonical" href="https://fundacion-biodiversidad.es/en/programa_empleaverde/improvement-of-the-technical-knowledge-of-workers-in-the-forestry-sector-in-galicia-and-andalusia/" />
<meta property="og:locale" content="en_US" />
<meta property="og:type" content="article" />
<meta property="og:title" content="Improvement of the technical knowledge of workers in the forestry sector in Galicia and Andalusia - Fundación Biodiversidad" />
<meta property="og:description" content="PROJECT NAME: Improvement of the technical knowledge of workers in the forestry sector of Galicia and Andalusia to promote and guarantee the sustainable use of [&hellip;]" />
<meta property="og:url" content="https://fundacion-biodiversidad.es/en/programa_empleaverde/improvement-of-the-technical-knowledge-of-workers-in-the-forestry-sector-in-galicia-and-andalusia/" />
<meta property="og:site_name" content="Fundación Biodiversidad" />
<meta property="og:image" content="https://fundacion-biodiversidad.es/wp-content/uploads/2022/11/no-imagen.jpg" />
	<meta property="og:image:width" content="2048" />
	<meta property="og:image:height" content="2048" />
	<meta property="og:image:type" content="image/jpeg" />
<meta name="twitter:card" content="summary_large_image" />
<meta name="twitter:label1" content="Est. reading time" />
	<meta name="twitter:data1" content="1 minute" />
<script type="application/ld+json" class="yoast-schema-graph">{"@context":"https://schema.org","@graph":[{"@type":"WebPage","@id":"https://fundacion-biodiversidad.es/en/programa_empleaverde/improvement-of-the-technical-knowledge-of-workers-in-the-forestry-sector-in-galicia-and-andalusia/","url":"https://fundacion-biodiversidad.es/en/programa_empleaverde/improvement-of-the-technical-knowledge-of-workers-in-the-forestry-sector-in-galicia-and-andalusia/","name":"Improvement of the technical knowledge of workers in the forestry sector in Galicia and Andalusia - Fundación Biodiversidad","isPartOf":{"@id":"https://fundacion-biodiversidad.es/en/#website"},"primaryImageOfPage":{"@id":"https://fundacion-biodiversidad.es/en/programa_empleaverde/improvement-of-the-technical-knowledge-of-workers-in-the-forestry-sector-in-galicia-and-andalusia/#primaryimage"},"image":{"@id":"https://fundacion-biodiversidad.es/en/programa_empleaverde/improvement-of-the-technical-knowledge-of-workers-in-the-forestry-sector-in-galicia-and-andalusia/#primaryimage"},"thumbnailUrl":"https://fundacion-biodiversidad.es/wp-content/uploads/2022/11/no-imagen.jpg","datePublished":"2017-12-31T08:26:29+00:00","breadcrumb":{"@id":"https://fundacion-biodiversidad.es/en/programa_empleaverde/improvement-of-the-technical-knowledge-of-workers-in-the-forestry-sector-in-galicia-and-andalusia/#breadcrumb"},"inLanguage":"en-US","potentialAction":[{"@type":"ReadAction","target":["https://fundacion-biodiversidad.es/en/programa_empleaverde/improvement-of-the-technical-knowledge-of-workers-in-the-forestry-sector-in-galicia-and-andalusia/"]}]},{"@type":"ImageObject","inLanguage":"en-US","@id":"https://fundacion-biodiversidad.es/en/programa_empleaverde/improvement-of-the-technical-knowledge-of-workers-in-the-forestry-sector-in-galicia-and-andalusia/#primaryimage","url":"https://fundacion-biodiversidad.es/wp-content/uploads/2022/11/no-imagen.jpg","contentUrl":"https://fundacion-biodiversidad.es/wp-content/uploads/2022/11/no-imagen.jpg","width":2048,"height":2048,"caption":"Formación en medio ambiente natural"},{"@type":"BreadcrumbList","@id":"https://fundacion-biodiversidad.es/en/programa_empleaverde/improvement-of-the-technical-knowledge-of-workers-in-the-forestry-sector-in-galicia-and-andalusia/#breadcrumb","itemListElement":[{"@type":"ListItem","position":1,"name":"Portada","item":"https://fundacion-biodiversidad.es/en/inicio/"},{"@type":"ListItem","position":2,"name":"Programa empleaverde","item":"https://fundacion-biodiversidad.es/en/programa_empleaverde/"},{"@type":"ListItem","position":3,"name":"Improvement of the technical knowledge of workers in the forestry sector in Galicia and Andalusia"}]},{"@type":"WebSite","@id":"https://fundacion-biodiversidad.es/en/#website","url":"https://fundacion-biodiversidad.es/en/","name":"Fundación Biodiversidad","description":"Fundación pública adscrita al Ministerio para la Transición Ecológica","potentialAction":[{"@type":"SearchAction","target":{"@type":"EntryPoint","urlTemplate":"https://fundacion-biodiversidad.es/en/?s={search_term_string}"},"query-input":{"@type":"PropertyValueSpecification","valueRequired":true,"valueName":"search_term_string"}}],"inLanguage":"en-US"}]}</script>
<!-- / Yoast SEO plugin. -->

Improvement of the technical knowledge of workers in the forestry sector in Galicia and Andalusia - Fundación Biodiversidad

Fundación Biodiversidad

Formación en medio ambiente natural

Fundación pública adscrita al Ministerio para la Transición Ecológica
