{"id":97861785,"date":"2022-05-10T11:25:18","date_gmt":"2022-05-10T09:25:18","guid":{"rendered":"https:\/\/fundacion-biodiversidad.es\/programa_empleaverde\/ecoagro-natura\/"},"modified":"2022-05-10T11:25:18","modified_gmt":"2022-05-10T09:25:18","slug":"ecoagro-natura","status":"publish","type":"programa_empleaverde","link":"https:\/\/fundacion-biodiversidad.es\/en\/programa_empleaverde\/ecoagro-natura\/","title":{"rendered":"ECOAGRO NATURA"},"content":{"rendered":"<p>AXIS: Innova<\/p>\n<p>LINE: Empleaverde<\/p>\n<p>OBJECTIVE: Learn how to manage organic crops<\/p>\n<p>DESCRIPTION: ECOAGRO NATURA is a project whose objective is to create employment and obtain an official qualification, in this case two editions of the certificate of professionalism ORGANIC AGRICULTURE will be carried out.<\/p>\n<p>The aim is to promote job creation and improve the employability of people, especially those with greater difficulties in accessing the labour market, so that they acquire skills and improve their employability through the acquisition of professional experience. There will be two editions &#8211; one in Cuenca and the other in Taranc\u00f3n (Cuenca) &#8211; of a perennial nature with a duration of 450 hours, which will have a period of internships in companies. <\/p>\n<p>The project also offers group and individual face-to-face accompaniment. Each of the itineraries is aimed at a group of 15 participants who, once satisfactorily completed, will obtain the official title of the certificate of professionalism. <\/p>\n<p>AIMED AT: Unemployed people in Cuenca<\/p>\n","protected":false},"featured_media":22405,"parent":0,"template":"","meta":{"_acf_changed":false},"financiaci_n":[651],"lineas_actuacion_tematicas":[654],"class_list":["post-97861785","programa_empleaverde","type-programa_empleaverde","status-publish","has-post-thumbnail","hentry","financiaci_n-fondo-social-europeo-en","lineas_actuacion_tematicas-terrestrial-ecosystems"],"acf":[],"yoast_head":"<!-- This site is optimized with the Yoast SEO plugin v26.9 - https:\/\/yoast.com\/product\/yoast-seo-wordpress\/ -->\n<title>ECOAGRO NATURA - Fundaci\u00f3n Biodiversidad<\/title>\n<meta name=\"robots\" content=\"index, follow, max-snippet:-1, max-image-preview:large, max-video-preview:-1\" \/>\n<link rel=\"canonical\" href=\"https:\/\/fundacion-biodiversidad.es\/en\/programa_empleaverde\/ecoagro-natura\/\" \/>\n<meta property=\"og:locale\" content=\"en_US\" \/>\n<meta property=\"og:type\" content=\"article\" \/>\n<meta property=\"og:title\" content=\"ECOAGRO NATURA - Fundaci\u00f3n Biodiversidad\" \/>\n<meta property=\"og:description\" content=\"AXIS: Innova LINE: Empleaverde OBJECTIVE: Learn how to manage organic crops DESCRIPTION: ECOAGRO NATURA is a project whose objective is to create employment and obtain [&hellip;]\" \/>\n<meta property=\"og:url\" content=\"https:\/\/fundacion-biodiversidad.es\/en\/programa_empleaverde\/ecoagro-natura\/\" \/>\n<meta property=\"og:site_name\" content=\"Fundaci\u00f3n Biodiversidad\" \/>\n<meta property=\"og:image\" content=\"https:\/\/fundacion-biodiversidad.es\/wp-content\/uploads\/2022\/11\/no-imagen.jpg\" \/>\n\t<meta property=\"og:image:width\" content=\"2048\" \/>\n\t<meta property=\"og:image:height\" content=\"2048\" \/>\n\t<meta property=\"og:image:type\" content=\"image\/jpeg\" \/>\n<meta name=\"twitter:card\" content=\"summary_large_image\" \/>\n<meta name=\"twitter:label1\" content=\"Est. reading time\" \/>\n\t<meta name=\"twitter:data1\" content=\"1 minute\" \/>\n<script type=\"application\/ld+json\" class=\"yoast-schema-graph\">{\"@context\":\"https:\/\/schema.org\",\"@graph\":[{\"@type\":\"WebPage\",\"@id\":\"https:\/\/fundacion-biodiversidad.es\/en\/programa_empleaverde\/ecoagro-natura\/\",\"url\":\"https:\/\/fundacion-biodiversidad.es\/en\/programa_empleaverde\/ecoagro-natura\/\",\"name\":\"ECOAGRO NATURA - Fundaci\u00f3n Biodiversidad\",\"isPartOf\":{\"@id\":\"https:\/\/fundacion-biodiversidad.es\/en\/#website\"},\"primaryImageOfPage\":{\"@id\":\"https:\/\/fundacion-biodiversidad.es\/en\/programa_empleaverde\/ecoagro-natura\/#primaryimage\"},\"image\":{\"@id\":\"https:\/\/fundacion-biodiversidad.es\/en\/programa_empleaverde\/ecoagro-natura\/#primaryimage\"},\"thumbnailUrl\":\"https:\/\/fundacion-biodiversidad.es\/wp-content\/uploads\/2022\/11\/no-imagen.jpg\",\"datePublished\":\"2022-05-10T09:25:18+00:00\",\"breadcrumb\":{\"@id\":\"https:\/\/fundacion-biodiversidad.es\/en\/programa_empleaverde\/ecoagro-natura\/#breadcrumb\"},\"inLanguage\":\"en-US\",\"potentialAction\":[{\"@type\":\"ReadAction\",\"target\":[\"https:\/\/fundacion-biodiversidad.es\/en\/programa_empleaverde\/ecoagro-natura\/\"]}]},{\"@type\":\"ImageObject\",\"inLanguage\":\"en-US\",\"@id\":\"https:\/\/fundacion-biodiversidad.es\/en\/programa_empleaverde\/ecoagro-natura\/#primaryimage\",\"url\":\"https:\/\/fundacion-biodiversidad.es\/wp-content\/uploads\/2022\/11\/no-imagen.jpg\",\"contentUrl\":\"https:\/\/fundacion-biodiversidad.es\/wp-content\/uploads\/2022\/11\/no-imagen.jpg\",\"width\":2048,\"height\":2048,\"caption\":\"Formaci\u00f3n en medio ambiente natural\"},{\"@type\":\"BreadcrumbList\",\"@id\":\"https:\/\/fundacion-biodiversidad.es\/en\/programa_empleaverde\/ecoagro-natura\/#breadcrumb\",\"itemListElement\":[{\"@type\":\"ListItem\",\"position\":1,\"name\":\"Portada\",\"item\":\"https:\/\/fundacion-biodiversidad.es\/en\/inicio\/\"},{\"@type\":\"ListItem\",\"position\":2,\"name\":\"Programa empleaverde\",\"item\":\"https:\/\/fundacion-biodiversidad.es\/en\/programa_empleaverde\/\"},{\"@type\":\"ListItem\",\"position\":3,\"name\":\"ECOAGRO NATURA\"}]},{\"@type\":\"WebSite\",\"@id\":\"https:\/\/fundacion-biodiversidad.es\/en\/#website\",\"url\":\"https:\/\/fundacion-biodiversidad.es\/en\/\",\"name\":\"Fundaci\u00f3n Biodiversidad\",\"description\":\"Fundaci\u00f3n p\u00fablica adscrita al Ministerio para la Transici\u00f3n Ecol\u00f3gica\",\"potentialAction\":[{\"@type\":\"SearchAction\",\"target\":{\"@type\":\"EntryPoint\",\"urlTemplate\":\"https:\/\/fundacion-biodiversidad.es\/en\/?s={search_term_string}\"},\"query-input\":{\"@type\":\"PropertyValueSpecification\",\"valueRequired\":true,\"valueName\":\"search_term_string\"}}],\"inLanguage\":\"en-US\"}]}<\/script>\n<!-- \/ Yoast SEO plugin. -->","yoast_head_json":{"title":"ECOAGRO NATURA - Fundaci\u00f3n Biodiversidad","robots":{"index":"index","follow":"follow","max-snippet":"max-snippet:-1","max-image-preview":"max-image-preview:large","max-video-preview":"max-video-preview:-1"},"canonical":"https:\/\/fundacion-biodiversidad.es\/en\/programa_empleaverde\/ecoagro-natura\/","og_locale":"en_US","og_type":"article","og_title":"ECOAGRO NATURA - Fundaci\u00f3n Biodiversidad","og_description":"AXIS: Innova LINE: Empleaverde OBJECTIVE: Learn how to manage organic crops DESCRIPTION: ECOAGRO NATURA is a project whose objective is to create employment and obtain [&hellip;]","og_url":"https:\/\/fundacion-biodiversidad.es\/en\/programa_empleaverde\/ecoagro-natura\/","og_site_name":"Fundaci\u00f3n Biodiversidad","og_image":[{"width":2048,"height":2048,"url":"https:\/\/fundacion-biodiversidad.es\/wp-content\/uploads\/2022\/11\/no-imagen.jpg","type":"image\/jpeg"}],"twitter_card":"summary_large_image","twitter_misc":{"Est. reading time":"1 minute"},"schema":{"@context":"https:\/\/schema.org","@graph":[{"@type":"WebPage","@id":"https:\/\/fundacion-biodiversidad.es\/en\/programa_empleaverde\/ecoagro-natura\/","url":"https:\/\/fundacion-biodiversidad.es\/en\/programa_empleaverde\/ecoagro-natura\/","name":"ECOAGRO NATURA - Fundaci\u00f3n Biodiversidad","isPartOf":{"@id":"https:\/\/fundacion-biodiversidad.es\/en\/#website"},"primaryImageOfPage":{"@id":"https:\/\/fundacion-biodiversidad.es\/en\/programa_empleaverde\/ecoagro-natura\/#primaryimage"},"image":{"@id":"https:\/\/fundacion-biodiversidad.es\/en\/programa_empleaverde\/ecoagro-natura\/#primaryimage"},"thumbnailUrl":"https:\/\/fundacion-biodiversidad.es\/wp-content\/uploads\/2022\/11\/no-imagen.jpg","datePublished":"2022-05-10T09:25:18+00:00","breadcrumb":{"@id":"https:\/\/fundacion-biodiversidad.es\/en\/programa_empleaverde\/ecoagro-natura\/#breadcrumb"},"inLanguage":"en-US","potentialAction":[{"@type":"ReadAction","target":["https:\/\/fundacion-biodiversidad.es\/en\/programa_empleaverde\/ecoagro-natura\/"]}]},{"@type":"ImageObject","inLanguage":"en-US","@id":"https:\/\/fundacion-biodiversidad.es\/en\/programa_empleaverde\/ecoagro-natura\/#primaryimage","url":"https:\/\/fundacion-biodiversidad.es\/wp-content\/uploads\/2022\/11\/no-imagen.jpg","contentUrl":"https:\/\/fundacion-biodiversidad.es\/wp-content\/uploads\/2022\/11\/no-imagen.jpg","width":2048,"height":2048,"caption":"Formaci\u00f3n en medio ambiente natural"},{"@type":"BreadcrumbList","@id":"https:\/\/fundacion-biodiversidad.es\/en\/programa_empleaverde\/ecoagro-natura\/#breadcrumb","itemListElement":[{"@type":"ListItem","position":1,"name":"Portada","item":"https:\/\/fundacion-biodiversidad.es\/en\/inicio\/"},{"@type":"ListItem","position":2,"name":"Programa empleaverde","item":"https:\/\/fundacion-biodiversidad.es\/en\/programa_empleaverde\/"},{"@type":"ListItem","position":3,"name":"ECOAGRO NATURA"}]},{"@type":"WebSite","@id":"https:\/\/fundacion-biodiversidad.es\/en\/#website","url":"https:\/\/fundacion-biodiversidad.es\/en\/","name":"Fundaci\u00f3n Biodiversidad","description":"Fundaci\u00f3n p\u00fablica adscrita al Ministerio para la Transici\u00f3n Ecol\u00f3gica","potentialAction":[{"@type":"SearchAction","target":{"@type":"EntryPoint","urlTemplate":"https:\/\/fundacion-biodiversidad.es\/en\/?s={search_term_string}"},"query-input":{"@type":"PropertyValueSpecification","valueRequired":true,"valueName":"search_term_string"}}],"inLanguage":"en-US"}]}},"_links":{"self":[{"href":"https:\/\/fundacion-biodiversidad.es\/en\/wp-json\/wp\/v2\/programa_empleaverde\/97861785","targetHints":{"allow":["GET"]}}],"collection":[{"href":"https:\/\/fundacion-biodiversidad.es\/en\/wp-json\/wp\/v2\/programa_empleaverde"}],"about":[{"href":"https:\/\/fundacion-biodiversidad.es\/en\/wp-json\/wp\/v2\/types\/programa_empleaverde"}],"wp:featuredmedia":[{"embeddable":true,"href":"https:\/\/fundacion-biodiversidad.es\/en\/wp-json\/wp\/v2\/media\/22405"}],"wp:attachment":[{"href":"https:\/\/fundacion-biodiversidad.es\/en\/wp-json\/wp\/v2\/media?parent=97861785"}],"wp:term":[{"taxonomy":"financiaci_n","embeddable":true,"href":"https:\/\/fundacion-biodiversidad.es\/en\/wp-json\/wp\/v2\/financiaci_n?post=97861785"},{"taxonomy":"lineas_actuacion_tematicas","embeddable":true,"href":"https:\/\/fundacion-biodiversidad.es\/en\/wp-json\/wp\/v2\/lineas_actuacion_tematicas?post=97861785"}],"curies":[{"name":"wp","href":"https:\/\/api.w.org\/{rel}","templated":true}]}}

<p>AXIS: Innova</p>
<p>LINE: Empleaverde</p>
<p>OBJECTIVE: Learn how to manage organic crops</p>
<p>DESCRIPTION: ECOAGRO NATURA is a project whose objective is to create employment and obtain an official qualification, in this case two editions of the certificate of professionalism ORGANIC AGRICULTURE will be carried out.</p>
<p>The aim is to promote job creation and improve the employability of people, especially those with greater difficulties in accessing the labour market, so that they acquire skills and improve their employability through the acquisition of professional experience. There will be two editions &#8211; one in Cuenca and the other in Tarancón (Cuenca) &#8211; of a perennial nature with a duration of 450 hours, which will have a period of internships in companies. </p>
<p>The project also offers group and individual face-to-face accompaniment. Each of the itineraries is aimed at a group of 15 participants who, once satisfactorily completed, will obtain the official title of the certificate of professionalism. </p>
<p>AIMED AT: Unemployed people in Cuenca</p>

<!-- This site is optimized with the Yoast SEO plugin v26.9 - https://yoast.com/product/yoast-seo-wordpress/ -->
<title>ECOAGRO NATURA - Fundación Biodiversidad</title>
<meta name="robots" content="index, follow, max-snippet:-1, max-image-preview:large, max-video-preview:-1" />
<link rel="canonical" href="https://fundacion-biodiversidad.es/en/programa_empleaverde/ecoagro-natura/" />
<meta property="og:locale" content="en_US" />
<meta property="og:type" content="article" />
<meta property="og:title" content="ECOAGRO NATURA - Fundación Biodiversidad" />
<meta property="og:description" content="AXIS: Innova LINE: Empleaverde OBJECTIVE: Learn how to manage organic crops DESCRIPTION: ECOAGRO NATURA is a project whose objective is to create employment and obtain [&hellip;]" />
<meta property="og:url" content="https://fundacion-biodiversidad.es/en/programa_empleaverde/ecoagro-natura/" />
<meta property="og:site_name" content="Fundación Biodiversidad" />
<meta property="og:image" content="https://fundacion-biodiversidad.es/wp-content/uploads/2022/11/no-imagen.jpg" />
	<meta property="og:image:width" content="2048" />
	<meta property="og:image:height" content="2048" />
	<meta property="og:image:type" content="image/jpeg" />
<meta name="twitter:card" content="summary_large_image" />
<meta name="twitter:label1" content="Est. reading time" />
	<meta name="twitter:data1" content="1 minute" />
<script type="application/ld+json" class="yoast-schema-graph">{"@context":"https://schema.org","@graph":[{"@type":"WebPage","@id":"https://fundacion-biodiversidad.es/en/programa_empleaverde/ecoagro-natura/","url":"https://fundacion-biodiversidad.es/en/programa_empleaverde/ecoagro-natura/","name":"ECOAGRO NATURA - Fundación Biodiversidad","isPartOf":{"@id":"https://fundacion-biodiversidad.es/en/#website"},"primaryImageOfPage":{"@id":"https://fundacion-biodiversidad.es/en/programa_empleaverde/ecoagro-natura/#primaryimage"},"image":{"@id":"https://fundacion-biodiversidad.es/en/programa_empleaverde/ecoagro-natura/#primaryimage"},"thumbnailUrl":"https://fundacion-biodiversidad.es/wp-content/uploads/2022/11/no-imagen.jpg","datePublished":"2022-05-10T09:25:18+00:00","breadcrumb":{"@id":"https://fundacion-biodiversidad.es/en/programa_empleaverde/ecoagro-natura/#breadcrumb"},"inLanguage":"en-US","potentialAction":[{"@type":"ReadAction","target":["https://fundacion-biodiversidad.es/en/programa_empleaverde/ecoagro-natura/"]}]},{"@type":"ImageObject","inLanguage":"en-US","@id":"https://fundacion-biodiversidad.es/en/programa_empleaverde/ecoagro-natura/#primaryimage","url":"https://fundacion-biodiversidad.es/wp-content/uploads/2022/11/no-imagen.jpg","contentUrl":"https://fundacion-biodiversidad.es/wp-content/uploads/2022/11/no-imagen.jpg","width":2048,"height":2048,"caption":"Formación en medio ambiente natural"},{"@type":"BreadcrumbList","@id":"https://fundacion-biodiversidad.es/en/programa_empleaverde/ecoagro-natura/#breadcrumb","itemListElement":[{"@type":"ListItem","position":1,"name":"Portada","item":"https://fundacion-biodiversidad.es/en/inicio/"},{"@type":"ListItem","position":2,"name":"Programa empleaverde","item":"https://fundacion-biodiversidad.es/en/programa_empleaverde/"},{"@type":"ListItem","position":3,"name":"ECOAGRO NATURA"}]},{"@type":"WebSite","@id":"https://fundacion-biodiversidad.es/en/#website","url":"https://fundacion-biodiversidad.es/en/","name":"Fundación Biodiversidad","description":"Fundación pública adscrita al Ministerio para la Transición Ecológica","potentialAction":[{"@type":"SearchAction","target":{"@type":"EntryPoint","urlTemplate":"https://fundacion-biodiversidad.es/en/?s={search_term_string}"},"query-input":{"@type":"PropertyValueSpecification","valueRequired":true,"valueName":"search_term_string"}}],"inLanguage":"en-US"}]}</script>
<!-- / Yoast SEO plugin. -->

ECOAGRO NATURA - Fundación Biodiversidad

Fundación Biodiversidad

Formación en medio ambiente natural

Fundación pública adscrita al Ministerio para la Transición Ecológica
