{"id":97861804,"date":"2022-05-06T11:39:10","date_gmt":"2022-05-06T09:39:10","guid":{"rendered":"https:\/\/fundacion-biodiversidad.es\/programa_empleaverde\/office-getting-non-replaceable-work-through-innovative-and-green-projects\/"},"modified":"2022-05-06T11:39:10","modified_gmt":"2022-05-06T09:39:10","slug":"office-getting-non-replaceable-work-through-innovative-and-green-projects","status":"publish","type":"programa_empleaverde","link":"https:\/\/fundacion-biodiversidad.es\/en\/programa_empleaverde\/office-getting-non-replaceable-work-through-innovative-and-green-projects\/","title":{"rendered":"Office Getting Non-Replaceable Work Through Innovative and Green Projects"},"content":{"rendered":"<p>AXIS: Innova<\/p>\n<p>LINE: Empleaverde<\/p>\n<p>OBJECTIVE: To increase employability in depopulated rural areas<\/p>\n<p>DESCRIPTION: The project consists of creating employment opportunities of diverse value and focused on receiving public-private financing from different sources in terms of sustainable development. In other words, the aim is to create an ecosystem of talent attraction, financing and opportunities to increase the possibilities of valuable employment not only in the municipality of El Provencio but also in surrounding towns in this area drastically crushed by depopulation, especially among young people looking for better opportunities in large cities. The project consists of 13 social innovations aimed at helping participants find employment:  <\/p>\n<p>\u00b7 IS1. ATTRACTING POTENTIAL EMPLOYERS <\/p>\n<p>\u00b7 IS2. OBTAINING PUBLIC-PRIVATE FINANCING <\/p>\n<p>\u00b7 IS4. MARKETING ONLINE <\/p>\n<p>\u00b7 IS5. PROJECT MANAGEMENT <\/p>\n<p>\u00b7 IS6. CLASSIC SALES <\/p>\n<p>\u00b7 IS7. TELEWORKING POOL <\/p>\n<p>\u00b7 IS8. POSITIONING OF THE MUNICIPALITY <\/p>\n<p>\u00b7 IS9. POINTS OF ATTENTION <\/p>\n<p>\u00b7 IS10. GENERATIONAL CHANGE I <\/p>\n<p>\u00b7 IS11. GENERATIONAL CHANGE II <\/p>\n<p>\u00b7 IS12. GENERATIONAL CHANGE III <\/p>\n<p>\u00b7 IS13. DISSEMINATION OF THE PROJECT <\/p>\n<p>AIMED AT: Unemployed people in Cuenca<\/p>\n","protected":false},"featured_media":22405,"parent":0,"template":"","meta":{"_acf_changed":false},"financiaci_n":[651],"lineas_actuacion_tematicas":[654],"class_list":["post-97861804","programa_empleaverde","type-programa_empleaverde","status-publish","has-post-thumbnail","hentry","financiaci_n-fondo-social-europeo-en","lineas_actuacion_tematicas-terrestrial-ecosystems"],"acf":[],"yoast_head":"<!-- This site is optimized with the Yoast SEO plugin v26.9 - https:\/\/yoast.com\/product\/yoast-seo-wordpress\/ -->\n<title>Office Getting Non-Replaceable Work Through Innovative and Green Projects - Fundaci\u00f3n Biodiversidad<\/title>\n<meta name=\"robots\" content=\"index, follow, max-snippet:-1, max-image-preview:large, max-video-preview:-1\" \/>\n<link rel=\"canonical\" href=\"https:\/\/fundacion-biodiversidad.es\/en\/programa_empleaverde\/office-getting-non-replaceable-work-through-innovative-and-green-projects\/\" \/>\n<meta property=\"og:locale\" content=\"en_US\" \/>\n<meta property=\"og:type\" content=\"article\" \/>\n<meta property=\"og:title\" content=\"Office Getting Non-Replaceable Work Through Innovative and Green Projects - Fundaci\u00f3n Biodiversidad\" \/>\n<meta property=\"og:description\" content=\"AXIS: Innova LINE: Empleaverde OBJECTIVE: To increase employability in depopulated rural areas DESCRIPTION: The project consists of creating employment opportunities of diverse value and focused [&hellip;]\" \/>\n<meta property=\"og:url\" content=\"https:\/\/fundacion-biodiversidad.es\/en\/programa_empleaverde\/office-getting-non-replaceable-work-through-innovative-and-green-projects\/\" \/>\n<meta property=\"og:site_name\" content=\"Fundaci\u00f3n Biodiversidad\" \/>\n<meta property=\"og:image\" content=\"https:\/\/fundacion-biodiversidad.es\/wp-content\/uploads\/2022\/11\/no-imagen.jpg\" \/>\n\t<meta property=\"og:image:width\" content=\"2048\" \/>\n\t<meta property=\"og:image:height\" content=\"2048\" \/>\n\t<meta property=\"og:image:type\" content=\"image\/jpeg\" \/>\n<meta name=\"twitter:card\" content=\"summary_large_image\" \/>\n<meta name=\"twitter:label1\" content=\"Est. reading time\" \/>\n\t<meta name=\"twitter:data1\" content=\"1 minute\" \/>\n<script type=\"application\/ld+json\" class=\"yoast-schema-graph\">{\"@context\":\"https:\/\/schema.org\",\"@graph\":[{\"@type\":\"WebPage\",\"@id\":\"https:\/\/fundacion-biodiversidad.es\/en\/programa_empleaverde\/office-getting-non-replaceable-work-through-innovative-and-green-projects\/\",\"url\":\"https:\/\/fundacion-biodiversidad.es\/en\/programa_empleaverde\/office-getting-non-replaceable-work-through-innovative-and-green-projects\/\",\"name\":\"Office Getting Non-Replaceable Work Through Innovative and Green Projects - Fundaci\u00f3n Biodiversidad\",\"isPartOf\":{\"@id\":\"https:\/\/fundacion-biodiversidad.es\/en\/#website\"},\"primaryImageOfPage\":{\"@id\":\"https:\/\/fundacion-biodiversidad.es\/en\/programa_empleaverde\/office-getting-non-replaceable-work-through-innovative-and-green-projects\/#primaryimage\"},\"image\":{\"@id\":\"https:\/\/fundacion-biodiversidad.es\/en\/programa_empleaverde\/office-getting-non-replaceable-work-through-innovative-and-green-projects\/#primaryimage\"},\"thumbnailUrl\":\"https:\/\/fundacion-biodiversidad.es\/wp-content\/uploads\/2022\/11\/no-imagen.jpg\",\"datePublished\":\"2022-05-06T09:39:10+00:00\",\"breadcrumb\":{\"@id\":\"https:\/\/fundacion-biodiversidad.es\/en\/programa_empleaverde\/office-getting-non-replaceable-work-through-innovative-and-green-projects\/#breadcrumb\"},\"inLanguage\":\"en-US\",\"potentialAction\":[{\"@type\":\"ReadAction\",\"target\":[\"https:\/\/fundacion-biodiversidad.es\/en\/programa_empleaverde\/office-getting-non-replaceable-work-through-innovative-and-green-projects\/\"]}]},{\"@type\":\"ImageObject\",\"inLanguage\":\"en-US\",\"@id\":\"https:\/\/fundacion-biodiversidad.es\/en\/programa_empleaverde\/office-getting-non-replaceable-work-through-innovative-and-green-projects\/#primaryimage\",\"url\":\"https:\/\/fundacion-biodiversidad.es\/wp-content\/uploads\/2022\/11\/no-imagen.jpg\",\"contentUrl\":\"https:\/\/fundacion-biodiversidad.es\/wp-content\/uploads\/2022\/11\/no-imagen.jpg\",\"width\":2048,\"height\":2048,\"caption\":\"Formaci\u00f3n en medio ambiente natural\"},{\"@type\":\"BreadcrumbList\",\"@id\":\"https:\/\/fundacion-biodiversidad.es\/en\/programa_empleaverde\/office-getting-non-replaceable-work-through-innovative-and-green-projects\/#breadcrumb\",\"itemListElement\":[{\"@type\":\"ListItem\",\"position\":1,\"name\":\"Portada\",\"item\":\"https:\/\/fundacion-biodiversidad.es\/en\/inicio\/\"},{\"@type\":\"ListItem\",\"position\":2,\"name\":\"Programa empleaverde\",\"item\":\"https:\/\/fundacion-biodiversidad.es\/en\/programa_empleaverde\/\"},{\"@type\":\"ListItem\",\"position\":3,\"name\":\"Office Getting Non-Replaceable Work Through Innovative and Green Projects\"}]},{\"@type\":\"WebSite\",\"@id\":\"https:\/\/fundacion-biodiversidad.es\/en\/#website\",\"url\":\"https:\/\/fundacion-biodiversidad.es\/en\/\",\"name\":\"Fundaci\u00f3n Biodiversidad\",\"description\":\"Fundaci\u00f3n p\u00fablica adscrita al Ministerio para la Transici\u00f3n Ecol\u00f3gica\",\"potentialAction\":[{\"@type\":\"SearchAction\",\"target\":{\"@type\":\"EntryPoint\",\"urlTemplate\":\"https:\/\/fundacion-biodiversidad.es\/en\/?s={search_term_string}\"},\"query-input\":{\"@type\":\"PropertyValueSpecification\",\"valueRequired\":true,\"valueName\":\"search_term_string\"}}],\"inLanguage\":\"en-US\"}]}<\/script>\n<!-- \/ Yoast SEO plugin. -->","yoast_head_json":{"title":"Office Getting Non-Replaceable Work Through Innovative and Green Projects - Fundaci\u00f3n Biodiversidad","robots":{"index":"index","follow":"follow","max-snippet":"max-snippet:-1","max-image-preview":"max-image-preview:large","max-video-preview":"max-video-preview:-1"},"canonical":"https:\/\/fundacion-biodiversidad.es\/en\/programa_empleaverde\/office-getting-non-replaceable-work-through-innovative-and-green-projects\/","og_locale":"en_US","og_type":"article","og_title":"Office Getting Non-Replaceable Work Through Innovative and Green Projects - Fundaci\u00f3n Biodiversidad","og_description":"AXIS: Innova LINE: Empleaverde OBJECTIVE: To increase employability in depopulated rural areas DESCRIPTION: The project consists of creating employment opportunities of diverse value and focused [&hellip;]","og_url":"https:\/\/fundacion-biodiversidad.es\/en\/programa_empleaverde\/office-getting-non-replaceable-work-through-innovative-and-green-projects\/","og_site_name":"Fundaci\u00f3n Biodiversidad","og_image":[{"width":2048,"height":2048,"url":"https:\/\/fundacion-biodiversidad.es\/wp-content\/uploads\/2022\/11\/no-imagen.jpg","type":"image\/jpeg"}],"twitter_card":"summary_large_image","twitter_misc":{"Est. reading time":"1 minute"},"schema":{"@context":"https:\/\/schema.org","@graph":[{"@type":"WebPage","@id":"https:\/\/fundacion-biodiversidad.es\/en\/programa_empleaverde\/office-getting-non-replaceable-work-through-innovative-and-green-projects\/","url":"https:\/\/fundacion-biodiversidad.es\/en\/programa_empleaverde\/office-getting-non-replaceable-work-through-innovative-and-green-projects\/","name":"Office Getting Non-Replaceable Work Through Innovative and Green Projects - Fundaci\u00f3n Biodiversidad","isPartOf":{"@id":"https:\/\/fundacion-biodiversidad.es\/en\/#website"},"primaryImageOfPage":{"@id":"https:\/\/fundacion-biodiversidad.es\/en\/programa_empleaverde\/office-getting-non-replaceable-work-through-innovative-and-green-projects\/#primaryimage"},"image":{"@id":"https:\/\/fundacion-biodiversidad.es\/en\/programa_empleaverde\/office-getting-non-replaceable-work-through-innovative-and-green-projects\/#primaryimage"},"thumbnailUrl":"https:\/\/fundacion-biodiversidad.es\/wp-content\/uploads\/2022\/11\/no-imagen.jpg","datePublished":"2022-05-06T09:39:10+00:00","breadcrumb":{"@id":"https:\/\/fundacion-biodiversidad.es\/en\/programa_empleaverde\/office-getting-non-replaceable-work-through-innovative-and-green-projects\/#breadcrumb"},"inLanguage":"en-US","potentialAction":[{"@type":"ReadAction","target":["https:\/\/fundacion-biodiversidad.es\/en\/programa_empleaverde\/office-getting-non-replaceable-work-through-innovative-and-green-projects\/"]}]},{"@type":"ImageObject","inLanguage":"en-US","@id":"https:\/\/fundacion-biodiversidad.es\/en\/programa_empleaverde\/office-getting-non-replaceable-work-through-innovative-and-green-projects\/#primaryimage","url":"https:\/\/fundacion-biodiversidad.es\/wp-content\/uploads\/2022\/11\/no-imagen.jpg","contentUrl":"https:\/\/fundacion-biodiversidad.es\/wp-content\/uploads\/2022\/11\/no-imagen.jpg","width":2048,"height":2048,"caption":"Formaci\u00f3n en medio ambiente natural"},{"@type":"BreadcrumbList","@id":"https:\/\/fundacion-biodiversidad.es\/en\/programa_empleaverde\/office-getting-non-replaceable-work-through-innovative-and-green-projects\/#breadcrumb","itemListElement":[{"@type":"ListItem","position":1,"name":"Portada","item":"https:\/\/fundacion-biodiversidad.es\/en\/inicio\/"},{"@type":"ListItem","position":2,"name":"Programa empleaverde","item":"https:\/\/fundacion-biodiversidad.es\/en\/programa_empleaverde\/"},{"@type":"ListItem","position":3,"name":"Office Getting Non-Replaceable Work Through Innovative and Green Projects"}]},{"@type":"WebSite","@id":"https:\/\/fundacion-biodiversidad.es\/en\/#website","url":"https:\/\/fundacion-biodiversidad.es\/en\/","name":"Fundaci\u00f3n Biodiversidad","description":"Fundaci\u00f3n p\u00fablica adscrita al Ministerio para la Transici\u00f3n Ecol\u00f3gica","potentialAction":[{"@type":"SearchAction","target":{"@type":"EntryPoint","urlTemplate":"https:\/\/fundacion-biodiversidad.es\/en\/?s={search_term_string}"},"query-input":{"@type":"PropertyValueSpecification","valueRequired":true,"valueName":"search_term_string"}}],"inLanguage":"en-US"}]}},"_links":{"self":[{"href":"https:\/\/fundacion-biodiversidad.es\/en\/wp-json\/wp\/v2\/programa_empleaverde\/97861804","targetHints":{"allow":["GET"]}}],"collection":[{"href":"https:\/\/fundacion-biodiversidad.es\/en\/wp-json\/wp\/v2\/programa_empleaverde"}],"about":[{"href":"https:\/\/fundacion-biodiversidad.es\/en\/wp-json\/wp\/v2\/types\/programa_empleaverde"}],"wp:featuredmedia":[{"embeddable":true,"href":"https:\/\/fundacion-biodiversidad.es\/en\/wp-json\/wp\/v2\/media\/22405"}],"wp:attachment":[{"href":"https:\/\/fundacion-biodiversidad.es\/en\/wp-json\/wp\/v2\/media?parent=97861804"}],"wp:term":[{"taxonomy":"financiaci_n","embeddable":true,"href":"https:\/\/fundacion-biodiversidad.es\/en\/wp-json\/wp\/v2\/financiaci_n?post=97861804"},{"taxonomy":"lineas_actuacion_tematicas","embeddable":true,"href":"https:\/\/fundacion-biodiversidad.es\/en\/wp-json\/wp\/v2\/lineas_actuacion_tematicas?post=97861804"}],"curies":[{"name":"wp","href":"https:\/\/api.w.org\/{rel}","templated":true}]}}

<!-- This site is optimized with the Yoast SEO plugin v26.9 - https://yoast.com/product/yoast-seo-wordpress/ -->
<title>Office Getting Non-Replaceable Work Through Innovative and Green Projects - Fundación Biodiversidad</title>
<meta name="robots" content="index, follow, max-snippet:-1, max-image-preview:large, max-video-preview:-1" />
<link rel="canonical" href="https://fundacion-biodiversidad.es/en/programa_empleaverde/office-getting-non-replaceable-work-through-innovative-and-green-projects/" />
<meta property="og:locale" content="en_US" />
<meta property="og:type" content="article" />
<meta property="og:title" content="Office Getting Non-Replaceable Work Through Innovative and Green Projects - Fundación Biodiversidad" />
<meta property="og:description" content="AXIS: Innova LINE: Empleaverde OBJECTIVE: To increase employability in depopulated rural areas DESCRIPTION: The project consists of creating employment opportunities of diverse value and focused [&hellip;]" />
<meta property="og:url" content="https://fundacion-biodiversidad.es/en/programa_empleaverde/office-getting-non-replaceable-work-through-innovative-and-green-projects/" />
<meta property="og:site_name" content="Fundación Biodiversidad" />
<meta property="og:image" content="https://fundacion-biodiversidad.es/wp-content/uploads/2022/11/no-imagen.jpg" />
	<meta property="og:image:width" content="2048" />
	<meta property="og:image:height" content="2048" />
	<meta property="og:image:type" content="image/jpeg" />
<meta name="twitter:card" content="summary_large_image" />
<meta name="twitter:label1" content="Est. reading time" />
	<meta name="twitter:data1" content="1 minute" />
<script type="application/ld+json" class="yoast-schema-graph">{"@context":"https://schema.org","@graph":[{"@type":"WebPage","@id":"https://fundacion-biodiversidad.es/en/programa_empleaverde/office-getting-non-replaceable-work-through-innovative-and-green-projects/","url":"https://fundacion-biodiversidad.es/en/programa_empleaverde/office-getting-non-replaceable-work-through-innovative-and-green-projects/","name":"Office Getting Non-Replaceable Work Through Innovative and Green Projects - Fundación Biodiversidad","isPartOf":{"@id":"https://fundacion-biodiversidad.es/en/#website"},"primaryImageOfPage":{"@id":"https://fundacion-biodiversidad.es/en/programa_empleaverde/office-getting-non-replaceable-work-through-innovative-and-green-projects/#primaryimage"},"image":{"@id":"https://fundacion-biodiversidad.es/en/programa_empleaverde/office-getting-non-replaceable-work-through-innovative-and-green-projects/#primaryimage"},"thumbnailUrl":"https://fundacion-biodiversidad.es/wp-content/uploads/2022/11/no-imagen.jpg","datePublished":"2022-05-06T09:39:10+00:00","breadcrumb":{"@id":"https://fundacion-biodiversidad.es/en/programa_empleaverde/office-getting-non-replaceable-work-through-innovative-and-green-projects/#breadcrumb"},"inLanguage":"en-US","potentialAction":[{"@type":"ReadAction","target":["https://fundacion-biodiversidad.es/en/programa_empleaverde/office-getting-non-replaceable-work-through-innovative-and-green-projects/"]}]},{"@type":"ImageObject","inLanguage":"en-US","@id":"https://fundacion-biodiversidad.es/en/programa_empleaverde/office-getting-non-replaceable-work-through-innovative-and-green-projects/#primaryimage","url":"https://fundacion-biodiversidad.es/wp-content/uploads/2022/11/no-imagen.jpg","contentUrl":"https://fundacion-biodiversidad.es/wp-content/uploads/2022/11/no-imagen.jpg","width":2048,"height":2048,"caption":"Formación en medio ambiente natural"},{"@type":"BreadcrumbList","@id":"https://fundacion-biodiversidad.es/en/programa_empleaverde/office-getting-non-replaceable-work-through-innovative-and-green-projects/#breadcrumb","itemListElement":[{"@type":"ListItem","position":1,"name":"Portada","item":"https://fundacion-biodiversidad.es/en/inicio/"},{"@type":"ListItem","position":2,"name":"Programa empleaverde","item":"https://fundacion-biodiversidad.es/en/programa_empleaverde/"},{"@type":"ListItem","position":3,"name":"Office Getting Non-Replaceable Work Through Innovative and Green Projects"}]},{"@type":"WebSite","@id":"https://fundacion-biodiversidad.es/en/#website","url":"https://fundacion-biodiversidad.es/en/","name":"Fundación Biodiversidad","description":"Fundación pública adscrita al Ministerio para la Transición Ecológica","potentialAction":[{"@type":"SearchAction","target":{"@type":"EntryPoint","urlTemplate":"https://fundacion-biodiversidad.es/en/?s={search_term_string}"},"query-input":{"@type":"PropertyValueSpecification","valueRequired":true,"valueName":"search_term_string"}}],"inLanguage":"en-US"}]}</script>
<!-- / Yoast SEO plugin. -->

Office Getting Non-Replaceable Work Through Innovative and Green Projects - Fundación Biodiversidad

Fundación Biodiversidad

Formación en medio ambiente natural

Fundación pública adscrita al Ministerio para la Transición Ecológica
