{"id":97861906,"date":"2022-02-25T12:30:10","date_gmt":"2022-02-25T11:30:10","guid":{"rendered":"https:\/\/fundacion-biodiversidad.es\/programa_empleaverde\/4es-a-plus-of-excellence-in-business-and-social-energy-efficiency\/"},"modified":"2022-02-25T12:30:10","modified_gmt":"2022-02-25T11:30:10","slug":"4es-a-plus-of-excellence-in-business-and-social-energy-efficiency","status":"publish","type":"programa_empleaverde","link":"https:\/\/fundacion-biodiversidad.es\/en\/programa_empleaverde\/4es-a-plus-of-excellence-in-business-and-social-energy-efficiency\/","title":{"rendered":"4ES+ A Plus of Excellence in Business and Social Energy Efficiency"},"content":{"rendered":"<p>The<strong>4ES+ project<\/strong> A Plus of Excellence in Business and Social Energy Efficiency is born from SGS&#8217;s commitment to society and the environment. The project is supported by the <strong><a href=\"http:\/\/www.empleaverde.es\/\">Empleaverde Program<\/a><\/strong>, an initiative launched by the<strong><a href=\"http:\/\/www.fundacion-biodiversidad.es\/\" rel=\"noopener noreferrer\" target=\"_blank\">Biodiversity Foundation<\/a><\/strong> of the Ministry for the Ecological Transition and the Demographic Challenge through the<a href=\"http:\/\/ec.europa.eu\/esf\/home.jsp?langId=es\" rel=\"noopener noreferrer\" target=\"_blank\"><strong>European Social Fund<\/strong><\/a>, in order to<strong>improve green employment<\/strong>. With the development of the 4ES+ project, it is thus consolidated <strong>the environmental and social initiative in energy efficiency<\/strong> initiated in 2017, by the 4ES Excellence in Business and Social Energy Efficiency project, in which more than 80 professionals were trained and energy efficiency was promoted in nine environmental entities.<\/p>\n<p>At SGS, as professionals in the energy field, we have the responsibility to pass on our knowledge and experience acquired over more than 20 years, to improve the training of new professionals in energy saving and efficiency.<\/p>\n<p>The project aims to train active professionals, residents of Extremadura, Andalusia or the Region of Murcia, through the distance course: <strong>&#8220;Practical application of tools for excellence in energy saving and efficiency&#8221;.<\/strong><\/p>\n<p>This training has the option of carrying out tutored internships in environmental organizations, thanks to the <strong>4ES+ Social Innovation<\/strong> initiative, so that the trained person has the opportunity to consolidate the knowledge acquired and participate in a social action improving the energy efficiency of the environmental organization.<\/p>\n","protected":false},"featured_media":22405,"parent":0,"template":"","meta":{"_acf_changed":false},"financiaci_n":[],"lineas_actuacion_tematicas":[654],"class_list":["post-97861906","programa_empleaverde","type-programa_empleaverde","status-publish","has-post-thumbnail","hentry","lineas_actuacion_tematicas-terrestrial-ecosystems"],"acf":[],"yoast_head":"<!-- This site is optimized with the Yoast SEO plugin v26.9 - https:\/\/yoast.com\/product\/yoast-seo-wordpress\/ -->\n<title>4ES+ A Plus of Excellence in Business and Social Energy Efficiency - Fundaci\u00f3n Biodiversidad<\/title>\n<meta name=\"robots\" content=\"index, follow, max-snippet:-1, max-image-preview:large, max-video-preview:-1\" \/>\n<link rel=\"canonical\" href=\"https:\/\/fundacion-biodiversidad.es\/en\/programa_empleaverde\/4es-a-plus-of-excellence-in-business-and-social-energy-efficiency\/\" \/>\n<meta property=\"og:locale\" content=\"en_US\" \/>\n<meta property=\"og:type\" content=\"article\" \/>\n<meta property=\"og:title\" content=\"4ES+ A Plus of Excellence in Business and Social Energy Efficiency - Fundaci\u00f3n Biodiversidad\" \/>\n<meta property=\"og:description\" content=\"The4ES+ project A Plus of Excellence in Business and Social Energy Efficiency is born from SGS&#8217;s commitment to society and the environment. The project is [&hellip;]\" \/>\n<meta property=\"og:url\" content=\"https:\/\/fundacion-biodiversidad.es\/en\/programa_empleaverde\/4es-a-plus-of-excellence-in-business-and-social-energy-efficiency\/\" \/>\n<meta property=\"og:site_name\" content=\"Fundaci\u00f3n Biodiversidad\" \/>\n<meta property=\"og:image\" content=\"https:\/\/fundacion-biodiversidad.es\/wp-content\/uploads\/2022\/11\/no-imagen.jpg\" \/>\n\t<meta property=\"og:image:width\" content=\"2048\" \/>\n\t<meta property=\"og:image:height\" content=\"2048\" \/>\n\t<meta property=\"og:image:type\" content=\"image\/jpeg\" \/>\n<meta name=\"twitter:card\" content=\"summary_large_image\" \/>\n<meta name=\"twitter:label1\" content=\"Est. reading time\" \/>\n\t<meta name=\"twitter:data1\" content=\"1 minute\" \/>\n<script type=\"application\/ld+json\" class=\"yoast-schema-graph\">{\"@context\":\"https:\/\/schema.org\",\"@graph\":[{\"@type\":\"WebPage\",\"@id\":\"https:\/\/fundacion-biodiversidad.es\/en\/programa_empleaverde\/4es-a-plus-of-excellence-in-business-and-social-energy-efficiency\/\",\"url\":\"https:\/\/fundacion-biodiversidad.es\/en\/programa_empleaverde\/4es-a-plus-of-excellence-in-business-and-social-energy-efficiency\/\",\"name\":\"4ES+ A Plus of Excellence in Business and Social Energy Efficiency - Fundaci\u00f3n Biodiversidad\",\"isPartOf\":{\"@id\":\"https:\/\/fundacion-biodiversidad.es\/en\/#website\"},\"primaryImageOfPage\":{\"@id\":\"https:\/\/fundacion-biodiversidad.es\/en\/programa_empleaverde\/4es-a-plus-of-excellence-in-business-and-social-energy-efficiency\/#primaryimage\"},\"image\":{\"@id\":\"https:\/\/fundacion-biodiversidad.es\/en\/programa_empleaverde\/4es-a-plus-of-excellence-in-business-and-social-energy-efficiency\/#primaryimage\"},\"thumbnailUrl\":\"https:\/\/fundacion-biodiversidad.es\/wp-content\/uploads\/2022\/11\/no-imagen.jpg\",\"datePublished\":\"2022-02-25T11:30:10+00:00\",\"breadcrumb\":{\"@id\":\"https:\/\/fundacion-biodiversidad.es\/en\/programa_empleaverde\/4es-a-plus-of-excellence-in-business-and-social-energy-efficiency\/#breadcrumb\"},\"inLanguage\":\"en-US\",\"potentialAction\":[{\"@type\":\"ReadAction\",\"target\":[\"https:\/\/fundacion-biodiversidad.es\/en\/programa_empleaverde\/4es-a-plus-of-excellence-in-business-and-social-energy-efficiency\/\"]}]},{\"@type\":\"ImageObject\",\"inLanguage\":\"en-US\",\"@id\":\"https:\/\/fundacion-biodiversidad.es\/en\/programa_empleaverde\/4es-a-plus-of-excellence-in-business-and-social-energy-efficiency\/#primaryimage\",\"url\":\"https:\/\/fundacion-biodiversidad.es\/wp-content\/uploads\/2022\/11\/no-imagen.jpg\",\"contentUrl\":\"https:\/\/fundacion-biodiversidad.es\/wp-content\/uploads\/2022\/11\/no-imagen.jpg\",\"width\":2048,\"height\":2048,\"caption\":\"Formaci\u00f3n en medio ambiente natural\"},{\"@type\":\"BreadcrumbList\",\"@id\":\"https:\/\/fundacion-biodiversidad.es\/en\/programa_empleaverde\/4es-a-plus-of-excellence-in-business-and-social-energy-efficiency\/#breadcrumb\",\"itemListElement\":[{\"@type\":\"ListItem\",\"position\":1,\"name\":\"Portada\",\"item\":\"https:\/\/fundacion-biodiversidad.es\/en\/inicio\/\"},{\"@type\":\"ListItem\",\"position\":2,\"name\":\"Programa empleaverde\",\"item\":\"https:\/\/fundacion-biodiversidad.es\/en\/programa_empleaverde\/\"},{\"@type\":\"ListItem\",\"position\":3,\"name\":\"4ES+ A Plus of Excellence in Business and Social Energy Efficiency\"}]},{\"@type\":\"WebSite\",\"@id\":\"https:\/\/fundacion-biodiversidad.es\/en\/#website\",\"url\":\"https:\/\/fundacion-biodiversidad.es\/en\/\",\"name\":\"Fundaci\u00f3n Biodiversidad\",\"description\":\"Fundaci\u00f3n p\u00fablica adscrita al Ministerio para la Transici\u00f3n Ecol\u00f3gica\",\"potentialAction\":[{\"@type\":\"SearchAction\",\"target\":{\"@type\":\"EntryPoint\",\"urlTemplate\":\"https:\/\/fundacion-biodiversidad.es\/en\/?s={search_term_string}\"},\"query-input\":{\"@type\":\"PropertyValueSpecification\",\"valueRequired\":true,\"valueName\":\"search_term_string\"}}],\"inLanguage\":\"en-US\"}]}<\/script>\n<!-- \/ Yoast SEO plugin. -->","yoast_head_json":{"title":"4ES+ A Plus of Excellence in Business and Social Energy Efficiency - Fundaci\u00f3n Biodiversidad","robots":{"index":"index","follow":"follow","max-snippet":"max-snippet:-1","max-image-preview":"max-image-preview:large","max-video-preview":"max-video-preview:-1"},"canonical":"https:\/\/fundacion-biodiversidad.es\/en\/programa_empleaverde\/4es-a-plus-of-excellence-in-business-and-social-energy-efficiency\/","og_locale":"en_US","og_type":"article","og_title":"4ES+ A Plus of Excellence in Business and Social Energy Efficiency - Fundaci\u00f3n Biodiversidad","og_description":"The4ES+ project A Plus of Excellence in Business and Social Energy Efficiency is born from SGS&#8217;s commitment to society and the environment. The project is [&hellip;]","og_url":"https:\/\/fundacion-biodiversidad.es\/en\/programa_empleaverde\/4es-a-plus-of-excellence-in-business-and-social-energy-efficiency\/","og_site_name":"Fundaci\u00f3n Biodiversidad","og_image":[{"width":2048,"height":2048,"url":"https:\/\/fundacion-biodiversidad.es\/wp-content\/uploads\/2022\/11\/no-imagen.jpg","type":"image\/jpeg"}],"twitter_card":"summary_large_image","twitter_misc":{"Est. reading time":"1 minute"},"schema":{"@context":"https:\/\/schema.org","@graph":[{"@type":"WebPage","@id":"https:\/\/fundacion-biodiversidad.es\/en\/programa_empleaverde\/4es-a-plus-of-excellence-in-business-and-social-energy-efficiency\/","url":"https:\/\/fundacion-biodiversidad.es\/en\/programa_empleaverde\/4es-a-plus-of-excellence-in-business-and-social-energy-efficiency\/","name":"4ES+ A Plus of Excellence in Business and Social Energy Efficiency - Fundaci\u00f3n Biodiversidad","isPartOf":{"@id":"https:\/\/fundacion-biodiversidad.es\/en\/#website"},"primaryImageOfPage":{"@id":"https:\/\/fundacion-biodiversidad.es\/en\/programa_empleaverde\/4es-a-plus-of-excellence-in-business-and-social-energy-efficiency\/#primaryimage"},"image":{"@id":"https:\/\/fundacion-biodiversidad.es\/en\/programa_empleaverde\/4es-a-plus-of-excellence-in-business-and-social-energy-efficiency\/#primaryimage"},"thumbnailUrl":"https:\/\/fundacion-biodiversidad.es\/wp-content\/uploads\/2022\/11\/no-imagen.jpg","datePublished":"2022-02-25T11:30:10+00:00","breadcrumb":{"@id":"https:\/\/fundacion-biodiversidad.es\/en\/programa_empleaverde\/4es-a-plus-of-excellence-in-business-and-social-energy-efficiency\/#breadcrumb"},"inLanguage":"en-US","potentialAction":[{"@type":"ReadAction","target":["https:\/\/fundacion-biodiversidad.es\/en\/programa_empleaverde\/4es-a-plus-of-excellence-in-business-and-social-energy-efficiency\/"]}]},{"@type":"ImageObject","inLanguage":"en-US","@id":"https:\/\/fundacion-biodiversidad.es\/en\/programa_empleaverde\/4es-a-plus-of-excellence-in-business-and-social-energy-efficiency\/#primaryimage","url":"https:\/\/fundacion-biodiversidad.es\/wp-content\/uploads\/2022\/11\/no-imagen.jpg","contentUrl":"https:\/\/fundacion-biodiversidad.es\/wp-content\/uploads\/2022\/11\/no-imagen.jpg","width":2048,"height":2048,"caption":"Formaci\u00f3n en medio ambiente natural"},{"@type":"BreadcrumbList","@id":"https:\/\/fundacion-biodiversidad.es\/en\/programa_empleaverde\/4es-a-plus-of-excellence-in-business-and-social-energy-efficiency\/#breadcrumb","itemListElement":[{"@type":"ListItem","position":1,"name":"Portada","item":"https:\/\/fundacion-biodiversidad.es\/en\/inicio\/"},{"@type":"ListItem","position":2,"name":"Programa empleaverde","item":"https:\/\/fundacion-biodiversidad.es\/en\/programa_empleaverde\/"},{"@type":"ListItem","position":3,"name":"4ES+ A Plus of Excellence in Business and Social Energy Efficiency"}]},{"@type":"WebSite","@id":"https:\/\/fundacion-biodiversidad.es\/en\/#website","url":"https:\/\/fundacion-biodiversidad.es\/en\/","name":"Fundaci\u00f3n Biodiversidad","description":"Fundaci\u00f3n p\u00fablica adscrita al Ministerio para la Transici\u00f3n Ecol\u00f3gica","potentialAction":[{"@type":"SearchAction","target":{"@type":"EntryPoint","urlTemplate":"https:\/\/fundacion-biodiversidad.es\/en\/?s={search_term_string}"},"query-input":{"@type":"PropertyValueSpecification","valueRequired":true,"valueName":"search_term_string"}}],"inLanguage":"en-US"}]}},"_links":{"self":[{"href":"https:\/\/fundacion-biodiversidad.es\/en\/wp-json\/wp\/v2\/programa_empleaverde\/97861906","targetHints":{"allow":["GET"]}}],"collection":[{"href":"https:\/\/fundacion-biodiversidad.es\/en\/wp-json\/wp\/v2\/programa_empleaverde"}],"about":[{"href":"https:\/\/fundacion-biodiversidad.es\/en\/wp-json\/wp\/v2\/types\/programa_empleaverde"}],"wp:featuredmedia":[{"embeddable":true,"href":"https:\/\/fundacion-biodiversidad.es\/en\/wp-json\/wp\/v2\/media\/22405"}],"wp:attachment":[{"href":"https:\/\/fundacion-biodiversidad.es\/en\/wp-json\/wp\/v2\/media?parent=97861906"}],"wp:term":[{"taxonomy":"financiaci_n","embeddable":true,"href":"https:\/\/fundacion-biodiversidad.es\/en\/wp-json\/wp\/v2\/financiaci_n?post=97861906"},{"taxonomy":"lineas_actuacion_tematicas","embeddable":true,"href":"https:\/\/fundacion-biodiversidad.es\/en\/wp-json\/wp\/v2\/lineas_actuacion_tematicas?post=97861906"}],"curies":[{"name":"wp","href":"https:\/\/api.w.org\/{rel}","templated":true}]}}

<!-- This site is optimized with the Yoast SEO plugin v26.9 - https://yoast.com/product/yoast-seo-wordpress/ -->
<title>4ES+ A Plus of Excellence in Business and Social Energy Efficiency - Fundación Biodiversidad</title>
<meta name="robots" content="index, follow, max-snippet:-1, max-image-preview:large, max-video-preview:-1" />
<link rel="canonical" href="https://fundacion-biodiversidad.es/en/programa_empleaverde/4es-a-plus-of-excellence-in-business-and-social-energy-efficiency/" />
<meta property="og:locale" content="en_US" />
<meta property="og:type" content="article" />
<meta property="og:title" content="4ES+ A Plus of Excellence in Business and Social Energy Efficiency - Fundación Biodiversidad" />
<meta property="og:description" content="The4ES+ project A Plus of Excellence in Business and Social Energy Efficiency is born from SGS&#8217;s commitment to society and the environment. The project is [&hellip;]" />
<meta property="og:url" content="https://fundacion-biodiversidad.es/en/programa_empleaverde/4es-a-plus-of-excellence-in-business-and-social-energy-efficiency/" />
<meta property="og:site_name" content="Fundación Biodiversidad" />
<meta property="og:image" content="https://fundacion-biodiversidad.es/wp-content/uploads/2022/11/no-imagen.jpg" />
	<meta property="og:image:width" content="2048" />
	<meta property="og:image:height" content="2048" />
	<meta property="og:image:type" content="image/jpeg" />
<meta name="twitter:card" content="summary_large_image" />
<meta name="twitter:label1" content="Est. reading time" />
	<meta name="twitter:data1" content="1 minute" />
<script type="application/ld+json" class="yoast-schema-graph">{"@context":"https://schema.org","@graph":[{"@type":"WebPage","@id":"https://fundacion-biodiversidad.es/en/programa_empleaverde/4es-a-plus-of-excellence-in-business-and-social-energy-efficiency/","url":"https://fundacion-biodiversidad.es/en/programa_empleaverde/4es-a-plus-of-excellence-in-business-and-social-energy-efficiency/","name":"4ES+ A Plus of Excellence in Business and Social Energy Efficiency - Fundación Biodiversidad","isPartOf":{"@id":"https://fundacion-biodiversidad.es/en/#website"},"primaryImageOfPage":{"@id":"https://fundacion-biodiversidad.es/en/programa_empleaverde/4es-a-plus-of-excellence-in-business-and-social-energy-efficiency/#primaryimage"},"image":{"@id":"https://fundacion-biodiversidad.es/en/programa_empleaverde/4es-a-plus-of-excellence-in-business-and-social-energy-efficiency/#primaryimage"},"thumbnailUrl":"https://fundacion-biodiversidad.es/wp-content/uploads/2022/11/no-imagen.jpg","datePublished":"2022-02-25T11:30:10+00:00","breadcrumb":{"@id":"https://fundacion-biodiversidad.es/en/programa_empleaverde/4es-a-plus-of-excellence-in-business-and-social-energy-efficiency/#breadcrumb"},"inLanguage":"en-US","potentialAction":[{"@type":"ReadAction","target":["https://fundacion-biodiversidad.es/en/programa_empleaverde/4es-a-plus-of-excellence-in-business-and-social-energy-efficiency/"]}]},{"@type":"ImageObject","inLanguage":"en-US","@id":"https://fundacion-biodiversidad.es/en/programa_empleaverde/4es-a-plus-of-excellence-in-business-and-social-energy-efficiency/#primaryimage","url":"https://fundacion-biodiversidad.es/wp-content/uploads/2022/11/no-imagen.jpg","contentUrl":"https://fundacion-biodiversidad.es/wp-content/uploads/2022/11/no-imagen.jpg","width":2048,"height":2048,"caption":"Formación en medio ambiente natural"},{"@type":"BreadcrumbList","@id":"https://fundacion-biodiversidad.es/en/programa_empleaverde/4es-a-plus-of-excellence-in-business-and-social-energy-efficiency/#breadcrumb","itemListElement":[{"@type":"ListItem","position":1,"name":"Portada","item":"https://fundacion-biodiversidad.es/en/inicio/"},{"@type":"ListItem","position":2,"name":"Programa empleaverde","item":"https://fundacion-biodiversidad.es/en/programa_empleaverde/"},{"@type":"ListItem","position":3,"name":"4ES+ A Plus of Excellence in Business and Social Energy Efficiency"}]},{"@type":"WebSite","@id":"https://fundacion-biodiversidad.es/en/#website","url":"https://fundacion-biodiversidad.es/en/","name":"Fundación Biodiversidad","description":"Fundación pública adscrita al Ministerio para la Transición Ecológica","potentialAction":[{"@type":"SearchAction","target":{"@type":"EntryPoint","urlTemplate":"https://fundacion-biodiversidad.es/en/?s={search_term_string}"},"query-input":{"@type":"PropertyValueSpecification","valueRequired":true,"valueName":"search_term_string"}}],"inLanguage":"en-US"}]}</script>
<!-- / Yoast SEO plugin. -->

4ES+ A Plus of Excellence in Business and Social Energy Efficiency - Fundación Biodiversidad

Fundación Biodiversidad

Formación en medio ambiente natural

Fundación pública adscrita al Ministerio para la Transición Ecológica
