{"id":97862227,"date":"2025-03-27T12:02:51","date_gmt":"2025-03-27T11:02:51","guid":{"rendered":"https:\/\/fundacion-biodiversidad.es\/programa_empleaverde\/circular-initiatives-in-extremadura-training-for-the-sustainable-present\/"},"modified":"2025-03-27T12:02:51","modified_gmt":"2025-03-27T11:02:51","slug":"circular-initiatives-in-extremadura-training-for-the-sustainable-present","status":"publish","type":"programa_empleaverde","link":"https:\/\/fundacion-biodiversidad.es\/en\/programa_empleaverde\/circular-initiatives-in-extremadura-training-for-the-sustainable-present\/","title":{"rendered":"Circular Initiatives in Extremadura: Training for the sustainable present"},"content":{"rendered":"<p data-start=\"223\" data-end=\"570\">It is a <strong data-start=\"317\" data-end=\"342\">training programme<\/strong> designed <strong data-start=\"357\" data-end=\"415\">to train unemployed and intrapreneurs<\/strong> in rural areas of Extremadura, providing them with tools and knowledge in <strong data-start=\"495\" data-end=\"516\">the circular economy<\/strong> to develop <strong data-start=\"534\" data-end=\"567\">new circular initiatives<\/strong>.<\/p>\n<p data-start=\"572\" data-end=\"980\">The project combines <strong data-start=\"592\" data-end=\"624\">theoretical and practical training<\/strong> with a <strong data-start=\"643\" data-end=\"665\">learning<\/strong> <em data-start=\"667\" data-end=\"686\">by doing<\/em> approach, facilitating the development <strong data-start=\"718\" data-end=\"779\">of new business models aligned with sustainability<\/strong>, as well as strengthening the skills of unemployed participants to improve their <strong data-start=\"890\" data-end=\"907\">employability<\/strong> in jobs related to the <strong data-start=\"948\" data-end=\"977\">green and circular economy<\/strong>.<\/p>\n<p data-start=\"1345\" data-end=\"1704\">In addition to entrepreneurship, the programme also seeks to <strong data-start=\"1398\" data-end=\"1426\">improve the employability<\/strong> of participants in sectors linked to the <strong data-start=\"1485\" data-end=\"1514\">green and circular economy<\/strong>, providing them with the necessary skills to take advantage of job opportunities in areas such as <strong data-start=\"1617\" data-end=\"1701\">waste management, renewable energies, eco-innovation or sustainable production<\/strong>.<\/p>\n<p data-start=\"1706\" data-end=\"1948\">The project has a <strong data-start=\"1728\" data-end=\"1752\">duration of 24 months<\/strong> and will be carried out in <strong data-start=\"1776\" data-end=\"1823\">various rural areas of Badajoz and C\u00e1ceres<\/strong>, contributing to <strong data-start=\"1842\" data-end=\"1885\">the development of the local business fabric<\/strong> and promoting <strong data-start=\"1902\" data-end=\"1945\">economic dynamism in the territory<\/strong>.<\/p>\n<p data-start=\"1950\" data-end=\"2139\">This project is co-financed by the ESF+ through the Empleaverde+ Programme of the Biodiversity Foundation of the Ministry for the Ecological Transition and the Demographic Challenge.<\/p>\n","protected":false},"featured_media":22405,"parent":0,"template":"","meta":{"_acf_changed":false},"financiaci_n":[687],"lineas_actuacion_tematicas":[654],"class_list":["post-97862227","programa_empleaverde","type-programa_empleaverde","status-publish","has-post-thumbnail","hentry","financiaci_n-european-social-fund","lineas_actuacion_tematicas-terrestrial-ecosystems"],"acf":[],"yoast_head":"<!-- This site is optimized with the Yoast SEO plugin v26.9 - https:\/\/yoast.com\/product\/yoast-seo-wordpress\/ -->\n<title>Circular Initiatives in Extremadura: Training for the sustainable present - Fundaci\u00f3n Biodiversidad<\/title>\n<meta name=\"robots\" content=\"index, follow, max-snippet:-1, max-image-preview:large, max-video-preview:-1\" \/>\n<link rel=\"canonical\" href=\"https:\/\/fundacion-biodiversidad.es\/en\/programa_empleaverde\/circular-initiatives-in-extremadura-training-for-the-sustainable-present\/\" \/>\n<meta property=\"og:locale\" content=\"en_US\" \/>\n<meta property=\"og:type\" content=\"article\" \/>\n<meta property=\"og:title\" content=\"Circular Initiatives in Extremadura: Training for the sustainable present - Fundaci\u00f3n Biodiversidad\" \/>\n<meta property=\"og:description\" content=\"It is a training programme designed to train unemployed and intrapreneurs in rural areas of Extremadura, providing them with tools and knowledge in the circular [&hellip;]\" \/>\n<meta property=\"og:url\" content=\"https:\/\/fundacion-biodiversidad.es\/en\/programa_empleaverde\/circular-initiatives-in-extremadura-training-for-the-sustainable-present\/\" \/>\n<meta property=\"og:site_name\" content=\"Fundaci\u00f3n Biodiversidad\" \/>\n<meta property=\"og:image\" content=\"https:\/\/fundacion-biodiversidad.es\/wp-content\/uploads\/2022\/11\/no-imagen.jpg\" \/>\n\t<meta property=\"og:image:width\" content=\"2048\" \/>\n\t<meta property=\"og:image:height\" content=\"2048\" \/>\n\t<meta property=\"og:image:type\" content=\"image\/jpeg\" \/>\n<meta name=\"twitter:card\" content=\"summary_large_image\" \/>\n<meta name=\"twitter:label1\" content=\"Est. reading time\" \/>\n\t<meta name=\"twitter:data1\" content=\"1 minute\" \/>\n<script type=\"application\/ld+json\" class=\"yoast-schema-graph\">{\"@context\":\"https:\/\/schema.org\",\"@graph\":[{\"@type\":\"WebPage\",\"@id\":\"https:\/\/fundacion-biodiversidad.es\/en\/programa_empleaverde\/circular-initiatives-in-extremadura-training-for-the-sustainable-present\/\",\"url\":\"https:\/\/fundacion-biodiversidad.es\/en\/programa_empleaverde\/circular-initiatives-in-extremadura-training-for-the-sustainable-present\/\",\"name\":\"Circular Initiatives in Extremadura: Training for the sustainable present - Fundaci\u00f3n Biodiversidad\",\"isPartOf\":{\"@id\":\"https:\/\/fundacion-biodiversidad.es\/en\/#website\"},\"primaryImageOfPage\":{\"@id\":\"https:\/\/fundacion-biodiversidad.es\/en\/programa_empleaverde\/circular-initiatives-in-extremadura-training-for-the-sustainable-present\/#primaryimage\"},\"image\":{\"@id\":\"https:\/\/fundacion-biodiversidad.es\/en\/programa_empleaverde\/circular-initiatives-in-extremadura-training-for-the-sustainable-present\/#primaryimage\"},\"thumbnailUrl\":\"https:\/\/fundacion-biodiversidad.es\/wp-content\/uploads\/2022\/11\/no-imagen.jpg\",\"datePublished\":\"2025-03-27T11:02:51+00:00\",\"breadcrumb\":{\"@id\":\"https:\/\/fundacion-biodiversidad.es\/en\/programa_empleaverde\/circular-initiatives-in-extremadura-training-for-the-sustainable-present\/#breadcrumb\"},\"inLanguage\":\"en-US\",\"potentialAction\":[{\"@type\":\"ReadAction\",\"target\":[\"https:\/\/fundacion-biodiversidad.es\/en\/programa_empleaverde\/circular-initiatives-in-extremadura-training-for-the-sustainable-present\/\"]}]},{\"@type\":\"ImageObject\",\"inLanguage\":\"en-US\",\"@id\":\"https:\/\/fundacion-biodiversidad.es\/en\/programa_empleaverde\/circular-initiatives-in-extremadura-training-for-the-sustainable-present\/#primaryimage\",\"url\":\"https:\/\/fundacion-biodiversidad.es\/wp-content\/uploads\/2022\/11\/no-imagen.jpg\",\"contentUrl\":\"https:\/\/fundacion-biodiversidad.es\/wp-content\/uploads\/2022\/11\/no-imagen.jpg\",\"width\":2048,\"height\":2048,\"caption\":\"Formaci\u00f3n en medio ambiente natural\"},{\"@type\":\"BreadcrumbList\",\"@id\":\"https:\/\/fundacion-biodiversidad.es\/en\/programa_empleaverde\/circular-initiatives-in-extremadura-training-for-the-sustainable-present\/#breadcrumb\",\"itemListElement\":[{\"@type\":\"ListItem\",\"position\":1,\"name\":\"Portada\",\"item\":\"https:\/\/fundacion-biodiversidad.es\/en\/inicio\/\"},{\"@type\":\"ListItem\",\"position\":2,\"name\":\"Programa empleaverde\",\"item\":\"https:\/\/fundacion-biodiversidad.es\/en\/programa_empleaverde\/\"},{\"@type\":\"ListItem\",\"position\":3,\"name\":\"Circular Initiatives in Extremadura: Training for the sustainable present\"}]},{\"@type\":\"WebSite\",\"@id\":\"https:\/\/fundacion-biodiversidad.es\/en\/#website\",\"url\":\"https:\/\/fundacion-biodiversidad.es\/en\/\",\"name\":\"Fundaci\u00f3n Biodiversidad\",\"description\":\"Fundaci\u00f3n p\u00fablica adscrita al Ministerio para la Transici\u00f3n Ecol\u00f3gica\",\"potentialAction\":[{\"@type\":\"SearchAction\",\"target\":{\"@type\":\"EntryPoint\",\"urlTemplate\":\"https:\/\/fundacion-biodiversidad.es\/en\/?s={search_term_string}\"},\"query-input\":{\"@type\":\"PropertyValueSpecification\",\"valueRequired\":true,\"valueName\":\"search_term_string\"}}],\"inLanguage\":\"en-US\"}]}<\/script>\n<!-- \/ Yoast SEO plugin. -->","yoast_head_json":{"title":"Circular Initiatives in Extremadura: Training for the sustainable present - Fundaci\u00f3n Biodiversidad","robots":{"index":"index","follow":"follow","max-snippet":"max-snippet:-1","max-image-preview":"max-image-preview:large","max-video-preview":"max-video-preview:-1"},"canonical":"https:\/\/fundacion-biodiversidad.es\/en\/programa_empleaverde\/circular-initiatives-in-extremadura-training-for-the-sustainable-present\/","og_locale":"en_US","og_type":"article","og_title":"Circular Initiatives in Extremadura: Training for the sustainable present - Fundaci\u00f3n Biodiversidad","og_description":"It is a training programme designed to train unemployed and intrapreneurs in rural areas of Extremadura, providing them with tools and knowledge in the circular [&hellip;]","og_url":"https:\/\/fundacion-biodiversidad.es\/en\/programa_empleaverde\/circular-initiatives-in-extremadura-training-for-the-sustainable-present\/","og_site_name":"Fundaci\u00f3n Biodiversidad","og_image":[{"width":2048,"height":2048,"url":"https:\/\/fundacion-biodiversidad.es\/wp-content\/uploads\/2022\/11\/no-imagen.jpg","type":"image\/jpeg"}],"twitter_card":"summary_large_image","twitter_misc":{"Est. reading time":"1 minute"},"schema":{"@context":"https:\/\/schema.org","@graph":[{"@type":"WebPage","@id":"https:\/\/fundacion-biodiversidad.es\/en\/programa_empleaverde\/circular-initiatives-in-extremadura-training-for-the-sustainable-present\/","url":"https:\/\/fundacion-biodiversidad.es\/en\/programa_empleaverde\/circular-initiatives-in-extremadura-training-for-the-sustainable-present\/","name":"Circular Initiatives in Extremadura: Training for the sustainable present - Fundaci\u00f3n Biodiversidad","isPartOf":{"@id":"https:\/\/fundacion-biodiversidad.es\/en\/#website"},"primaryImageOfPage":{"@id":"https:\/\/fundacion-biodiversidad.es\/en\/programa_empleaverde\/circular-initiatives-in-extremadura-training-for-the-sustainable-present\/#primaryimage"},"image":{"@id":"https:\/\/fundacion-biodiversidad.es\/en\/programa_empleaverde\/circular-initiatives-in-extremadura-training-for-the-sustainable-present\/#primaryimage"},"thumbnailUrl":"https:\/\/fundacion-biodiversidad.es\/wp-content\/uploads\/2022\/11\/no-imagen.jpg","datePublished":"2025-03-27T11:02:51+00:00","breadcrumb":{"@id":"https:\/\/fundacion-biodiversidad.es\/en\/programa_empleaverde\/circular-initiatives-in-extremadura-training-for-the-sustainable-present\/#breadcrumb"},"inLanguage":"en-US","potentialAction":[{"@type":"ReadAction","target":["https:\/\/fundacion-biodiversidad.es\/en\/programa_empleaverde\/circular-initiatives-in-extremadura-training-for-the-sustainable-present\/"]}]},{"@type":"ImageObject","inLanguage":"en-US","@id":"https:\/\/fundacion-biodiversidad.es\/en\/programa_empleaverde\/circular-initiatives-in-extremadura-training-for-the-sustainable-present\/#primaryimage","url":"https:\/\/fundacion-biodiversidad.es\/wp-content\/uploads\/2022\/11\/no-imagen.jpg","contentUrl":"https:\/\/fundacion-biodiversidad.es\/wp-content\/uploads\/2022\/11\/no-imagen.jpg","width":2048,"height":2048,"caption":"Formaci\u00f3n en medio ambiente natural"},{"@type":"BreadcrumbList","@id":"https:\/\/fundacion-biodiversidad.es\/en\/programa_empleaverde\/circular-initiatives-in-extremadura-training-for-the-sustainable-present\/#breadcrumb","itemListElement":[{"@type":"ListItem","position":1,"name":"Portada","item":"https:\/\/fundacion-biodiversidad.es\/en\/inicio\/"},{"@type":"ListItem","position":2,"name":"Programa empleaverde","item":"https:\/\/fundacion-biodiversidad.es\/en\/programa_empleaverde\/"},{"@type":"ListItem","position":3,"name":"Circular Initiatives in Extremadura: Training for the sustainable present"}]},{"@type":"WebSite","@id":"https:\/\/fundacion-biodiversidad.es\/en\/#website","url":"https:\/\/fundacion-biodiversidad.es\/en\/","name":"Fundaci\u00f3n Biodiversidad","description":"Fundaci\u00f3n p\u00fablica adscrita al Ministerio para la Transici\u00f3n Ecol\u00f3gica","potentialAction":[{"@type":"SearchAction","target":{"@type":"EntryPoint","urlTemplate":"https:\/\/fundacion-biodiversidad.es\/en\/?s={search_term_string}"},"query-input":{"@type":"PropertyValueSpecification","valueRequired":true,"valueName":"search_term_string"}}],"inLanguage":"en-US"}]}},"_links":{"self":[{"href":"https:\/\/fundacion-biodiversidad.es\/en\/wp-json\/wp\/v2\/programa_empleaverde\/97862227","targetHints":{"allow":["GET"]}}],"collection":[{"href":"https:\/\/fundacion-biodiversidad.es\/en\/wp-json\/wp\/v2\/programa_empleaverde"}],"about":[{"href":"https:\/\/fundacion-biodiversidad.es\/en\/wp-json\/wp\/v2\/types\/programa_empleaverde"}],"wp:featuredmedia":[{"embeddable":true,"href":"https:\/\/fundacion-biodiversidad.es\/en\/wp-json\/wp\/v2\/media\/22405"}],"wp:attachment":[{"href":"https:\/\/fundacion-biodiversidad.es\/en\/wp-json\/wp\/v2\/media?parent=97862227"}],"wp:term":[{"taxonomy":"financiaci_n","embeddable":true,"href":"https:\/\/fundacion-biodiversidad.es\/en\/wp-json\/wp\/v2\/financiaci_n?post=97862227"},{"taxonomy":"lineas_actuacion_tematicas","embeddable":true,"href":"https:\/\/fundacion-biodiversidad.es\/en\/wp-json\/wp\/v2\/lineas_actuacion_tematicas?post=97862227"}],"curies":[{"name":"wp","href":"https:\/\/api.w.org\/{rel}","templated":true}]}}

<p data-start="223" data-end="570">It is a <strong data-start="317" data-end="342">training programme</strong> designed <strong data-start="357" data-end="415">to train unemployed and intrapreneurs</strong> in rural areas of Extremadura, providing them with tools and knowledge in <strong data-start="495" data-end="516">the circular economy</strong> to develop <strong data-start="534" data-end="567">new circular initiatives</strong>.</p>
<p data-start="572" data-end="980">The project combines <strong data-start="592" data-end="624">theoretical and practical training</strong> with a <strong data-start="643" data-end="665">learning</strong> <em data-start="667" data-end="686">by doing</em> approach, facilitating the development <strong data-start="718" data-end="779">of new business models aligned with sustainability</strong>, as well as strengthening the skills of unemployed participants to improve their <strong data-start="890" data-end="907">employability</strong> in jobs related to the <strong data-start="948" data-end="977">green and circular economy</strong>.</p>
<p data-start="1345" data-end="1704">In addition to entrepreneurship, the programme also seeks to <strong data-start="1398" data-end="1426">improve the employability</strong> of participants in sectors linked to the <strong data-start="1485" data-end="1514">green and circular economy</strong>, providing them with the necessary skills to take advantage of job opportunities in areas such as <strong data-start="1617" data-end="1701">waste management, renewable energies, eco-innovation or sustainable production</strong>.</p>
<p data-start="1706" data-end="1948">The project has a <strong data-start="1728" data-end="1752">duration of 24 months</strong> and will be carried out in <strong data-start="1776" data-end="1823">various rural areas of Badajoz and Cáceres</strong>, contributing to <strong data-start="1842" data-end="1885">the development of the local business fabric</strong> and promoting <strong data-start="1902" data-end="1945">economic dynamism in the territory</strong>.</p>
<p data-start="1950" data-end="2139">This project is co-financed by the ESF+ through the Empleaverde+ Programme of the Biodiversity Foundation of the Ministry for the Ecological Transition and the Demographic Challenge.</p>

<!-- This site is optimized with the Yoast SEO plugin v26.9 - https://yoast.com/product/yoast-seo-wordpress/ -->
<title>Circular Initiatives in Extremadura: Training for the sustainable present - Fundación Biodiversidad</title>
<meta name="robots" content="index, follow, max-snippet:-1, max-image-preview:large, max-video-preview:-1" />
<link rel="canonical" href="https://fundacion-biodiversidad.es/en/programa_empleaverde/circular-initiatives-in-extremadura-training-for-the-sustainable-present/" />
<meta property="og:locale" content="en_US" />
<meta property="og:type" content="article" />
<meta property="og:title" content="Circular Initiatives in Extremadura: Training for the sustainable present - Fundación Biodiversidad" />
<meta property="og:description" content="It is a training programme designed to train unemployed and intrapreneurs in rural areas of Extremadura, providing them with tools and knowledge in the circular [&hellip;]" />
<meta property="og:url" content="https://fundacion-biodiversidad.es/en/programa_empleaverde/circular-initiatives-in-extremadura-training-for-the-sustainable-present/" />
<meta property="og:site_name" content="Fundación Biodiversidad" />
<meta property="og:image" content="https://fundacion-biodiversidad.es/wp-content/uploads/2022/11/no-imagen.jpg" />
	<meta property="og:image:width" content="2048" />
	<meta property="og:image:height" content="2048" />
	<meta property="og:image:type" content="image/jpeg" />
<meta name="twitter:card" content="summary_large_image" />
<meta name="twitter:label1" content="Est. reading time" />
	<meta name="twitter:data1" content="1 minute" />
<script type="application/ld+json" class="yoast-schema-graph">{"@context":"https://schema.org","@graph":[{"@type":"WebPage","@id":"https://fundacion-biodiversidad.es/en/programa_empleaverde/circular-initiatives-in-extremadura-training-for-the-sustainable-present/","url":"https://fundacion-biodiversidad.es/en/programa_empleaverde/circular-initiatives-in-extremadura-training-for-the-sustainable-present/","name":"Circular Initiatives in Extremadura: Training for the sustainable present - Fundación Biodiversidad","isPartOf":{"@id":"https://fundacion-biodiversidad.es/en/#website"},"primaryImageOfPage":{"@id":"https://fundacion-biodiversidad.es/en/programa_empleaverde/circular-initiatives-in-extremadura-training-for-the-sustainable-present/#primaryimage"},"image":{"@id":"https://fundacion-biodiversidad.es/en/programa_empleaverde/circular-initiatives-in-extremadura-training-for-the-sustainable-present/#primaryimage"},"thumbnailUrl":"https://fundacion-biodiversidad.es/wp-content/uploads/2022/11/no-imagen.jpg","datePublished":"2025-03-27T11:02:51+00:00","breadcrumb":{"@id":"https://fundacion-biodiversidad.es/en/programa_empleaverde/circular-initiatives-in-extremadura-training-for-the-sustainable-present/#breadcrumb"},"inLanguage":"en-US","potentialAction":[{"@type":"ReadAction","target":["https://fundacion-biodiversidad.es/en/programa_empleaverde/circular-initiatives-in-extremadura-training-for-the-sustainable-present/"]}]},{"@type":"ImageObject","inLanguage":"en-US","@id":"https://fundacion-biodiversidad.es/en/programa_empleaverde/circular-initiatives-in-extremadura-training-for-the-sustainable-present/#primaryimage","url":"https://fundacion-biodiversidad.es/wp-content/uploads/2022/11/no-imagen.jpg","contentUrl":"https://fundacion-biodiversidad.es/wp-content/uploads/2022/11/no-imagen.jpg","width":2048,"height":2048,"caption":"Formación en medio ambiente natural"},{"@type":"BreadcrumbList","@id":"https://fundacion-biodiversidad.es/en/programa_empleaverde/circular-initiatives-in-extremadura-training-for-the-sustainable-present/#breadcrumb","itemListElement":[{"@type":"ListItem","position":1,"name":"Portada","item":"https://fundacion-biodiversidad.es/en/inicio/"},{"@type":"ListItem","position":2,"name":"Programa empleaverde","item":"https://fundacion-biodiversidad.es/en/programa_empleaverde/"},{"@type":"ListItem","position":3,"name":"Circular Initiatives in Extremadura: Training for the sustainable present"}]},{"@type":"WebSite","@id":"https://fundacion-biodiversidad.es/en/#website","url":"https://fundacion-biodiversidad.es/en/","name":"Fundación Biodiversidad","description":"Fundación pública adscrita al Ministerio para la Transición Ecológica","potentialAction":[{"@type":"SearchAction","target":{"@type":"EntryPoint","urlTemplate":"https://fundacion-biodiversidad.es/en/?s={search_term_string}"},"query-input":{"@type":"PropertyValueSpecification","valueRequired":true,"valueName":"search_term_string"}}],"inLanguage":"en-US"}]}</script>
<!-- / Yoast SEO plugin. -->

Circular Initiatives in Extremadura: Training for the sustainable present - Fundación Biodiversidad

Fundación Biodiversidad

Formación en medio ambiente natural

Fundación pública adscrita al Ministerio para la Transición Ecológica
