{"id":47371,"date":"2022-04-22T14:11:18","date_gmt":"2022-04-22T12:11:18","guid":{"rendered":"https:\/\/fundacion-biodiversidad.es\/programa_pleamar\/medpellets-status-and-dynamics-of-pellet-contamination-in-the-western-mediterranean-sea\/"},"modified":"2025-04-24T22:41:19","modified_gmt":"2025-04-24T20:41:19","slug":"medpellets-status-and-dynamics-of-pellet-contamination-in-the-western-mediterranean-sea","status":"publish","type":"programa_pleamar","link":"https:\/\/fundacion-biodiversidad.es\/en\/programa_pleamar\/medpellets-status-and-dynamics-of-pellet-contamination-in-the-western-mediterranean-sea\/","title":{"rendered":"MEDPELLETS: Status and dynamics of pellet contamination in the Western Mediterranean Sea"},"content":{"rendered":"<p style=\"text-align: justify\"><strong>Description<\/strong><\/p>\n<p style=\"text-align: justify\">MEDPELLETS is a project driven by Good Karma Projects to <strong>create a solid knowledge base about the extent and impact of plastic <em>pellet<\/em> pollution in the Western Mediterranean<\/strong>, specifically in the Levantine-Balearic marine demarcation. The project will serve as a starting point to assess the current situation and the effectiveness of the measures implemented to prevent the loss of this type of contaminants in the environment.<\/p>\n<p style=\"text-align: justify\">The MEDPELLETS project will provide relevant information to understand the status, dynamics and impact of plastic pellet emissions in the Western Mediterranean. <strong><em>Pellets<\/em> and other microplastics are a key indicator of the good environmental status of the oceans<\/strong> recognised by the European Union&#8217;s Marine Strategy Framework Directive and specifically in the D10. <strong><em>Pellets <\/em>are the largest source of primary microplastics to the environment<\/strong> and accumulate toxins that enter the food chain, affecting the fishing sector.<\/p>\n<p style=\"text-align: justify\">\n<p style=\"text-align: justify\"><a href=\"https:\/\/www.programapleamar.es\/proyectos\/medpellets-estado-y-dinamicas-de-contaminacion-por-pellets-en-el-mediterraneo-occidental\">See the project<\/a><\/p>\n","protected":false},"featured_media":43712,"parent":0,"template":"","meta":{"_acf_changed":false},"financiaci_n":[652],"lineas_actuacion_tematicas":[655],"class_list":["post-47371","programa_pleamar","type-programa_pleamar","status-publish","has-post-thumbnail","hentry","financiaci_n-fondo-europeo-maritimo-de-pesca-en","lineas_actuacion_tematicas-marine-ecosystems"],"acf":[],"yoast_head":"<!-- This site is optimized with the Yoast SEO plugin v26.9 - https:\/\/yoast.com\/product\/yoast-seo-wordpress\/ -->\n<title>MEDPELLETS: Status and dynamics of pellet contamination in the Western Mediterranean Sea - Fundaci\u00f3n Biodiversidad<\/title>\n<meta name=\"robots\" content=\"index, follow, max-snippet:-1, max-image-preview:large, max-video-preview:-1\" \/>\n<link rel=\"canonical\" href=\"https:\/\/fundacion-biodiversidad.es\/en\/programa_pleamar\/medpellets-status-and-dynamics-of-pellet-contamination-in-the-western-mediterranean-sea\/\" \/>\n<meta property=\"og:locale\" content=\"en_US\" \/>\n<meta property=\"og:type\" content=\"article\" \/>\n<meta property=\"og:title\" content=\"MEDPELLETS: Status and dynamics of pellet contamination in the Western Mediterranean Sea - Fundaci\u00f3n Biodiversidad\" \/>\n<meta property=\"og:description\" content=\"Description MEDPELLETS is a project driven by Good Karma Projects to create a solid knowledge base about the extent and impact of plastic pellet pollution [&hellip;]\" \/>\n<meta property=\"og:url\" content=\"https:\/\/fundacion-biodiversidad.es\/en\/programa_pleamar\/medpellets-status-and-dynamics-of-pellet-contamination-in-the-western-mediterranean-sea\/\" \/>\n<meta property=\"og:site_name\" content=\"Fundaci\u00f3n Biodiversidad\" \/>\n<meta property=\"article:modified_time\" content=\"2025-04-24T20:41:19+00:00\" \/>\n<meta property=\"og:image\" content=\"https:\/\/fundacion-biodiversidad.es\/wp-content\/uploads\/2022\/04\/medpellets_21.jpg\" \/>\n\t<meta property=\"og:image:width\" content=\"1200\" \/>\n\t<meta property=\"og:image:height\" content=\"685\" \/>\n\t<meta property=\"og:image:type\" content=\"image\/jpeg\" \/>\n<meta name=\"twitter:card\" content=\"summary_large_image\" \/>\n<meta name=\"twitter:label1\" content=\"Est. reading time\" \/>\n\t<meta name=\"twitter:data1\" content=\"1 minute\" \/>\n<script type=\"application\/ld+json\" class=\"yoast-schema-graph\">{\"@context\":\"https:\/\/schema.org\",\"@graph\":[{\"@type\":\"WebPage\",\"@id\":\"https:\/\/fundacion-biodiversidad.es\/en\/programa_pleamar\/medpellets-status-and-dynamics-of-pellet-contamination-in-the-western-mediterranean-sea\/\",\"url\":\"https:\/\/fundacion-biodiversidad.es\/en\/programa_pleamar\/medpellets-status-and-dynamics-of-pellet-contamination-in-the-western-mediterranean-sea\/\",\"name\":\"MEDPELLETS: Status and dynamics of pellet contamination in the Western Mediterranean Sea - Fundaci\u00f3n Biodiversidad\",\"isPartOf\":{\"@id\":\"https:\/\/fundacion-biodiversidad.es\/en\/#website\"},\"primaryImageOfPage\":{\"@id\":\"https:\/\/fundacion-biodiversidad.es\/en\/programa_pleamar\/medpellets-status-and-dynamics-of-pellet-contamination-in-the-western-mediterranean-sea\/#primaryimage\"},\"image\":{\"@id\":\"https:\/\/fundacion-biodiversidad.es\/en\/programa_pleamar\/medpellets-status-and-dynamics-of-pellet-contamination-in-the-western-mediterranean-sea\/#primaryimage\"},\"thumbnailUrl\":\"https:\/\/fundacion-biodiversidad.es\/wp-content\/uploads\/2022\/04\/medpellets_21.jpg\",\"datePublished\":\"2022-04-22T12:11:18+00:00\",\"dateModified\":\"2025-04-24T20:41:19+00:00\",\"breadcrumb\":{\"@id\":\"https:\/\/fundacion-biodiversidad.es\/en\/programa_pleamar\/medpellets-status-and-dynamics-of-pellet-contamination-in-the-western-mediterranean-sea\/#breadcrumb\"},\"inLanguage\":\"en-US\",\"potentialAction\":[{\"@type\":\"ReadAction\",\"target\":[\"https:\/\/fundacion-biodiversidad.es\/en\/programa_pleamar\/medpellets-status-and-dynamics-of-pellet-contamination-in-the-western-mediterranean-sea\/\"]}]},{\"@type\":\"ImageObject\",\"inLanguage\":\"en-US\",\"@id\":\"https:\/\/fundacion-biodiversidad.es\/en\/programa_pleamar\/medpellets-status-and-dynamics-of-pellet-contamination-in-the-western-mediterranean-sea\/#primaryimage\",\"url\":\"https:\/\/fundacion-biodiversidad.es\/wp-content\/uploads\/2022\/04\/medpellets_21.jpg\",\"contentUrl\":\"https:\/\/fundacion-biodiversidad.es\/wp-content\/uploads\/2022\/04\/medpellets_21.jpg\",\"width\":1200,\"height\":685},{\"@type\":\"BreadcrumbList\",\"@id\":\"https:\/\/fundacion-biodiversidad.es\/en\/programa_pleamar\/medpellets-status-and-dynamics-of-pellet-contamination-in-the-western-mediterranean-sea\/#breadcrumb\",\"itemListElement\":[{\"@type\":\"ListItem\",\"position\":1,\"name\":\"Portada\",\"item\":\"https:\/\/fundacion-biodiversidad.es\/en\/inicio\/\"},{\"@type\":\"ListItem\",\"position\":2,\"name\":\"Programa pleamar\",\"item\":\"https:\/\/fundacion-biodiversidad.es\/en\/programa_pleamar\/\"},{\"@type\":\"ListItem\",\"position\":3,\"name\":\"MEDPELLETS: Status and dynamics of pellet contamination in the Western Mediterranean Sea\"}]},{\"@type\":\"WebSite\",\"@id\":\"https:\/\/fundacion-biodiversidad.es\/en\/#website\",\"url\":\"https:\/\/fundacion-biodiversidad.es\/en\/\",\"name\":\"Fundaci\u00f3n Biodiversidad\",\"description\":\"Fundaci\u00f3n p\u00fablica adscrita al Ministerio para la Transici\u00f3n Ecol\u00f3gica\",\"potentialAction\":[{\"@type\":\"SearchAction\",\"target\":{\"@type\":\"EntryPoint\",\"urlTemplate\":\"https:\/\/fundacion-biodiversidad.es\/en\/?s={search_term_string}\"},\"query-input\":{\"@type\":\"PropertyValueSpecification\",\"valueRequired\":true,\"valueName\":\"search_term_string\"}}],\"inLanguage\":\"en-US\"}]}<\/script>\n<!-- \/ Yoast SEO plugin. -->","yoast_head_json":{"title":"MEDPELLETS: Status and dynamics of pellet contamination in the Western Mediterranean Sea - Fundaci\u00f3n Biodiversidad","robots":{"index":"index","follow":"follow","max-snippet":"max-snippet:-1","max-image-preview":"max-image-preview:large","max-video-preview":"max-video-preview:-1"},"canonical":"https:\/\/fundacion-biodiversidad.es\/en\/programa_pleamar\/medpellets-status-and-dynamics-of-pellet-contamination-in-the-western-mediterranean-sea\/","og_locale":"en_US","og_type":"article","og_title":"MEDPELLETS: Status and dynamics of pellet contamination in the Western Mediterranean Sea - Fundaci\u00f3n Biodiversidad","og_description":"Description MEDPELLETS is a project driven by Good Karma Projects to create a solid knowledge base about the extent and impact of plastic pellet pollution [&hellip;]","og_url":"https:\/\/fundacion-biodiversidad.es\/en\/programa_pleamar\/medpellets-status-and-dynamics-of-pellet-contamination-in-the-western-mediterranean-sea\/","og_site_name":"Fundaci\u00f3n Biodiversidad","article_modified_time":"2025-04-24T20:41:19+00:00","og_image":[{"width":1200,"height":685,"url":"https:\/\/fundacion-biodiversidad.es\/wp-content\/uploads\/2022\/04\/medpellets_21.jpg","type":"image\/jpeg"}],"twitter_card":"summary_large_image","twitter_misc":{"Est. reading time":"1 minute"},"schema":{"@context":"https:\/\/schema.org","@graph":[{"@type":"WebPage","@id":"https:\/\/fundacion-biodiversidad.es\/en\/programa_pleamar\/medpellets-status-and-dynamics-of-pellet-contamination-in-the-western-mediterranean-sea\/","url":"https:\/\/fundacion-biodiversidad.es\/en\/programa_pleamar\/medpellets-status-and-dynamics-of-pellet-contamination-in-the-western-mediterranean-sea\/","name":"MEDPELLETS: Status and dynamics of pellet contamination in the Western Mediterranean Sea - Fundaci\u00f3n Biodiversidad","isPartOf":{"@id":"https:\/\/fundacion-biodiversidad.es\/en\/#website"},"primaryImageOfPage":{"@id":"https:\/\/fundacion-biodiversidad.es\/en\/programa_pleamar\/medpellets-status-and-dynamics-of-pellet-contamination-in-the-western-mediterranean-sea\/#primaryimage"},"image":{"@id":"https:\/\/fundacion-biodiversidad.es\/en\/programa_pleamar\/medpellets-status-and-dynamics-of-pellet-contamination-in-the-western-mediterranean-sea\/#primaryimage"},"thumbnailUrl":"https:\/\/fundacion-biodiversidad.es\/wp-content\/uploads\/2022\/04\/medpellets_21.jpg","datePublished":"2022-04-22T12:11:18+00:00","dateModified":"2025-04-24T20:41:19+00:00","breadcrumb":{"@id":"https:\/\/fundacion-biodiversidad.es\/en\/programa_pleamar\/medpellets-status-and-dynamics-of-pellet-contamination-in-the-western-mediterranean-sea\/#breadcrumb"},"inLanguage":"en-US","potentialAction":[{"@type":"ReadAction","target":["https:\/\/fundacion-biodiversidad.es\/en\/programa_pleamar\/medpellets-status-and-dynamics-of-pellet-contamination-in-the-western-mediterranean-sea\/"]}]},{"@type":"ImageObject","inLanguage":"en-US","@id":"https:\/\/fundacion-biodiversidad.es\/en\/programa_pleamar\/medpellets-status-and-dynamics-of-pellet-contamination-in-the-western-mediterranean-sea\/#primaryimage","url":"https:\/\/fundacion-biodiversidad.es\/wp-content\/uploads\/2022\/04\/medpellets_21.jpg","contentUrl":"https:\/\/fundacion-biodiversidad.es\/wp-content\/uploads\/2022\/04\/medpellets_21.jpg","width":1200,"height":685},{"@type":"BreadcrumbList","@id":"https:\/\/fundacion-biodiversidad.es\/en\/programa_pleamar\/medpellets-status-and-dynamics-of-pellet-contamination-in-the-western-mediterranean-sea\/#breadcrumb","itemListElement":[{"@type":"ListItem","position":1,"name":"Portada","item":"https:\/\/fundacion-biodiversidad.es\/en\/inicio\/"},{"@type":"ListItem","position":2,"name":"Programa pleamar","item":"https:\/\/fundacion-biodiversidad.es\/en\/programa_pleamar\/"},{"@type":"ListItem","position":3,"name":"MEDPELLETS: Status and dynamics of pellet contamination in the Western Mediterranean Sea"}]},{"@type":"WebSite","@id":"https:\/\/fundacion-biodiversidad.es\/en\/#website","url":"https:\/\/fundacion-biodiversidad.es\/en\/","name":"Fundaci\u00f3n Biodiversidad","description":"Fundaci\u00f3n p\u00fablica adscrita al Ministerio para la Transici\u00f3n Ecol\u00f3gica","potentialAction":[{"@type":"SearchAction","target":{"@type":"EntryPoint","urlTemplate":"https:\/\/fundacion-biodiversidad.es\/en\/?s={search_term_string}"},"query-input":{"@type":"PropertyValueSpecification","valueRequired":true,"valueName":"search_term_string"}}],"inLanguage":"en-US"}]}},"_links":{"self":[{"href":"https:\/\/fundacion-biodiversidad.es\/en\/wp-json\/wp\/v2\/programa_pleamar\/47371","targetHints":{"allow":["GET"]}}],"collection":[{"href":"https:\/\/fundacion-biodiversidad.es\/en\/wp-json\/wp\/v2\/programa_pleamar"}],"about":[{"href":"https:\/\/fundacion-biodiversidad.es\/en\/wp-json\/wp\/v2\/types\/programa_pleamar"}],"wp:featuredmedia":[{"embeddable":true,"href":"https:\/\/fundacion-biodiversidad.es\/en\/wp-json\/wp\/v2\/media\/43712"}],"wp:attachment":[{"href":"https:\/\/fundacion-biodiversidad.es\/en\/wp-json\/wp\/v2\/media?parent=47371"}],"wp:term":[{"taxonomy":"financiaci_n","embeddable":true,"href":"https:\/\/fundacion-biodiversidad.es\/en\/wp-json\/wp\/v2\/financiaci_n?post=47371"},{"taxonomy":"lineas_actuacion_tematicas","embeddable":true,"href":"https:\/\/fundacion-biodiversidad.es\/en\/wp-json\/wp\/v2\/lineas_actuacion_tematicas?post=47371"}],"curies":[{"name":"wp","href":"https:\/\/api.w.org\/{rel}","templated":true}]}}

<!-- This site is optimized with the Yoast SEO plugin v26.9 - https://yoast.com/product/yoast-seo-wordpress/ -->
<title>MEDPELLETS: Status and dynamics of pellet contamination in the Western Mediterranean Sea - Fundación Biodiversidad</title>
<meta name="robots" content="index, follow, max-snippet:-1, max-image-preview:large, max-video-preview:-1" />
<link rel="canonical" href="https://fundacion-biodiversidad.es/en/programa_pleamar/medpellets-status-and-dynamics-of-pellet-contamination-in-the-western-mediterranean-sea/" />
<meta property="og:locale" content="en_US" />
<meta property="og:type" content="article" />
<meta property="og:title" content="MEDPELLETS: Status and dynamics of pellet contamination in the Western Mediterranean Sea - Fundación Biodiversidad" />
<meta property="og:description" content="Description MEDPELLETS is a project driven by Good Karma Projects to create a solid knowledge base about the extent and impact of plastic pellet pollution [&hellip;]" />
<meta property="og:url" content="https://fundacion-biodiversidad.es/en/programa_pleamar/medpellets-status-and-dynamics-of-pellet-contamination-in-the-western-mediterranean-sea/" />
<meta property="og:site_name" content="Fundación Biodiversidad" />
<meta property="article:modified_time" content="2025-04-24T20:41:19+00:00" />
<meta property="og:image" content="https://fundacion-biodiversidad.es/wp-content/uploads/2022/04/medpellets_21.jpg" />
	<meta property="og:image:width" content="1200" />
	<meta property="og:image:height" content="685" />
	<meta property="og:image:type" content="image/jpeg" />
<meta name="twitter:card" content="summary_large_image" />
<meta name="twitter:label1" content="Est. reading time" />
	<meta name="twitter:data1" content="1 minute" />
<script type="application/ld+json" class="yoast-schema-graph">{"@context":"https://schema.org","@graph":[{"@type":"WebPage","@id":"https://fundacion-biodiversidad.es/en/programa_pleamar/medpellets-status-and-dynamics-of-pellet-contamination-in-the-western-mediterranean-sea/","url":"https://fundacion-biodiversidad.es/en/programa_pleamar/medpellets-status-and-dynamics-of-pellet-contamination-in-the-western-mediterranean-sea/","name":"MEDPELLETS: Status and dynamics of pellet contamination in the Western Mediterranean Sea - Fundación Biodiversidad","isPartOf":{"@id":"https://fundacion-biodiversidad.es/en/#website"},"primaryImageOfPage":{"@id":"https://fundacion-biodiversidad.es/en/programa_pleamar/medpellets-status-and-dynamics-of-pellet-contamination-in-the-western-mediterranean-sea/#primaryimage"},"image":{"@id":"https://fundacion-biodiversidad.es/en/programa_pleamar/medpellets-status-and-dynamics-of-pellet-contamination-in-the-western-mediterranean-sea/#primaryimage"},"thumbnailUrl":"https://fundacion-biodiversidad.es/wp-content/uploads/2022/04/medpellets_21.jpg","datePublished":"2022-04-22T12:11:18+00:00","dateModified":"2025-04-24T20:41:19+00:00","breadcrumb":{"@id":"https://fundacion-biodiversidad.es/en/programa_pleamar/medpellets-status-and-dynamics-of-pellet-contamination-in-the-western-mediterranean-sea/#breadcrumb"},"inLanguage":"en-US","potentialAction":[{"@type":"ReadAction","target":["https://fundacion-biodiversidad.es/en/programa_pleamar/medpellets-status-and-dynamics-of-pellet-contamination-in-the-western-mediterranean-sea/"]}]},{"@type":"ImageObject","inLanguage":"en-US","@id":"https://fundacion-biodiversidad.es/en/programa_pleamar/medpellets-status-and-dynamics-of-pellet-contamination-in-the-western-mediterranean-sea/#primaryimage","url":"https://fundacion-biodiversidad.es/wp-content/uploads/2022/04/medpellets_21.jpg","contentUrl":"https://fundacion-biodiversidad.es/wp-content/uploads/2022/04/medpellets_21.jpg","width":1200,"height":685},{"@type":"BreadcrumbList","@id":"https://fundacion-biodiversidad.es/en/programa_pleamar/medpellets-status-and-dynamics-of-pellet-contamination-in-the-western-mediterranean-sea/#breadcrumb","itemListElement":[{"@type":"ListItem","position":1,"name":"Portada","item":"https://fundacion-biodiversidad.es/en/inicio/"},{"@type":"ListItem","position":2,"name":"Programa pleamar","item":"https://fundacion-biodiversidad.es/en/programa_pleamar/"},{"@type":"ListItem","position":3,"name":"MEDPELLETS: Status and dynamics of pellet contamination in the Western Mediterranean Sea"}]},{"@type":"WebSite","@id":"https://fundacion-biodiversidad.es/en/#website","url":"https://fundacion-biodiversidad.es/en/","name":"Fundación Biodiversidad","description":"Fundación pública adscrita al Ministerio para la Transición Ecológica","potentialAction":[{"@type":"SearchAction","target":{"@type":"EntryPoint","urlTemplate":"https://fundacion-biodiversidad.es/en/?s={search_term_string}"},"query-input":{"@type":"PropertyValueSpecification","valueRequired":true,"valueName":"search_term_string"}}],"inLanguage":"en-US"}]}</script>
<!-- / Yoast SEO plugin. -->

MEDPELLETS: Status and dynamics of pellet contamination in the Western Mediterranean Sea - Fundación Biodiversidad

Fundación Biodiversidad

Fundación pública adscrita al Ministerio para la Transición Ecológica
