{"id":47374,"date":"2022-03-24T10:16:46","date_gmt":"2022-03-24T09:16:46","guid":{"rendered":"https:\/\/fundacion-biodiversidad.es\/programa_pleamar\/mardevidas2-ecosocial-awareness-and-sustainability-program-for-the-sea\/"},"modified":"2025-04-24T22:41:22","modified_gmt":"2025-04-24T20:41:22","slug":"mardevidas2-ecosocial-awareness-and-sustainability-program-for-the-sea","status":"publish","type":"programa_pleamar","link":"https:\/\/fundacion-biodiversidad.es\/en\/programa_pleamar\/mardevidas2-ecosocial-awareness-and-sustainability-program-for-the-sea\/","title":{"rendered":"MARDEVIDAS2: Ecosocial awareness and sustainability program for the sea"},"content":{"rendered":"<p style=\"text-align: justify\">\n            <strong>Description<\/strong>\n          <\/p>\n<p style=\"text-align: justify\">The project seeks to raise public awareness of the importance of protecting and recovering marine biodiversity through the <strong>promotion of sustainable fishing<\/strong>. In order to achieve this, ecosocial aspects related to the conservation of fishing activities that contribute to the fulfillment of the objectives of the CFP (Common Fisheries Policy) have been taken into account.<\/p>\n<p style=\"text-align: justify\">A <strong>programme of conferences and workshops will be launched to promote the exchange of experiences on the sustainability of the sea<\/strong>. These will be focused on the development and implementation of marine strategies to improve the quality of the sea trades, the protection and improvement of artisanal fishing and its survival over time, while contributing to a good environmental status. The contribution of the Spanish fishing sector to the achievement of the Sustainable Development Goals and the actions and results of the project will also be communicated to society as a whole.<\/p>\n<p style=\"text-align: justify\">\n            <a href=\"https:\/\/www.programapleamar.es\/proyectos\/mardevidas2-programa-de-sensibilizacion-ecosocial-y-de-sostenibilidad-del-mar\">See the project<\/a>\n          <\/p>\n","protected":false},"featured_media":43706,"parent":0,"template":"","meta":{"_acf_changed":false},"financiaci_n":[652],"lineas_actuacion_tematicas":[655],"class_list":["post-47374","programa_pleamar","type-programa_pleamar","status-publish","has-post-thumbnail","hentry","financiaci_n-fondo-europeo-maritimo-de-pesca-en","lineas_actuacion_tematicas-marine-ecosystems"],"acf":[],"yoast_head":"<!-- This site is optimized with the Yoast SEO plugin v26.9 - https:\/\/yoast.com\/product\/yoast-seo-wordpress\/ -->\n<title>MARDEVIDAS2: Ecosocial awareness and sustainability program for the sea - Fundaci\u00f3n Biodiversidad<\/title>\n<meta name=\"robots\" content=\"index, follow, max-snippet:-1, max-image-preview:large, max-video-preview:-1\" \/>\n<link rel=\"canonical\" href=\"https:\/\/fundacion-biodiversidad.es\/en\/programa_pleamar\/mardevidas2-ecosocial-awareness-and-sustainability-program-for-the-sea\/\" \/>\n<meta property=\"og:locale\" content=\"en_US\" \/>\n<meta property=\"og:type\" content=\"article\" \/>\n<meta property=\"og:title\" content=\"MARDEVIDAS2: Ecosocial awareness and sustainability program for the sea - Fundaci\u00f3n Biodiversidad\" \/>\n<meta property=\"og:description\" content=\"Description The project seeks to raise public awareness of the importance of protecting and recovering marine biodiversity through the promotion of sustainable fishing. In order [&hellip;]\" \/>\n<meta property=\"og:url\" content=\"https:\/\/fundacion-biodiversidad.es\/en\/programa_pleamar\/mardevidas2-ecosocial-awareness-and-sustainability-program-for-the-sea\/\" \/>\n<meta property=\"og:site_name\" content=\"Fundaci\u00f3n Biodiversidad\" \/>\n<meta property=\"article:modified_time\" content=\"2025-04-24T20:41:22+00:00\" \/>\n<meta property=\"og:image\" content=\"https:\/\/fundacion-biodiversidad.es\/wp-content\/uploads\/2022\/03\/mardevidas2_21.jpg\" \/>\n\t<meta property=\"og:image:width\" content=\"1200\" \/>\n\t<meta property=\"og:image:height\" content=\"685\" \/>\n\t<meta property=\"og:image:type\" content=\"image\/jpeg\" \/>\n<meta name=\"twitter:card\" content=\"summary_large_image\" \/>\n<meta name=\"twitter:label1\" content=\"Est. reading time\" \/>\n\t<meta name=\"twitter:data1\" content=\"1 minute\" \/>\n<script type=\"application\/ld+json\" class=\"yoast-schema-graph\">{\"@context\":\"https:\/\/schema.org\",\"@graph\":[{\"@type\":\"WebPage\",\"@id\":\"https:\/\/fundacion-biodiversidad.es\/en\/programa_pleamar\/mardevidas2-ecosocial-awareness-and-sustainability-program-for-the-sea\/\",\"url\":\"https:\/\/fundacion-biodiversidad.es\/en\/programa_pleamar\/mardevidas2-ecosocial-awareness-and-sustainability-program-for-the-sea\/\",\"name\":\"MARDEVIDAS2: Ecosocial awareness and sustainability program for the sea - Fundaci\u00f3n Biodiversidad\",\"isPartOf\":{\"@id\":\"https:\/\/fundacion-biodiversidad.es\/en\/#website\"},\"primaryImageOfPage\":{\"@id\":\"https:\/\/fundacion-biodiversidad.es\/en\/programa_pleamar\/mardevidas2-ecosocial-awareness-and-sustainability-program-for-the-sea\/#primaryimage\"},\"image\":{\"@id\":\"https:\/\/fundacion-biodiversidad.es\/en\/programa_pleamar\/mardevidas2-ecosocial-awareness-and-sustainability-program-for-the-sea\/#primaryimage\"},\"thumbnailUrl\":\"https:\/\/fundacion-biodiversidad.es\/wp-content\/uploads\/2022\/03\/mardevidas2_21.jpg\",\"datePublished\":\"2022-03-24T09:16:46+00:00\",\"dateModified\":\"2025-04-24T20:41:22+00:00\",\"breadcrumb\":{\"@id\":\"https:\/\/fundacion-biodiversidad.es\/en\/programa_pleamar\/mardevidas2-ecosocial-awareness-and-sustainability-program-for-the-sea\/#breadcrumb\"},\"inLanguage\":\"en-US\",\"potentialAction\":[{\"@type\":\"ReadAction\",\"target\":[\"https:\/\/fundacion-biodiversidad.es\/en\/programa_pleamar\/mardevidas2-ecosocial-awareness-and-sustainability-program-for-the-sea\/\"]}]},{\"@type\":\"ImageObject\",\"inLanguage\":\"en-US\",\"@id\":\"https:\/\/fundacion-biodiversidad.es\/en\/programa_pleamar\/mardevidas2-ecosocial-awareness-and-sustainability-program-for-the-sea\/#primaryimage\",\"url\":\"https:\/\/fundacion-biodiversidad.es\/wp-content\/uploads\/2022\/03\/mardevidas2_21.jpg\",\"contentUrl\":\"https:\/\/fundacion-biodiversidad.es\/wp-content\/uploads\/2022\/03\/mardevidas2_21.jpg\",\"width\":1200,\"height\":685},{\"@type\":\"BreadcrumbList\",\"@id\":\"https:\/\/fundacion-biodiversidad.es\/en\/programa_pleamar\/mardevidas2-ecosocial-awareness-and-sustainability-program-for-the-sea\/#breadcrumb\",\"itemListElement\":[{\"@type\":\"ListItem\",\"position\":1,\"name\":\"Portada\",\"item\":\"https:\/\/fundacion-biodiversidad.es\/en\/inicio\/\"},{\"@type\":\"ListItem\",\"position\":2,\"name\":\"Programa pleamar\",\"item\":\"https:\/\/fundacion-biodiversidad.es\/en\/programa_pleamar\/\"},{\"@type\":\"ListItem\",\"position\":3,\"name\":\"MARDEVIDAS2: Ecosocial awareness and sustainability program for the sea\"}]},{\"@type\":\"WebSite\",\"@id\":\"https:\/\/fundacion-biodiversidad.es\/en\/#website\",\"url\":\"https:\/\/fundacion-biodiversidad.es\/en\/\",\"name\":\"Fundaci\u00f3n Biodiversidad\",\"description\":\"Fundaci\u00f3n p\u00fablica adscrita al Ministerio para la Transici\u00f3n Ecol\u00f3gica\",\"potentialAction\":[{\"@type\":\"SearchAction\",\"target\":{\"@type\":\"EntryPoint\",\"urlTemplate\":\"https:\/\/fundacion-biodiversidad.es\/en\/?s={search_term_string}\"},\"query-input\":{\"@type\":\"PropertyValueSpecification\",\"valueRequired\":true,\"valueName\":\"search_term_string\"}}],\"inLanguage\":\"en-US\"}]}<\/script>\n<!-- \/ Yoast SEO plugin. -->","yoast_head_json":{"title":"MARDEVIDAS2: Ecosocial awareness and sustainability program for the sea - Fundaci\u00f3n Biodiversidad","robots":{"index":"index","follow":"follow","max-snippet":"max-snippet:-1","max-image-preview":"max-image-preview:large","max-video-preview":"max-video-preview:-1"},"canonical":"https:\/\/fundacion-biodiversidad.es\/en\/programa_pleamar\/mardevidas2-ecosocial-awareness-and-sustainability-program-for-the-sea\/","og_locale":"en_US","og_type":"article","og_title":"MARDEVIDAS2: Ecosocial awareness and sustainability program for the sea - Fundaci\u00f3n Biodiversidad","og_description":"Description The project seeks to raise public awareness of the importance of protecting and recovering marine biodiversity through the promotion of sustainable fishing. In order [&hellip;]","og_url":"https:\/\/fundacion-biodiversidad.es\/en\/programa_pleamar\/mardevidas2-ecosocial-awareness-and-sustainability-program-for-the-sea\/","og_site_name":"Fundaci\u00f3n Biodiversidad","article_modified_time":"2025-04-24T20:41:22+00:00","og_image":[{"width":1200,"height":685,"url":"https:\/\/fundacion-biodiversidad.es\/wp-content\/uploads\/2022\/03\/mardevidas2_21.jpg","type":"image\/jpeg"}],"twitter_card":"summary_large_image","twitter_misc":{"Est. reading time":"1 minute"},"schema":{"@context":"https:\/\/schema.org","@graph":[{"@type":"WebPage","@id":"https:\/\/fundacion-biodiversidad.es\/en\/programa_pleamar\/mardevidas2-ecosocial-awareness-and-sustainability-program-for-the-sea\/","url":"https:\/\/fundacion-biodiversidad.es\/en\/programa_pleamar\/mardevidas2-ecosocial-awareness-and-sustainability-program-for-the-sea\/","name":"MARDEVIDAS2: Ecosocial awareness and sustainability program for the sea - Fundaci\u00f3n Biodiversidad","isPartOf":{"@id":"https:\/\/fundacion-biodiversidad.es\/en\/#website"},"primaryImageOfPage":{"@id":"https:\/\/fundacion-biodiversidad.es\/en\/programa_pleamar\/mardevidas2-ecosocial-awareness-and-sustainability-program-for-the-sea\/#primaryimage"},"image":{"@id":"https:\/\/fundacion-biodiversidad.es\/en\/programa_pleamar\/mardevidas2-ecosocial-awareness-and-sustainability-program-for-the-sea\/#primaryimage"},"thumbnailUrl":"https:\/\/fundacion-biodiversidad.es\/wp-content\/uploads\/2022\/03\/mardevidas2_21.jpg","datePublished":"2022-03-24T09:16:46+00:00","dateModified":"2025-04-24T20:41:22+00:00","breadcrumb":{"@id":"https:\/\/fundacion-biodiversidad.es\/en\/programa_pleamar\/mardevidas2-ecosocial-awareness-and-sustainability-program-for-the-sea\/#breadcrumb"},"inLanguage":"en-US","potentialAction":[{"@type":"ReadAction","target":["https:\/\/fundacion-biodiversidad.es\/en\/programa_pleamar\/mardevidas2-ecosocial-awareness-and-sustainability-program-for-the-sea\/"]}]},{"@type":"ImageObject","inLanguage":"en-US","@id":"https:\/\/fundacion-biodiversidad.es\/en\/programa_pleamar\/mardevidas2-ecosocial-awareness-and-sustainability-program-for-the-sea\/#primaryimage","url":"https:\/\/fundacion-biodiversidad.es\/wp-content\/uploads\/2022\/03\/mardevidas2_21.jpg","contentUrl":"https:\/\/fundacion-biodiversidad.es\/wp-content\/uploads\/2022\/03\/mardevidas2_21.jpg","width":1200,"height":685},{"@type":"BreadcrumbList","@id":"https:\/\/fundacion-biodiversidad.es\/en\/programa_pleamar\/mardevidas2-ecosocial-awareness-and-sustainability-program-for-the-sea\/#breadcrumb","itemListElement":[{"@type":"ListItem","position":1,"name":"Portada","item":"https:\/\/fundacion-biodiversidad.es\/en\/inicio\/"},{"@type":"ListItem","position":2,"name":"Programa pleamar","item":"https:\/\/fundacion-biodiversidad.es\/en\/programa_pleamar\/"},{"@type":"ListItem","position":3,"name":"MARDEVIDAS2: Ecosocial awareness and sustainability program for the sea"}]},{"@type":"WebSite","@id":"https:\/\/fundacion-biodiversidad.es\/en\/#website","url":"https:\/\/fundacion-biodiversidad.es\/en\/","name":"Fundaci\u00f3n Biodiversidad","description":"Fundaci\u00f3n p\u00fablica adscrita al Ministerio para la Transici\u00f3n Ecol\u00f3gica","potentialAction":[{"@type":"SearchAction","target":{"@type":"EntryPoint","urlTemplate":"https:\/\/fundacion-biodiversidad.es\/en\/?s={search_term_string}"},"query-input":{"@type":"PropertyValueSpecification","valueRequired":true,"valueName":"search_term_string"}}],"inLanguage":"en-US"}]}},"_links":{"self":[{"href":"https:\/\/fundacion-biodiversidad.es\/en\/wp-json\/wp\/v2\/programa_pleamar\/47374","targetHints":{"allow":["GET"]}}],"collection":[{"href":"https:\/\/fundacion-biodiversidad.es\/en\/wp-json\/wp\/v2\/programa_pleamar"}],"about":[{"href":"https:\/\/fundacion-biodiversidad.es\/en\/wp-json\/wp\/v2\/types\/programa_pleamar"}],"wp:featuredmedia":[{"embeddable":true,"href":"https:\/\/fundacion-biodiversidad.es\/en\/wp-json\/wp\/v2\/media\/43706"}],"wp:attachment":[{"href":"https:\/\/fundacion-biodiversidad.es\/en\/wp-json\/wp\/v2\/media?parent=47374"}],"wp:term":[{"taxonomy":"financiaci_n","embeddable":true,"href":"https:\/\/fundacion-biodiversidad.es\/en\/wp-json\/wp\/v2\/financiaci_n?post=47374"},{"taxonomy":"lineas_actuacion_tematicas","embeddable":true,"href":"https:\/\/fundacion-biodiversidad.es\/en\/wp-json\/wp\/v2\/lineas_actuacion_tematicas?post=47374"}],"curies":[{"name":"wp","href":"https:\/\/api.w.org\/{rel}","templated":true}]}}

<!-- This site is optimized with the Yoast SEO plugin v26.9 - https://yoast.com/product/yoast-seo-wordpress/ -->
<title>MARDEVIDAS2: Ecosocial awareness and sustainability program for the sea - Fundación Biodiversidad</title>
<meta name="robots" content="index, follow, max-snippet:-1, max-image-preview:large, max-video-preview:-1" />
<link rel="canonical" href="https://fundacion-biodiversidad.es/en/programa_pleamar/mardevidas2-ecosocial-awareness-and-sustainability-program-for-the-sea/" />
<meta property="og:locale" content="en_US" />
<meta property="og:type" content="article" />
<meta property="og:title" content="MARDEVIDAS2: Ecosocial awareness and sustainability program for the sea - Fundación Biodiversidad" />
<meta property="og:description" content="Description The project seeks to raise public awareness of the importance of protecting and recovering marine biodiversity through the promotion of sustainable fishing. In order [&hellip;]" />
<meta property="og:url" content="https://fundacion-biodiversidad.es/en/programa_pleamar/mardevidas2-ecosocial-awareness-and-sustainability-program-for-the-sea/" />
<meta property="og:site_name" content="Fundación Biodiversidad" />
<meta property="article:modified_time" content="2025-04-24T20:41:22+00:00" />
<meta property="og:image" content="https://fundacion-biodiversidad.es/wp-content/uploads/2022/03/mardevidas2_21.jpg" />
	<meta property="og:image:width" content="1200" />
	<meta property="og:image:height" content="685" />
	<meta property="og:image:type" content="image/jpeg" />
<meta name="twitter:card" content="summary_large_image" />
<meta name="twitter:label1" content="Est. reading time" />
	<meta name="twitter:data1" content="1 minute" />
<script type="application/ld+json" class="yoast-schema-graph">{"@context":"https://schema.org","@graph":[{"@type":"WebPage","@id":"https://fundacion-biodiversidad.es/en/programa_pleamar/mardevidas2-ecosocial-awareness-and-sustainability-program-for-the-sea/","url":"https://fundacion-biodiversidad.es/en/programa_pleamar/mardevidas2-ecosocial-awareness-and-sustainability-program-for-the-sea/","name":"MARDEVIDAS2: Ecosocial awareness and sustainability program for the sea - Fundación Biodiversidad","isPartOf":{"@id":"https://fundacion-biodiversidad.es/en/#website"},"primaryImageOfPage":{"@id":"https://fundacion-biodiversidad.es/en/programa_pleamar/mardevidas2-ecosocial-awareness-and-sustainability-program-for-the-sea/#primaryimage"},"image":{"@id":"https://fundacion-biodiversidad.es/en/programa_pleamar/mardevidas2-ecosocial-awareness-and-sustainability-program-for-the-sea/#primaryimage"},"thumbnailUrl":"https://fundacion-biodiversidad.es/wp-content/uploads/2022/03/mardevidas2_21.jpg","datePublished":"2022-03-24T09:16:46+00:00","dateModified":"2025-04-24T20:41:22+00:00","breadcrumb":{"@id":"https://fundacion-biodiversidad.es/en/programa_pleamar/mardevidas2-ecosocial-awareness-and-sustainability-program-for-the-sea/#breadcrumb"},"inLanguage":"en-US","potentialAction":[{"@type":"ReadAction","target":["https://fundacion-biodiversidad.es/en/programa_pleamar/mardevidas2-ecosocial-awareness-and-sustainability-program-for-the-sea/"]}]},{"@type":"ImageObject","inLanguage":"en-US","@id":"https://fundacion-biodiversidad.es/en/programa_pleamar/mardevidas2-ecosocial-awareness-and-sustainability-program-for-the-sea/#primaryimage","url":"https://fundacion-biodiversidad.es/wp-content/uploads/2022/03/mardevidas2_21.jpg","contentUrl":"https://fundacion-biodiversidad.es/wp-content/uploads/2022/03/mardevidas2_21.jpg","width":1200,"height":685},{"@type":"BreadcrumbList","@id":"https://fundacion-biodiversidad.es/en/programa_pleamar/mardevidas2-ecosocial-awareness-and-sustainability-program-for-the-sea/#breadcrumb","itemListElement":[{"@type":"ListItem","position":1,"name":"Portada","item":"https://fundacion-biodiversidad.es/en/inicio/"},{"@type":"ListItem","position":2,"name":"Programa pleamar","item":"https://fundacion-biodiversidad.es/en/programa_pleamar/"},{"@type":"ListItem","position":3,"name":"MARDEVIDAS2: Ecosocial awareness and sustainability program for the sea"}]},{"@type":"WebSite","@id":"https://fundacion-biodiversidad.es/en/#website","url":"https://fundacion-biodiversidad.es/en/","name":"Fundación Biodiversidad","description":"Fundación pública adscrita al Ministerio para la Transición Ecológica","potentialAction":[{"@type":"SearchAction","target":{"@type":"EntryPoint","urlTemplate":"https://fundacion-biodiversidad.es/en/?s={search_term_string}"},"query-input":{"@type":"PropertyValueSpecification","valueRequired":true,"valueName":"search_term_string"}}],"inLanguage":"en-US"}]}</script>
<!-- / Yoast SEO plugin. -->

MARDEVIDAS2: Ecosocial awareness and sustainability program for the sea - Fundación Biodiversidad

Fundación Biodiversidad

Fundación pública adscrita al Ministerio para la Transición Ecológica
