{"id":97854840,"date":"2024-09-09T13:24:14","date_gmt":"2024-09-09T11:24:14","guid":{"rendered":"https:\/\/fundacion-biodiversidad.es\/programa_pleamar\/deep-core-project-recovery-of-reef-ecosystems-and-awareness-plan-for-the-integration-of-the-fishing-sector-in-marine-conservation\/"},"modified":"2025-04-24T13:50:49","modified_gmt":"2025-04-24T11:50:49","slug":"deep-core-project-recovery-of-reef-ecosystems-and-awareness-plan-for-the-integration-of-the-fishing-sector-in-marine-conservation","status":"publish","type":"programa_pleamar","link":"https:\/\/fundacion-biodiversidad.es\/en\/programa_pleamar\/deep-core-project-recovery-of-reef-ecosystems-and-awareness-plan-for-the-integration-of-the-fishing-sector-in-marine-conservation\/","title":{"rendered":"DEEP CORE PROJECT: Recovery of reef ecosystems and awareness plan for the integration of the fishing sector in marine conservation"},"content":{"rendered":"<p>The main objective is the <strong>restoration, conservation and surveillance of the marine areas of Granada included within the Natura 2000 Network (SAC Cliffs and seabed of Punta de la Mona, SAC Cliffs and Seabed Tesorillo-Salobre\u00f1a and Natural Area Acantilados Maro-Cerro Gordo),<\/strong> which have suffered an impact due to the accidental loss of gear derived from fishing activity.  fish and\/or mythicultural culture.<br \/>\nTo achieve this objective, an ecosystem restoration programme is proposed based on an accelerated recovery of the coral reef through actions such as shock buffering measures (waste removal, reef clean-up, integrated awareness-raising programme, involvement of the fisheries sector in marine conservation and promotion of integrated management in the area).  or new techniques for increasing resilience (such as the creation of coral nurseries and the repopulation of reefs).<\/p>\n","protected":false},"featured_media":22405,"parent":0,"template":"","meta":{"_acf_changed":false},"financiaci_n":[680],"lineas_actuacion_tematicas":[655],"class_list":["post-97854840","programa_pleamar","type-programa_pleamar","status-publish","has-post-thumbnail","hentry","financiaci_n-european-maritime-fisheries-and-aquaculture-fund","lineas_actuacion_tematicas-marine-ecosystems"],"acf":[],"yoast_head":"<!-- This site is optimized with the Yoast SEO plugin v26.9 - https:\/\/yoast.com\/product\/yoast-seo-wordpress\/ -->\n<title>DEEP CORE PROJECT: Recovery of reef ecosystems and awareness plan for the integration of the fishing sector in marine conservation - Fundaci\u00f3n Biodiversidad<\/title>\n<meta name=\"robots\" content=\"index, follow, max-snippet:-1, max-image-preview:large, max-video-preview:-1\" \/>\n<link rel=\"canonical\" href=\"https:\/\/fundacion-biodiversidad.es\/en\/programa_pleamar\/deep-core-project-recovery-of-reef-ecosystems-and-awareness-plan-for-the-integration-of-the-fishing-sector-in-marine-conservation\/\" \/>\n<meta property=\"og:locale\" content=\"en_US\" \/>\n<meta property=\"og:type\" content=\"article\" \/>\n<meta property=\"og:title\" content=\"DEEP CORE PROJECT: Recovery of reef ecosystems and awareness plan for the integration of the fishing sector in marine conservation - Fundaci\u00f3n Biodiversidad\" \/>\n<meta property=\"og:description\" content=\"The main objective is the restoration, conservation and surveillance of the marine areas of Granada included within the Natura 2000 Network (SAC Cliffs and seabed [&hellip;]\" \/>\n<meta property=\"og:url\" content=\"https:\/\/fundacion-biodiversidad.es\/en\/programa_pleamar\/deep-core-project-recovery-of-reef-ecosystems-and-awareness-plan-for-the-integration-of-the-fishing-sector-in-marine-conservation\/\" \/>\n<meta property=\"og:site_name\" content=\"Fundaci\u00f3n Biodiversidad\" \/>\n<meta property=\"article:modified_time\" content=\"2025-04-24T11:50:49+00:00\" \/>\n<meta property=\"og:image\" content=\"https:\/\/fundacion-biodiversidad.es\/wp-content\/uploads\/2022\/11\/no-imagen.jpg\" \/>\n\t<meta property=\"og:image:width\" content=\"2048\" \/>\n\t<meta property=\"og:image:height\" content=\"2048\" \/>\n\t<meta property=\"og:image:type\" content=\"image\/jpeg\" \/>\n<meta name=\"twitter:card\" content=\"summary_large_image\" \/>\n<meta name=\"twitter:label1\" content=\"Est. reading time\" \/>\n\t<meta name=\"twitter:data1\" content=\"1 minute\" \/>\n<script type=\"application\/ld+json\" class=\"yoast-schema-graph\">{\"@context\":\"https:\/\/schema.org\",\"@graph\":[{\"@type\":\"WebPage\",\"@id\":\"https:\/\/fundacion-biodiversidad.es\/en\/programa_pleamar\/deep-core-project-recovery-of-reef-ecosystems-and-awareness-plan-for-the-integration-of-the-fishing-sector-in-marine-conservation\/\",\"url\":\"https:\/\/fundacion-biodiversidad.es\/en\/programa_pleamar\/deep-core-project-recovery-of-reef-ecosystems-and-awareness-plan-for-the-integration-of-the-fishing-sector-in-marine-conservation\/\",\"name\":\"DEEP CORE PROJECT: Recovery of reef ecosystems and awareness plan for the integration of the fishing sector in marine conservation - Fundaci\u00f3n Biodiversidad\",\"isPartOf\":{\"@id\":\"https:\/\/fundacion-biodiversidad.es\/en\/#website\"},\"primaryImageOfPage\":{\"@id\":\"https:\/\/fundacion-biodiversidad.es\/en\/programa_pleamar\/deep-core-project-recovery-of-reef-ecosystems-and-awareness-plan-for-the-integration-of-the-fishing-sector-in-marine-conservation\/#primaryimage\"},\"image\":{\"@id\":\"https:\/\/fundacion-biodiversidad.es\/en\/programa_pleamar\/deep-core-project-recovery-of-reef-ecosystems-and-awareness-plan-for-the-integration-of-the-fishing-sector-in-marine-conservation\/#primaryimage\"},\"thumbnailUrl\":\"https:\/\/fundacion-biodiversidad.es\/wp-content\/uploads\/2022\/11\/no-imagen.jpg\",\"datePublished\":\"2024-09-09T11:24:14+00:00\",\"dateModified\":\"2025-04-24T11:50:49+00:00\",\"breadcrumb\":{\"@id\":\"https:\/\/fundacion-biodiversidad.es\/en\/programa_pleamar\/deep-core-project-recovery-of-reef-ecosystems-and-awareness-plan-for-the-integration-of-the-fishing-sector-in-marine-conservation\/#breadcrumb\"},\"inLanguage\":\"en-US\",\"potentialAction\":[{\"@type\":\"ReadAction\",\"target\":[\"https:\/\/fundacion-biodiversidad.es\/en\/programa_pleamar\/deep-core-project-recovery-of-reef-ecosystems-and-awareness-plan-for-the-integration-of-the-fishing-sector-in-marine-conservation\/\"]}]},{\"@type\":\"ImageObject\",\"inLanguage\":\"en-US\",\"@id\":\"https:\/\/fundacion-biodiversidad.es\/en\/programa_pleamar\/deep-core-project-recovery-of-reef-ecosystems-and-awareness-plan-for-the-integration-of-the-fishing-sector-in-marine-conservation\/#primaryimage\",\"url\":\"https:\/\/fundacion-biodiversidad.es\/wp-content\/uploads\/2022\/11\/no-imagen.jpg\",\"contentUrl\":\"https:\/\/fundacion-biodiversidad.es\/wp-content\/uploads\/2022\/11\/no-imagen.jpg\",\"width\":2048,\"height\":2048,\"caption\":\"Formaci\u00f3n en medio ambiente natural\"},{\"@type\":\"BreadcrumbList\",\"@id\":\"https:\/\/fundacion-biodiversidad.es\/en\/programa_pleamar\/deep-core-project-recovery-of-reef-ecosystems-and-awareness-plan-for-the-integration-of-the-fishing-sector-in-marine-conservation\/#breadcrumb\",\"itemListElement\":[{\"@type\":\"ListItem\",\"position\":1,\"name\":\"Portada\",\"item\":\"https:\/\/fundacion-biodiversidad.es\/en\/inicio\/\"},{\"@type\":\"ListItem\",\"position\":2,\"name\":\"Programa pleamar\",\"item\":\"https:\/\/fundacion-biodiversidad.es\/en\/programa_pleamar\/\"},{\"@type\":\"ListItem\",\"position\":3,\"name\":\"DEEP CORE PROJECT: Recovery of reef ecosystems and awareness plan for the integration of the fishing sector in marine conservation\"}]},{\"@type\":\"WebSite\",\"@id\":\"https:\/\/fundacion-biodiversidad.es\/en\/#website\",\"url\":\"https:\/\/fundacion-biodiversidad.es\/en\/\",\"name\":\"Fundaci\u00f3n Biodiversidad\",\"description\":\"Fundaci\u00f3n p\u00fablica adscrita al Ministerio para la Transici\u00f3n Ecol\u00f3gica\",\"potentialAction\":[{\"@type\":\"SearchAction\",\"target\":{\"@type\":\"EntryPoint\",\"urlTemplate\":\"https:\/\/fundacion-biodiversidad.es\/en\/?s={search_term_string}\"},\"query-input\":{\"@type\":\"PropertyValueSpecification\",\"valueRequired\":true,\"valueName\":\"search_term_string\"}}],\"inLanguage\":\"en-US\"}]}<\/script>\n<!-- \/ Yoast SEO plugin. -->","yoast_head_json":{"title":"DEEP CORE PROJECT: Recovery of reef ecosystems and awareness plan for the integration of the fishing sector in marine conservation - Fundaci\u00f3n Biodiversidad","robots":{"index":"index","follow":"follow","max-snippet":"max-snippet:-1","max-image-preview":"max-image-preview:large","max-video-preview":"max-video-preview:-1"},"canonical":"https:\/\/fundacion-biodiversidad.es\/en\/programa_pleamar\/deep-core-project-recovery-of-reef-ecosystems-and-awareness-plan-for-the-integration-of-the-fishing-sector-in-marine-conservation\/","og_locale":"en_US","og_type":"article","og_title":"DEEP CORE PROJECT: Recovery of reef ecosystems and awareness plan for the integration of the fishing sector in marine conservation - Fundaci\u00f3n Biodiversidad","og_description":"The main objective is the restoration, conservation and surveillance of the marine areas of Granada included within the Natura 2000 Network (SAC Cliffs and seabed [&hellip;]","og_url":"https:\/\/fundacion-biodiversidad.es\/en\/programa_pleamar\/deep-core-project-recovery-of-reef-ecosystems-and-awareness-plan-for-the-integration-of-the-fishing-sector-in-marine-conservation\/","og_site_name":"Fundaci\u00f3n Biodiversidad","article_modified_time":"2025-04-24T11:50:49+00:00","og_image":[{"width":2048,"height":2048,"url":"https:\/\/fundacion-biodiversidad.es\/wp-content\/uploads\/2022\/11\/no-imagen.jpg","type":"image\/jpeg"}],"twitter_card":"summary_large_image","twitter_misc":{"Est. reading time":"1 minute"},"schema":{"@context":"https:\/\/schema.org","@graph":[{"@type":"WebPage","@id":"https:\/\/fundacion-biodiversidad.es\/en\/programa_pleamar\/deep-core-project-recovery-of-reef-ecosystems-and-awareness-plan-for-the-integration-of-the-fishing-sector-in-marine-conservation\/","url":"https:\/\/fundacion-biodiversidad.es\/en\/programa_pleamar\/deep-core-project-recovery-of-reef-ecosystems-and-awareness-plan-for-the-integration-of-the-fishing-sector-in-marine-conservation\/","name":"DEEP CORE PROJECT: Recovery of reef ecosystems and awareness plan for the integration of the fishing sector in marine conservation - Fundaci\u00f3n Biodiversidad","isPartOf":{"@id":"https:\/\/fundacion-biodiversidad.es\/en\/#website"},"primaryImageOfPage":{"@id":"https:\/\/fundacion-biodiversidad.es\/en\/programa_pleamar\/deep-core-project-recovery-of-reef-ecosystems-and-awareness-plan-for-the-integration-of-the-fishing-sector-in-marine-conservation\/#primaryimage"},"image":{"@id":"https:\/\/fundacion-biodiversidad.es\/en\/programa_pleamar\/deep-core-project-recovery-of-reef-ecosystems-and-awareness-plan-for-the-integration-of-the-fishing-sector-in-marine-conservation\/#primaryimage"},"thumbnailUrl":"https:\/\/fundacion-biodiversidad.es\/wp-content\/uploads\/2022\/11\/no-imagen.jpg","datePublished":"2024-09-09T11:24:14+00:00","dateModified":"2025-04-24T11:50:49+00:00","breadcrumb":{"@id":"https:\/\/fundacion-biodiversidad.es\/en\/programa_pleamar\/deep-core-project-recovery-of-reef-ecosystems-and-awareness-plan-for-the-integration-of-the-fishing-sector-in-marine-conservation\/#breadcrumb"},"inLanguage":"en-US","potentialAction":[{"@type":"ReadAction","target":["https:\/\/fundacion-biodiversidad.es\/en\/programa_pleamar\/deep-core-project-recovery-of-reef-ecosystems-and-awareness-plan-for-the-integration-of-the-fishing-sector-in-marine-conservation\/"]}]},{"@type":"ImageObject","inLanguage":"en-US","@id":"https:\/\/fundacion-biodiversidad.es\/en\/programa_pleamar\/deep-core-project-recovery-of-reef-ecosystems-and-awareness-plan-for-the-integration-of-the-fishing-sector-in-marine-conservation\/#primaryimage","url":"https:\/\/fundacion-biodiversidad.es\/wp-content\/uploads\/2022\/11\/no-imagen.jpg","contentUrl":"https:\/\/fundacion-biodiversidad.es\/wp-content\/uploads\/2022\/11\/no-imagen.jpg","width":2048,"height":2048,"caption":"Formaci\u00f3n en medio ambiente natural"},{"@type":"BreadcrumbList","@id":"https:\/\/fundacion-biodiversidad.es\/en\/programa_pleamar\/deep-core-project-recovery-of-reef-ecosystems-and-awareness-plan-for-the-integration-of-the-fishing-sector-in-marine-conservation\/#breadcrumb","itemListElement":[{"@type":"ListItem","position":1,"name":"Portada","item":"https:\/\/fundacion-biodiversidad.es\/en\/inicio\/"},{"@type":"ListItem","position":2,"name":"Programa pleamar","item":"https:\/\/fundacion-biodiversidad.es\/en\/programa_pleamar\/"},{"@type":"ListItem","position":3,"name":"DEEP CORE PROJECT: Recovery of reef ecosystems and awareness plan for the integration of the fishing sector in marine conservation"}]},{"@type":"WebSite","@id":"https:\/\/fundacion-biodiversidad.es\/en\/#website","url":"https:\/\/fundacion-biodiversidad.es\/en\/","name":"Fundaci\u00f3n Biodiversidad","description":"Fundaci\u00f3n p\u00fablica adscrita al Ministerio para la Transici\u00f3n Ecol\u00f3gica","potentialAction":[{"@type":"SearchAction","target":{"@type":"EntryPoint","urlTemplate":"https:\/\/fundacion-biodiversidad.es\/en\/?s={search_term_string}"},"query-input":{"@type":"PropertyValueSpecification","valueRequired":true,"valueName":"search_term_string"}}],"inLanguage":"en-US"}]}},"_links":{"self":[{"href":"https:\/\/fundacion-biodiversidad.es\/en\/wp-json\/wp\/v2\/programa_pleamar\/97854840","targetHints":{"allow":["GET"]}}],"collection":[{"href":"https:\/\/fundacion-biodiversidad.es\/en\/wp-json\/wp\/v2\/programa_pleamar"}],"about":[{"href":"https:\/\/fundacion-biodiversidad.es\/en\/wp-json\/wp\/v2\/types\/programa_pleamar"}],"wp:featuredmedia":[{"embeddable":true,"href":"https:\/\/fundacion-biodiversidad.es\/en\/wp-json\/wp\/v2\/media\/22405"}],"wp:attachment":[{"href":"https:\/\/fundacion-biodiversidad.es\/en\/wp-json\/wp\/v2\/media?parent=97854840"}],"wp:term":[{"taxonomy":"financiaci_n","embeddable":true,"href":"https:\/\/fundacion-biodiversidad.es\/en\/wp-json\/wp\/v2\/financiaci_n?post=97854840"},{"taxonomy":"lineas_actuacion_tematicas","embeddable":true,"href":"https:\/\/fundacion-biodiversidad.es\/en\/wp-json\/wp\/v2\/lineas_actuacion_tematicas?post=97854840"}],"curies":[{"name":"wp","href":"https:\/\/api.w.org\/{rel}","templated":true}]}}

<p>The main objective is the <strong>restoration, conservation and surveillance of the marine areas of Granada included within the Natura 2000 Network (SAC Cliffs and seabed of Punta de la Mona, SAC Cliffs and Seabed Tesorillo-Salobreña and Natural Area Acantilados Maro-Cerro Gordo),</strong> which have suffered an impact due to the accidental loss of gear derived from fishing activity.  fish and/or mythicultural culture.<br />
To achieve this objective, an ecosystem restoration programme is proposed based on an accelerated recovery of the coral reef through actions such as shock buffering measures (waste removal, reef clean-up, integrated awareness-raising programme, involvement of the fisheries sector in marine conservation and promotion of integrated management in the area).  or new techniques for increasing resilience (such as the creation of coral nurseries and the repopulation of reefs).</p>

<!-- This site is optimized with the Yoast SEO plugin v26.9 - https://yoast.com/product/yoast-seo-wordpress/ -->
<title>DEEP CORE PROJECT: Recovery of reef ecosystems and awareness plan for the integration of the fishing sector in marine conservation - Fundación Biodiversidad</title>
<meta name="robots" content="index, follow, max-snippet:-1, max-image-preview:large, max-video-preview:-1" />
<link rel="canonical" href="https://fundacion-biodiversidad.es/en/programa_pleamar/deep-core-project-recovery-of-reef-ecosystems-and-awareness-plan-for-the-integration-of-the-fishing-sector-in-marine-conservation/" />
<meta property="og:locale" content="en_US" />
<meta property="og:type" content="article" />
<meta property="og:title" content="DEEP CORE PROJECT: Recovery of reef ecosystems and awareness plan for the integration of the fishing sector in marine conservation - Fundación Biodiversidad" />
<meta property="og:description" content="The main objective is the restoration, conservation and surveillance of the marine areas of Granada included within the Natura 2000 Network (SAC Cliffs and seabed [&hellip;]" />
<meta property="og:url" content="https://fundacion-biodiversidad.es/en/programa_pleamar/deep-core-project-recovery-of-reef-ecosystems-and-awareness-plan-for-the-integration-of-the-fishing-sector-in-marine-conservation/" />
<meta property="og:site_name" content="Fundación Biodiversidad" />
<meta property="article:modified_time" content="2025-04-24T11:50:49+00:00" />
<meta property="og:image" content="https://fundacion-biodiversidad.es/wp-content/uploads/2022/11/no-imagen.jpg" />
	<meta property="og:image:width" content="2048" />
	<meta property="og:image:height" content="2048" />
	<meta property="og:image:type" content="image/jpeg" />
<meta name="twitter:card" content="summary_large_image" />
<meta name="twitter:label1" content="Est. reading time" />
	<meta name="twitter:data1" content="1 minute" />
<script type="application/ld+json" class="yoast-schema-graph">{"@context":"https://schema.org","@graph":[{"@type":"WebPage","@id":"https://fundacion-biodiversidad.es/en/programa_pleamar/deep-core-project-recovery-of-reef-ecosystems-and-awareness-plan-for-the-integration-of-the-fishing-sector-in-marine-conservation/","url":"https://fundacion-biodiversidad.es/en/programa_pleamar/deep-core-project-recovery-of-reef-ecosystems-and-awareness-plan-for-the-integration-of-the-fishing-sector-in-marine-conservation/","name":"DEEP CORE PROJECT: Recovery of reef ecosystems and awareness plan for the integration of the fishing sector in marine conservation - Fundación Biodiversidad","isPartOf":{"@id":"https://fundacion-biodiversidad.es/en/#website"},"primaryImageOfPage":{"@id":"https://fundacion-biodiversidad.es/en/programa_pleamar/deep-core-project-recovery-of-reef-ecosystems-and-awareness-plan-for-the-integration-of-the-fishing-sector-in-marine-conservation/#primaryimage"},"image":{"@id":"https://fundacion-biodiversidad.es/en/programa_pleamar/deep-core-project-recovery-of-reef-ecosystems-and-awareness-plan-for-the-integration-of-the-fishing-sector-in-marine-conservation/#primaryimage"},"thumbnailUrl":"https://fundacion-biodiversidad.es/wp-content/uploads/2022/11/no-imagen.jpg","datePublished":"2024-09-09T11:24:14+00:00","dateModified":"2025-04-24T11:50:49+00:00","breadcrumb":{"@id":"https://fundacion-biodiversidad.es/en/programa_pleamar/deep-core-project-recovery-of-reef-ecosystems-and-awareness-plan-for-the-integration-of-the-fishing-sector-in-marine-conservation/#breadcrumb"},"inLanguage":"en-US","potentialAction":[{"@type":"ReadAction","target":["https://fundacion-biodiversidad.es/en/programa_pleamar/deep-core-project-recovery-of-reef-ecosystems-and-awareness-plan-for-the-integration-of-the-fishing-sector-in-marine-conservation/"]}]},{"@type":"ImageObject","inLanguage":"en-US","@id":"https://fundacion-biodiversidad.es/en/programa_pleamar/deep-core-project-recovery-of-reef-ecosystems-and-awareness-plan-for-the-integration-of-the-fishing-sector-in-marine-conservation/#primaryimage","url":"https://fundacion-biodiversidad.es/wp-content/uploads/2022/11/no-imagen.jpg","contentUrl":"https://fundacion-biodiversidad.es/wp-content/uploads/2022/11/no-imagen.jpg","width":2048,"height":2048,"caption":"Formación en medio ambiente natural"},{"@type":"BreadcrumbList","@id":"https://fundacion-biodiversidad.es/en/programa_pleamar/deep-core-project-recovery-of-reef-ecosystems-and-awareness-plan-for-the-integration-of-the-fishing-sector-in-marine-conservation/#breadcrumb","itemListElement":[{"@type":"ListItem","position":1,"name":"Portada","item":"https://fundacion-biodiversidad.es/en/inicio/"},{"@type":"ListItem","position":2,"name":"Programa pleamar","item":"https://fundacion-biodiversidad.es/en/programa_pleamar/"},{"@type":"ListItem","position":3,"name":"DEEP CORE PROJECT: Recovery of reef ecosystems and awareness plan for the integration of the fishing sector in marine conservation"}]},{"@type":"WebSite","@id":"https://fundacion-biodiversidad.es/en/#website","url":"https://fundacion-biodiversidad.es/en/","name":"Fundación Biodiversidad","description":"Fundación pública adscrita al Ministerio para la Transición Ecológica","potentialAction":[{"@type":"SearchAction","target":{"@type":"EntryPoint","urlTemplate":"https://fundacion-biodiversidad.es/en/?s={search_term_string}"},"query-input":{"@type":"PropertyValueSpecification","valueRequired":true,"valueName":"search_term_string"}}],"inLanguage":"en-US"}]}</script>
<!-- / Yoast SEO plugin. -->

DEEP CORE PROJECT: Recovery of reef ecosystems and awareness plan for the integration of the fishing sector in marine conservation - Fundación Biodiversidad

Fundación Biodiversidad

Formación en medio ambiente natural

Fundación pública adscrita al Ministerio para la Transición Ecológica
