{"id":97857015,"date":"2024-08-08T12:39:16","date_gmt":"2024-08-08T10:39:16","guid":{"rendered":"https:\/\/fundacion-biodiversidad.es\/programa_pleamar\/meso_alboran-2\/"},"modified":"2024-08-08T12:39:16","modified_gmt":"2024-08-08T10:39:16","slug":"meso_alboran-2","status":"publish","type":"programa_pleamar","link":"https:\/\/fundacion-biodiversidad.es\/en\/programa_pleamar\/meso_alboran-2\/","title":{"rendered":"MESO_Albor\u00e1n 2"},"content":{"rendered":"<p>Within the framework of the MESO_Albor\u00e1n 2 project, a biological study will be carried out on underwater geomorphological units of the Alboran Sea.<br \/>\nMainly, canyons, escarpments and other rocky reefs on which there are mesophotic communities of interest (50-200m deep), improving knowledge in conservation about these key ecosystems for the maintenance of the fish stock and populations of protected species through direct study to promote the improvement of the conservation status, the elimination of impacts and the beginning of the restoration of the fish stocks that depend on them.  as well as working with different groups and associations of the fishing sector in order to mitigate the effects of fishing on sensitive species, avoiding their accidental capture.<br \/>\nData will be collected from the fishing sector in Granada, Almeria and Ceuta in relation to main fishing grounds, main gears used and assessments of the fishing sector in relation to Global Change (GC).<br \/>\nAlso data on the geomorphology of the seabed, its hydrological and geological characteristics. <\/p>\n","protected":false},"featured_media":22405,"parent":0,"template":"","meta":{"_acf_changed":false},"financiaci_n":[680],"lineas_actuacion_tematicas":[655],"class_list":["post-97857015","programa_pleamar","type-programa_pleamar","status-publish","has-post-thumbnail","hentry","financiaci_n-european-maritime-fisheries-and-aquaculture-fund","lineas_actuacion_tematicas-marine-ecosystems"],"acf":[],"yoast_head":"<!-- This site is optimized with the Yoast SEO plugin v26.9 - https:\/\/yoast.com\/product\/yoast-seo-wordpress\/ -->\n<title>MESO_Albor\u00e1n 2 - Fundaci\u00f3n Biodiversidad<\/title>\n<meta name=\"robots\" content=\"index, follow, max-snippet:-1, max-image-preview:large, max-video-preview:-1\" \/>\n<link rel=\"canonical\" href=\"https:\/\/fundacion-biodiversidad.es\/en\/programa_pleamar\/meso_alboran-2\/\" \/>\n<meta property=\"og:locale\" content=\"en_US\" \/>\n<meta property=\"og:type\" content=\"article\" \/>\n<meta property=\"og:title\" content=\"MESO_Albor\u00e1n 2\" \/>\n<meta property=\"og:description\" content=\"Project of the Pleamar Programme, co-financed by the European Maritime Fisheries and Aquaculture Fund\" \/>\n<meta property=\"og:url\" content=\"https:\/\/fundacion-biodiversidad.es\/en\/programa_pleamar\/meso_alboran-2\/\" \/>\n<meta property=\"og:site_name\" content=\"Fundaci\u00f3n Biodiversidad\" \/>\n<meta property=\"og:image\" content=\"https:\/\/fundacion-biodiversidad.es\/wp-content\/uploads\/2024\/08\/proyecto_meso2-1024x585.jpg\" \/>\n<meta name=\"twitter:card\" content=\"summary_large_image\" \/>\n<meta name=\"twitter:label1\" content=\"Est. reading time\" \/>\n\t<meta name=\"twitter:data1\" content=\"1 minute\" \/>\n<script type=\"application\/ld+json\" class=\"yoast-schema-graph\">{\"@context\":\"https:\/\/schema.org\",\"@graph\":[{\"@type\":\"WebPage\",\"@id\":\"https:\/\/fundacion-biodiversidad.es\/en\/programa_pleamar\/meso_alboran-2\/\",\"url\":\"https:\/\/fundacion-biodiversidad.es\/en\/programa_pleamar\/meso_alboran-2\/\",\"name\":\"MESO_Albor\u00e1n 2 - Fundaci\u00f3n Biodiversidad\",\"isPartOf\":{\"@id\":\"https:\/\/fundacion-biodiversidad.es\/en\/#website\"},\"primaryImageOfPage\":{\"@id\":\"https:\/\/fundacion-biodiversidad.es\/en\/programa_pleamar\/meso_alboran-2\/#primaryimage\"},\"image\":{\"@id\":\"https:\/\/fundacion-biodiversidad.es\/en\/programa_pleamar\/meso_alboran-2\/#primaryimage\"},\"thumbnailUrl\":\"https:\/\/fundacion-biodiversidad.es\/wp-content\/uploads\/2022\/11\/no-imagen.jpg\",\"datePublished\":\"2024-08-08T10:39:16+00:00\",\"breadcrumb\":{\"@id\":\"https:\/\/fundacion-biodiversidad.es\/en\/programa_pleamar\/meso_alboran-2\/#breadcrumb\"},\"inLanguage\":\"en-US\",\"potentialAction\":[{\"@type\":\"ReadAction\",\"target\":[\"https:\/\/fundacion-biodiversidad.es\/en\/programa_pleamar\/meso_alboran-2\/\"]}]},{\"@type\":\"ImageObject\",\"inLanguage\":\"en-US\",\"@id\":\"https:\/\/fundacion-biodiversidad.es\/en\/programa_pleamar\/meso_alboran-2\/#primaryimage\",\"url\":\"https:\/\/fundacion-biodiversidad.es\/wp-content\/uploads\/2022\/11\/no-imagen.jpg\",\"contentUrl\":\"https:\/\/fundacion-biodiversidad.es\/wp-content\/uploads\/2022\/11\/no-imagen.jpg\",\"width\":2048,\"height\":2048,\"caption\":\"Formaci\u00f3n en medio ambiente natural\"},{\"@type\":\"BreadcrumbList\",\"@id\":\"https:\/\/fundacion-biodiversidad.es\/en\/programa_pleamar\/meso_alboran-2\/#breadcrumb\",\"itemListElement\":[{\"@type\":\"ListItem\",\"position\":1,\"name\":\"Portada\",\"item\":\"https:\/\/fundacion-biodiversidad.es\/en\/inicio\/\"},{\"@type\":\"ListItem\",\"position\":2,\"name\":\"Programa pleamar\",\"item\":\"https:\/\/fundacion-biodiversidad.es\/en\/programa_pleamar\/\"},{\"@type\":\"ListItem\",\"position\":3,\"name\":\"MESO_Albor\u00e1n 2\"}]},{\"@type\":\"WebSite\",\"@id\":\"https:\/\/fundacion-biodiversidad.es\/en\/#website\",\"url\":\"https:\/\/fundacion-biodiversidad.es\/en\/\",\"name\":\"Fundaci\u00f3n Biodiversidad\",\"description\":\"Fundaci\u00f3n p\u00fablica adscrita al Ministerio para la Transici\u00f3n Ecol\u00f3gica\",\"potentialAction\":[{\"@type\":\"SearchAction\",\"target\":{\"@type\":\"EntryPoint\",\"urlTemplate\":\"https:\/\/fundacion-biodiversidad.es\/en\/?s={search_term_string}\"},\"query-input\":{\"@type\":\"PropertyValueSpecification\",\"valueRequired\":true,\"valueName\":\"search_term_string\"}}],\"inLanguage\":\"en-US\"}]}<\/script>\n<!-- \/ Yoast SEO plugin. -->","yoast_head_json":{"title":"MESO_Albor\u00e1n 2 - Fundaci\u00f3n Biodiversidad","robots":{"index":"index","follow":"follow","max-snippet":"max-snippet:-1","max-image-preview":"max-image-preview:large","max-video-preview":"max-video-preview:-1"},"canonical":"https:\/\/fundacion-biodiversidad.es\/en\/programa_pleamar\/meso_alboran-2\/","og_locale":"en_US","og_type":"article","og_title":"MESO_Albor\u00e1n 2","og_description":"Project of the Pleamar Programme, co-financed by the European Maritime Fisheries and Aquaculture Fund","og_url":"https:\/\/fundacion-biodiversidad.es\/en\/programa_pleamar\/meso_alboran-2\/","og_site_name":"Fundaci\u00f3n Biodiversidad","og_image":[{"url":"https:\/\/fundacion-biodiversidad.es\/wp-content\/uploads\/2024\/08\/proyecto_meso2-1024x585.jpg","type":"","width":"","height":""}],"twitter_card":"summary_large_image","twitter_misc":{"Est. reading time":"1 minute"},"schema":{"@context":"https:\/\/schema.org","@graph":[{"@type":"WebPage","@id":"https:\/\/fundacion-biodiversidad.es\/en\/programa_pleamar\/meso_alboran-2\/","url":"https:\/\/fundacion-biodiversidad.es\/en\/programa_pleamar\/meso_alboran-2\/","name":"MESO_Albor\u00e1n 2 - Fundaci\u00f3n Biodiversidad","isPartOf":{"@id":"https:\/\/fundacion-biodiversidad.es\/en\/#website"},"primaryImageOfPage":{"@id":"https:\/\/fundacion-biodiversidad.es\/en\/programa_pleamar\/meso_alboran-2\/#primaryimage"},"image":{"@id":"https:\/\/fundacion-biodiversidad.es\/en\/programa_pleamar\/meso_alboran-2\/#primaryimage"},"thumbnailUrl":"https:\/\/fundacion-biodiversidad.es\/wp-content\/uploads\/2022\/11\/no-imagen.jpg","datePublished":"2024-08-08T10:39:16+00:00","breadcrumb":{"@id":"https:\/\/fundacion-biodiversidad.es\/en\/programa_pleamar\/meso_alboran-2\/#breadcrumb"},"inLanguage":"en-US","potentialAction":[{"@type":"ReadAction","target":["https:\/\/fundacion-biodiversidad.es\/en\/programa_pleamar\/meso_alboran-2\/"]}]},{"@type":"ImageObject","inLanguage":"en-US","@id":"https:\/\/fundacion-biodiversidad.es\/en\/programa_pleamar\/meso_alboran-2\/#primaryimage","url":"https:\/\/fundacion-biodiversidad.es\/wp-content\/uploads\/2022\/11\/no-imagen.jpg","contentUrl":"https:\/\/fundacion-biodiversidad.es\/wp-content\/uploads\/2022\/11\/no-imagen.jpg","width":2048,"height":2048,"caption":"Formaci\u00f3n en medio ambiente natural"},{"@type":"BreadcrumbList","@id":"https:\/\/fundacion-biodiversidad.es\/en\/programa_pleamar\/meso_alboran-2\/#breadcrumb","itemListElement":[{"@type":"ListItem","position":1,"name":"Portada","item":"https:\/\/fundacion-biodiversidad.es\/en\/inicio\/"},{"@type":"ListItem","position":2,"name":"Programa pleamar","item":"https:\/\/fundacion-biodiversidad.es\/en\/programa_pleamar\/"},{"@type":"ListItem","position":3,"name":"MESO_Albor\u00e1n 2"}]},{"@type":"WebSite","@id":"https:\/\/fundacion-biodiversidad.es\/en\/#website","url":"https:\/\/fundacion-biodiversidad.es\/en\/","name":"Fundaci\u00f3n Biodiversidad","description":"Fundaci\u00f3n p\u00fablica adscrita al Ministerio para la Transici\u00f3n Ecol\u00f3gica","potentialAction":[{"@type":"SearchAction","target":{"@type":"EntryPoint","urlTemplate":"https:\/\/fundacion-biodiversidad.es\/en\/?s={search_term_string}"},"query-input":{"@type":"PropertyValueSpecification","valueRequired":true,"valueName":"search_term_string"}}],"inLanguage":"en-US"}]}},"_links":{"self":[{"href":"https:\/\/fundacion-biodiversidad.es\/en\/wp-json\/wp\/v2\/programa_pleamar\/97857015","targetHints":{"allow":["GET"]}}],"collection":[{"href":"https:\/\/fundacion-biodiversidad.es\/en\/wp-json\/wp\/v2\/programa_pleamar"}],"about":[{"href":"https:\/\/fundacion-biodiversidad.es\/en\/wp-json\/wp\/v2\/types\/programa_pleamar"}],"wp:featuredmedia":[{"embeddable":true,"href":"https:\/\/fundacion-biodiversidad.es\/en\/wp-json\/wp\/v2\/media\/22405"}],"wp:attachment":[{"href":"https:\/\/fundacion-biodiversidad.es\/en\/wp-json\/wp\/v2\/media?parent=97857015"}],"wp:term":[{"taxonomy":"financiaci_n","embeddable":true,"href":"https:\/\/fundacion-biodiversidad.es\/en\/wp-json\/wp\/v2\/financiaci_n?post=97857015"},{"taxonomy":"lineas_actuacion_tematicas","embeddable":true,"href":"https:\/\/fundacion-biodiversidad.es\/en\/wp-json\/wp\/v2\/lineas_actuacion_tematicas?post=97857015"}],"curies":[{"name":"wp","href":"https:\/\/api.w.org\/{rel}","templated":true}]}}

MESO_Alborán 2

<p>Within the framework of the MESO_Alborán 2 project, a biological study will be carried out on underwater geomorphological units of the Alboran Sea.<br />
Mainly, canyons, escarpments and other rocky reefs on which there are mesophotic communities of interest (50-200m deep), improving knowledge in conservation about these key ecosystems for the maintenance of the fish stock and populations of protected species through direct study to promote the improvement of the conservation status, the elimination of impacts and the beginning of the restoration of the fish stocks that depend on them.  as well as working with different groups and associations of the fishing sector in order to mitigate the effects of fishing on sensitive species, avoiding their accidental capture.<br />
Data will be collected from the fishing sector in Granada, Almeria and Ceuta in relation to main fishing grounds, main gears used and assessments of the fishing sector in relation to Global Change (GC).<br />
Also data on the geomorphology of the seabed, its hydrological and geological characteristics. </p>

<!-- This site is optimized with the Yoast SEO plugin v26.9 - https://yoast.com/product/yoast-seo-wordpress/ -->
<title>MESO_Alborán 2 - Fundación Biodiversidad</title>
<meta name="robots" content="index, follow, max-snippet:-1, max-image-preview:large, max-video-preview:-1" />
<link rel="canonical" href="https://fundacion-biodiversidad.es/en/programa_pleamar/meso_alboran-2/" />
<meta property="og:locale" content="en_US" />
<meta property="og:type" content="article" />
<meta property="og:title" content="MESO_Alborán 2" />
<meta property="og:description" content="Project of the Pleamar Programme, co-financed by the European Maritime Fisheries and Aquaculture Fund" />
<meta property="og:url" content="https://fundacion-biodiversidad.es/en/programa_pleamar/meso_alboran-2/" />
<meta property="og:site_name" content="Fundación Biodiversidad" />
<meta property="og:image" content="https://fundacion-biodiversidad.es/wp-content/uploads/2024/08/proyecto_meso2-1024x585.jpg" />
<meta name="twitter:card" content="summary_large_image" />
<meta name="twitter:label1" content="Est. reading time" />
	<meta name="twitter:data1" content="1 minute" />
<script type="application/ld+json" class="yoast-schema-graph">{"@context":"https://schema.org","@graph":[{"@type":"WebPage","@id":"https://fundacion-biodiversidad.es/en/programa_pleamar/meso_alboran-2/","url":"https://fundacion-biodiversidad.es/en/programa_pleamar/meso_alboran-2/","name":"MESO_Alborán 2 - Fundación Biodiversidad","isPartOf":{"@id":"https://fundacion-biodiversidad.es/en/#website"},"primaryImageOfPage":{"@id":"https://fundacion-biodiversidad.es/en/programa_pleamar/meso_alboran-2/#primaryimage"},"image":{"@id":"https://fundacion-biodiversidad.es/en/programa_pleamar/meso_alboran-2/#primaryimage"},"thumbnailUrl":"https://fundacion-biodiversidad.es/wp-content/uploads/2022/11/no-imagen.jpg","datePublished":"2024-08-08T10:39:16+00:00","breadcrumb":{"@id":"https://fundacion-biodiversidad.es/en/programa_pleamar/meso_alboran-2/#breadcrumb"},"inLanguage":"en-US","potentialAction":[{"@type":"ReadAction","target":["https://fundacion-biodiversidad.es/en/programa_pleamar/meso_alboran-2/"]}]},{"@type":"ImageObject","inLanguage":"en-US","@id":"https://fundacion-biodiversidad.es/en/programa_pleamar/meso_alboran-2/#primaryimage","url":"https://fundacion-biodiversidad.es/wp-content/uploads/2022/11/no-imagen.jpg","contentUrl":"https://fundacion-biodiversidad.es/wp-content/uploads/2022/11/no-imagen.jpg","width":2048,"height":2048,"caption":"Formación en medio ambiente natural"},{"@type":"BreadcrumbList","@id":"https://fundacion-biodiversidad.es/en/programa_pleamar/meso_alboran-2/#breadcrumb","itemListElement":[{"@type":"ListItem","position":1,"name":"Portada","item":"https://fundacion-biodiversidad.es/en/inicio/"},{"@type":"ListItem","position":2,"name":"Programa pleamar","item":"https://fundacion-biodiversidad.es/en/programa_pleamar/"},{"@type":"ListItem","position":3,"name":"MESO_Alborán 2"}]},{"@type":"WebSite","@id":"https://fundacion-biodiversidad.es/en/#website","url":"https://fundacion-biodiversidad.es/en/","name":"Fundación Biodiversidad","description":"Fundación pública adscrita al Ministerio para la Transición Ecológica","potentialAction":[{"@type":"SearchAction","target":{"@type":"EntryPoint","urlTemplate":"https://fundacion-biodiversidad.es/en/?s={search_term_string}"},"query-input":{"@type":"PropertyValueSpecification","valueRequired":true,"valueName":"search_term_string"}}],"inLanguage":"en-US"}]}</script>
<!-- / Yoast SEO plugin. -->

MESO_Alborán 2 - Fundación Biodiversidad

Fundación Biodiversidad

Formación en medio ambiente natural

Fundación pública adscrita al Ministerio para la Transición Ecológica
