{"id":97861669,"date":"2017-12-21T12:01:02","date_gmt":"2017-12-21T11:01:02","guid":{"rendered":"https:\/\/fundacion-biodiversidad.es\/programa_pleamar\/know2protect-know-to-protect\/"},"modified":"2017-12-21T12:01:02","modified_gmt":"2017-12-21T11:01:02","slug":"know2protect-know-to-protect","status":"publish","type":"programa_pleamar","link":"https:\/\/fundacion-biodiversidad.es\/en\/programa_pleamar\/know2protect-know-to-protect\/","title":{"rendered":"KNOW2PROTECT &#8211; Know to protect"},"content":{"rendered":"<div class=\"field-label\" style=\"text-align: justify\">\n            <strong>Description:  <\/strong>\n          <\/div>\n<div class=\"field-items\">\n<div class=\"field-item even\">\n<p class=\"rtejustify\" style=\"text-align: justify\">The project continues the work that FEDEPESCA began in 2014 with the <em>Pescaverd<\/em>e project, presenting a series of actions aimed at highlighting European and Spanish aquaculture and sustainable fisheries through awareness-raising measures, aimed at both citizens and the fisheries and aquaculture sector itself, to raise awareness of the importance of protecting and recovering marine biodiversity.<\/p>\n<p class=\"rtejustify\" style=\"text-align: justify\">On the other hand, the obligation to land fishery products \u2013 the aim of which is to put an end to the return of marketable fish to the sea \u2013 is the great challenge for the sector. For the success of this policy, it is necessary to encourage the commercial exit of those discards that, although commercially viable, are not able to be used due to lack of knowledge on the part of the consumer or the marketers. <\/p>\n<p class=\"rtejustify\" style=\"text-align: justify\">From this need arises the opportunity to promote sustainable but unknown fishing and aquaculture species. Among the actions proposed, a working group of experts has been created to identify these species and test their introduction into the fishmongers, accompanying these actions with training for fishmongers about the product and making the product known to the consumer through recipe books. Finally, to collect impressions on the acceptance of a European organic label, opinion surveys have been carried out among the sector and consumers.  <\/p>\n<p><a href=\"https:\/\/www.programapleamar.es\/proyectos\/know2protect-know-protect\">See the project<\/a>.<\/p>\n<\/div><\/div>\n","protected":false},"featured_media":22405,"parent":0,"template":"","meta":{"_acf_changed":false},"financiaci_n":[652],"lineas_actuacion_tematicas":[655],"class_list":["post-97861669","programa_pleamar","type-programa_pleamar","status-publish","has-post-thumbnail","hentry","financiaci_n-fondo-europeo-maritimo-de-pesca-en","lineas_actuacion_tematicas-marine-ecosystems"],"acf":[],"yoast_head":"<!-- This site is optimized with the Yoast SEO plugin v26.9 - https:\/\/yoast.com\/product\/yoast-seo-wordpress\/ -->\n<title>KNOW2PROTECT - Know to protect - Fundaci\u00f3n Biodiversidad<\/title>\n<meta name=\"robots\" content=\"index, follow, max-snippet:-1, max-image-preview:large, max-video-preview:-1\" \/>\n<link rel=\"canonical\" href=\"https:\/\/fundacion-biodiversidad.es\/en\/programa_pleamar\/know2protect-know-to-protect\/\" \/>\n<meta property=\"og:locale\" content=\"en_US\" \/>\n<meta property=\"og:type\" content=\"article\" \/>\n<meta property=\"og:title\" content=\"KNOW2PROTECT - Know to protect - Fundaci\u00f3n Biodiversidad\" \/>\n<meta property=\"og:description\" content=\"Description: The project continues the work that FEDEPESCA began in 2014 with the Pescaverde project, presenting a series of actions aimed at highlighting European and [&hellip;]\" \/>\n<meta property=\"og:url\" content=\"https:\/\/fundacion-biodiversidad.es\/en\/programa_pleamar\/know2protect-know-to-protect\/\" \/>\n<meta property=\"og:site_name\" content=\"Fundaci\u00f3n Biodiversidad\" \/>\n<meta property=\"og:image\" content=\"https:\/\/fundacion-biodiversidad.es\/wp-content\/uploads\/2022\/11\/no-imagen.jpg\" \/>\n\t<meta property=\"og:image:width\" content=\"2048\" \/>\n\t<meta property=\"og:image:height\" content=\"2048\" \/>\n\t<meta property=\"og:image:type\" content=\"image\/jpeg\" \/>\n<meta name=\"twitter:card\" content=\"summary_large_image\" \/>\n<meta name=\"twitter:label1\" content=\"Est. reading time\" \/>\n\t<meta name=\"twitter:data1\" content=\"1 minute\" \/>\n<script type=\"application\/ld+json\" class=\"yoast-schema-graph\">{\"@context\":\"https:\/\/schema.org\",\"@graph\":[{\"@type\":\"WebPage\",\"@id\":\"https:\/\/fundacion-biodiversidad.es\/en\/programa_pleamar\/know2protect-know-to-protect\/\",\"url\":\"https:\/\/fundacion-biodiversidad.es\/en\/programa_pleamar\/know2protect-know-to-protect\/\",\"name\":\"KNOW2PROTECT - Know to protect - Fundaci\u00f3n Biodiversidad\",\"isPartOf\":{\"@id\":\"https:\/\/fundacion-biodiversidad.es\/en\/#website\"},\"primaryImageOfPage\":{\"@id\":\"https:\/\/fundacion-biodiversidad.es\/en\/programa_pleamar\/know2protect-know-to-protect\/#primaryimage\"},\"image\":{\"@id\":\"https:\/\/fundacion-biodiversidad.es\/en\/programa_pleamar\/know2protect-know-to-protect\/#primaryimage\"},\"thumbnailUrl\":\"https:\/\/fundacion-biodiversidad.es\/wp-content\/uploads\/2022\/11\/no-imagen.jpg\",\"datePublished\":\"2017-12-21T11:01:02+00:00\",\"breadcrumb\":{\"@id\":\"https:\/\/fundacion-biodiversidad.es\/en\/programa_pleamar\/know2protect-know-to-protect\/#breadcrumb\"},\"inLanguage\":\"en-US\",\"potentialAction\":[{\"@type\":\"ReadAction\",\"target\":[\"https:\/\/fundacion-biodiversidad.es\/en\/programa_pleamar\/know2protect-know-to-protect\/\"]}]},{\"@type\":\"ImageObject\",\"inLanguage\":\"en-US\",\"@id\":\"https:\/\/fundacion-biodiversidad.es\/en\/programa_pleamar\/know2protect-know-to-protect\/#primaryimage\",\"url\":\"https:\/\/fundacion-biodiversidad.es\/wp-content\/uploads\/2022\/11\/no-imagen.jpg\",\"contentUrl\":\"https:\/\/fundacion-biodiversidad.es\/wp-content\/uploads\/2022\/11\/no-imagen.jpg\",\"width\":2048,\"height\":2048,\"caption\":\"Formaci\u00f3n en medio ambiente natural\"},{\"@type\":\"BreadcrumbList\",\"@id\":\"https:\/\/fundacion-biodiversidad.es\/en\/programa_pleamar\/know2protect-know-to-protect\/#breadcrumb\",\"itemListElement\":[{\"@type\":\"ListItem\",\"position\":1,\"name\":\"Portada\",\"item\":\"https:\/\/fundacion-biodiversidad.es\/en\/inicio\/\"},{\"@type\":\"ListItem\",\"position\":2,\"name\":\"Programa pleamar\",\"item\":\"https:\/\/fundacion-biodiversidad.es\/en\/programa_pleamar\/\"},{\"@type\":\"ListItem\",\"position\":3,\"name\":\"KNOW2PROTECT &#8211; Know to protect\"}]},{\"@type\":\"WebSite\",\"@id\":\"https:\/\/fundacion-biodiversidad.es\/en\/#website\",\"url\":\"https:\/\/fundacion-biodiversidad.es\/en\/\",\"name\":\"Fundaci\u00f3n Biodiversidad\",\"description\":\"Fundaci\u00f3n p\u00fablica adscrita al Ministerio para la Transici\u00f3n Ecol\u00f3gica\",\"potentialAction\":[{\"@type\":\"SearchAction\",\"target\":{\"@type\":\"EntryPoint\",\"urlTemplate\":\"https:\/\/fundacion-biodiversidad.es\/en\/?s={search_term_string}\"},\"query-input\":{\"@type\":\"PropertyValueSpecification\",\"valueRequired\":true,\"valueName\":\"search_term_string\"}}],\"inLanguage\":\"en-US\"}]}<\/script>\n<!-- \/ Yoast SEO plugin. -->","yoast_head_json":{"title":"KNOW2PROTECT - Know to protect - Fundaci\u00f3n Biodiversidad","robots":{"index":"index","follow":"follow","max-snippet":"max-snippet:-1","max-image-preview":"max-image-preview:large","max-video-preview":"max-video-preview:-1"},"canonical":"https:\/\/fundacion-biodiversidad.es\/en\/programa_pleamar\/know2protect-know-to-protect\/","og_locale":"en_US","og_type":"article","og_title":"KNOW2PROTECT - Know to protect - Fundaci\u00f3n Biodiversidad","og_description":"Description: The project continues the work that FEDEPESCA began in 2014 with the Pescaverde project, presenting a series of actions aimed at highlighting European and [&hellip;]","og_url":"https:\/\/fundacion-biodiversidad.es\/en\/programa_pleamar\/know2protect-know-to-protect\/","og_site_name":"Fundaci\u00f3n Biodiversidad","og_image":[{"width":2048,"height":2048,"url":"https:\/\/fundacion-biodiversidad.es\/wp-content\/uploads\/2022\/11\/no-imagen.jpg","type":"image\/jpeg"}],"twitter_card":"summary_large_image","twitter_misc":{"Est. reading time":"1 minute"},"schema":{"@context":"https:\/\/schema.org","@graph":[{"@type":"WebPage","@id":"https:\/\/fundacion-biodiversidad.es\/en\/programa_pleamar\/know2protect-know-to-protect\/","url":"https:\/\/fundacion-biodiversidad.es\/en\/programa_pleamar\/know2protect-know-to-protect\/","name":"KNOW2PROTECT - Know to protect - Fundaci\u00f3n Biodiversidad","isPartOf":{"@id":"https:\/\/fundacion-biodiversidad.es\/en\/#website"},"primaryImageOfPage":{"@id":"https:\/\/fundacion-biodiversidad.es\/en\/programa_pleamar\/know2protect-know-to-protect\/#primaryimage"},"image":{"@id":"https:\/\/fundacion-biodiversidad.es\/en\/programa_pleamar\/know2protect-know-to-protect\/#primaryimage"},"thumbnailUrl":"https:\/\/fundacion-biodiversidad.es\/wp-content\/uploads\/2022\/11\/no-imagen.jpg","datePublished":"2017-12-21T11:01:02+00:00","breadcrumb":{"@id":"https:\/\/fundacion-biodiversidad.es\/en\/programa_pleamar\/know2protect-know-to-protect\/#breadcrumb"},"inLanguage":"en-US","potentialAction":[{"@type":"ReadAction","target":["https:\/\/fundacion-biodiversidad.es\/en\/programa_pleamar\/know2protect-know-to-protect\/"]}]},{"@type":"ImageObject","inLanguage":"en-US","@id":"https:\/\/fundacion-biodiversidad.es\/en\/programa_pleamar\/know2protect-know-to-protect\/#primaryimage","url":"https:\/\/fundacion-biodiversidad.es\/wp-content\/uploads\/2022\/11\/no-imagen.jpg","contentUrl":"https:\/\/fundacion-biodiversidad.es\/wp-content\/uploads\/2022\/11\/no-imagen.jpg","width":2048,"height":2048,"caption":"Formaci\u00f3n en medio ambiente natural"},{"@type":"BreadcrumbList","@id":"https:\/\/fundacion-biodiversidad.es\/en\/programa_pleamar\/know2protect-know-to-protect\/#breadcrumb","itemListElement":[{"@type":"ListItem","position":1,"name":"Portada","item":"https:\/\/fundacion-biodiversidad.es\/en\/inicio\/"},{"@type":"ListItem","position":2,"name":"Programa pleamar","item":"https:\/\/fundacion-biodiversidad.es\/en\/programa_pleamar\/"},{"@type":"ListItem","position":3,"name":"KNOW2PROTECT &#8211; Know to protect"}]},{"@type":"WebSite","@id":"https:\/\/fundacion-biodiversidad.es\/en\/#website","url":"https:\/\/fundacion-biodiversidad.es\/en\/","name":"Fundaci\u00f3n Biodiversidad","description":"Fundaci\u00f3n p\u00fablica adscrita al Ministerio para la Transici\u00f3n Ecol\u00f3gica","potentialAction":[{"@type":"SearchAction","target":{"@type":"EntryPoint","urlTemplate":"https:\/\/fundacion-biodiversidad.es\/en\/?s={search_term_string}"},"query-input":{"@type":"PropertyValueSpecification","valueRequired":true,"valueName":"search_term_string"}}],"inLanguage":"en-US"}]}},"_links":{"self":[{"href":"https:\/\/fundacion-biodiversidad.es\/en\/wp-json\/wp\/v2\/programa_pleamar\/97861669","targetHints":{"allow":["GET"]}}],"collection":[{"href":"https:\/\/fundacion-biodiversidad.es\/en\/wp-json\/wp\/v2\/programa_pleamar"}],"about":[{"href":"https:\/\/fundacion-biodiversidad.es\/en\/wp-json\/wp\/v2\/types\/programa_pleamar"}],"wp:featuredmedia":[{"embeddable":true,"href":"https:\/\/fundacion-biodiversidad.es\/en\/wp-json\/wp\/v2\/media\/22405"}],"wp:attachment":[{"href":"https:\/\/fundacion-biodiversidad.es\/en\/wp-json\/wp\/v2\/media?parent=97861669"}],"wp:term":[{"taxonomy":"financiaci_n","embeddable":true,"href":"https:\/\/fundacion-biodiversidad.es\/en\/wp-json\/wp\/v2\/financiaci_n?post=97861669"},{"taxonomy":"lineas_actuacion_tematicas","embeddable":true,"href":"https:\/\/fundacion-biodiversidad.es\/en\/wp-json\/wp\/v2\/lineas_actuacion_tematicas?post=97861669"}],"curies":[{"name":"wp","href":"https:\/\/api.w.org\/{rel}","templated":true}]}}

<!-- This site is optimized with the Yoast SEO plugin v26.9 - https://yoast.com/product/yoast-seo-wordpress/ -->
<title>KNOW2PROTECT - Know to protect - Fundación Biodiversidad</title>
<meta name="robots" content="index, follow, max-snippet:-1, max-image-preview:large, max-video-preview:-1" />
<link rel="canonical" href="https://fundacion-biodiversidad.es/en/programa_pleamar/know2protect-know-to-protect/" />
<meta property="og:locale" content="en_US" />
<meta property="og:type" content="article" />
<meta property="og:title" content="KNOW2PROTECT - Know to protect - Fundación Biodiversidad" />
<meta property="og:description" content="Description: The project continues the work that FEDEPESCA began in 2014 with the Pescaverde project, presenting a series of actions aimed at highlighting European and [&hellip;]" />
<meta property="og:url" content="https://fundacion-biodiversidad.es/en/programa_pleamar/know2protect-know-to-protect/" />
<meta property="og:site_name" content="Fundación Biodiversidad" />
<meta property="og:image" content="https://fundacion-biodiversidad.es/wp-content/uploads/2022/11/no-imagen.jpg" />
	<meta property="og:image:width" content="2048" />
	<meta property="og:image:height" content="2048" />
	<meta property="og:image:type" content="image/jpeg" />
<meta name="twitter:card" content="summary_large_image" />
<meta name="twitter:label1" content="Est. reading time" />
	<meta name="twitter:data1" content="1 minute" />
<script type="application/ld+json" class="yoast-schema-graph">{"@context":"https://schema.org","@graph":[{"@type":"WebPage","@id":"https://fundacion-biodiversidad.es/en/programa_pleamar/know2protect-know-to-protect/","url":"https://fundacion-biodiversidad.es/en/programa_pleamar/know2protect-know-to-protect/","name":"KNOW2PROTECT - Know to protect - Fundación Biodiversidad","isPartOf":{"@id":"https://fundacion-biodiversidad.es/en/#website"},"primaryImageOfPage":{"@id":"https://fundacion-biodiversidad.es/en/programa_pleamar/know2protect-know-to-protect/#primaryimage"},"image":{"@id":"https://fundacion-biodiversidad.es/en/programa_pleamar/know2protect-know-to-protect/#primaryimage"},"thumbnailUrl":"https://fundacion-biodiversidad.es/wp-content/uploads/2022/11/no-imagen.jpg","datePublished":"2017-12-21T11:01:02+00:00","breadcrumb":{"@id":"https://fundacion-biodiversidad.es/en/programa_pleamar/know2protect-know-to-protect/#breadcrumb"},"inLanguage":"en-US","potentialAction":[{"@type":"ReadAction","target":["https://fundacion-biodiversidad.es/en/programa_pleamar/know2protect-know-to-protect/"]}]},{"@type":"ImageObject","inLanguage":"en-US","@id":"https://fundacion-biodiversidad.es/en/programa_pleamar/know2protect-know-to-protect/#primaryimage","url":"https://fundacion-biodiversidad.es/wp-content/uploads/2022/11/no-imagen.jpg","contentUrl":"https://fundacion-biodiversidad.es/wp-content/uploads/2022/11/no-imagen.jpg","width":2048,"height":2048,"caption":"Formación en medio ambiente natural"},{"@type":"BreadcrumbList","@id":"https://fundacion-biodiversidad.es/en/programa_pleamar/know2protect-know-to-protect/#breadcrumb","itemListElement":[{"@type":"ListItem","position":1,"name":"Portada","item":"https://fundacion-biodiversidad.es/en/inicio/"},{"@type":"ListItem","position":2,"name":"Programa pleamar","item":"https://fundacion-biodiversidad.es/en/programa_pleamar/"},{"@type":"ListItem","position":3,"name":"KNOW2PROTECT &#8211; Know to protect"}]},{"@type":"WebSite","@id":"https://fundacion-biodiversidad.es/en/#website","url":"https://fundacion-biodiversidad.es/en/","name":"Fundación Biodiversidad","description":"Fundación pública adscrita al Ministerio para la Transición Ecológica","potentialAction":[{"@type":"SearchAction","target":{"@type":"EntryPoint","urlTemplate":"https://fundacion-biodiversidad.es/en/?s={search_term_string}"},"query-input":{"@type":"PropertyValueSpecification","valueRequired":true,"valueName":"search_term_string"}}],"inLanguage":"en-US"}]}</script>
<!-- / Yoast SEO plugin. -->

KNOW2PROTECT - Know to protect - Fundación Biodiversidad

Fundación Biodiversidad

Formación en medio ambiente natural

Fundación pública adscrita al Ministerio para la Transición Ecológica
