{"id":97861713,"date":"2014-08-12T10:49:21","date_gmt":"2014-08-12T08:49:21","guid":{"rendered":"https:\/\/fundacion-biodiversidad.es\/programa_pleamar\/development-of-an-integrated-tool-for-the-assessment-and-monitoring-of-shellfish-resources\/"},"modified":"2014-08-12T10:49:21","modified_gmt":"2014-08-12T08:49:21","slug":"development-of-an-integrated-tool-for-the-assessment-and-monitoring-of-shellfish-resources","status":"publish","type":"programa_pleamar","link":"https:\/\/fundacion-biodiversidad.es\/en\/programa_pleamar\/development-of-an-integrated-tool-for-the-assessment-and-monitoring-of-shellfish-resources\/","title":{"rendered":"Development of an integrated tool for the assessment and monitoring of shellfish resources"},"content":{"rendered":"<p style=\"text-align: justify\">\n            <strong>Description<\/strong>\n          <\/p>\n<p style=\"text-align: justify\">This multidisciplinary research project seeks to develop a simple and effective ICT system based on information on the biology of the shellfish resource of the R\u00eda de Cedeira Marine Reserve of Fishing Interest and the Do\u00f1ana Biosphere Reserve.<\/p>\n<p>FUAC has designed a<strong> simple and effective ICT tool<\/strong>, based on information on the biology of the shellfish resource of the RMIP &#8220;R\u00eda de Cedeira&#8221; and the Do\u00f1ana Biosphere Reserve, the traditional knowledge of shellfish gatherers, and the use of ICT technologies compatible with the development of the usual tasks of shellfish gatherers.  technicians and managers.<\/p>\n<p style=\"text-align: justify\">The strategy used has been based on the collection of <strong>traditional ecological knowledge<\/strong> (TEC) in the coquina fisheries in<strong> Do\u00f1ana and Cedeira<\/strong>, and its integration into scientific knowledge. To this end, they generated spaces of trust for the transfer of information between scientists and shellfish gatherers, conducted directed interviews that have made it possible to collect not only biological aspects about the habitat or species but also socioeconomic aspects about the management, and the exploitation systems of the coquina banks in both localities, to finally transfer the significant information to more didactic supports (cartographies) and thus favor the understanding and the analytical reflection of this information. <\/p>\n<p style=\"text-align: justify\">Therefore, the CET has joined the <strong>mapping of the natural coquina bank<\/strong> of Cedeira and Do\u00f1ana (SIG), based on biological sampling and biometric characterization, both parameters obtained by artificial vision (video cameras) and software, creating an integrated tool.<\/p>\n<p style=\"text-align: justify\">This integrated tool allows improving the management of stocks of species of commercial interest, and adapting it to other banks and species with high potential value for the business sector.<\/p>\n<p style=\"text-align: justify\">\n<p style=\"text-align: justify\">\n            <a href=\"https:\/\/www.programapleamar.es\/proyectos\/desarrollo-de-una-herramienta-integrada-para-la-evaluacion-y-monitorizacion-de-los\">See the project<\/a>\n          <\/p>\n","protected":false},"featured_media":22405,"parent":0,"template":"","meta":{"_acf_changed":false},"financiaci_n":[702,650],"lineas_actuacion_tematicas":[655],"class_list":["post-97861713","programa_pleamar","type-programa_pleamar","status-publish","has-post-thumbnail","hentry","financiaci_n-european-fisheries-fund","financiaci_n-fundacion-biodiversidad-en","lineas_actuacion_tematicas-marine-ecosystems"],"acf":[],"yoast_head":"<!-- This site is optimized with the Yoast SEO plugin v26.9 - https:\/\/yoast.com\/product\/yoast-seo-wordpress\/ -->\n<title>Development of an integrated tool for the assessment and monitoring of shellfish resources - Fundaci\u00f3n Biodiversidad<\/title>\n<meta name=\"robots\" content=\"index, follow, max-snippet:-1, max-image-preview:large, max-video-preview:-1\" \/>\n<link rel=\"canonical\" href=\"https:\/\/fundacion-biodiversidad.es\/en\/programa_pleamar\/development-of-an-integrated-tool-for-the-assessment-and-monitoring-of-shellfish-resources\/\" \/>\n<meta property=\"og:locale\" content=\"en_US\" \/>\n<meta property=\"og:type\" content=\"article\" \/>\n<meta property=\"og:title\" content=\"Development of an integrated tool for the assessment and monitoring of shellfish resources - Fundaci\u00f3n Biodiversidad\" \/>\n<meta property=\"og:description\" content=\"Description This multidisciplinary research project seeks to develop a simple and effective ICT system based on information on the biology of the shellfish resource of [&hellip;]\" \/>\n<meta property=\"og:url\" content=\"https:\/\/fundacion-biodiversidad.es\/en\/programa_pleamar\/development-of-an-integrated-tool-for-the-assessment-and-monitoring-of-shellfish-resources\/\" \/>\n<meta property=\"og:site_name\" content=\"Fundaci\u00f3n Biodiversidad\" \/>\n<meta property=\"og:image\" content=\"https:\/\/fundacion-biodiversidad.es\/wp-content\/uploads\/2022\/11\/no-imagen.jpg\" \/>\n\t<meta property=\"og:image:width\" content=\"2048\" \/>\n\t<meta property=\"og:image:height\" content=\"2048\" \/>\n\t<meta property=\"og:image:type\" content=\"image\/jpeg\" \/>\n<meta name=\"twitter:card\" content=\"summary_large_image\" \/>\n<meta name=\"twitter:label1\" content=\"Est. reading time\" \/>\n\t<meta name=\"twitter:data1\" content=\"1 minute\" \/>\n<script type=\"application\/ld+json\" class=\"yoast-schema-graph\">{\"@context\":\"https:\/\/schema.org\",\"@graph\":[{\"@type\":\"WebPage\",\"@id\":\"https:\/\/fundacion-biodiversidad.es\/en\/programa_pleamar\/development-of-an-integrated-tool-for-the-assessment-and-monitoring-of-shellfish-resources\/\",\"url\":\"https:\/\/fundacion-biodiversidad.es\/en\/programa_pleamar\/development-of-an-integrated-tool-for-the-assessment-and-monitoring-of-shellfish-resources\/\",\"name\":\"Development of an integrated tool for the assessment and monitoring of shellfish resources - Fundaci\u00f3n Biodiversidad\",\"isPartOf\":{\"@id\":\"https:\/\/fundacion-biodiversidad.es\/en\/#website\"},\"primaryImageOfPage\":{\"@id\":\"https:\/\/fundacion-biodiversidad.es\/en\/programa_pleamar\/development-of-an-integrated-tool-for-the-assessment-and-monitoring-of-shellfish-resources\/#primaryimage\"},\"image\":{\"@id\":\"https:\/\/fundacion-biodiversidad.es\/en\/programa_pleamar\/development-of-an-integrated-tool-for-the-assessment-and-monitoring-of-shellfish-resources\/#primaryimage\"},\"thumbnailUrl\":\"https:\/\/fundacion-biodiversidad.es\/wp-content\/uploads\/2022\/11\/no-imagen.jpg\",\"datePublished\":\"2014-08-12T08:49:21+00:00\",\"breadcrumb\":{\"@id\":\"https:\/\/fundacion-biodiversidad.es\/en\/programa_pleamar\/development-of-an-integrated-tool-for-the-assessment-and-monitoring-of-shellfish-resources\/#breadcrumb\"},\"inLanguage\":\"en-US\",\"potentialAction\":[{\"@type\":\"ReadAction\",\"target\":[\"https:\/\/fundacion-biodiversidad.es\/en\/programa_pleamar\/development-of-an-integrated-tool-for-the-assessment-and-monitoring-of-shellfish-resources\/\"]}]},{\"@type\":\"ImageObject\",\"inLanguage\":\"en-US\",\"@id\":\"https:\/\/fundacion-biodiversidad.es\/en\/programa_pleamar\/development-of-an-integrated-tool-for-the-assessment-and-monitoring-of-shellfish-resources\/#primaryimage\",\"url\":\"https:\/\/fundacion-biodiversidad.es\/wp-content\/uploads\/2022\/11\/no-imagen.jpg\",\"contentUrl\":\"https:\/\/fundacion-biodiversidad.es\/wp-content\/uploads\/2022\/11\/no-imagen.jpg\",\"width\":2048,\"height\":2048,\"caption\":\"Formaci\u00f3n en medio ambiente natural\"},{\"@type\":\"BreadcrumbList\",\"@id\":\"https:\/\/fundacion-biodiversidad.es\/en\/programa_pleamar\/development-of-an-integrated-tool-for-the-assessment-and-monitoring-of-shellfish-resources\/#breadcrumb\",\"itemListElement\":[{\"@type\":\"ListItem\",\"position\":1,\"name\":\"Portada\",\"item\":\"https:\/\/fundacion-biodiversidad.es\/en\/inicio\/\"},{\"@type\":\"ListItem\",\"position\":2,\"name\":\"Programa pleamar\",\"item\":\"https:\/\/fundacion-biodiversidad.es\/en\/programa_pleamar\/\"},{\"@type\":\"ListItem\",\"position\":3,\"name\":\"Development of an integrated tool for the assessment and monitoring of shellfish resources\"}]},{\"@type\":\"WebSite\",\"@id\":\"https:\/\/fundacion-biodiversidad.es\/en\/#website\",\"url\":\"https:\/\/fundacion-biodiversidad.es\/en\/\",\"name\":\"Fundaci\u00f3n Biodiversidad\",\"description\":\"Fundaci\u00f3n p\u00fablica adscrita al Ministerio para la Transici\u00f3n Ecol\u00f3gica\",\"potentialAction\":[{\"@type\":\"SearchAction\",\"target\":{\"@type\":\"EntryPoint\",\"urlTemplate\":\"https:\/\/fundacion-biodiversidad.es\/en\/?s={search_term_string}\"},\"query-input\":{\"@type\":\"PropertyValueSpecification\",\"valueRequired\":true,\"valueName\":\"search_term_string\"}}],\"inLanguage\":\"en-US\"}]}<\/script>\n<!-- \/ Yoast SEO plugin. -->","yoast_head_json":{"title":"Development of an integrated tool for the assessment and monitoring of shellfish resources - Fundaci\u00f3n Biodiversidad","robots":{"index":"index","follow":"follow","max-snippet":"max-snippet:-1","max-image-preview":"max-image-preview:large","max-video-preview":"max-video-preview:-1"},"canonical":"https:\/\/fundacion-biodiversidad.es\/en\/programa_pleamar\/development-of-an-integrated-tool-for-the-assessment-and-monitoring-of-shellfish-resources\/","og_locale":"en_US","og_type":"article","og_title":"Development of an integrated tool for the assessment and monitoring of shellfish resources - Fundaci\u00f3n Biodiversidad","og_description":"Description This multidisciplinary research project seeks to develop a simple and effective ICT system based on information on the biology of the shellfish resource of [&hellip;]","og_url":"https:\/\/fundacion-biodiversidad.es\/en\/programa_pleamar\/development-of-an-integrated-tool-for-the-assessment-and-monitoring-of-shellfish-resources\/","og_site_name":"Fundaci\u00f3n Biodiversidad","og_image":[{"width":2048,"height":2048,"url":"https:\/\/fundacion-biodiversidad.es\/wp-content\/uploads\/2022\/11\/no-imagen.jpg","type":"image\/jpeg"}],"twitter_card":"summary_large_image","twitter_misc":{"Est. reading time":"1 minute"},"schema":{"@context":"https:\/\/schema.org","@graph":[{"@type":"WebPage","@id":"https:\/\/fundacion-biodiversidad.es\/en\/programa_pleamar\/development-of-an-integrated-tool-for-the-assessment-and-monitoring-of-shellfish-resources\/","url":"https:\/\/fundacion-biodiversidad.es\/en\/programa_pleamar\/development-of-an-integrated-tool-for-the-assessment-and-monitoring-of-shellfish-resources\/","name":"Development of an integrated tool for the assessment and monitoring of shellfish resources - Fundaci\u00f3n Biodiversidad","isPartOf":{"@id":"https:\/\/fundacion-biodiversidad.es\/en\/#website"},"primaryImageOfPage":{"@id":"https:\/\/fundacion-biodiversidad.es\/en\/programa_pleamar\/development-of-an-integrated-tool-for-the-assessment-and-monitoring-of-shellfish-resources\/#primaryimage"},"image":{"@id":"https:\/\/fundacion-biodiversidad.es\/en\/programa_pleamar\/development-of-an-integrated-tool-for-the-assessment-and-monitoring-of-shellfish-resources\/#primaryimage"},"thumbnailUrl":"https:\/\/fundacion-biodiversidad.es\/wp-content\/uploads\/2022\/11\/no-imagen.jpg","datePublished":"2014-08-12T08:49:21+00:00","breadcrumb":{"@id":"https:\/\/fundacion-biodiversidad.es\/en\/programa_pleamar\/development-of-an-integrated-tool-for-the-assessment-and-monitoring-of-shellfish-resources\/#breadcrumb"},"inLanguage":"en-US","potentialAction":[{"@type":"ReadAction","target":["https:\/\/fundacion-biodiversidad.es\/en\/programa_pleamar\/development-of-an-integrated-tool-for-the-assessment-and-monitoring-of-shellfish-resources\/"]}]},{"@type":"ImageObject","inLanguage":"en-US","@id":"https:\/\/fundacion-biodiversidad.es\/en\/programa_pleamar\/development-of-an-integrated-tool-for-the-assessment-and-monitoring-of-shellfish-resources\/#primaryimage","url":"https:\/\/fundacion-biodiversidad.es\/wp-content\/uploads\/2022\/11\/no-imagen.jpg","contentUrl":"https:\/\/fundacion-biodiversidad.es\/wp-content\/uploads\/2022\/11\/no-imagen.jpg","width":2048,"height":2048,"caption":"Formaci\u00f3n en medio ambiente natural"},{"@type":"BreadcrumbList","@id":"https:\/\/fundacion-biodiversidad.es\/en\/programa_pleamar\/development-of-an-integrated-tool-for-the-assessment-and-monitoring-of-shellfish-resources\/#breadcrumb","itemListElement":[{"@type":"ListItem","position":1,"name":"Portada","item":"https:\/\/fundacion-biodiversidad.es\/en\/inicio\/"},{"@type":"ListItem","position":2,"name":"Programa pleamar","item":"https:\/\/fundacion-biodiversidad.es\/en\/programa_pleamar\/"},{"@type":"ListItem","position":3,"name":"Development of an integrated tool for the assessment and monitoring of shellfish resources"}]},{"@type":"WebSite","@id":"https:\/\/fundacion-biodiversidad.es\/en\/#website","url":"https:\/\/fundacion-biodiversidad.es\/en\/","name":"Fundaci\u00f3n Biodiversidad","description":"Fundaci\u00f3n p\u00fablica adscrita al Ministerio para la Transici\u00f3n Ecol\u00f3gica","potentialAction":[{"@type":"SearchAction","target":{"@type":"EntryPoint","urlTemplate":"https:\/\/fundacion-biodiversidad.es\/en\/?s={search_term_string}"},"query-input":{"@type":"PropertyValueSpecification","valueRequired":true,"valueName":"search_term_string"}}],"inLanguage":"en-US"}]}},"_links":{"self":[{"href":"https:\/\/fundacion-biodiversidad.es\/en\/wp-json\/wp\/v2\/programa_pleamar\/97861713","targetHints":{"allow":["GET"]}}],"collection":[{"href":"https:\/\/fundacion-biodiversidad.es\/en\/wp-json\/wp\/v2\/programa_pleamar"}],"about":[{"href":"https:\/\/fundacion-biodiversidad.es\/en\/wp-json\/wp\/v2\/types\/programa_pleamar"}],"wp:featuredmedia":[{"embeddable":true,"href":"https:\/\/fundacion-biodiversidad.es\/en\/wp-json\/wp\/v2\/media\/22405"}],"wp:attachment":[{"href":"https:\/\/fundacion-biodiversidad.es\/en\/wp-json\/wp\/v2\/media?parent=97861713"}],"wp:term":[{"taxonomy":"financiaci_n","embeddable":true,"href":"https:\/\/fundacion-biodiversidad.es\/en\/wp-json\/wp\/v2\/financiaci_n?post=97861713"},{"taxonomy":"lineas_actuacion_tematicas","embeddable":true,"href":"https:\/\/fundacion-biodiversidad.es\/en\/wp-json\/wp\/v2\/lineas_actuacion_tematicas?post=97861713"}],"curies":[{"name":"wp","href":"https:\/\/api.w.org\/{rel}","templated":true}]}}

<p style="text-align: justify">
            <strong>Description</strong>
          </p>
<p style="text-align: justify">This multidisciplinary research project seeks to develop a simple and effective ICT system based on information on the biology of the shellfish resource of the Ría de Cedeira Marine Reserve of Fishing Interest and the Doñana Biosphere Reserve.</p>
<p>FUAC has designed a<strong> simple and effective ICT tool</strong>, based on information on the biology of the shellfish resource of the RMIP &#8220;Ría de Cedeira&#8221; and the Doñana Biosphere Reserve, the traditional knowledge of shellfish gatherers, and the use of ICT technologies compatible with the development of the usual tasks of shellfish gatherers.  technicians and managers.</p>
<p style="text-align: justify">The strategy used has been based on the collection of <strong>traditional ecological knowledge</strong> (TEC) in the coquina fisheries in<strong> Doñana and Cedeira</strong>, and its integration into scientific knowledge. To this end, they generated spaces of trust for the transfer of information between scientists and shellfish gatherers, conducted directed interviews that have made it possible to collect not only biological aspects about the habitat or species but also socioeconomic aspects about the management, and the exploitation systems of the coquina banks in both localities, to finally transfer the significant information to more didactic supports (cartographies) and thus favor the understanding and the analytical reflection of this information. </p>
<p style="text-align: justify">Therefore, the CET has joined the <strong>mapping of the natural coquina bank</strong> of Cedeira and Doñana (SIG), based on biological sampling and biometric characterization, both parameters obtained by artificial vision (video cameras) and software, creating an integrated tool.</p>
<p style="text-align: justify">This integrated tool allows improving the management of stocks of species of commercial interest, and adapting it to other banks and species with high potential value for the business sector.</p>
<p style="text-align: justify">
<p style="text-align: justify">
            <a href="https://www.programapleamar.es/proyectos/desarrollo-de-una-herramienta-integrada-para-la-evaluacion-y-monitorizacion-de-los">See the project</a>
          </p>

<!-- This site is optimized with the Yoast SEO plugin v26.9 - https://yoast.com/product/yoast-seo-wordpress/ -->
<title>Development of an integrated tool for the assessment and monitoring of shellfish resources - Fundación Biodiversidad</title>
<meta name="robots" content="index, follow, max-snippet:-1, max-image-preview:large, max-video-preview:-1" />
<link rel="canonical" href="https://fundacion-biodiversidad.es/en/programa_pleamar/development-of-an-integrated-tool-for-the-assessment-and-monitoring-of-shellfish-resources/" />
<meta property="og:locale" content="en_US" />
<meta property="og:type" content="article" />
<meta property="og:title" content="Development of an integrated tool for the assessment and monitoring of shellfish resources - Fundación Biodiversidad" />
<meta property="og:description" content="Description This multidisciplinary research project seeks to develop a simple and effective ICT system based on information on the biology of the shellfish resource of [&hellip;]" />
<meta property="og:url" content="https://fundacion-biodiversidad.es/en/programa_pleamar/development-of-an-integrated-tool-for-the-assessment-and-monitoring-of-shellfish-resources/" />
<meta property="og:site_name" content="Fundación Biodiversidad" />
<meta property="og:image" content="https://fundacion-biodiversidad.es/wp-content/uploads/2022/11/no-imagen.jpg" />
	<meta property="og:image:width" content="2048" />
	<meta property="og:image:height" content="2048" />
	<meta property="og:image:type" content="image/jpeg" />
<meta name="twitter:card" content="summary_large_image" />
<meta name="twitter:label1" content="Est. reading time" />
	<meta name="twitter:data1" content="1 minute" />
<script type="application/ld+json" class="yoast-schema-graph">{"@context":"https://schema.org","@graph":[{"@type":"WebPage","@id":"https://fundacion-biodiversidad.es/en/programa_pleamar/development-of-an-integrated-tool-for-the-assessment-and-monitoring-of-shellfish-resources/","url":"https://fundacion-biodiversidad.es/en/programa_pleamar/development-of-an-integrated-tool-for-the-assessment-and-monitoring-of-shellfish-resources/","name":"Development of an integrated tool for the assessment and monitoring of shellfish resources - Fundación Biodiversidad","isPartOf":{"@id":"https://fundacion-biodiversidad.es/en/#website"},"primaryImageOfPage":{"@id":"https://fundacion-biodiversidad.es/en/programa_pleamar/development-of-an-integrated-tool-for-the-assessment-and-monitoring-of-shellfish-resources/#primaryimage"},"image":{"@id":"https://fundacion-biodiversidad.es/en/programa_pleamar/development-of-an-integrated-tool-for-the-assessment-and-monitoring-of-shellfish-resources/#primaryimage"},"thumbnailUrl":"https://fundacion-biodiversidad.es/wp-content/uploads/2022/11/no-imagen.jpg","datePublished":"2014-08-12T08:49:21+00:00","breadcrumb":{"@id":"https://fundacion-biodiversidad.es/en/programa_pleamar/development-of-an-integrated-tool-for-the-assessment-and-monitoring-of-shellfish-resources/#breadcrumb"},"inLanguage":"en-US","potentialAction":[{"@type":"ReadAction","target":["https://fundacion-biodiversidad.es/en/programa_pleamar/development-of-an-integrated-tool-for-the-assessment-and-monitoring-of-shellfish-resources/"]}]},{"@type":"ImageObject","inLanguage":"en-US","@id":"https://fundacion-biodiversidad.es/en/programa_pleamar/development-of-an-integrated-tool-for-the-assessment-and-monitoring-of-shellfish-resources/#primaryimage","url":"https://fundacion-biodiversidad.es/wp-content/uploads/2022/11/no-imagen.jpg","contentUrl":"https://fundacion-biodiversidad.es/wp-content/uploads/2022/11/no-imagen.jpg","width":2048,"height":2048,"caption":"Formación en medio ambiente natural"},{"@type":"BreadcrumbList","@id":"https://fundacion-biodiversidad.es/en/programa_pleamar/development-of-an-integrated-tool-for-the-assessment-and-monitoring-of-shellfish-resources/#breadcrumb","itemListElement":[{"@type":"ListItem","position":1,"name":"Portada","item":"https://fundacion-biodiversidad.es/en/inicio/"},{"@type":"ListItem","position":2,"name":"Programa pleamar","item":"https://fundacion-biodiversidad.es/en/programa_pleamar/"},{"@type":"ListItem","position":3,"name":"Development of an integrated tool for the assessment and monitoring of shellfish resources"}]},{"@type":"WebSite","@id":"https://fundacion-biodiversidad.es/en/#website","url":"https://fundacion-biodiversidad.es/en/","name":"Fundación Biodiversidad","description":"Fundación pública adscrita al Ministerio para la Transición Ecológica","potentialAction":[{"@type":"SearchAction","target":{"@type":"EntryPoint","urlTemplate":"https://fundacion-biodiversidad.es/en/?s={search_term_string}"},"query-input":{"@type":"PropertyValueSpecification","valueRequired":true,"valueName":"search_term_string"}}],"inLanguage":"en-US"}]}</script>
<!-- / Yoast SEO plugin. -->

Development of an integrated tool for the assessment and monitoring of shellfish resources - Fundación Biodiversidad

Fundación Biodiversidad

Formación en medio ambiente natural

Fundación pública adscrita al Ministerio para la Transición Ecológica
