{"id":97861715,"date":"2014-08-12T09:01:34","date_gmt":"2014-08-12T07:01:34","guid":{"rendered":"https:\/\/fundacion-biodiversidad.es\/programa_pleamar\/effectiveness-of-marine-reserves-in-the-conservation-of-rays-and-sharks\/"},"modified":"2014-08-12T09:01:34","modified_gmt":"2014-08-12T07:01:34","slug":"effectiveness-of-marine-reserves-in-the-conservation-of-rays-and-sharks","status":"publish","type":"programa_pleamar","link":"https:\/\/fundacion-biodiversidad.es\/en\/programa_pleamar\/effectiveness-of-marine-reserves-in-the-conservation-of-rays-and-sharks\/","title":{"rendered":"Effectiveness of Marine Reserves in the conservation of rays and sharks"},"content":{"rendered":"<p style=\"text-align: justify\">\n            <strong>Description<\/strong>\n          <\/p>\n<p style=\"text-align: justify\">This project aims to advance the knowledge of the ecology of four species of coastal elasmobranchs: mosaic ray (Raja undulata), painted ray (R. montagui), winged shark (Scyliorhinus stellaris) and catshark (S. canicula) in the R\u00eda de Cedeira Marine Reserve of Fishing Interest and in the Cabo de Palos \u2010 Islas Hormigas Marine Reserve.<\/p>\n<p>Through this project, FUAC has contributed to expanding the knowledge of the ecology of two species of <strong>rays<\/strong> (<em>R. undulata<\/em> and<em> R. montagu<\/em>i) and two <strong>sharks<\/strong> (<em>S. canicula<\/em> and <em>S. stellaris<\/em>) in the RMIP <strong>R\u00eda de Cedeira<\/strong> and in the <strong>RM Cabo de Palos \u2010 Islas Hormigas<\/strong>.<\/p>\n<p style=\"text-align: justify\">The study has focused on the distribution, abundance and use of the habitat, based on the<strong> traditional ecological knowledge<\/strong> (TEC) of fishermen (professional and recreational) and recreational divers in each of the study areas; It has also been possible to analyse the spatial\u2010temporal dynamics of the species through ultrasonic telemetry experiments, and to determine the <strong>effectiveness of the reserves<\/strong> on the protection of coastal elasmobranchs in general and on the species studied in particular.<\/p>\n<p style=\"text-align: justify\">\n<p style=\"text-align: justify\">\n            <a href=\"https:\/\/www.programapleamar.es\/proyectos\/eficacia-de-las-reservas-marinas-en-la-conservacion-de-rayas-y-tiburones\">See the project<\/a>\n          <\/p>\n","protected":false},"featured_media":22405,"parent":0,"template":"","meta":{"_acf_changed":false},"financiaci_n":[702,650],"lineas_actuacion_tematicas":[655],"class_list":["post-97861715","programa_pleamar","type-programa_pleamar","status-publish","has-post-thumbnail","hentry","financiaci_n-european-fisheries-fund","financiaci_n-fundacion-biodiversidad-en","lineas_actuacion_tematicas-marine-ecosystems"],"acf":[],"yoast_head":"<!-- This site is optimized with the Yoast SEO plugin v26.9 - https:\/\/yoast.com\/product\/yoast-seo-wordpress\/ -->\n<title>Effectiveness of Marine Reserves in the conservation of rays and sharks - Fundaci\u00f3n Biodiversidad<\/title>\n<meta name=\"robots\" content=\"index, follow, max-snippet:-1, max-image-preview:large, max-video-preview:-1\" \/>\n<link rel=\"canonical\" href=\"https:\/\/fundacion-biodiversidad.es\/en\/programa_pleamar\/effectiveness-of-marine-reserves-in-the-conservation-of-rays-and-sharks\/\" \/>\n<meta property=\"og:locale\" content=\"en_US\" \/>\n<meta property=\"og:type\" content=\"article\" \/>\n<meta property=\"og:title\" content=\"Effectiveness of Marine Reserves in the conservation of rays and sharks - Fundaci\u00f3n Biodiversidad\" \/>\n<meta property=\"og:description\" content=\"Description This project aims to advance the knowledge of the ecology of four species of coastal elasmobranchs: mosaic ray (Raja undulata), painted ray (R. montagui), [&hellip;]\" \/>\n<meta property=\"og:url\" content=\"https:\/\/fundacion-biodiversidad.es\/en\/programa_pleamar\/effectiveness-of-marine-reserves-in-the-conservation-of-rays-and-sharks\/\" \/>\n<meta property=\"og:site_name\" content=\"Fundaci\u00f3n Biodiversidad\" \/>\n<meta property=\"og:image\" content=\"https:\/\/fundacion-biodiversidad.es\/wp-content\/uploads\/2022\/11\/no-imagen.jpg\" \/>\n\t<meta property=\"og:image:width\" content=\"2048\" \/>\n\t<meta property=\"og:image:height\" content=\"2048\" \/>\n\t<meta property=\"og:image:type\" content=\"image\/jpeg\" \/>\n<meta name=\"twitter:card\" content=\"summary_large_image\" \/>\n<meta name=\"twitter:label1\" content=\"Est. reading time\" \/>\n\t<meta name=\"twitter:data1\" content=\"1 minute\" \/>\n<script type=\"application\/ld+json\" class=\"yoast-schema-graph\">{\"@context\":\"https:\/\/schema.org\",\"@graph\":[{\"@type\":\"WebPage\",\"@id\":\"https:\/\/fundacion-biodiversidad.es\/en\/programa_pleamar\/effectiveness-of-marine-reserves-in-the-conservation-of-rays-and-sharks\/\",\"url\":\"https:\/\/fundacion-biodiversidad.es\/en\/programa_pleamar\/effectiveness-of-marine-reserves-in-the-conservation-of-rays-and-sharks\/\",\"name\":\"Effectiveness of Marine Reserves in the conservation of rays and sharks - Fundaci\u00f3n Biodiversidad\",\"isPartOf\":{\"@id\":\"https:\/\/fundacion-biodiversidad.es\/en\/#website\"},\"primaryImageOfPage\":{\"@id\":\"https:\/\/fundacion-biodiversidad.es\/en\/programa_pleamar\/effectiveness-of-marine-reserves-in-the-conservation-of-rays-and-sharks\/#primaryimage\"},\"image\":{\"@id\":\"https:\/\/fundacion-biodiversidad.es\/en\/programa_pleamar\/effectiveness-of-marine-reserves-in-the-conservation-of-rays-and-sharks\/#primaryimage\"},\"thumbnailUrl\":\"https:\/\/fundacion-biodiversidad.es\/wp-content\/uploads\/2022\/11\/no-imagen.jpg\",\"datePublished\":\"2014-08-12T07:01:34+00:00\",\"breadcrumb\":{\"@id\":\"https:\/\/fundacion-biodiversidad.es\/en\/programa_pleamar\/effectiveness-of-marine-reserves-in-the-conservation-of-rays-and-sharks\/#breadcrumb\"},\"inLanguage\":\"en-US\",\"potentialAction\":[{\"@type\":\"ReadAction\",\"target\":[\"https:\/\/fundacion-biodiversidad.es\/en\/programa_pleamar\/effectiveness-of-marine-reserves-in-the-conservation-of-rays-and-sharks\/\"]}]},{\"@type\":\"ImageObject\",\"inLanguage\":\"en-US\",\"@id\":\"https:\/\/fundacion-biodiversidad.es\/en\/programa_pleamar\/effectiveness-of-marine-reserves-in-the-conservation-of-rays-and-sharks\/#primaryimage\",\"url\":\"https:\/\/fundacion-biodiversidad.es\/wp-content\/uploads\/2022\/11\/no-imagen.jpg\",\"contentUrl\":\"https:\/\/fundacion-biodiversidad.es\/wp-content\/uploads\/2022\/11\/no-imagen.jpg\",\"width\":2048,\"height\":2048,\"caption\":\"Formaci\u00f3n en medio ambiente natural\"},{\"@type\":\"BreadcrumbList\",\"@id\":\"https:\/\/fundacion-biodiversidad.es\/en\/programa_pleamar\/effectiveness-of-marine-reserves-in-the-conservation-of-rays-and-sharks\/#breadcrumb\",\"itemListElement\":[{\"@type\":\"ListItem\",\"position\":1,\"name\":\"Portada\",\"item\":\"https:\/\/fundacion-biodiversidad.es\/en\/inicio\/\"},{\"@type\":\"ListItem\",\"position\":2,\"name\":\"Programa pleamar\",\"item\":\"https:\/\/fundacion-biodiversidad.es\/en\/programa_pleamar\/\"},{\"@type\":\"ListItem\",\"position\":3,\"name\":\"Effectiveness of Marine Reserves in the conservation of rays and sharks\"}]},{\"@type\":\"WebSite\",\"@id\":\"https:\/\/fundacion-biodiversidad.es\/en\/#website\",\"url\":\"https:\/\/fundacion-biodiversidad.es\/en\/\",\"name\":\"Fundaci\u00f3n Biodiversidad\",\"description\":\"Fundaci\u00f3n p\u00fablica adscrita al Ministerio para la Transici\u00f3n Ecol\u00f3gica\",\"potentialAction\":[{\"@type\":\"SearchAction\",\"target\":{\"@type\":\"EntryPoint\",\"urlTemplate\":\"https:\/\/fundacion-biodiversidad.es\/en\/?s={search_term_string}\"},\"query-input\":{\"@type\":\"PropertyValueSpecification\",\"valueRequired\":true,\"valueName\":\"search_term_string\"}}],\"inLanguage\":\"en-US\"}]}<\/script>\n<!-- \/ Yoast SEO plugin. -->","yoast_head_json":{"title":"Effectiveness of Marine Reserves in the conservation of rays and sharks - Fundaci\u00f3n Biodiversidad","robots":{"index":"index","follow":"follow","max-snippet":"max-snippet:-1","max-image-preview":"max-image-preview:large","max-video-preview":"max-video-preview:-1"},"canonical":"https:\/\/fundacion-biodiversidad.es\/en\/programa_pleamar\/effectiveness-of-marine-reserves-in-the-conservation-of-rays-and-sharks\/","og_locale":"en_US","og_type":"article","og_title":"Effectiveness of Marine Reserves in the conservation of rays and sharks - Fundaci\u00f3n Biodiversidad","og_description":"Description This project aims to advance the knowledge of the ecology of four species of coastal elasmobranchs: mosaic ray (Raja undulata), painted ray (R. montagui), [&hellip;]","og_url":"https:\/\/fundacion-biodiversidad.es\/en\/programa_pleamar\/effectiveness-of-marine-reserves-in-the-conservation-of-rays-and-sharks\/","og_site_name":"Fundaci\u00f3n Biodiversidad","og_image":[{"width":2048,"height":2048,"url":"https:\/\/fundacion-biodiversidad.es\/wp-content\/uploads\/2022\/11\/no-imagen.jpg","type":"image\/jpeg"}],"twitter_card":"summary_large_image","twitter_misc":{"Est. reading time":"1 minute"},"schema":{"@context":"https:\/\/schema.org","@graph":[{"@type":"WebPage","@id":"https:\/\/fundacion-biodiversidad.es\/en\/programa_pleamar\/effectiveness-of-marine-reserves-in-the-conservation-of-rays-and-sharks\/","url":"https:\/\/fundacion-biodiversidad.es\/en\/programa_pleamar\/effectiveness-of-marine-reserves-in-the-conservation-of-rays-and-sharks\/","name":"Effectiveness of Marine Reserves in the conservation of rays and sharks - Fundaci\u00f3n Biodiversidad","isPartOf":{"@id":"https:\/\/fundacion-biodiversidad.es\/en\/#website"},"primaryImageOfPage":{"@id":"https:\/\/fundacion-biodiversidad.es\/en\/programa_pleamar\/effectiveness-of-marine-reserves-in-the-conservation-of-rays-and-sharks\/#primaryimage"},"image":{"@id":"https:\/\/fundacion-biodiversidad.es\/en\/programa_pleamar\/effectiveness-of-marine-reserves-in-the-conservation-of-rays-and-sharks\/#primaryimage"},"thumbnailUrl":"https:\/\/fundacion-biodiversidad.es\/wp-content\/uploads\/2022\/11\/no-imagen.jpg","datePublished":"2014-08-12T07:01:34+00:00","breadcrumb":{"@id":"https:\/\/fundacion-biodiversidad.es\/en\/programa_pleamar\/effectiveness-of-marine-reserves-in-the-conservation-of-rays-and-sharks\/#breadcrumb"},"inLanguage":"en-US","potentialAction":[{"@type":"ReadAction","target":["https:\/\/fundacion-biodiversidad.es\/en\/programa_pleamar\/effectiveness-of-marine-reserves-in-the-conservation-of-rays-and-sharks\/"]}]},{"@type":"ImageObject","inLanguage":"en-US","@id":"https:\/\/fundacion-biodiversidad.es\/en\/programa_pleamar\/effectiveness-of-marine-reserves-in-the-conservation-of-rays-and-sharks\/#primaryimage","url":"https:\/\/fundacion-biodiversidad.es\/wp-content\/uploads\/2022\/11\/no-imagen.jpg","contentUrl":"https:\/\/fundacion-biodiversidad.es\/wp-content\/uploads\/2022\/11\/no-imagen.jpg","width":2048,"height":2048,"caption":"Formaci\u00f3n en medio ambiente natural"},{"@type":"BreadcrumbList","@id":"https:\/\/fundacion-biodiversidad.es\/en\/programa_pleamar\/effectiveness-of-marine-reserves-in-the-conservation-of-rays-and-sharks\/#breadcrumb","itemListElement":[{"@type":"ListItem","position":1,"name":"Portada","item":"https:\/\/fundacion-biodiversidad.es\/en\/inicio\/"},{"@type":"ListItem","position":2,"name":"Programa pleamar","item":"https:\/\/fundacion-biodiversidad.es\/en\/programa_pleamar\/"},{"@type":"ListItem","position":3,"name":"Effectiveness of Marine Reserves in the conservation of rays and sharks"}]},{"@type":"WebSite","@id":"https:\/\/fundacion-biodiversidad.es\/en\/#website","url":"https:\/\/fundacion-biodiversidad.es\/en\/","name":"Fundaci\u00f3n Biodiversidad","description":"Fundaci\u00f3n p\u00fablica adscrita al Ministerio para la Transici\u00f3n Ecol\u00f3gica","potentialAction":[{"@type":"SearchAction","target":{"@type":"EntryPoint","urlTemplate":"https:\/\/fundacion-biodiversidad.es\/en\/?s={search_term_string}"},"query-input":{"@type":"PropertyValueSpecification","valueRequired":true,"valueName":"search_term_string"}}],"inLanguage":"en-US"}]}},"_links":{"self":[{"href":"https:\/\/fundacion-biodiversidad.es\/en\/wp-json\/wp\/v2\/programa_pleamar\/97861715","targetHints":{"allow":["GET"]}}],"collection":[{"href":"https:\/\/fundacion-biodiversidad.es\/en\/wp-json\/wp\/v2\/programa_pleamar"}],"about":[{"href":"https:\/\/fundacion-biodiversidad.es\/en\/wp-json\/wp\/v2\/types\/programa_pleamar"}],"wp:featuredmedia":[{"embeddable":true,"href":"https:\/\/fundacion-biodiversidad.es\/en\/wp-json\/wp\/v2\/media\/22405"}],"wp:attachment":[{"href":"https:\/\/fundacion-biodiversidad.es\/en\/wp-json\/wp\/v2\/media?parent=97861715"}],"wp:term":[{"taxonomy":"financiaci_n","embeddable":true,"href":"https:\/\/fundacion-biodiversidad.es\/en\/wp-json\/wp\/v2\/financiaci_n?post=97861715"},{"taxonomy":"lineas_actuacion_tematicas","embeddable":true,"href":"https:\/\/fundacion-biodiversidad.es\/en\/wp-json\/wp\/v2\/lineas_actuacion_tematicas?post=97861715"}],"curies":[{"name":"wp","href":"https:\/\/api.w.org\/{rel}","templated":true}]}}

<p style="text-align: justify">
            <strong>Description</strong>
          </p>
<p style="text-align: justify">This project aims to advance the knowledge of the ecology of four species of coastal elasmobranchs: mosaic ray (Raja undulata), painted ray (R. montagui), winged shark (Scyliorhinus stellaris) and catshark (S. canicula) in the Ría de Cedeira Marine Reserve of Fishing Interest and in the Cabo de Palos ‐ Islas Hormigas Marine Reserve.</p>
<p>Through this project, FUAC has contributed to expanding the knowledge of the ecology of two species of <strong>rays</strong> (<em>R. undulata</em> and<em> R. montagu</em>i) and two <strong>sharks</strong> (<em>S. canicula</em> and <em>S. stellaris</em>) in the RMIP <strong>Ría de Cedeira</strong> and in the <strong>RM Cabo de Palos ‐ Islas Hormigas</strong>.</p>
<p style="text-align: justify">The study has focused on the distribution, abundance and use of the habitat, based on the<strong> traditional ecological knowledge</strong> (TEC) of fishermen (professional and recreational) and recreational divers in each of the study areas; It has also been possible to analyse the spatial‐temporal dynamics of the species through ultrasonic telemetry experiments, and to determine the <strong>effectiveness of the reserves</strong> on the protection of coastal elasmobranchs in general and on the species studied in particular.</p>
<p style="text-align: justify">
<p style="text-align: justify">
            <a href="https://www.programapleamar.es/proyectos/eficacia-de-las-reservas-marinas-en-la-conservacion-de-rayas-y-tiburones">See the project</a>
          </p>

<!-- This site is optimized with the Yoast SEO plugin v26.9 - https://yoast.com/product/yoast-seo-wordpress/ -->
<title>Effectiveness of Marine Reserves in the conservation of rays and sharks - Fundación Biodiversidad</title>
<meta name="robots" content="index, follow, max-snippet:-1, max-image-preview:large, max-video-preview:-1" />
<link rel="canonical" href="https://fundacion-biodiversidad.es/en/programa_pleamar/effectiveness-of-marine-reserves-in-the-conservation-of-rays-and-sharks/" />
<meta property="og:locale" content="en_US" />
<meta property="og:type" content="article" />
<meta property="og:title" content="Effectiveness of Marine Reserves in the conservation of rays and sharks - Fundación Biodiversidad" />
<meta property="og:description" content="Description This project aims to advance the knowledge of the ecology of four species of coastal elasmobranchs: mosaic ray (Raja undulata), painted ray (R. montagui), [&hellip;]" />
<meta property="og:url" content="https://fundacion-biodiversidad.es/en/programa_pleamar/effectiveness-of-marine-reserves-in-the-conservation-of-rays-and-sharks/" />
<meta property="og:site_name" content="Fundación Biodiversidad" />
<meta property="og:image" content="https://fundacion-biodiversidad.es/wp-content/uploads/2022/11/no-imagen.jpg" />
	<meta property="og:image:width" content="2048" />
	<meta property="og:image:height" content="2048" />
	<meta property="og:image:type" content="image/jpeg" />
<meta name="twitter:card" content="summary_large_image" />
<meta name="twitter:label1" content="Est. reading time" />
	<meta name="twitter:data1" content="1 minute" />
<script type="application/ld+json" class="yoast-schema-graph">{"@context":"https://schema.org","@graph":[{"@type":"WebPage","@id":"https://fundacion-biodiversidad.es/en/programa_pleamar/effectiveness-of-marine-reserves-in-the-conservation-of-rays-and-sharks/","url":"https://fundacion-biodiversidad.es/en/programa_pleamar/effectiveness-of-marine-reserves-in-the-conservation-of-rays-and-sharks/","name":"Effectiveness of Marine Reserves in the conservation of rays and sharks - Fundación Biodiversidad","isPartOf":{"@id":"https://fundacion-biodiversidad.es/en/#website"},"primaryImageOfPage":{"@id":"https://fundacion-biodiversidad.es/en/programa_pleamar/effectiveness-of-marine-reserves-in-the-conservation-of-rays-and-sharks/#primaryimage"},"image":{"@id":"https://fundacion-biodiversidad.es/en/programa_pleamar/effectiveness-of-marine-reserves-in-the-conservation-of-rays-and-sharks/#primaryimage"},"thumbnailUrl":"https://fundacion-biodiversidad.es/wp-content/uploads/2022/11/no-imagen.jpg","datePublished":"2014-08-12T07:01:34+00:00","breadcrumb":{"@id":"https://fundacion-biodiversidad.es/en/programa_pleamar/effectiveness-of-marine-reserves-in-the-conservation-of-rays-and-sharks/#breadcrumb"},"inLanguage":"en-US","potentialAction":[{"@type":"ReadAction","target":["https://fundacion-biodiversidad.es/en/programa_pleamar/effectiveness-of-marine-reserves-in-the-conservation-of-rays-and-sharks/"]}]},{"@type":"ImageObject","inLanguage":"en-US","@id":"https://fundacion-biodiversidad.es/en/programa_pleamar/effectiveness-of-marine-reserves-in-the-conservation-of-rays-and-sharks/#primaryimage","url":"https://fundacion-biodiversidad.es/wp-content/uploads/2022/11/no-imagen.jpg","contentUrl":"https://fundacion-biodiversidad.es/wp-content/uploads/2022/11/no-imagen.jpg","width":2048,"height":2048,"caption":"Formación en medio ambiente natural"},{"@type":"BreadcrumbList","@id":"https://fundacion-biodiversidad.es/en/programa_pleamar/effectiveness-of-marine-reserves-in-the-conservation-of-rays-and-sharks/#breadcrumb","itemListElement":[{"@type":"ListItem","position":1,"name":"Portada","item":"https://fundacion-biodiversidad.es/en/inicio/"},{"@type":"ListItem","position":2,"name":"Programa pleamar","item":"https://fundacion-biodiversidad.es/en/programa_pleamar/"},{"@type":"ListItem","position":3,"name":"Effectiveness of Marine Reserves in the conservation of rays and sharks"}]},{"@type":"WebSite","@id":"https://fundacion-biodiversidad.es/en/#website","url":"https://fundacion-biodiversidad.es/en/","name":"Fundación Biodiversidad","description":"Fundación pública adscrita al Ministerio para la Transición Ecológica","potentialAction":[{"@type":"SearchAction","target":{"@type":"EntryPoint","urlTemplate":"https://fundacion-biodiversidad.es/en/?s={search_term_string}"},"query-input":{"@type":"PropertyValueSpecification","valueRequired":true,"valueName":"search_term_string"}}],"inLanguage":"en-US"}]}</script>
<!-- / Yoast SEO plugin. -->

Effectiveness of Marine Reserves in the conservation of rays and sharks - Fundación Biodiversidad

Fundación Biodiversidad

Formación en medio ambiente natural

Fundación pública adscrita al Ministerio para la Transición Ecológica
