{"id":97861716,"date":"2014-08-08T12:11:13","date_gmt":"2014-08-08T10:11:13","guid":{"rendered":"https:\/\/fundacion-biodiversidad.es\/programa_pleamar\/interactions-of-floating-cage-marine-aquaculture-and-seabird-conservation-the-case-of-the-european-storm-petrel\/"},"modified":"2014-08-08T12:11:13","modified_gmt":"2014-08-08T10:11:13","slug":"interactions-of-floating-cage-marine-aquaculture-and-seabird-conservation-the-case-of-the-european-storm-petrel","status":"publish","type":"programa_pleamar","link":"https:\/\/fundacion-biodiversidad.es\/en\/programa_pleamar\/interactions-of-floating-cage-marine-aquaculture-and-seabird-conservation-the-case-of-the-european-storm-petrel\/","title":{"rendered":"Interactions of Floating Cage Marine Aquaculture and Seabird Conservation: The Case of the European Storm Petrel"},"content":{"rendered":"<p style=\"text-align: justify\">\n            <strong>Description<\/strong>\n          <\/p>\n<p style=\"text-align: justify\">The AQUA&amp;PAI\u00d1O project has delved into the study of the interaction between<strong> aquaculture facilities in the open sea and the European storm petrel<\/strong>, a species listed as vulnerable in the Red Book of Birds of Spain.<\/p>\n<p style=\"text-align: justify\">The Murcia\u2010Almeria coastline is considered a &#8220;hot spot&#8221; within the marine areas of importance for birds identified by BirdLife\u2010 International, as it is home to several nesting colonies and with a high density of storm petrels on the high seas. These colonies are interspersed between different marine farms. <\/p>\n<p style=\"text-align: justify\">\n<p style=\"text-align: justify\">\n            <a href=\"https:\/\/www.programapleamar.es\/proyectos\/interacciones-de-la-acuicultura-marina-en-jaulas-flotantes-y-la-conservacion-de-las-aves\">See the project<\/a>\n          <\/p>\n","protected":false},"featured_media":22405,"parent":0,"template":"","meta":{"_acf_changed":false},"financiaci_n":[702,650],"lineas_actuacion_tematicas":[655],"class_list":["post-97861716","programa_pleamar","type-programa_pleamar","status-publish","has-post-thumbnail","hentry","financiaci_n-european-fisheries-fund","financiaci_n-fundacion-biodiversidad-en","lineas_actuacion_tematicas-marine-ecosystems"],"acf":[],"yoast_head":"<!-- This site is optimized with the Yoast SEO plugin v26.9 - https:\/\/yoast.com\/product\/yoast-seo-wordpress\/ -->\n<title>Interactions of Floating Cage Marine Aquaculture and Seabird Conservation: The Case of the European Storm Petrel - Fundaci\u00f3n Biodiversidad<\/title>\n<meta name=\"robots\" content=\"index, follow, max-snippet:-1, max-image-preview:large, max-video-preview:-1\" \/>\n<link rel=\"canonical\" href=\"https:\/\/fundacion-biodiversidad.es\/en\/programa_pleamar\/interactions-of-floating-cage-marine-aquaculture-and-seabird-conservation-the-case-of-the-european-storm-petrel\/\" \/>\n<meta property=\"og:locale\" content=\"en_US\" \/>\n<meta property=\"og:type\" content=\"article\" \/>\n<meta property=\"og:title\" content=\"Interactions of Floating Cage Marine Aquaculture and Seabird Conservation: The Case of the European Storm Petrel - Fundaci\u00f3n Biodiversidad\" \/>\n<meta property=\"og:description\" content=\"Description The AQUA&amp;PAI\u00d1O project has delved into the study of the interaction between aquaculture facilities in the open sea and the European storm petrel, a [&hellip;]\" \/>\n<meta property=\"og:url\" content=\"https:\/\/fundacion-biodiversidad.es\/en\/programa_pleamar\/interactions-of-floating-cage-marine-aquaculture-and-seabird-conservation-the-case-of-the-european-storm-petrel\/\" \/>\n<meta property=\"og:site_name\" content=\"Fundaci\u00f3n Biodiversidad\" \/>\n<meta property=\"og:image\" content=\"https:\/\/fundacion-biodiversidad.es\/wp-content\/uploads\/2022\/11\/no-imagen.jpg\" \/>\n\t<meta property=\"og:image:width\" content=\"2048\" \/>\n\t<meta property=\"og:image:height\" content=\"2048\" \/>\n\t<meta property=\"og:image:type\" content=\"image\/jpeg\" \/>\n<meta name=\"twitter:card\" content=\"summary_large_image\" \/>\n<script type=\"application\/ld+json\" class=\"yoast-schema-graph\">{\"@context\":\"https:\/\/schema.org\",\"@graph\":[{\"@type\":\"WebPage\",\"@id\":\"https:\/\/fundacion-biodiversidad.es\/en\/programa_pleamar\/interactions-of-floating-cage-marine-aquaculture-and-seabird-conservation-the-case-of-the-european-storm-petrel\/\",\"url\":\"https:\/\/fundacion-biodiversidad.es\/en\/programa_pleamar\/interactions-of-floating-cage-marine-aquaculture-and-seabird-conservation-the-case-of-the-european-storm-petrel\/\",\"name\":\"Interactions of Floating Cage Marine Aquaculture and Seabird Conservation: The Case of the European Storm Petrel - Fundaci\u00f3n Biodiversidad\",\"isPartOf\":{\"@id\":\"https:\/\/fundacion-biodiversidad.es\/en\/#website\"},\"primaryImageOfPage\":{\"@id\":\"https:\/\/fundacion-biodiversidad.es\/en\/programa_pleamar\/interactions-of-floating-cage-marine-aquaculture-and-seabird-conservation-the-case-of-the-european-storm-petrel\/#primaryimage\"},\"image\":{\"@id\":\"https:\/\/fundacion-biodiversidad.es\/en\/programa_pleamar\/interactions-of-floating-cage-marine-aquaculture-and-seabird-conservation-the-case-of-the-european-storm-petrel\/#primaryimage\"},\"thumbnailUrl\":\"https:\/\/fundacion-biodiversidad.es\/wp-content\/uploads\/2022\/11\/no-imagen.jpg\",\"datePublished\":\"2014-08-08T10:11:13+00:00\",\"breadcrumb\":{\"@id\":\"https:\/\/fundacion-biodiversidad.es\/en\/programa_pleamar\/interactions-of-floating-cage-marine-aquaculture-and-seabird-conservation-the-case-of-the-european-storm-petrel\/#breadcrumb\"},\"inLanguage\":\"en-US\",\"potentialAction\":[{\"@type\":\"ReadAction\",\"target\":[\"https:\/\/fundacion-biodiversidad.es\/en\/programa_pleamar\/interactions-of-floating-cage-marine-aquaculture-and-seabird-conservation-the-case-of-the-european-storm-petrel\/\"]}]},{\"@type\":\"ImageObject\",\"inLanguage\":\"en-US\",\"@id\":\"https:\/\/fundacion-biodiversidad.es\/en\/programa_pleamar\/interactions-of-floating-cage-marine-aquaculture-and-seabird-conservation-the-case-of-the-european-storm-petrel\/#primaryimage\",\"url\":\"https:\/\/fundacion-biodiversidad.es\/wp-content\/uploads\/2022\/11\/no-imagen.jpg\",\"contentUrl\":\"https:\/\/fundacion-biodiversidad.es\/wp-content\/uploads\/2022\/11\/no-imagen.jpg\",\"width\":2048,\"height\":2048,\"caption\":\"Formaci\u00f3n en medio ambiente natural\"},{\"@type\":\"BreadcrumbList\",\"@id\":\"https:\/\/fundacion-biodiversidad.es\/en\/programa_pleamar\/interactions-of-floating-cage-marine-aquaculture-and-seabird-conservation-the-case-of-the-european-storm-petrel\/#breadcrumb\",\"itemListElement\":[{\"@type\":\"ListItem\",\"position\":1,\"name\":\"Portada\",\"item\":\"https:\/\/fundacion-biodiversidad.es\/en\/inicio\/\"},{\"@type\":\"ListItem\",\"position\":2,\"name\":\"Programa pleamar\",\"item\":\"https:\/\/fundacion-biodiversidad.es\/en\/programa_pleamar\/\"},{\"@type\":\"ListItem\",\"position\":3,\"name\":\"Interactions of Floating Cage Marine Aquaculture and Seabird Conservation: The Case of the European Storm Petrel\"}]},{\"@type\":\"WebSite\",\"@id\":\"https:\/\/fundacion-biodiversidad.es\/en\/#website\",\"url\":\"https:\/\/fundacion-biodiversidad.es\/en\/\",\"name\":\"Fundaci\u00f3n Biodiversidad\",\"description\":\"Fundaci\u00f3n p\u00fablica adscrita al Ministerio para la Transici\u00f3n Ecol\u00f3gica\",\"potentialAction\":[{\"@type\":\"SearchAction\",\"target\":{\"@type\":\"EntryPoint\",\"urlTemplate\":\"https:\/\/fundacion-biodiversidad.es\/en\/?s={search_term_string}\"},\"query-input\":{\"@type\":\"PropertyValueSpecification\",\"valueRequired\":true,\"valueName\":\"search_term_string\"}}],\"inLanguage\":\"en-US\"}]}<\/script>\n<!-- \/ Yoast SEO plugin. -->","yoast_head_json":{"title":"Interactions of Floating Cage Marine Aquaculture and Seabird Conservation: The Case of the European Storm Petrel - Fundaci\u00f3n Biodiversidad","robots":{"index":"index","follow":"follow","max-snippet":"max-snippet:-1","max-image-preview":"max-image-preview:large","max-video-preview":"max-video-preview:-1"},"canonical":"https:\/\/fundacion-biodiversidad.es\/en\/programa_pleamar\/interactions-of-floating-cage-marine-aquaculture-and-seabird-conservation-the-case-of-the-european-storm-petrel\/","og_locale":"en_US","og_type":"article","og_title":"Interactions of Floating Cage Marine Aquaculture and Seabird Conservation: The Case of the European Storm Petrel - Fundaci\u00f3n Biodiversidad","og_description":"Description The AQUA&amp;PAI\u00d1O project has delved into the study of the interaction between aquaculture facilities in the open sea and the European storm petrel, a [&hellip;]","og_url":"https:\/\/fundacion-biodiversidad.es\/en\/programa_pleamar\/interactions-of-floating-cage-marine-aquaculture-and-seabird-conservation-the-case-of-the-european-storm-petrel\/","og_site_name":"Fundaci\u00f3n Biodiversidad","og_image":[{"width":2048,"height":2048,"url":"https:\/\/fundacion-biodiversidad.es\/wp-content\/uploads\/2022\/11\/no-imagen.jpg","type":"image\/jpeg"}],"twitter_card":"summary_large_image","schema":{"@context":"https:\/\/schema.org","@graph":[{"@type":"WebPage","@id":"https:\/\/fundacion-biodiversidad.es\/en\/programa_pleamar\/interactions-of-floating-cage-marine-aquaculture-and-seabird-conservation-the-case-of-the-european-storm-petrel\/","url":"https:\/\/fundacion-biodiversidad.es\/en\/programa_pleamar\/interactions-of-floating-cage-marine-aquaculture-and-seabird-conservation-the-case-of-the-european-storm-petrel\/","name":"Interactions of Floating Cage Marine Aquaculture and Seabird Conservation: The Case of the European Storm Petrel - Fundaci\u00f3n Biodiversidad","isPartOf":{"@id":"https:\/\/fundacion-biodiversidad.es\/en\/#website"},"primaryImageOfPage":{"@id":"https:\/\/fundacion-biodiversidad.es\/en\/programa_pleamar\/interactions-of-floating-cage-marine-aquaculture-and-seabird-conservation-the-case-of-the-european-storm-petrel\/#primaryimage"},"image":{"@id":"https:\/\/fundacion-biodiversidad.es\/en\/programa_pleamar\/interactions-of-floating-cage-marine-aquaculture-and-seabird-conservation-the-case-of-the-european-storm-petrel\/#primaryimage"},"thumbnailUrl":"https:\/\/fundacion-biodiversidad.es\/wp-content\/uploads\/2022\/11\/no-imagen.jpg","datePublished":"2014-08-08T10:11:13+00:00","breadcrumb":{"@id":"https:\/\/fundacion-biodiversidad.es\/en\/programa_pleamar\/interactions-of-floating-cage-marine-aquaculture-and-seabird-conservation-the-case-of-the-european-storm-petrel\/#breadcrumb"},"inLanguage":"en-US","potentialAction":[{"@type":"ReadAction","target":["https:\/\/fundacion-biodiversidad.es\/en\/programa_pleamar\/interactions-of-floating-cage-marine-aquaculture-and-seabird-conservation-the-case-of-the-european-storm-petrel\/"]}]},{"@type":"ImageObject","inLanguage":"en-US","@id":"https:\/\/fundacion-biodiversidad.es\/en\/programa_pleamar\/interactions-of-floating-cage-marine-aquaculture-and-seabird-conservation-the-case-of-the-european-storm-petrel\/#primaryimage","url":"https:\/\/fundacion-biodiversidad.es\/wp-content\/uploads\/2022\/11\/no-imagen.jpg","contentUrl":"https:\/\/fundacion-biodiversidad.es\/wp-content\/uploads\/2022\/11\/no-imagen.jpg","width":2048,"height":2048,"caption":"Formaci\u00f3n en medio ambiente natural"},{"@type":"BreadcrumbList","@id":"https:\/\/fundacion-biodiversidad.es\/en\/programa_pleamar\/interactions-of-floating-cage-marine-aquaculture-and-seabird-conservation-the-case-of-the-european-storm-petrel\/#breadcrumb","itemListElement":[{"@type":"ListItem","position":1,"name":"Portada","item":"https:\/\/fundacion-biodiversidad.es\/en\/inicio\/"},{"@type":"ListItem","position":2,"name":"Programa pleamar","item":"https:\/\/fundacion-biodiversidad.es\/en\/programa_pleamar\/"},{"@type":"ListItem","position":3,"name":"Interactions of Floating Cage Marine Aquaculture and Seabird Conservation: The Case of the European Storm Petrel"}]},{"@type":"WebSite","@id":"https:\/\/fundacion-biodiversidad.es\/en\/#website","url":"https:\/\/fundacion-biodiversidad.es\/en\/","name":"Fundaci\u00f3n Biodiversidad","description":"Fundaci\u00f3n p\u00fablica adscrita al Ministerio para la Transici\u00f3n Ecol\u00f3gica","potentialAction":[{"@type":"SearchAction","target":{"@type":"EntryPoint","urlTemplate":"https:\/\/fundacion-biodiversidad.es\/en\/?s={search_term_string}"},"query-input":{"@type":"PropertyValueSpecification","valueRequired":true,"valueName":"search_term_string"}}],"inLanguage":"en-US"}]}},"_links":{"self":[{"href":"https:\/\/fundacion-biodiversidad.es\/en\/wp-json\/wp\/v2\/programa_pleamar\/97861716","targetHints":{"allow":["GET"]}}],"collection":[{"href":"https:\/\/fundacion-biodiversidad.es\/en\/wp-json\/wp\/v2\/programa_pleamar"}],"about":[{"href":"https:\/\/fundacion-biodiversidad.es\/en\/wp-json\/wp\/v2\/types\/programa_pleamar"}],"wp:featuredmedia":[{"embeddable":true,"href":"https:\/\/fundacion-biodiversidad.es\/en\/wp-json\/wp\/v2\/media\/22405"}],"wp:attachment":[{"href":"https:\/\/fundacion-biodiversidad.es\/en\/wp-json\/wp\/v2\/media?parent=97861716"}],"wp:term":[{"taxonomy":"financiaci_n","embeddable":true,"href":"https:\/\/fundacion-biodiversidad.es\/en\/wp-json\/wp\/v2\/financiaci_n?post=97861716"},{"taxonomy":"lineas_actuacion_tematicas","embeddable":true,"href":"https:\/\/fundacion-biodiversidad.es\/en\/wp-json\/wp\/v2\/lineas_actuacion_tematicas?post=97861716"}],"curies":[{"name":"wp","href":"https:\/\/api.w.org\/{rel}","templated":true}]}}

<p style="text-align: justify">
            <strong>Description</strong>
          </p>
<p style="text-align: justify">The AQUA&amp;PAIÑO project has delved into the study of the interaction between<strong> aquaculture facilities in the open sea and the European storm petrel</strong>, a species listed as vulnerable in the Red Book of Birds of Spain.</p>
<p style="text-align: justify">The Murcia‐Almeria coastline is considered a &#8220;hot spot&#8221; within the marine areas of importance for birds identified by BirdLife‐ International, as it is home to several nesting colonies and with a high density of storm petrels on the high seas. These colonies are interspersed between different marine farms. </p>
<p style="text-align: justify">
<p style="text-align: justify">
            <a href="https://www.programapleamar.es/proyectos/interacciones-de-la-acuicultura-marina-en-jaulas-flotantes-y-la-conservacion-de-las-aves">See the project</a>
          </p>

<!-- This site is optimized with the Yoast SEO plugin v26.9 - https://yoast.com/product/yoast-seo-wordpress/ -->
<title>Interactions of Floating Cage Marine Aquaculture and Seabird Conservation: The Case of the European Storm Petrel - Fundación Biodiversidad</title>
<meta name="robots" content="index, follow, max-snippet:-1, max-image-preview:large, max-video-preview:-1" />
<link rel="canonical" href="https://fundacion-biodiversidad.es/en/programa_pleamar/interactions-of-floating-cage-marine-aquaculture-and-seabird-conservation-the-case-of-the-european-storm-petrel/" />
<meta property="og:locale" content="en_US" />
<meta property="og:type" content="article" />
<meta property="og:title" content="Interactions of Floating Cage Marine Aquaculture and Seabird Conservation: The Case of the European Storm Petrel - Fundación Biodiversidad" />
<meta property="og:description" content="Description The AQUA&amp;PAIÑO project has delved into the study of the interaction between aquaculture facilities in the open sea and the European storm petrel, a [&hellip;]" />
<meta property="og:url" content="https://fundacion-biodiversidad.es/en/programa_pleamar/interactions-of-floating-cage-marine-aquaculture-and-seabird-conservation-the-case-of-the-european-storm-petrel/" />
<meta property="og:site_name" content="Fundación Biodiversidad" />
<meta property="og:image" content="https://fundacion-biodiversidad.es/wp-content/uploads/2022/11/no-imagen.jpg" />
	<meta property="og:image:width" content="2048" />
	<meta property="og:image:height" content="2048" />
	<meta property="og:image:type" content="image/jpeg" />
<meta name="twitter:card" content="summary_large_image" />
<script type="application/ld+json" class="yoast-schema-graph">{"@context":"https://schema.org","@graph":[{"@type":"WebPage","@id":"https://fundacion-biodiversidad.es/en/programa_pleamar/interactions-of-floating-cage-marine-aquaculture-and-seabird-conservation-the-case-of-the-european-storm-petrel/","url":"https://fundacion-biodiversidad.es/en/programa_pleamar/interactions-of-floating-cage-marine-aquaculture-and-seabird-conservation-the-case-of-the-european-storm-petrel/","name":"Interactions of Floating Cage Marine Aquaculture and Seabird Conservation: The Case of the European Storm Petrel - Fundación Biodiversidad","isPartOf":{"@id":"https://fundacion-biodiversidad.es/en/#website"},"primaryImageOfPage":{"@id":"https://fundacion-biodiversidad.es/en/programa_pleamar/interactions-of-floating-cage-marine-aquaculture-and-seabird-conservation-the-case-of-the-european-storm-petrel/#primaryimage"},"image":{"@id":"https://fundacion-biodiversidad.es/en/programa_pleamar/interactions-of-floating-cage-marine-aquaculture-and-seabird-conservation-the-case-of-the-european-storm-petrel/#primaryimage"},"thumbnailUrl":"https://fundacion-biodiversidad.es/wp-content/uploads/2022/11/no-imagen.jpg","datePublished":"2014-08-08T10:11:13+00:00","breadcrumb":{"@id":"https://fundacion-biodiversidad.es/en/programa_pleamar/interactions-of-floating-cage-marine-aquaculture-and-seabird-conservation-the-case-of-the-european-storm-petrel/#breadcrumb"},"inLanguage":"en-US","potentialAction":[{"@type":"ReadAction","target":["https://fundacion-biodiversidad.es/en/programa_pleamar/interactions-of-floating-cage-marine-aquaculture-and-seabird-conservation-the-case-of-the-european-storm-petrel/"]}]},{"@type":"ImageObject","inLanguage":"en-US","@id":"https://fundacion-biodiversidad.es/en/programa_pleamar/interactions-of-floating-cage-marine-aquaculture-and-seabird-conservation-the-case-of-the-european-storm-petrel/#primaryimage","url":"https://fundacion-biodiversidad.es/wp-content/uploads/2022/11/no-imagen.jpg","contentUrl":"https://fundacion-biodiversidad.es/wp-content/uploads/2022/11/no-imagen.jpg","width":2048,"height":2048,"caption":"Formación en medio ambiente natural"},{"@type":"BreadcrumbList","@id":"https://fundacion-biodiversidad.es/en/programa_pleamar/interactions-of-floating-cage-marine-aquaculture-and-seabird-conservation-the-case-of-the-european-storm-petrel/#breadcrumb","itemListElement":[{"@type":"ListItem","position":1,"name":"Portada","item":"https://fundacion-biodiversidad.es/en/inicio/"},{"@type":"ListItem","position":2,"name":"Programa pleamar","item":"https://fundacion-biodiversidad.es/en/programa_pleamar/"},{"@type":"ListItem","position":3,"name":"Interactions of Floating Cage Marine Aquaculture and Seabird Conservation: The Case of the European Storm Petrel"}]},{"@type":"WebSite","@id":"https://fundacion-biodiversidad.es/en/#website","url":"https://fundacion-biodiversidad.es/en/","name":"Fundación Biodiversidad","description":"Fundación pública adscrita al Ministerio para la Transición Ecológica","potentialAction":[{"@type":"SearchAction","target":{"@type":"EntryPoint","urlTemplate":"https://fundacion-biodiversidad.es/en/?s={search_term_string}"},"query-input":{"@type":"PropertyValueSpecification","valueRequired":true,"valueName":"search_term_string"}}],"inLanguage":"en-US"}]}</script>
<!-- / Yoast SEO plugin. -->

Interactions of Floating Cage Marine Aquaculture and Seabird Conservation: The Case of the European Storm Petrel - Fundación Biodiversidad

Description The AQUA&amp;PAIÑO project has delved into the study of the interaction between aquaculture facilities in the open sea and the European storm petrel, a [&hellip;]

Fundación Biodiversidad

Formación en medio ambiente natural

Fundación pública adscrita al Ministerio para la Transición Ecológica
