{"id":97861724,"date":"2014-07-25T10:53:58","date_gmt":"2014-07-25T08:53:58","guid":{"rendered":"https:\/\/fundacion-biodiversidad.es\/programa_pleamar\/reduction-of-seabird-catch-in-artisanal-longliners-in-eastern-spain-mitigation-measures\/"},"modified":"2014-07-25T10:53:58","modified_gmt":"2014-07-25T08:53:58","slug":"reduction-of-seabird-catch-in-artisanal-longliners-in-eastern-spain-mitigation-measures","status":"publish","type":"programa_pleamar","link":"https:\/\/fundacion-biodiversidad.es\/en\/programa_pleamar\/reduction-of-seabird-catch-in-artisanal-longliners-in-eastern-spain-mitigation-measures\/","title":{"rendered":"Reduction of seabird catch in artisanal longliners in eastern Spain: mitigation measures"},"content":{"rendered":"<p style=\"text-align: justify\"><strong>Description<\/strong><\/p>\n<p style=\"text-align: justify\">The project aims to determine the degree of interaction between birds and longlines and to test effective and adaptable mitigation measures to the longline fleet of the Spanish east for their implementation.<\/p>\n<p>In longline fishing, hooks are a hazard to the  <strong>seabirds<\/strong>  What are they trying to  <strong>Capture the bait  <\/strong>and  <strong>They get hooked<\/strong>. In eastern Spain, four species of seabirds endemic to the <strong>Mediterranean<\/strong> , such as the Balearic, Mediterranean and Cory&#8217;s shearwater, and the Audouin&#8217;s gull \u2013 all of which are protected and threatened \u2013 suffer from these bycatches. <\/p>\n<p style=\"text-align: justify\">The project, developed by the University of Barcelona, has approached the determination <strong>of the degree of interaction between birds and longlines<\/strong> and after testing effective and adaptable mitigation measures to the longline fleet of the Spanish east for its implementation.<\/p>\n<p style=\"text-align: justify\"><a href=\"https:\/\/www.programapleamar.es\/proyectos\/reduccion-de-la-captura-de-aves-marinas-en-los-palangreros-artesanales-del-levante-espanol\">See the project<\/a><\/p>\n","protected":false},"featured_media":22405,"parent":0,"template":"","meta":{"_acf_changed":false},"financiaci_n":[702,650],"lineas_actuacion_tematicas":[655],"class_list":["post-97861724","programa_pleamar","type-programa_pleamar","status-publish","has-post-thumbnail","hentry","financiaci_n-european-fisheries-fund","financiaci_n-fundacion-biodiversidad-en","lineas_actuacion_tematicas-marine-ecosystems"],"acf":[],"yoast_head":"<!-- This site is optimized with the Yoast SEO plugin v26.9 - https:\/\/yoast.com\/product\/yoast-seo-wordpress\/ -->\n<title>Reduction of seabird catch in artisanal longliners in eastern Spain: mitigation measures - Fundaci\u00f3n Biodiversidad<\/title>\n<meta name=\"robots\" content=\"index, follow, max-snippet:-1, max-image-preview:large, max-video-preview:-1\" \/>\n<link rel=\"canonical\" href=\"https:\/\/fundacion-biodiversidad.es\/en\/programa_pleamar\/reduction-of-seabird-catch-in-artisanal-longliners-in-eastern-spain-mitigation-measures\/\" \/>\n<meta property=\"og:locale\" content=\"en_US\" \/>\n<meta property=\"og:type\" content=\"article\" \/>\n<meta property=\"og:title\" content=\"Reduction of seabird catch in artisanal longliners in eastern Spain: mitigation measures - Fundaci\u00f3n Biodiversidad\" \/>\n<meta property=\"og:description\" content=\"Description The project aims to determine the degree of interaction between birds and longlines and to test effective and adaptable mitigation measures to the longline [&hellip;]\" \/>\n<meta property=\"og:url\" content=\"https:\/\/fundacion-biodiversidad.es\/en\/programa_pleamar\/reduction-of-seabird-catch-in-artisanal-longliners-in-eastern-spain-mitigation-measures\/\" \/>\n<meta property=\"og:site_name\" content=\"Fundaci\u00f3n Biodiversidad\" \/>\n<meta property=\"og:image\" content=\"https:\/\/fundacion-biodiversidad.es\/wp-content\/uploads\/2022\/11\/no-imagen.jpg\" \/>\n\t<meta property=\"og:image:width\" content=\"2048\" \/>\n\t<meta property=\"og:image:height\" content=\"2048\" \/>\n\t<meta property=\"og:image:type\" content=\"image\/jpeg\" \/>\n<meta name=\"twitter:card\" content=\"summary_large_image\" \/>\n<meta name=\"twitter:label1\" content=\"Est. reading time\" \/>\n\t<meta name=\"twitter:data1\" content=\"1 minute\" \/>\n<script type=\"application\/ld+json\" class=\"yoast-schema-graph\">{\"@context\":\"https:\/\/schema.org\",\"@graph\":[{\"@type\":\"WebPage\",\"@id\":\"https:\/\/fundacion-biodiversidad.es\/en\/programa_pleamar\/reduction-of-seabird-catch-in-artisanal-longliners-in-eastern-spain-mitigation-measures\/\",\"url\":\"https:\/\/fundacion-biodiversidad.es\/en\/programa_pleamar\/reduction-of-seabird-catch-in-artisanal-longliners-in-eastern-spain-mitigation-measures\/\",\"name\":\"Reduction of seabird catch in artisanal longliners in eastern Spain: mitigation measures - Fundaci\u00f3n Biodiversidad\",\"isPartOf\":{\"@id\":\"https:\/\/fundacion-biodiversidad.es\/en\/#website\"},\"primaryImageOfPage\":{\"@id\":\"https:\/\/fundacion-biodiversidad.es\/en\/programa_pleamar\/reduction-of-seabird-catch-in-artisanal-longliners-in-eastern-spain-mitigation-measures\/#primaryimage\"},\"image\":{\"@id\":\"https:\/\/fundacion-biodiversidad.es\/en\/programa_pleamar\/reduction-of-seabird-catch-in-artisanal-longliners-in-eastern-spain-mitigation-measures\/#primaryimage\"},\"thumbnailUrl\":\"https:\/\/fundacion-biodiversidad.es\/wp-content\/uploads\/2022\/11\/no-imagen.jpg\",\"datePublished\":\"2014-07-25T08:53:58+00:00\",\"breadcrumb\":{\"@id\":\"https:\/\/fundacion-biodiversidad.es\/en\/programa_pleamar\/reduction-of-seabird-catch-in-artisanal-longliners-in-eastern-spain-mitigation-measures\/#breadcrumb\"},\"inLanguage\":\"en-US\",\"potentialAction\":[{\"@type\":\"ReadAction\",\"target\":[\"https:\/\/fundacion-biodiversidad.es\/en\/programa_pleamar\/reduction-of-seabird-catch-in-artisanal-longliners-in-eastern-spain-mitigation-measures\/\"]}]},{\"@type\":\"ImageObject\",\"inLanguage\":\"en-US\",\"@id\":\"https:\/\/fundacion-biodiversidad.es\/en\/programa_pleamar\/reduction-of-seabird-catch-in-artisanal-longliners-in-eastern-spain-mitigation-measures\/#primaryimage\",\"url\":\"https:\/\/fundacion-biodiversidad.es\/wp-content\/uploads\/2022\/11\/no-imagen.jpg\",\"contentUrl\":\"https:\/\/fundacion-biodiversidad.es\/wp-content\/uploads\/2022\/11\/no-imagen.jpg\",\"width\":2048,\"height\":2048,\"caption\":\"Formaci\u00f3n en medio ambiente natural\"},{\"@type\":\"BreadcrumbList\",\"@id\":\"https:\/\/fundacion-biodiversidad.es\/en\/programa_pleamar\/reduction-of-seabird-catch-in-artisanal-longliners-in-eastern-spain-mitigation-measures\/#breadcrumb\",\"itemListElement\":[{\"@type\":\"ListItem\",\"position\":1,\"name\":\"Portada\",\"item\":\"https:\/\/fundacion-biodiversidad.es\/en\/inicio\/\"},{\"@type\":\"ListItem\",\"position\":2,\"name\":\"Programa pleamar\",\"item\":\"https:\/\/fundacion-biodiversidad.es\/en\/programa_pleamar\/\"},{\"@type\":\"ListItem\",\"position\":3,\"name\":\"Reduction of seabird catch in artisanal longliners in eastern Spain: mitigation measures\"}]},{\"@type\":\"WebSite\",\"@id\":\"https:\/\/fundacion-biodiversidad.es\/en\/#website\",\"url\":\"https:\/\/fundacion-biodiversidad.es\/en\/\",\"name\":\"Fundaci\u00f3n Biodiversidad\",\"description\":\"Fundaci\u00f3n p\u00fablica adscrita al Ministerio para la Transici\u00f3n Ecol\u00f3gica\",\"potentialAction\":[{\"@type\":\"SearchAction\",\"target\":{\"@type\":\"EntryPoint\",\"urlTemplate\":\"https:\/\/fundacion-biodiversidad.es\/en\/?s={search_term_string}\"},\"query-input\":{\"@type\":\"PropertyValueSpecification\",\"valueRequired\":true,\"valueName\":\"search_term_string\"}}],\"inLanguage\":\"en-US\"}]}<\/script>\n<!-- \/ Yoast SEO plugin. -->","yoast_head_json":{"title":"Reduction of seabird catch in artisanal longliners in eastern Spain: mitigation measures - Fundaci\u00f3n Biodiversidad","robots":{"index":"index","follow":"follow","max-snippet":"max-snippet:-1","max-image-preview":"max-image-preview:large","max-video-preview":"max-video-preview:-1"},"canonical":"https:\/\/fundacion-biodiversidad.es\/en\/programa_pleamar\/reduction-of-seabird-catch-in-artisanal-longliners-in-eastern-spain-mitigation-measures\/","og_locale":"en_US","og_type":"article","og_title":"Reduction of seabird catch in artisanal longliners in eastern Spain: mitigation measures - Fundaci\u00f3n Biodiversidad","og_description":"Description The project aims to determine the degree of interaction between birds and longlines and to test effective and adaptable mitigation measures to the longline [&hellip;]","og_url":"https:\/\/fundacion-biodiversidad.es\/en\/programa_pleamar\/reduction-of-seabird-catch-in-artisanal-longliners-in-eastern-spain-mitigation-measures\/","og_site_name":"Fundaci\u00f3n Biodiversidad","og_image":[{"width":2048,"height":2048,"url":"https:\/\/fundacion-biodiversidad.es\/wp-content\/uploads\/2022\/11\/no-imagen.jpg","type":"image\/jpeg"}],"twitter_card":"summary_large_image","twitter_misc":{"Est. reading time":"1 minute"},"schema":{"@context":"https:\/\/schema.org","@graph":[{"@type":"WebPage","@id":"https:\/\/fundacion-biodiversidad.es\/en\/programa_pleamar\/reduction-of-seabird-catch-in-artisanal-longliners-in-eastern-spain-mitigation-measures\/","url":"https:\/\/fundacion-biodiversidad.es\/en\/programa_pleamar\/reduction-of-seabird-catch-in-artisanal-longliners-in-eastern-spain-mitigation-measures\/","name":"Reduction of seabird catch in artisanal longliners in eastern Spain: mitigation measures - Fundaci\u00f3n Biodiversidad","isPartOf":{"@id":"https:\/\/fundacion-biodiversidad.es\/en\/#website"},"primaryImageOfPage":{"@id":"https:\/\/fundacion-biodiversidad.es\/en\/programa_pleamar\/reduction-of-seabird-catch-in-artisanal-longliners-in-eastern-spain-mitigation-measures\/#primaryimage"},"image":{"@id":"https:\/\/fundacion-biodiversidad.es\/en\/programa_pleamar\/reduction-of-seabird-catch-in-artisanal-longliners-in-eastern-spain-mitigation-measures\/#primaryimage"},"thumbnailUrl":"https:\/\/fundacion-biodiversidad.es\/wp-content\/uploads\/2022\/11\/no-imagen.jpg","datePublished":"2014-07-25T08:53:58+00:00","breadcrumb":{"@id":"https:\/\/fundacion-biodiversidad.es\/en\/programa_pleamar\/reduction-of-seabird-catch-in-artisanal-longliners-in-eastern-spain-mitigation-measures\/#breadcrumb"},"inLanguage":"en-US","potentialAction":[{"@type":"ReadAction","target":["https:\/\/fundacion-biodiversidad.es\/en\/programa_pleamar\/reduction-of-seabird-catch-in-artisanal-longliners-in-eastern-spain-mitigation-measures\/"]}]},{"@type":"ImageObject","inLanguage":"en-US","@id":"https:\/\/fundacion-biodiversidad.es\/en\/programa_pleamar\/reduction-of-seabird-catch-in-artisanal-longliners-in-eastern-spain-mitigation-measures\/#primaryimage","url":"https:\/\/fundacion-biodiversidad.es\/wp-content\/uploads\/2022\/11\/no-imagen.jpg","contentUrl":"https:\/\/fundacion-biodiversidad.es\/wp-content\/uploads\/2022\/11\/no-imagen.jpg","width":2048,"height":2048,"caption":"Formaci\u00f3n en medio ambiente natural"},{"@type":"BreadcrumbList","@id":"https:\/\/fundacion-biodiversidad.es\/en\/programa_pleamar\/reduction-of-seabird-catch-in-artisanal-longliners-in-eastern-spain-mitigation-measures\/#breadcrumb","itemListElement":[{"@type":"ListItem","position":1,"name":"Portada","item":"https:\/\/fundacion-biodiversidad.es\/en\/inicio\/"},{"@type":"ListItem","position":2,"name":"Programa pleamar","item":"https:\/\/fundacion-biodiversidad.es\/en\/programa_pleamar\/"},{"@type":"ListItem","position":3,"name":"Reduction of seabird catch in artisanal longliners in eastern Spain: mitigation measures"}]},{"@type":"WebSite","@id":"https:\/\/fundacion-biodiversidad.es\/en\/#website","url":"https:\/\/fundacion-biodiversidad.es\/en\/","name":"Fundaci\u00f3n Biodiversidad","description":"Fundaci\u00f3n p\u00fablica adscrita al Ministerio para la Transici\u00f3n Ecol\u00f3gica","potentialAction":[{"@type":"SearchAction","target":{"@type":"EntryPoint","urlTemplate":"https:\/\/fundacion-biodiversidad.es\/en\/?s={search_term_string}"},"query-input":{"@type":"PropertyValueSpecification","valueRequired":true,"valueName":"search_term_string"}}],"inLanguage":"en-US"}]}},"_links":{"self":[{"href":"https:\/\/fundacion-biodiversidad.es\/en\/wp-json\/wp\/v2\/programa_pleamar\/97861724","targetHints":{"allow":["GET"]}}],"collection":[{"href":"https:\/\/fundacion-biodiversidad.es\/en\/wp-json\/wp\/v2\/programa_pleamar"}],"about":[{"href":"https:\/\/fundacion-biodiversidad.es\/en\/wp-json\/wp\/v2\/types\/programa_pleamar"}],"wp:featuredmedia":[{"embeddable":true,"href":"https:\/\/fundacion-biodiversidad.es\/en\/wp-json\/wp\/v2\/media\/22405"}],"wp:attachment":[{"href":"https:\/\/fundacion-biodiversidad.es\/en\/wp-json\/wp\/v2\/media?parent=97861724"}],"wp:term":[{"taxonomy":"financiaci_n","embeddable":true,"href":"https:\/\/fundacion-biodiversidad.es\/en\/wp-json\/wp\/v2\/financiaci_n?post=97861724"},{"taxonomy":"lineas_actuacion_tematicas","embeddable":true,"href":"https:\/\/fundacion-biodiversidad.es\/en\/wp-json\/wp\/v2\/lineas_actuacion_tematicas?post=97861724"}],"curies":[{"name":"wp","href":"https:\/\/api.w.org\/{rel}","templated":true}]}}

<!-- This site is optimized with the Yoast SEO plugin v26.9 - https://yoast.com/product/yoast-seo-wordpress/ -->
<title>Reduction of seabird catch in artisanal longliners in eastern Spain: mitigation measures - Fundación Biodiversidad</title>
<meta name="robots" content="index, follow, max-snippet:-1, max-image-preview:large, max-video-preview:-1" />
<link rel="canonical" href="https://fundacion-biodiversidad.es/en/programa_pleamar/reduction-of-seabird-catch-in-artisanal-longliners-in-eastern-spain-mitigation-measures/" />
<meta property="og:locale" content="en_US" />
<meta property="og:type" content="article" />
<meta property="og:title" content="Reduction of seabird catch in artisanal longliners in eastern Spain: mitigation measures - Fundación Biodiversidad" />
<meta property="og:description" content="Description The project aims to determine the degree of interaction between birds and longlines and to test effective and adaptable mitigation measures to the longline [&hellip;]" />
<meta property="og:url" content="https://fundacion-biodiversidad.es/en/programa_pleamar/reduction-of-seabird-catch-in-artisanal-longliners-in-eastern-spain-mitigation-measures/" />
<meta property="og:site_name" content="Fundación Biodiversidad" />
<meta property="og:image" content="https://fundacion-biodiversidad.es/wp-content/uploads/2022/11/no-imagen.jpg" />
	<meta property="og:image:width" content="2048" />
	<meta property="og:image:height" content="2048" />
	<meta property="og:image:type" content="image/jpeg" />
<meta name="twitter:card" content="summary_large_image" />
<meta name="twitter:label1" content="Est. reading time" />
	<meta name="twitter:data1" content="1 minute" />
<script type="application/ld+json" class="yoast-schema-graph">{"@context":"https://schema.org","@graph":[{"@type":"WebPage","@id":"https://fundacion-biodiversidad.es/en/programa_pleamar/reduction-of-seabird-catch-in-artisanal-longliners-in-eastern-spain-mitigation-measures/","url":"https://fundacion-biodiversidad.es/en/programa_pleamar/reduction-of-seabird-catch-in-artisanal-longliners-in-eastern-spain-mitigation-measures/","name":"Reduction of seabird catch in artisanal longliners in eastern Spain: mitigation measures - Fundación Biodiversidad","isPartOf":{"@id":"https://fundacion-biodiversidad.es/en/#website"},"primaryImageOfPage":{"@id":"https://fundacion-biodiversidad.es/en/programa_pleamar/reduction-of-seabird-catch-in-artisanal-longliners-in-eastern-spain-mitigation-measures/#primaryimage"},"image":{"@id":"https://fundacion-biodiversidad.es/en/programa_pleamar/reduction-of-seabird-catch-in-artisanal-longliners-in-eastern-spain-mitigation-measures/#primaryimage"},"thumbnailUrl":"https://fundacion-biodiversidad.es/wp-content/uploads/2022/11/no-imagen.jpg","datePublished":"2014-07-25T08:53:58+00:00","breadcrumb":{"@id":"https://fundacion-biodiversidad.es/en/programa_pleamar/reduction-of-seabird-catch-in-artisanal-longliners-in-eastern-spain-mitigation-measures/#breadcrumb"},"inLanguage":"en-US","potentialAction":[{"@type":"ReadAction","target":["https://fundacion-biodiversidad.es/en/programa_pleamar/reduction-of-seabird-catch-in-artisanal-longliners-in-eastern-spain-mitigation-measures/"]}]},{"@type":"ImageObject","inLanguage":"en-US","@id":"https://fundacion-biodiversidad.es/en/programa_pleamar/reduction-of-seabird-catch-in-artisanal-longliners-in-eastern-spain-mitigation-measures/#primaryimage","url":"https://fundacion-biodiversidad.es/wp-content/uploads/2022/11/no-imagen.jpg","contentUrl":"https://fundacion-biodiversidad.es/wp-content/uploads/2022/11/no-imagen.jpg","width":2048,"height":2048,"caption":"Formación en medio ambiente natural"},{"@type":"BreadcrumbList","@id":"https://fundacion-biodiversidad.es/en/programa_pleamar/reduction-of-seabird-catch-in-artisanal-longliners-in-eastern-spain-mitigation-measures/#breadcrumb","itemListElement":[{"@type":"ListItem","position":1,"name":"Portada","item":"https://fundacion-biodiversidad.es/en/inicio/"},{"@type":"ListItem","position":2,"name":"Programa pleamar","item":"https://fundacion-biodiversidad.es/en/programa_pleamar/"},{"@type":"ListItem","position":3,"name":"Reduction of seabird catch in artisanal longliners in eastern Spain: mitigation measures"}]},{"@type":"WebSite","@id":"https://fundacion-biodiversidad.es/en/#website","url":"https://fundacion-biodiversidad.es/en/","name":"Fundación Biodiversidad","description":"Fundación pública adscrita al Ministerio para la Transición Ecológica","potentialAction":[{"@type":"SearchAction","target":{"@type":"EntryPoint","urlTemplate":"https://fundacion-biodiversidad.es/en/?s={search_term_string}"},"query-input":{"@type":"PropertyValueSpecification","valueRequired":true,"valueName":"search_term_string"}}],"inLanguage":"en-US"}]}</script>
<!-- / Yoast SEO plugin. -->

Reduction of seabird catch in artisanal longliners in eastern Spain: mitigation measures - Fundación Biodiversidad

Fundación Biodiversidad

Formación en medio ambiente natural

Fundación pública adscrita al Ministerio para la Transición Ecológica
