{"id":97861726,"date":"2014-07-25T10:01:02","date_gmt":"2014-07-25T08:01:02","guid":{"rendered":"https:\/\/fundacion-biodiversidad.es\/programa_pleamar\/reducing-bycatch-of-sea-turtles-in-fisheries-and-promoting-the-recovery-of-affected-individuals\/"},"modified":"2014-07-25T10:01:02","modified_gmt":"2014-07-25T08:01:02","slug":"reducing-bycatch-of-sea-turtles-in-fisheries-and-promoting-the-recovery-of-affected-individuals","status":"publish","type":"programa_pleamar","link":"https:\/\/fundacion-biodiversidad.es\/en\/programa_pleamar\/reducing-bycatch-of-sea-turtles-in-fisheries-and-promoting-the-recovery-of-affected-individuals\/","title":{"rendered":"Reducing bycatch of sea turtles in fisheries and promoting the recovery of affected individuals"},"content":{"rendered":"<p style=\"text-align: justify\">\n            <strong>Description<\/strong>\n          <\/p>\n<p style=\"text-align: justify\">It is a project to raise awareness and improve the protocol of action against the capture of turtles in fishing gear.<\/p>\n<p style=\"text-align: justify\">With this initiative, agreements have been established with all the Fishermen&#8217;s Guilds of Andalusia, Murcia, Ceuta and Melilla to create permanent information and collection points for these animals with the aim of reducing catches and increasing the survival of the specimens caught.<\/p>\n<p style=\"text-align: justify\">\n            <a href=\"https:\/\/www.programapleamar.es\/proyectos\/reduccion-de-capturas-accidentales-de-tortugas-marinas-en-la-pesca-y-fomento-de-la\">See the project<\/a>\n          <\/p>\n","protected":false},"featured_media":22405,"parent":0,"template":"","meta":{"_acf_changed":false},"financiaci_n":[702,650],"lineas_actuacion_tematicas":[655],"class_list":["post-97861726","programa_pleamar","type-programa_pleamar","status-publish","has-post-thumbnail","hentry","financiaci_n-european-fisheries-fund","financiaci_n-fundacion-biodiversidad-en","lineas_actuacion_tematicas-marine-ecosystems"],"acf":[],"yoast_head":"<!-- This site is optimized with the Yoast SEO plugin v26.9 - https:\/\/yoast.com\/product\/yoast-seo-wordpress\/ -->\n<title>Reducing bycatch of sea turtles in fisheries and promoting the recovery of affected individuals - Fundaci\u00f3n Biodiversidad<\/title>\n<meta name=\"robots\" content=\"index, follow, max-snippet:-1, max-image-preview:large, max-video-preview:-1\" \/>\n<link rel=\"canonical\" href=\"https:\/\/fundacion-biodiversidad.es\/en\/programa_pleamar\/reducing-bycatch-of-sea-turtles-in-fisheries-and-promoting-the-recovery-of-affected-individuals\/\" \/>\n<meta property=\"og:locale\" content=\"en_US\" \/>\n<meta property=\"og:type\" content=\"article\" \/>\n<meta property=\"og:title\" content=\"Reducing bycatch of sea turtles in fisheries and promoting the recovery of affected individuals - Fundaci\u00f3n Biodiversidad\" \/>\n<meta property=\"og:description\" content=\"Description It is a project to raise awareness and improve the protocol of action against the capture of turtles in fishing gear. With this initiative, [&hellip;]\" \/>\n<meta property=\"og:url\" content=\"https:\/\/fundacion-biodiversidad.es\/en\/programa_pleamar\/reducing-bycatch-of-sea-turtles-in-fisheries-and-promoting-the-recovery-of-affected-individuals\/\" \/>\n<meta property=\"og:site_name\" content=\"Fundaci\u00f3n Biodiversidad\" \/>\n<meta property=\"og:image\" content=\"https:\/\/fundacion-biodiversidad.es\/wp-content\/uploads\/2022\/11\/no-imagen.jpg\" \/>\n\t<meta property=\"og:image:width\" content=\"2048\" \/>\n\t<meta property=\"og:image:height\" content=\"2048\" \/>\n\t<meta property=\"og:image:type\" content=\"image\/jpeg\" \/>\n<meta name=\"twitter:card\" content=\"summary_large_image\" \/>\n<script type=\"application\/ld+json\" class=\"yoast-schema-graph\">{\"@context\":\"https:\/\/schema.org\",\"@graph\":[{\"@type\":\"WebPage\",\"@id\":\"https:\/\/fundacion-biodiversidad.es\/en\/programa_pleamar\/reducing-bycatch-of-sea-turtles-in-fisheries-and-promoting-the-recovery-of-affected-individuals\/\",\"url\":\"https:\/\/fundacion-biodiversidad.es\/en\/programa_pleamar\/reducing-bycatch-of-sea-turtles-in-fisheries-and-promoting-the-recovery-of-affected-individuals\/\",\"name\":\"Reducing bycatch of sea turtles in fisheries and promoting the recovery of affected individuals - Fundaci\u00f3n Biodiversidad\",\"isPartOf\":{\"@id\":\"https:\/\/fundacion-biodiversidad.es\/en\/#website\"},\"primaryImageOfPage\":{\"@id\":\"https:\/\/fundacion-biodiversidad.es\/en\/programa_pleamar\/reducing-bycatch-of-sea-turtles-in-fisheries-and-promoting-the-recovery-of-affected-individuals\/#primaryimage\"},\"image\":{\"@id\":\"https:\/\/fundacion-biodiversidad.es\/en\/programa_pleamar\/reducing-bycatch-of-sea-turtles-in-fisheries-and-promoting-the-recovery-of-affected-individuals\/#primaryimage\"},\"thumbnailUrl\":\"https:\/\/fundacion-biodiversidad.es\/wp-content\/uploads\/2022\/11\/no-imagen.jpg\",\"datePublished\":\"2014-07-25T08:01:02+00:00\",\"breadcrumb\":{\"@id\":\"https:\/\/fundacion-biodiversidad.es\/en\/programa_pleamar\/reducing-bycatch-of-sea-turtles-in-fisheries-and-promoting-the-recovery-of-affected-individuals\/#breadcrumb\"},\"inLanguage\":\"en-US\",\"potentialAction\":[{\"@type\":\"ReadAction\",\"target\":[\"https:\/\/fundacion-biodiversidad.es\/en\/programa_pleamar\/reducing-bycatch-of-sea-turtles-in-fisheries-and-promoting-the-recovery-of-affected-individuals\/\"]}]},{\"@type\":\"ImageObject\",\"inLanguage\":\"en-US\",\"@id\":\"https:\/\/fundacion-biodiversidad.es\/en\/programa_pleamar\/reducing-bycatch-of-sea-turtles-in-fisheries-and-promoting-the-recovery-of-affected-individuals\/#primaryimage\",\"url\":\"https:\/\/fundacion-biodiversidad.es\/wp-content\/uploads\/2022\/11\/no-imagen.jpg\",\"contentUrl\":\"https:\/\/fundacion-biodiversidad.es\/wp-content\/uploads\/2022\/11\/no-imagen.jpg\",\"width\":2048,\"height\":2048,\"caption\":\"Formaci\u00f3n en medio ambiente natural\"},{\"@type\":\"BreadcrumbList\",\"@id\":\"https:\/\/fundacion-biodiversidad.es\/en\/programa_pleamar\/reducing-bycatch-of-sea-turtles-in-fisheries-and-promoting-the-recovery-of-affected-individuals\/#breadcrumb\",\"itemListElement\":[{\"@type\":\"ListItem\",\"position\":1,\"name\":\"Portada\",\"item\":\"https:\/\/fundacion-biodiversidad.es\/en\/inicio\/\"},{\"@type\":\"ListItem\",\"position\":2,\"name\":\"Programa pleamar\",\"item\":\"https:\/\/fundacion-biodiversidad.es\/en\/programa_pleamar\/\"},{\"@type\":\"ListItem\",\"position\":3,\"name\":\"Reducing bycatch of sea turtles in fisheries and promoting the recovery of affected individuals\"}]},{\"@type\":\"WebSite\",\"@id\":\"https:\/\/fundacion-biodiversidad.es\/en\/#website\",\"url\":\"https:\/\/fundacion-biodiversidad.es\/en\/\",\"name\":\"Fundaci\u00f3n Biodiversidad\",\"description\":\"Fundaci\u00f3n p\u00fablica adscrita al Ministerio para la Transici\u00f3n Ecol\u00f3gica\",\"potentialAction\":[{\"@type\":\"SearchAction\",\"target\":{\"@type\":\"EntryPoint\",\"urlTemplate\":\"https:\/\/fundacion-biodiversidad.es\/en\/?s={search_term_string}\"},\"query-input\":{\"@type\":\"PropertyValueSpecification\",\"valueRequired\":true,\"valueName\":\"search_term_string\"}}],\"inLanguage\":\"en-US\"}]}<\/script>\n<!-- \/ Yoast SEO plugin. -->","yoast_head_json":{"title":"Reducing bycatch of sea turtles in fisheries and promoting the recovery of affected individuals - Fundaci\u00f3n Biodiversidad","robots":{"index":"index","follow":"follow","max-snippet":"max-snippet:-1","max-image-preview":"max-image-preview:large","max-video-preview":"max-video-preview:-1"},"canonical":"https:\/\/fundacion-biodiversidad.es\/en\/programa_pleamar\/reducing-bycatch-of-sea-turtles-in-fisheries-and-promoting-the-recovery-of-affected-individuals\/","og_locale":"en_US","og_type":"article","og_title":"Reducing bycatch of sea turtles in fisheries and promoting the recovery of affected individuals - Fundaci\u00f3n Biodiversidad","og_description":"Description It is a project to raise awareness and improve the protocol of action against the capture of turtles in fishing gear. With this initiative, [&hellip;]","og_url":"https:\/\/fundacion-biodiversidad.es\/en\/programa_pleamar\/reducing-bycatch-of-sea-turtles-in-fisheries-and-promoting-the-recovery-of-affected-individuals\/","og_site_name":"Fundaci\u00f3n Biodiversidad","og_image":[{"width":2048,"height":2048,"url":"https:\/\/fundacion-biodiversidad.es\/wp-content\/uploads\/2022\/11\/no-imagen.jpg","type":"image\/jpeg"}],"twitter_card":"summary_large_image","schema":{"@context":"https:\/\/schema.org","@graph":[{"@type":"WebPage","@id":"https:\/\/fundacion-biodiversidad.es\/en\/programa_pleamar\/reducing-bycatch-of-sea-turtles-in-fisheries-and-promoting-the-recovery-of-affected-individuals\/","url":"https:\/\/fundacion-biodiversidad.es\/en\/programa_pleamar\/reducing-bycatch-of-sea-turtles-in-fisheries-and-promoting-the-recovery-of-affected-individuals\/","name":"Reducing bycatch of sea turtles in fisheries and promoting the recovery of affected individuals - Fundaci\u00f3n Biodiversidad","isPartOf":{"@id":"https:\/\/fundacion-biodiversidad.es\/en\/#website"},"primaryImageOfPage":{"@id":"https:\/\/fundacion-biodiversidad.es\/en\/programa_pleamar\/reducing-bycatch-of-sea-turtles-in-fisheries-and-promoting-the-recovery-of-affected-individuals\/#primaryimage"},"image":{"@id":"https:\/\/fundacion-biodiversidad.es\/en\/programa_pleamar\/reducing-bycatch-of-sea-turtles-in-fisheries-and-promoting-the-recovery-of-affected-individuals\/#primaryimage"},"thumbnailUrl":"https:\/\/fundacion-biodiversidad.es\/wp-content\/uploads\/2022\/11\/no-imagen.jpg","datePublished":"2014-07-25T08:01:02+00:00","breadcrumb":{"@id":"https:\/\/fundacion-biodiversidad.es\/en\/programa_pleamar\/reducing-bycatch-of-sea-turtles-in-fisheries-and-promoting-the-recovery-of-affected-individuals\/#breadcrumb"},"inLanguage":"en-US","potentialAction":[{"@type":"ReadAction","target":["https:\/\/fundacion-biodiversidad.es\/en\/programa_pleamar\/reducing-bycatch-of-sea-turtles-in-fisheries-and-promoting-the-recovery-of-affected-individuals\/"]}]},{"@type":"ImageObject","inLanguage":"en-US","@id":"https:\/\/fundacion-biodiversidad.es\/en\/programa_pleamar\/reducing-bycatch-of-sea-turtles-in-fisheries-and-promoting-the-recovery-of-affected-individuals\/#primaryimage","url":"https:\/\/fundacion-biodiversidad.es\/wp-content\/uploads\/2022\/11\/no-imagen.jpg","contentUrl":"https:\/\/fundacion-biodiversidad.es\/wp-content\/uploads\/2022\/11\/no-imagen.jpg","width":2048,"height":2048,"caption":"Formaci\u00f3n en medio ambiente natural"},{"@type":"BreadcrumbList","@id":"https:\/\/fundacion-biodiversidad.es\/en\/programa_pleamar\/reducing-bycatch-of-sea-turtles-in-fisheries-and-promoting-the-recovery-of-affected-individuals\/#breadcrumb","itemListElement":[{"@type":"ListItem","position":1,"name":"Portada","item":"https:\/\/fundacion-biodiversidad.es\/en\/inicio\/"},{"@type":"ListItem","position":2,"name":"Programa pleamar","item":"https:\/\/fundacion-biodiversidad.es\/en\/programa_pleamar\/"},{"@type":"ListItem","position":3,"name":"Reducing bycatch of sea turtles in fisheries and promoting the recovery of affected individuals"}]},{"@type":"WebSite","@id":"https:\/\/fundacion-biodiversidad.es\/en\/#website","url":"https:\/\/fundacion-biodiversidad.es\/en\/","name":"Fundaci\u00f3n Biodiversidad","description":"Fundaci\u00f3n p\u00fablica adscrita al Ministerio para la Transici\u00f3n Ecol\u00f3gica","potentialAction":[{"@type":"SearchAction","target":{"@type":"EntryPoint","urlTemplate":"https:\/\/fundacion-biodiversidad.es\/en\/?s={search_term_string}"},"query-input":{"@type":"PropertyValueSpecification","valueRequired":true,"valueName":"search_term_string"}}],"inLanguage":"en-US"}]}},"_links":{"self":[{"href":"https:\/\/fundacion-biodiversidad.es\/en\/wp-json\/wp\/v2\/programa_pleamar\/97861726","targetHints":{"allow":["GET"]}}],"collection":[{"href":"https:\/\/fundacion-biodiversidad.es\/en\/wp-json\/wp\/v2\/programa_pleamar"}],"about":[{"href":"https:\/\/fundacion-biodiversidad.es\/en\/wp-json\/wp\/v2\/types\/programa_pleamar"}],"wp:featuredmedia":[{"embeddable":true,"href":"https:\/\/fundacion-biodiversidad.es\/en\/wp-json\/wp\/v2\/media\/22405"}],"wp:attachment":[{"href":"https:\/\/fundacion-biodiversidad.es\/en\/wp-json\/wp\/v2\/media?parent=97861726"}],"wp:term":[{"taxonomy":"financiaci_n","embeddable":true,"href":"https:\/\/fundacion-biodiversidad.es\/en\/wp-json\/wp\/v2\/financiaci_n?post=97861726"},{"taxonomy":"lineas_actuacion_tematicas","embeddable":true,"href":"https:\/\/fundacion-biodiversidad.es\/en\/wp-json\/wp\/v2\/lineas_actuacion_tematicas?post=97861726"}],"curies":[{"name":"wp","href":"https:\/\/api.w.org\/{rel}","templated":true}]}}

<!-- This site is optimized with the Yoast SEO plugin v26.9 - https://yoast.com/product/yoast-seo-wordpress/ -->
<title>Reducing bycatch of sea turtles in fisheries and promoting the recovery of affected individuals - Fundación Biodiversidad</title>
<meta name="robots" content="index, follow, max-snippet:-1, max-image-preview:large, max-video-preview:-1" />
<link rel="canonical" href="https://fundacion-biodiversidad.es/en/programa_pleamar/reducing-bycatch-of-sea-turtles-in-fisheries-and-promoting-the-recovery-of-affected-individuals/" />
<meta property="og:locale" content="en_US" />
<meta property="og:type" content="article" />
<meta property="og:title" content="Reducing bycatch of sea turtles in fisheries and promoting the recovery of affected individuals - Fundación Biodiversidad" />
<meta property="og:description" content="Description It is a project to raise awareness and improve the protocol of action against the capture of turtles in fishing gear. With this initiative, [&hellip;]" />
<meta property="og:url" content="https://fundacion-biodiversidad.es/en/programa_pleamar/reducing-bycatch-of-sea-turtles-in-fisheries-and-promoting-the-recovery-of-affected-individuals/" />
<meta property="og:site_name" content="Fundación Biodiversidad" />
<meta property="og:image" content="https://fundacion-biodiversidad.es/wp-content/uploads/2022/11/no-imagen.jpg" />
	<meta property="og:image:width" content="2048" />
	<meta property="og:image:height" content="2048" />
	<meta property="og:image:type" content="image/jpeg" />
<meta name="twitter:card" content="summary_large_image" />
<script type="application/ld+json" class="yoast-schema-graph">{"@context":"https://schema.org","@graph":[{"@type":"WebPage","@id":"https://fundacion-biodiversidad.es/en/programa_pleamar/reducing-bycatch-of-sea-turtles-in-fisheries-and-promoting-the-recovery-of-affected-individuals/","url":"https://fundacion-biodiversidad.es/en/programa_pleamar/reducing-bycatch-of-sea-turtles-in-fisheries-and-promoting-the-recovery-of-affected-individuals/","name":"Reducing bycatch of sea turtles in fisheries and promoting the recovery of affected individuals - Fundación Biodiversidad","isPartOf":{"@id":"https://fundacion-biodiversidad.es/en/#website"},"primaryImageOfPage":{"@id":"https://fundacion-biodiversidad.es/en/programa_pleamar/reducing-bycatch-of-sea-turtles-in-fisheries-and-promoting-the-recovery-of-affected-individuals/#primaryimage"},"image":{"@id":"https://fundacion-biodiversidad.es/en/programa_pleamar/reducing-bycatch-of-sea-turtles-in-fisheries-and-promoting-the-recovery-of-affected-individuals/#primaryimage"},"thumbnailUrl":"https://fundacion-biodiversidad.es/wp-content/uploads/2022/11/no-imagen.jpg","datePublished":"2014-07-25T08:01:02+00:00","breadcrumb":{"@id":"https://fundacion-biodiversidad.es/en/programa_pleamar/reducing-bycatch-of-sea-turtles-in-fisheries-and-promoting-the-recovery-of-affected-individuals/#breadcrumb"},"inLanguage":"en-US","potentialAction":[{"@type":"ReadAction","target":["https://fundacion-biodiversidad.es/en/programa_pleamar/reducing-bycatch-of-sea-turtles-in-fisheries-and-promoting-the-recovery-of-affected-individuals/"]}]},{"@type":"ImageObject","inLanguage":"en-US","@id":"https://fundacion-biodiversidad.es/en/programa_pleamar/reducing-bycatch-of-sea-turtles-in-fisheries-and-promoting-the-recovery-of-affected-individuals/#primaryimage","url":"https://fundacion-biodiversidad.es/wp-content/uploads/2022/11/no-imagen.jpg","contentUrl":"https://fundacion-biodiversidad.es/wp-content/uploads/2022/11/no-imagen.jpg","width":2048,"height":2048,"caption":"Formación en medio ambiente natural"},{"@type":"BreadcrumbList","@id":"https://fundacion-biodiversidad.es/en/programa_pleamar/reducing-bycatch-of-sea-turtles-in-fisheries-and-promoting-the-recovery-of-affected-individuals/#breadcrumb","itemListElement":[{"@type":"ListItem","position":1,"name":"Portada","item":"https://fundacion-biodiversidad.es/en/inicio/"},{"@type":"ListItem","position":2,"name":"Programa pleamar","item":"https://fundacion-biodiversidad.es/en/programa_pleamar/"},{"@type":"ListItem","position":3,"name":"Reducing bycatch of sea turtles in fisheries and promoting the recovery of affected individuals"}]},{"@type":"WebSite","@id":"https://fundacion-biodiversidad.es/en/#website","url":"https://fundacion-biodiversidad.es/en/","name":"Fundación Biodiversidad","description":"Fundación pública adscrita al Ministerio para la Transición Ecológica","potentialAction":[{"@type":"SearchAction","target":{"@type":"EntryPoint","urlTemplate":"https://fundacion-biodiversidad.es/en/?s={search_term_string}"},"query-input":{"@type":"PropertyValueSpecification","valueRequired":true,"valueName":"search_term_string"}}],"inLanguage":"en-US"}]}</script>
<!-- / Yoast SEO plugin. -->

Reducing bycatch of sea turtles in fisheries and promoting the recovery of affected individuals - Fundación Biodiversidad

Fundación Biodiversidad

Formación en medio ambiente natural

Fundación pública adscrita al Ministerio para la Transición Ecológica
