{"id":97861965,"date":"2022-03-04T12:54:20","date_gmt":"2022-03-04T11:54:20","guid":{"rendered":"https:\/\/fundacion-biodiversidad.es\/programa_pleamar\/ocimer-holistic-approach-to-the-cultivation-and-conservation-of-paracentrotus-lividus\/"},"modified":"2022-03-04T12:54:20","modified_gmt":"2022-03-04T11:54:20","slug":"ocimer-holistic-approach-to-the-cultivation-and-conservation-of-paracentrotus-lividus","status":"publish","type":"programa_pleamar","link":"https:\/\/fundacion-biodiversidad.es\/en\/programa_pleamar\/ocimer-holistic-approach-to-the-cultivation-and-conservation-of-paracentrotus-lividus\/","title":{"rendered":"OCIMER+: Holistic approach to the cultivation and conservation of Paracentrotus lividus"},"content":{"rendered":"<p style=\"text-align: justify\"><strong>Description<\/strong><\/p>\n<p style=\"text-align: justify\">The OCIMER+ project addresses very important aspects for the development of cultivation and for the <strong>management and conservation of the sea urchin,<\/strong> presenting the action with an integrative approach, in which aspects related to <strong>nutrition, genetics, health and cryopreservation<\/strong> will be addressed, as well as the study of the behavior of the species in the face of the alterations caused by climate change. This holistic vision involves several research groups from the <strong>Mari\u00f1a Research Center of the University of Vigo<\/strong>, in charge with their knowledge of bringing this project to a successful conclusion. <\/p>\n<p style=\"text-align: justify\">During this extension of the OCIMER project, the activities that were pending implementation in the previous phase of the project will be carried out, in addition to other complementary innovative actions, which will help to improve the management of this ecologically and economically important marine resource.<\/p>\n<p style=\"text-align: justify\">\n<p style=\"text-align: justify\"><a href=\"https:\/\/www.programapleamar.es\/proyectos\/ocimer-enfoque-holistico-para-el-cultivo-y-conservacion-de-paracentrotus-lividus\">See the project<\/a><\/p>\n","protected":false},"featured_media":22405,"parent":0,"template":"","meta":{"_acf_changed":false},"financiaci_n":[652],"lineas_actuacion_tematicas":[655],"class_list":["post-97861965","programa_pleamar","type-programa_pleamar","status-publish","has-post-thumbnail","hentry","financiaci_n-fondo-europeo-maritimo-de-pesca-en","lineas_actuacion_tematicas-marine-ecosystems"],"acf":[],"yoast_head":"<!-- This site is optimized with the Yoast SEO plugin v26.9 - https:\/\/yoast.com\/product\/yoast-seo-wordpress\/ -->\n<title>OCIMER+: Holistic approach to the cultivation and conservation of Paracentrotus lividus - Fundaci\u00f3n Biodiversidad<\/title>\n<meta name=\"robots\" content=\"index, follow, max-snippet:-1, max-image-preview:large, max-video-preview:-1\" \/>\n<link rel=\"canonical\" href=\"https:\/\/fundacion-biodiversidad.es\/en\/programa_pleamar\/ocimer-holistic-approach-to-the-cultivation-and-conservation-of-paracentrotus-lividus\/\" \/>\n<meta property=\"og:locale\" content=\"en_US\" \/>\n<meta property=\"og:type\" content=\"article\" \/>\n<meta property=\"og:title\" content=\"OCIMER+: Holistic approach to the cultivation and conservation of Paracentrotus lividus - Fundaci\u00f3n Biodiversidad\" \/>\n<meta property=\"og:description\" content=\"Description The OCIMER+ project addresses very important aspects for the development of cultivation and for the management and conservation of the sea urchin, presenting the [&hellip;]\" \/>\n<meta property=\"og:url\" content=\"https:\/\/fundacion-biodiversidad.es\/en\/programa_pleamar\/ocimer-holistic-approach-to-the-cultivation-and-conservation-of-paracentrotus-lividus\/\" \/>\n<meta property=\"og:site_name\" content=\"Fundaci\u00f3n Biodiversidad\" \/>\n<meta property=\"og:image\" content=\"https:\/\/fundacion-biodiversidad.es\/wp-content\/uploads\/2022\/11\/no-imagen.jpg\" \/>\n\t<meta property=\"og:image:width\" content=\"2048\" \/>\n\t<meta property=\"og:image:height\" content=\"2048\" \/>\n\t<meta property=\"og:image:type\" content=\"image\/jpeg\" \/>\n<meta name=\"twitter:card\" content=\"summary_large_image\" \/>\n<meta name=\"twitter:label1\" content=\"Est. reading time\" \/>\n\t<meta name=\"twitter:data1\" content=\"1 minute\" \/>\n<script type=\"application\/ld+json\" class=\"yoast-schema-graph\">{\"@context\":\"https:\/\/schema.org\",\"@graph\":[{\"@type\":\"WebPage\",\"@id\":\"https:\/\/fundacion-biodiversidad.es\/en\/programa_pleamar\/ocimer-holistic-approach-to-the-cultivation-and-conservation-of-paracentrotus-lividus\/\",\"url\":\"https:\/\/fundacion-biodiversidad.es\/en\/programa_pleamar\/ocimer-holistic-approach-to-the-cultivation-and-conservation-of-paracentrotus-lividus\/\",\"name\":\"OCIMER+: Holistic approach to the cultivation and conservation of Paracentrotus lividus - Fundaci\u00f3n Biodiversidad\",\"isPartOf\":{\"@id\":\"https:\/\/fundacion-biodiversidad.es\/en\/#website\"},\"primaryImageOfPage\":{\"@id\":\"https:\/\/fundacion-biodiversidad.es\/en\/programa_pleamar\/ocimer-holistic-approach-to-the-cultivation-and-conservation-of-paracentrotus-lividus\/#primaryimage\"},\"image\":{\"@id\":\"https:\/\/fundacion-biodiversidad.es\/en\/programa_pleamar\/ocimer-holistic-approach-to-the-cultivation-and-conservation-of-paracentrotus-lividus\/#primaryimage\"},\"thumbnailUrl\":\"https:\/\/fundacion-biodiversidad.es\/wp-content\/uploads\/2022\/11\/no-imagen.jpg\",\"datePublished\":\"2022-03-04T11:54:20+00:00\",\"breadcrumb\":{\"@id\":\"https:\/\/fundacion-biodiversidad.es\/en\/programa_pleamar\/ocimer-holistic-approach-to-the-cultivation-and-conservation-of-paracentrotus-lividus\/#breadcrumb\"},\"inLanguage\":\"en-US\",\"potentialAction\":[{\"@type\":\"ReadAction\",\"target\":[\"https:\/\/fundacion-biodiversidad.es\/en\/programa_pleamar\/ocimer-holistic-approach-to-the-cultivation-and-conservation-of-paracentrotus-lividus\/\"]}]},{\"@type\":\"ImageObject\",\"inLanguage\":\"en-US\",\"@id\":\"https:\/\/fundacion-biodiversidad.es\/en\/programa_pleamar\/ocimer-holistic-approach-to-the-cultivation-and-conservation-of-paracentrotus-lividus\/#primaryimage\",\"url\":\"https:\/\/fundacion-biodiversidad.es\/wp-content\/uploads\/2022\/11\/no-imagen.jpg\",\"contentUrl\":\"https:\/\/fundacion-biodiversidad.es\/wp-content\/uploads\/2022\/11\/no-imagen.jpg\",\"width\":2048,\"height\":2048,\"caption\":\"Formaci\u00f3n en medio ambiente natural\"},{\"@type\":\"BreadcrumbList\",\"@id\":\"https:\/\/fundacion-biodiversidad.es\/en\/programa_pleamar\/ocimer-holistic-approach-to-the-cultivation-and-conservation-of-paracentrotus-lividus\/#breadcrumb\",\"itemListElement\":[{\"@type\":\"ListItem\",\"position\":1,\"name\":\"Portada\",\"item\":\"https:\/\/fundacion-biodiversidad.es\/en\/inicio\/\"},{\"@type\":\"ListItem\",\"position\":2,\"name\":\"Programa pleamar\",\"item\":\"https:\/\/fundacion-biodiversidad.es\/en\/programa_pleamar\/\"},{\"@type\":\"ListItem\",\"position\":3,\"name\":\"OCIMER+: Holistic approach to the cultivation and conservation of Paracentrotus lividus\"}]},{\"@type\":\"WebSite\",\"@id\":\"https:\/\/fundacion-biodiversidad.es\/en\/#website\",\"url\":\"https:\/\/fundacion-biodiversidad.es\/en\/\",\"name\":\"Fundaci\u00f3n Biodiversidad\",\"description\":\"Fundaci\u00f3n p\u00fablica adscrita al Ministerio para la Transici\u00f3n Ecol\u00f3gica\",\"potentialAction\":[{\"@type\":\"SearchAction\",\"target\":{\"@type\":\"EntryPoint\",\"urlTemplate\":\"https:\/\/fundacion-biodiversidad.es\/en\/?s={search_term_string}\"},\"query-input\":{\"@type\":\"PropertyValueSpecification\",\"valueRequired\":true,\"valueName\":\"search_term_string\"}}],\"inLanguage\":\"en-US\"}]}<\/script>\n<!-- \/ Yoast SEO plugin. -->","yoast_head_json":{"title":"OCIMER+: Holistic approach to the cultivation and conservation of Paracentrotus lividus - Fundaci\u00f3n Biodiversidad","robots":{"index":"index","follow":"follow","max-snippet":"max-snippet:-1","max-image-preview":"max-image-preview:large","max-video-preview":"max-video-preview:-1"},"canonical":"https:\/\/fundacion-biodiversidad.es\/en\/programa_pleamar\/ocimer-holistic-approach-to-the-cultivation-and-conservation-of-paracentrotus-lividus\/","og_locale":"en_US","og_type":"article","og_title":"OCIMER+: Holistic approach to the cultivation and conservation of Paracentrotus lividus - Fundaci\u00f3n Biodiversidad","og_description":"Description The OCIMER+ project addresses very important aspects for the development of cultivation and for the management and conservation of the sea urchin, presenting the [&hellip;]","og_url":"https:\/\/fundacion-biodiversidad.es\/en\/programa_pleamar\/ocimer-holistic-approach-to-the-cultivation-and-conservation-of-paracentrotus-lividus\/","og_site_name":"Fundaci\u00f3n Biodiversidad","og_image":[{"width":2048,"height":2048,"url":"https:\/\/fundacion-biodiversidad.es\/wp-content\/uploads\/2022\/11\/no-imagen.jpg","type":"image\/jpeg"}],"twitter_card":"summary_large_image","twitter_misc":{"Est. reading time":"1 minute"},"schema":{"@context":"https:\/\/schema.org","@graph":[{"@type":"WebPage","@id":"https:\/\/fundacion-biodiversidad.es\/en\/programa_pleamar\/ocimer-holistic-approach-to-the-cultivation-and-conservation-of-paracentrotus-lividus\/","url":"https:\/\/fundacion-biodiversidad.es\/en\/programa_pleamar\/ocimer-holistic-approach-to-the-cultivation-and-conservation-of-paracentrotus-lividus\/","name":"OCIMER+: Holistic approach to the cultivation and conservation of Paracentrotus lividus - Fundaci\u00f3n Biodiversidad","isPartOf":{"@id":"https:\/\/fundacion-biodiversidad.es\/en\/#website"},"primaryImageOfPage":{"@id":"https:\/\/fundacion-biodiversidad.es\/en\/programa_pleamar\/ocimer-holistic-approach-to-the-cultivation-and-conservation-of-paracentrotus-lividus\/#primaryimage"},"image":{"@id":"https:\/\/fundacion-biodiversidad.es\/en\/programa_pleamar\/ocimer-holistic-approach-to-the-cultivation-and-conservation-of-paracentrotus-lividus\/#primaryimage"},"thumbnailUrl":"https:\/\/fundacion-biodiversidad.es\/wp-content\/uploads\/2022\/11\/no-imagen.jpg","datePublished":"2022-03-04T11:54:20+00:00","breadcrumb":{"@id":"https:\/\/fundacion-biodiversidad.es\/en\/programa_pleamar\/ocimer-holistic-approach-to-the-cultivation-and-conservation-of-paracentrotus-lividus\/#breadcrumb"},"inLanguage":"en-US","potentialAction":[{"@type":"ReadAction","target":["https:\/\/fundacion-biodiversidad.es\/en\/programa_pleamar\/ocimer-holistic-approach-to-the-cultivation-and-conservation-of-paracentrotus-lividus\/"]}]},{"@type":"ImageObject","inLanguage":"en-US","@id":"https:\/\/fundacion-biodiversidad.es\/en\/programa_pleamar\/ocimer-holistic-approach-to-the-cultivation-and-conservation-of-paracentrotus-lividus\/#primaryimage","url":"https:\/\/fundacion-biodiversidad.es\/wp-content\/uploads\/2022\/11\/no-imagen.jpg","contentUrl":"https:\/\/fundacion-biodiversidad.es\/wp-content\/uploads\/2022\/11\/no-imagen.jpg","width":2048,"height":2048,"caption":"Formaci\u00f3n en medio ambiente natural"},{"@type":"BreadcrumbList","@id":"https:\/\/fundacion-biodiversidad.es\/en\/programa_pleamar\/ocimer-holistic-approach-to-the-cultivation-and-conservation-of-paracentrotus-lividus\/#breadcrumb","itemListElement":[{"@type":"ListItem","position":1,"name":"Portada","item":"https:\/\/fundacion-biodiversidad.es\/en\/inicio\/"},{"@type":"ListItem","position":2,"name":"Programa pleamar","item":"https:\/\/fundacion-biodiversidad.es\/en\/programa_pleamar\/"},{"@type":"ListItem","position":3,"name":"OCIMER+: Holistic approach to the cultivation and conservation of Paracentrotus lividus"}]},{"@type":"WebSite","@id":"https:\/\/fundacion-biodiversidad.es\/en\/#website","url":"https:\/\/fundacion-biodiversidad.es\/en\/","name":"Fundaci\u00f3n Biodiversidad","description":"Fundaci\u00f3n p\u00fablica adscrita al Ministerio para la Transici\u00f3n Ecol\u00f3gica","potentialAction":[{"@type":"SearchAction","target":{"@type":"EntryPoint","urlTemplate":"https:\/\/fundacion-biodiversidad.es\/en\/?s={search_term_string}"},"query-input":{"@type":"PropertyValueSpecification","valueRequired":true,"valueName":"search_term_string"}}],"inLanguage":"en-US"}]}},"_links":{"self":[{"href":"https:\/\/fundacion-biodiversidad.es\/en\/wp-json\/wp\/v2\/programa_pleamar\/97861965","targetHints":{"allow":["GET"]}}],"collection":[{"href":"https:\/\/fundacion-biodiversidad.es\/en\/wp-json\/wp\/v2\/programa_pleamar"}],"about":[{"href":"https:\/\/fundacion-biodiversidad.es\/en\/wp-json\/wp\/v2\/types\/programa_pleamar"}],"wp:featuredmedia":[{"embeddable":true,"href":"https:\/\/fundacion-biodiversidad.es\/en\/wp-json\/wp\/v2\/media\/22405"}],"wp:attachment":[{"href":"https:\/\/fundacion-biodiversidad.es\/en\/wp-json\/wp\/v2\/media?parent=97861965"}],"wp:term":[{"taxonomy":"financiaci_n","embeddable":true,"href":"https:\/\/fundacion-biodiversidad.es\/en\/wp-json\/wp\/v2\/financiaci_n?post=97861965"},{"taxonomy":"lineas_actuacion_tematicas","embeddable":true,"href":"https:\/\/fundacion-biodiversidad.es\/en\/wp-json\/wp\/v2\/lineas_actuacion_tematicas?post=97861965"}],"curies":[{"name":"wp","href":"https:\/\/api.w.org\/{rel}","templated":true}]}}

<p style="text-align: justify"><strong>Description</strong></p>
<p style="text-align: justify">The OCIMER+ project addresses very important aspects for the development of cultivation and for the <strong>management and conservation of the sea urchin,</strong> presenting the action with an integrative approach, in which aspects related to <strong>nutrition, genetics, health and cryopreservation</strong> will be addressed, as well as the study of the behavior of the species in the face of the alterations caused by climate change. This holistic vision involves several research groups from the <strong>Mariña Research Center of the University of Vigo</strong>, in charge with their knowledge of bringing this project to a successful conclusion. </p>
<p style="text-align: justify">During this extension of the OCIMER project, the activities that were pending implementation in the previous phase of the project will be carried out, in addition to other complementary innovative actions, which will help to improve the management of this ecologically and economically important marine resource.</p>
<p style="text-align: justify">
<p style="text-align: justify"><a href="https://www.programapleamar.es/proyectos/ocimer-enfoque-holistico-para-el-cultivo-y-conservacion-de-paracentrotus-lividus">See the project</a></p>

<!-- This site is optimized with the Yoast SEO plugin v26.9 - https://yoast.com/product/yoast-seo-wordpress/ -->
<title>OCIMER+: Holistic approach to the cultivation and conservation of Paracentrotus lividus - Fundación Biodiversidad</title>
<meta name="robots" content="index, follow, max-snippet:-1, max-image-preview:large, max-video-preview:-1" />
<link rel="canonical" href="https://fundacion-biodiversidad.es/en/programa_pleamar/ocimer-holistic-approach-to-the-cultivation-and-conservation-of-paracentrotus-lividus/" />
<meta property="og:locale" content="en_US" />
<meta property="og:type" content="article" />
<meta property="og:title" content="OCIMER+: Holistic approach to the cultivation and conservation of Paracentrotus lividus - Fundación Biodiversidad" />
<meta property="og:description" content="Description The OCIMER+ project addresses very important aspects for the development of cultivation and for the management and conservation of the sea urchin, presenting the [&hellip;]" />
<meta property="og:url" content="https://fundacion-biodiversidad.es/en/programa_pleamar/ocimer-holistic-approach-to-the-cultivation-and-conservation-of-paracentrotus-lividus/" />
<meta property="og:site_name" content="Fundación Biodiversidad" />
<meta property="og:image" content="https://fundacion-biodiversidad.es/wp-content/uploads/2022/11/no-imagen.jpg" />
	<meta property="og:image:width" content="2048" />
	<meta property="og:image:height" content="2048" />
	<meta property="og:image:type" content="image/jpeg" />
<meta name="twitter:card" content="summary_large_image" />
<meta name="twitter:label1" content="Est. reading time" />
	<meta name="twitter:data1" content="1 minute" />
<script type="application/ld+json" class="yoast-schema-graph">{"@context":"https://schema.org","@graph":[{"@type":"WebPage","@id":"https://fundacion-biodiversidad.es/en/programa_pleamar/ocimer-holistic-approach-to-the-cultivation-and-conservation-of-paracentrotus-lividus/","url":"https://fundacion-biodiversidad.es/en/programa_pleamar/ocimer-holistic-approach-to-the-cultivation-and-conservation-of-paracentrotus-lividus/","name":"OCIMER+: Holistic approach to the cultivation and conservation of Paracentrotus lividus - Fundación Biodiversidad","isPartOf":{"@id":"https://fundacion-biodiversidad.es/en/#website"},"primaryImageOfPage":{"@id":"https://fundacion-biodiversidad.es/en/programa_pleamar/ocimer-holistic-approach-to-the-cultivation-and-conservation-of-paracentrotus-lividus/#primaryimage"},"image":{"@id":"https://fundacion-biodiversidad.es/en/programa_pleamar/ocimer-holistic-approach-to-the-cultivation-and-conservation-of-paracentrotus-lividus/#primaryimage"},"thumbnailUrl":"https://fundacion-biodiversidad.es/wp-content/uploads/2022/11/no-imagen.jpg","datePublished":"2022-03-04T11:54:20+00:00","breadcrumb":{"@id":"https://fundacion-biodiversidad.es/en/programa_pleamar/ocimer-holistic-approach-to-the-cultivation-and-conservation-of-paracentrotus-lividus/#breadcrumb"},"inLanguage":"en-US","potentialAction":[{"@type":"ReadAction","target":["https://fundacion-biodiversidad.es/en/programa_pleamar/ocimer-holistic-approach-to-the-cultivation-and-conservation-of-paracentrotus-lividus/"]}]},{"@type":"ImageObject","inLanguage":"en-US","@id":"https://fundacion-biodiversidad.es/en/programa_pleamar/ocimer-holistic-approach-to-the-cultivation-and-conservation-of-paracentrotus-lividus/#primaryimage","url":"https://fundacion-biodiversidad.es/wp-content/uploads/2022/11/no-imagen.jpg","contentUrl":"https://fundacion-biodiversidad.es/wp-content/uploads/2022/11/no-imagen.jpg","width":2048,"height":2048,"caption":"Formación en medio ambiente natural"},{"@type":"BreadcrumbList","@id":"https://fundacion-biodiversidad.es/en/programa_pleamar/ocimer-holistic-approach-to-the-cultivation-and-conservation-of-paracentrotus-lividus/#breadcrumb","itemListElement":[{"@type":"ListItem","position":1,"name":"Portada","item":"https://fundacion-biodiversidad.es/en/inicio/"},{"@type":"ListItem","position":2,"name":"Programa pleamar","item":"https://fundacion-biodiversidad.es/en/programa_pleamar/"},{"@type":"ListItem","position":3,"name":"OCIMER+: Holistic approach to the cultivation and conservation of Paracentrotus lividus"}]},{"@type":"WebSite","@id":"https://fundacion-biodiversidad.es/en/#website","url":"https://fundacion-biodiversidad.es/en/","name":"Fundación Biodiversidad","description":"Fundación pública adscrita al Ministerio para la Transición Ecológica","potentialAction":[{"@type":"SearchAction","target":{"@type":"EntryPoint","urlTemplate":"https://fundacion-biodiversidad.es/en/?s={search_term_string}"},"query-input":{"@type":"PropertyValueSpecification","valueRequired":true,"valueName":"search_term_string"}}],"inLanguage":"en-US"}]}</script>
<!-- / Yoast SEO plugin. -->

OCIMER+: Holistic approach to the cultivation and conservation of Paracentrotus lividus - Fundación Biodiversidad

Fundación Biodiversidad

Formación en medio ambiente natural

Fundación pública adscrita al Ministerio para la Transición Ecológica
