{"id":97851520,"date":"2024-01-05T11:05:56","date_gmt":"2024-01-05T10:05:56","guid":{"rendered":"https:\/\/fundacion-biodiversidad.es\/proyecto_biodiversa\/eurosyng-promoting-action-on-broad-ocean-challenges-by-delving-into-the-past-present-and-future-of-european-syngnathids\/"},"modified":"2025-08-06T16:46:58","modified_gmt":"2025-08-06T14:46:58","slug":"eurosyng-promoting-action-on-broad-ocean-challenges-by-delving-into-the-past-present-and-future-of-european-syngnathids","status":"publish","type":"proyecto_biodiversa","link":"https:\/\/fundacion-biodiversidad.es\/en\/proyecto_biodiversa\/eurosyng-promoting-action-on-broad-ocean-challenges-by-delving-into-the-past-present-and-future-of-european-syngnathids\/","title":{"rendered":"EUROSYNG &#8211; Promoting action on broad ocean challenges by delving into the past, present and future of European syngnathids"},"content":{"rendered":"<p>The project provides a clear picture of the status of syngnathid populations in Europe (health status, connectivity and migratory potential) to help states meet the requirements of IUCN resolution WCC-2020-Res-095 (it is estimated that the status of 83% of populations is unknown). For this purpose, traditional methodologies (museum data and population censuses) will be combined with state-of-the-art techniques (genomics). The data will be used to assist in the creation of MPAs and seahorses will be used as a flagship species to establish an emotional connection with society to raise awareness about ocean conservation and involvement in the generation of citizen science.<\/p>\n","protected":false},"featured_media":45700,"parent":0,"template":"","meta":{"_acf_changed":false},"financiaci_n":[679],"lineas_actuacion_tematicas":[656],"class_list":["post-97851520","proyecto_biodiversa","type-proyecto_biodiversa","status-publish","has-post-thumbnail","hentry","financiaci_n-biodiversa-en","lineas_actuacion_tematicas-knowledge-generation-and-management"],"acf":[],"yoast_head":"<!-- This site is optimized with the Yoast SEO plugin v26.9 - https:\/\/yoast.com\/product\/yoast-seo-wordpress\/ -->\n<title>EUROSYNG - Promoting action on broad ocean challenges by delving into the past, present and future of European syngnathids - Fundaci\u00f3n Biodiversidad<\/title>\n<meta name=\"description\" content=\"The project provides a clear picture of the status of syngnathid populations in Europe (health status, connectivity and migratory potential),\" \/>\n<meta name=\"robots\" content=\"index, follow, max-snippet:-1, max-image-preview:large, max-video-preview:-1\" \/>\n<link rel=\"canonical\" href=\"https:\/\/fundacion-biodiversidad.es\/en\/proyecto_biodiversa\/eurosyng-promoting-action-on-broad-ocean-challenges-by-delving-into-the-past-present-and-future-of-european-syngnathids\/\" \/>\n<meta property=\"og:locale\" content=\"en_US\" \/>\n<meta property=\"og:type\" content=\"article\" \/>\n<meta property=\"og:title\" content=\"EUROSYNG - Promoting action on broad ocean challenges by delving into the past, present and future of European syngnathids - Fundaci\u00f3n Biodiversidad\" \/>\n<meta property=\"og:description\" content=\"The project provides a clear picture of the status of syngnathid populations in Europe (health status, connectivity and migratory potential),\" \/>\n<meta property=\"og:url\" content=\"https:\/\/fundacion-biodiversidad.es\/en\/proyecto_biodiversa\/eurosyng-promoting-action-on-broad-ocean-challenges-by-delving-into-the-past-present-and-future-of-european-syngnathids\/\" \/>\n<meta property=\"og:site_name\" content=\"Fundaci\u00f3n Biodiversidad\" \/>\n<meta property=\"article:modified_time\" content=\"2025-08-06T14:46:58+00:00\" \/>\n<meta property=\"og:image\" content=\"https:\/\/fundacion-biodiversidad.es\/wp-content\/uploads\/2023\/05\/EUROSYNG-1024x680.jpg\" \/>\n\t<meta property=\"og:image:width\" content=\"1024\" \/>\n\t<meta property=\"og:image:height\" content=\"680\" \/>\n\t<meta property=\"og:image:type\" content=\"image\/jpeg\" \/>\n<meta name=\"twitter:card\" content=\"summary_large_image\" \/>\n<meta name=\"twitter:label1\" content=\"Est. reading time\" \/>\n\t<meta name=\"twitter:data1\" content=\"1 minute\" \/>\n<script type=\"application\/ld+json\" class=\"yoast-schema-graph\">{\"@context\":\"https:\/\/schema.org\",\"@graph\":[{\"@type\":\"WebPage\",\"@id\":\"https:\/\/fundacion-biodiversidad.es\/en\/proyecto_biodiversa\/eurosyng-promoting-action-on-broad-ocean-challenges-by-delving-into-the-past-present-and-future-of-european-syngnathids\/\",\"url\":\"https:\/\/fundacion-biodiversidad.es\/en\/proyecto_biodiversa\/eurosyng-promoting-action-on-broad-ocean-challenges-by-delving-into-the-past-present-and-future-of-european-syngnathids\/\",\"name\":\"EUROSYNG - Promoting action on broad ocean challenges by delving into the past, present and future of European syngnathids - Fundaci\u00f3n Biodiversidad\",\"isPartOf\":{\"@id\":\"https:\/\/fundacion-biodiversidad.es\/en\/#website\"},\"primaryImageOfPage\":{\"@id\":\"https:\/\/fundacion-biodiversidad.es\/en\/proyecto_biodiversa\/eurosyng-promoting-action-on-broad-ocean-challenges-by-delving-into-the-past-present-and-future-of-european-syngnathids\/#primaryimage\"},\"image\":{\"@id\":\"https:\/\/fundacion-biodiversidad.es\/en\/proyecto_biodiversa\/eurosyng-promoting-action-on-broad-ocean-challenges-by-delving-into-the-past-present-and-future-of-european-syngnathids\/#primaryimage\"},\"thumbnailUrl\":\"https:\/\/fundacion-biodiversidad.es\/wp-content\/uploads\/2023\/05\/EUROSYNG-scaled.jpg\",\"datePublished\":\"2024-01-05T10:05:56+00:00\",\"dateModified\":\"2025-08-06T14:46:58+00:00\",\"description\":\"The project provides a clear picture of the status of syngnathid populations in Europe (health status, connectivity and migratory potential),\",\"breadcrumb\":{\"@id\":\"https:\/\/fundacion-biodiversidad.es\/en\/proyecto_biodiversa\/eurosyng-promoting-action-on-broad-ocean-challenges-by-delving-into-the-past-present-and-future-of-european-syngnathids\/#breadcrumb\"},\"inLanguage\":\"en-US\",\"potentialAction\":[{\"@type\":\"ReadAction\",\"target\":[\"https:\/\/fundacion-biodiversidad.es\/en\/proyecto_biodiversa\/eurosyng-promoting-action-on-broad-ocean-challenges-by-delving-into-the-past-present-and-future-of-european-syngnathids\/\"]}]},{\"@type\":\"ImageObject\",\"inLanguage\":\"en-US\",\"@id\":\"https:\/\/fundacion-biodiversidad.es\/en\/proyecto_biodiversa\/eurosyng-promoting-action-on-broad-ocean-challenges-by-delving-into-the-past-present-and-future-of-european-syngnathids\/#primaryimage\",\"url\":\"https:\/\/fundacion-biodiversidad.es\/wp-content\/uploads\/2023\/05\/EUROSYNG-scaled.jpg\",\"contentUrl\":\"https:\/\/fundacion-biodiversidad.es\/wp-content\/uploads\/2023\/05\/EUROSYNG-scaled.jpg\",\"width\":2560,\"height\":1700,\"caption\":\"EUROSYNG - Promoting action on broad ocean challenges by delving into the past, present and future of European syngnathids\"},{\"@type\":\"BreadcrumbList\",\"@id\":\"https:\/\/fundacion-biodiversidad.es\/en\/proyecto_biodiversa\/eurosyng-promoting-action-on-broad-ocean-challenges-by-delving-into-the-past-present-and-future-of-european-syngnathids\/#breadcrumb\",\"itemListElement\":[{\"@type\":\"ListItem\",\"position\":1,\"name\":\"Portada\",\"item\":\"https:\/\/fundacion-biodiversidad.es\/en\/inicio\/\"},{\"@type\":\"ListItem\",\"position\":2,\"name\":\"Proyectos biodiversa +\",\"item\":\"https:\/\/fundacion-biodiversidad.es\/en\/proyecto_biodiversa\/\"},{\"@type\":\"ListItem\",\"position\":3,\"name\":\"EUROSYNG &#8211; Promoting action on broad ocean challenges by delving into the past, present and future of European syngnathids\"}]},{\"@type\":\"WebSite\",\"@id\":\"https:\/\/fundacion-biodiversidad.es\/en\/#website\",\"url\":\"https:\/\/fundacion-biodiversidad.es\/en\/\",\"name\":\"Fundaci\u00f3n Biodiversidad\",\"description\":\"Fundaci\u00f3n p\u00fablica adscrita al Ministerio para la Transici\u00f3n Ecol\u00f3gica\",\"potentialAction\":[{\"@type\":\"SearchAction\",\"target\":{\"@type\":\"EntryPoint\",\"urlTemplate\":\"https:\/\/fundacion-biodiversidad.es\/en\/?s={search_term_string}\"},\"query-input\":{\"@type\":\"PropertyValueSpecification\",\"valueRequired\":true,\"valueName\":\"search_term_string\"}}],\"inLanguage\":\"en-US\"}]}<\/script>\n<!-- \/ Yoast SEO plugin. -->","yoast_head_json":{"title":"EUROSYNG - Promoting action on broad ocean challenges by delving into the past, present and future of European syngnathids - Fundaci\u00f3n Biodiversidad","description":"The project provides a clear picture of the status of syngnathid populations in Europe (health status, connectivity and migratory potential),","robots":{"index":"index","follow":"follow","max-snippet":"max-snippet:-1","max-image-preview":"max-image-preview:large","max-video-preview":"max-video-preview:-1"},"canonical":"https:\/\/fundacion-biodiversidad.es\/en\/proyecto_biodiversa\/eurosyng-promoting-action-on-broad-ocean-challenges-by-delving-into-the-past-present-and-future-of-european-syngnathids\/","og_locale":"en_US","og_type":"article","og_title":"EUROSYNG - Promoting action on broad ocean challenges by delving into the past, present and future of European syngnathids - Fundaci\u00f3n Biodiversidad","og_description":"The project provides a clear picture of the status of syngnathid populations in Europe (health status, connectivity and migratory potential),","og_url":"https:\/\/fundacion-biodiversidad.es\/en\/proyecto_biodiversa\/eurosyng-promoting-action-on-broad-ocean-challenges-by-delving-into-the-past-present-and-future-of-european-syngnathids\/","og_site_name":"Fundaci\u00f3n Biodiversidad","article_modified_time":"2025-08-06T14:46:58+00:00","og_image":[{"width":1024,"height":680,"url":"https:\/\/fundacion-biodiversidad.es\/wp-content\/uploads\/2023\/05\/EUROSYNG-1024x680.jpg","type":"image\/jpeg"}],"twitter_card":"summary_large_image","twitter_misc":{"Est. reading time":"1 minute"},"schema":{"@context":"https:\/\/schema.org","@graph":[{"@type":"WebPage","@id":"https:\/\/fundacion-biodiversidad.es\/en\/proyecto_biodiversa\/eurosyng-promoting-action-on-broad-ocean-challenges-by-delving-into-the-past-present-and-future-of-european-syngnathids\/","url":"https:\/\/fundacion-biodiversidad.es\/en\/proyecto_biodiversa\/eurosyng-promoting-action-on-broad-ocean-challenges-by-delving-into-the-past-present-and-future-of-european-syngnathids\/","name":"EUROSYNG - Promoting action on broad ocean challenges by delving into the past, present and future of European syngnathids - Fundaci\u00f3n Biodiversidad","isPartOf":{"@id":"https:\/\/fundacion-biodiversidad.es\/en\/#website"},"primaryImageOfPage":{"@id":"https:\/\/fundacion-biodiversidad.es\/en\/proyecto_biodiversa\/eurosyng-promoting-action-on-broad-ocean-challenges-by-delving-into-the-past-present-and-future-of-european-syngnathids\/#primaryimage"},"image":{"@id":"https:\/\/fundacion-biodiversidad.es\/en\/proyecto_biodiversa\/eurosyng-promoting-action-on-broad-ocean-challenges-by-delving-into-the-past-present-and-future-of-european-syngnathids\/#primaryimage"},"thumbnailUrl":"https:\/\/fundacion-biodiversidad.es\/wp-content\/uploads\/2023\/05\/EUROSYNG-scaled.jpg","datePublished":"2024-01-05T10:05:56+00:00","dateModified":"2025-08-06T14:46:58+00:00","description":"The project provides a clear picture of the status of syngnathid populations in Europe (health status, connectivity and migratory potential),","breadcrumb":{"@id":"https:\/\/fundacion-biodiversidad.es\/en\/proyecto_biodiversa\/eurosyng-promoting-action-on-broad-ocean-challenges-by-delving-into-the-past-present-and-future-of-european-syngnathids\/#breadcrumb"},"inLanguage":"en-US","potentialAction":[{"@type":"ReadAction","target":["https:\/\/fundacion-biodiversidad.es\/en\/proyecto_biodiversa\/eurosyng-promoting-action-on-broad-ocean-challenges-by-delving-into-the-past-present-and-future-of-european-syngnathids\/"]}]},{"@type":"ImageObject","inLanguage":"en-US","@id":"https:\/\/fundacion-biodiversidad.es\/en\/proyecto_biodiversa\/eurosyng-promoting-action-on-broad-ocean-challenges-by-delving-into-the-past-present-and-future-of-european-syngnathids\/#primaryimage","url":"https:\/\/fundacion-biodiversidad.es\/wp-content\/uploads\/2023\/05\/EUROSYNG-scaled.jpg","contentUrl":"https:\/\/fundacion-biodiversidad.es\/wp-content\/uploads\/2023\/05\/EUROSYNG-scaled.jpg","width":2560,"height":1700,"caption":"EUROSYNG - Promoting action on broad ocean challenges by delving into the past, present and future of European syngnathids"},{"@type":"BreadcrumbList","@id":"https:\/\/fundacion-biodiversidad.es\/en\/proyecto_biodiversa\/eurosyng-promoting-action-on-broad-ocean-challenges-by-delving-into-the-past-present-and-future-of-european-syngnathids\/#breadcrumb","itemListElement":[{"@type":"ListItem","position":1,"name":"Portada","item":"https:\/\/fundacion-biodiversidad.es\/en\/inicio\/"},{"@type":"ListItem","position":2,"name":"Proyectos biodiversa +","item":"https:\/\/fundacion-biodiversidad.es\/en\/proyecto_biodiversa\/"},{"@type":"ListItem","position":3,"name":"EUROSYNG &#8211; Promoting action on broad ocean challenges by delving into the past, present and future of European syngnathids"}]},{"@type":"WebSite","@id":"https:\/\/fundacion-biodiversidad.es\/en\/#website","url":"https:\/\/fundacion-biodiversidad.es\/en\/","name":"Fundaci\u00f3n Biodiversidad","description":"Fundaci\u00f3n p\u00fablica adscrita al Ministerio para la Transici\u00f3n Ecol\u00f3gica","potentialAction":[{"@type":"SearchAction","target":{"@type":"EntryPoint","urlTemplate":"https:\/\/fundacion-biodiversidad.es\/en\/?s={search_term_string}"},"query-input":{"@type":"PropertyValueSpecification","valueRequired":true,"valueName":"search_term_string"}}],"inLanguage":"en-US"}]}},"_links":{"self":[{"href":"https:\/\/fundacion-biodiversidad.es\/en\/wp-json\/wp\/v2\/proyecto_biodiversa\/97851520","targetHints":{"allow":["GET"]}}],"collection":[{"href":"https:\/\/fundacion-biodiversidad.es\/en\/wp-json\/wp\/v2\/proyecto_biodiversa"}],"about":[{"href":"https:\/\/fundacion-biodiversidad.es\/en\/wp-json\/wp\/v2\/types\/proyecto_biodiversa"}],"wp:featuredmedia":[{"embeddable":true,"href":"https:\/\/fundacion-biodiversidad.es\/en\/wp-json\/wp\/v2\/media\/45700"}],"wp:attachment":[{"href":"https:\/\/fundacion-biodiversidad.es\/en\/wp-json\/wp\/v2\/media?parent=97851520"}],"wp:term":[{"taxonomy":"financiaci_n","embeddable":true,"href":"https:\/\/fundacion-biodiversidad.es\/en\/wp-json\/wp\/v2\/financiaci_n?post=97851520"},{"taxonomy":"lineas_actuacion_tematicas","embeddable":true,"href":"https:\/\/fundacion-biodiversidad.es\/en\/wp-json\/wp\/v2\/lineas_actuacion_tematicas?post=97851520"}],"curies":[{"name":"wp","href":"https:\/\/api.w.org\/{rel}","templated":true}]}}

<!-- This site is optimized with the Yoast SEO plugin v26.9 - https://yoast.com/product/yoast-seo-wordpress/ -->
<title>EUROSYNG - Promoting action on broad ocean challenges by delving into the past, present and future of European syngnathids - Fundación Biodiversidad</title>
<meta name="description" content="The project provides a clear picture of the status of syngnathid populations in Europe (health status, connectivity and migratory potential)," />
<meta name="robots" content="index, follow, max-snippet:-1, max-image-preview:large, max-video-preview:-1" />
<link rel="canonical" href="https://fundacion-biodiversidad.es/en/proyecto_biodiversa/eurosyng-promoting-action-on-broad-ocean-challenges-by-delving-into-the-past-present-and-future-of-european-syngnathids/" />
<meta property="og:locale" content="en_US" />
<meta property="og:type" content="article" />
<meta property="og:title" content="EUROSYNG - Promoting action on broad ocean challenges by delving into the past, present and future of European syngnathids - Fundación Biodiversidad" />
<meta property="og:description" content="The project provides a clear picture of the status of syngnathid populations in Europe (health status, connectivity and migratory potential)," />
<meta property="og:url" content="https://fundacion-biodiversidad.es/en/proyecto_biodiversa/eurosyng-promoting-action-on-broad-ocean-challenges-by-delving-into-the-past-present-and-future-of-european-syngnathids/" />
<meta property="og:site_name" content="Fundación Biodiversidad" />
<meta property="article:modified_time" content="2025-08-06T14:46:58+00:00" />
<meta property="og:image" content="https://fundacion-biodiversidad.es/wp-content/uploads/2023/05/EUROSYNG-1024x680.jpg" />
	<meta property="og:image:width" content="1024" />
	<meta property="og:image:height" content="680" />
	<meta property="og:image:type" content="image/jpeg" />
<meta name="twitter:card" content="summary_large_image" />
<meta name="twitter:label1" content="Est. reading time" />
	<meta name="twitter:data1" content="1 minute" />
<script type="application/ld+json" class="yoast-schema-graph">{"@context":"https://schema.org","@graph":[{"@type":"WebPage","@id":"https://fundacion-biodiversidad.es/en/proyecto_biodiversa/eurosyng-promoting-action-on-broad-ocean-challenges-by-delving-into-the-past-present-and-future-of-european-syngnathids/","url":"https://fundacion-biodiversidad.es/en/proyecto_biodiversa/eurosyng-promoting-action-on-broad-ocean-challenges-by-delving-into-the-past-present-and-future-of-european-syngnathids/","name":"EUROSYNG - Promoting action on broad ocean challenges by delving into the past, present and future of European syngnathids - Fundación Biodiversidad","isPartOf":{"@id":"https://fundacion-biodiversidad.es/en/#website"},"primaryImageOfPage":{"@id":"https://fundacion-biodiversidad.es/en/proyecto_biodiversa/eurosyng-promoting-action-on-broad-ocean-challenges-by-delving-into-the-past-present-and-future-of-european-syngnathids/#primaryimage"},"image":{"@id":"https://fundacion-biodiversidad.es/en/proyecto_biodiversa/eurosyng-promoting-action-on-broad-ocean-challenges-by-delving-into-the-past-present-and-future-of-european-syngnathids/#primaryimage"},"thumbnailUrl":"https://fundacion-biodiversidad.es/wp-content/uploads/2023/05/EUROSYNG-scaled.jpg","datePublished":"2024-01-05T10:05:56+00:00","dateModified":"2025-08-06T14:46:58+00:00","description":"The project provides a clear picture of the status of syngnathid populations in Europe (health status, connectivity and migratory potential),","breadcrumb":{"@id":"https://fundacion-biodiversidad.es/en/proyecto_biodiversa/eurosyng-promoting-action-on-broad-ocean-challenges-by-delving-into-the-past-present-and-future-of-european-syngnathids/#breadcrumb"},"inLanguage":"en-US","potentialAction":[{"@type":"ReadAction","target":["https://fundacion-biodiversidad.es/en/proyecto_biodiversa/eurosyng-promoting-action-on-broad-ocean-challenges-by-delving-into-the-past-present-and-future-of-european-syngnathids/"]}]},{"@type":"ImageObject","inLanguage":"en-US","@id":"https://fundacion-biodiversidad.es/en/proyecto_biodiversa/eurosyng-promoting-action-on-broad-ocean-challenges-by-delving-into-the-past-present-and-future-of-european-syngnathids/#primaryimage","url":"https://fundacion-biodiversidad.es/wp-content/uploads/2023/05/EUROSYNG-scaled.jpg","contentUrl":"https://fundacion-biodiversidad.es/wp-content/uploads/2023/05/EUROSYNG-scaled.jpg","width":2560,"height":1700,"caption":"EUROSYNG - Promoting action on broad ocean challenges by delving into the past, present and future of European syngnathids"},{"@type":"BreadcrumbList","@id":"https://fundacion-biodiversidad.es/en/proyecto_biodiversa/eurosyng-promoting-action-on-broad-ocean-challenges-by-delving-into-the-past-present-and-future-of-european-syngnathids/#breadcrumb","itemListElement":[{"@type":"ListItem","position":1,"name":"Portada","item":"https://fundacion-biodiversidad.es/en/inicio/"},{"@type":"ListItem","position":2,"name":"Proyectos biodiversa +","item":"https://fundacion-biodiversidad.es/en/proyecto_biodiversa/"},{"@type":"ListItem","position":3,"name":"EUROSYNG &#8211; Promoting action on broad ocean challenges by delving into the past, present and future of European syngnathids"}]},{"@type":"WebSite","@id":"https://fundacion-biodiversidad.es/en/#website","url":"https://fundacion-biodiversidad.es/en/","name":"Fundación Biodiversidad","description":"Fundación pública adscrita al Ministerio para la Transición Ecológica","potentialAction":[{"@type":"SearchAction","target":{"@type":"EntryPoint","urlTemplate":"https://fundacion-biodiversidad.es/en/?s={search_term_string}"},"query-input":{"@type":"PropertyValueSpecification","valueRequired":true,"valueName":"search_term_string"}}],"inLanguage":"en-US"}]}</script>
<!-- / Yoast SEO plugin. -->

EUROSYNG - Promoting action on broad ocean challenges by delving into the past, present and future of European syngnathids - Fundación Biodiversidad

Fundación Biodiversidad

Fundación pública adscrita al Ministerio para la Transición Ecológica
