{"id":97873488,"date":"2026-03-27T13:35:04","date_gmt":"2026-03-27T12:35:04","guid":{"rendered":"https:\/\/fundacion-biodiversidad.es\/proyecto_feder\/soriamadera-wood-for-tods-training-realization-and-consolidation-of-the-sector-to-build-a-sustainable-future\/"},"modified":"2026-04-22T09:53:43","modified_gmt":"2026-04-22T07:53:43","slug":"soriamadera-wood-for-tods-training-realization-and-consolidation-of-the-sector-to-build-a-sustainable-future","status":"publish","type":"proyecto_feder","link":"https:\/\/fundacion-biodiversidad.es\/en\/proyecto_feder\/soriamadera-wood-for-tods-training-realization-and-consolidation-of-the-sector-to-build-a-sustainable-future\/","title":{"rendered":"SORIA+MADERA. Wood for tod@s: training, realization and consolidation of the sector to build a sustainable future."},"content":{"rendered":"<p>SORIA+MADERA aims to consolidate a solid value chain around wood from sustainable forest management. To this end, it carries out specialised training actions, digitalisation of forest planning and support for green entrepreneurship. In addition, it promotes the improvement of forest governance and the certification of forests for their services. With all this, results will be achieved related to green employment (activating 12 business initiatives, with 26 direct jobs), professional training (with technical training of 72 professionals specialized in wood construction), sustainable planning and management of the territory and fire risk reduction (with FSC certification in 4,800 ha of forest, improvement of governance and forest planning in 40 communities,  and grazing facilitation on 12,600 ha).   <\/p>\n","protected":false},"featured_media":97874159,"parent":0,"template":"","meta":{"_acf_changed":false},"financiaci_n":[714],"lineas_actuacion_tematicas":[654],"class_list":["post-97873488","proyecto_feder","type-proyecto_feder","status-publish","has-post-thumbnail","hentry","financiaci_n-european-regional-development-fund","lineas_actuacion_tematicas-terrestrial-ecosystems"],"acf":[],"yoast_head":"<!-- This site is optimized with the Yoast SEO plugin v26.9 - https:\/\/yoast.com\/product\/yoast-seo-wordpress\/ -->\n<title>SORIA+MADERA. Wood for tod@s: training, realization and consolidation of the sector to build a sustainable future. - Fundaci\u00f3n Biodiversidad<\/title>\n<meta name=\"robots\" content=\"index, follow, max-snippet:-1, max-image-preview:large, max-video-preview:-1\" \/>\n<link rel=\"canonical\" href=\"https:\/\/fundacion-biodiversidad.es\/en\/proyecto_feder\/soriamadera-wood-for-tods-training-realization-and-consolidation-of-the-sector-to-build-a-sustainable-future\/\" \/>\n<meta property=\"og:locale\" content=\"en_US\" \/>\n<meta property=\"og:type\" content=\"article\" \/>\n<meta property=\"og:title\" content=\"SORIA+MADERA. Wood for tod@s: training, realization and consolidation of the sector to build a sustainable future. - Fundaci\u00f3n Biodiversidad\" \/>\n<meta property=\"og:description\" content=\"SORIA+MADERA aims to consolidate a solid value chain around wood from sustainable forest management. To this end, it carries out specialised training actions, digitalisation of [&hellip;]\" \/>\n<meta property=\"og:url\" content=\"https:\/\/fundacion-biodiversidad.es\/en\/proyecto_feder\/soriamadera-wood-for-tods-training-realization-and-consolidation-of-the-sector-to-build-a-sustainable-future\/\" \/>\n<meta property=\"og:site_name\" content=\"Fundaci\u00f3n Biodiversidad\" \/>\n<meta property=\"article:modified_time\" content=\"2026-04-22T07:53:43+00:00\" \/>\n<meta property=\"og:image\" content=\"https:\/\/fundacion-biodiversidad.es\/wp-content\/uploads\/2026\/03\/Plantillas-RRSS-FEDER_1200x628-SORIAMADERA-1024x536.png\" \/>\n<meta name=\"twitter:card\" content=\"summary_large_image\" \/>\n<meta name=\"twitter:label1\" content=\"Est. reading time\" \/>\n\t<meta name=\"twitter:data1\" content=\"1 minute\" \/>\n<script type=\"application\/ld+json\" class=\"yoast-schema-graph\">{\"@context\":\"https:\/\/schema.org\",\"@graph\":[{\"@type\":\"WebPage\",\"@id\":\"https:\/\/fundacion-biodiversidad.es\/en\/proyecto_feder\/soriamadera-wood-for-tods-training-realization-and-consolidation-of-the-sector-to-build-a-sustainable-future\/\",\"url\":\"https:\/\/fundacion-biodiversidad.es\/en\/proyecto_feder\/soriamadera-wood-for-tods-training-realization-and-consolidation-of-the-sector-to-build-a-sustainable-future\/\",\"name\":\"SORIA+MADERA. Wood for tod@s: training, realization and consolidation of the sector to build a sustainable future. - Fundaci\u00f3n Biodiversidad\",\"isPartOf\":{\"@id\":\"https:\/\/fundacion-biodiversidad.es\/en\/#website\"},\"primaryImageOfPage\":{\"@id\":\"https:\/\/fundacion-biodiversidad.es\/en\/proyecto_feder\/soriamadera-wood-for-tods-training-realization-and-consolidation-of-the-sector-to-build-a-sustainable-future\/#primaryimage\"},\"image\":{\"@id\":\"https:\/\/fundacion-biodiversidad.es\/en\/proyecto_feder\/soriamadera-wood-for-tods-training-realization-and-consolidation-of-the-sector-to-build-a-sustainable-future\/#primaryimage\"},\"thumbnailUrl\":\"https:\/\/fundacion-biodiversidad.es\/wp-content\/uploads\/2026\/03\/Plantillas-RRSS-FEDER-SORIAMADERA.png\",\"datePublished\":\"2026-03-27T12:35:04+00:00\",\"dateModified\":\"2026-04-22T07:53:43+00:00\",\"breadcrumb\":{\"@id\":\"https:\/\/fundacion-biodiversidad.es\/en\/proyecto_feder\/soriamadera-wood-for-tods-training-realization-and-consolidation-of-the-sector-to-build-a-sustainable-future\/#breadcrumb\"},\"inLanguage\":\"en-US\",\"potentialAction\":[{\"@type\":\"ReadAction\",\"target\":[\"https:\/\/fundacion-biodiversidad.es\/en\/proyecto_feder\/soriamadera-wood-for-tods-training-realization-and-consolidation-of-the-sector-to-build-a-sustainable-future\/\"]}]},{\"@type\":\"ImageObject\",\"inLanguage\":\"en-US\",\"@id\":\"https:\/\/fundacion-biodiversidad.es\/en\/proyecto_feder\/soriamadera-wood-for-tods-training-realization-and-consolidation-of-the-sector-to-build-a-sustainable-future\/#primaryimage\",\"url\":\"https:\/\/fundacion-biodiversidad.es\/wp-content\/uploads\/2026\/03\/Plantillas-RRSS-FEDER-SORIAMADERA.png\",\"contentUrl\":\"https:\/\/fundacion-biodiversidad.es\/wp-content\/uploads\/2026\/03\/Plantillas-RRSS-FEDER-SORIAMADERA.png\",\"width\":1100,\"height\":1100},{\"@type\":\"BreadcrumbList\",\"@id\":\"https:\/\/fundacion-biodiversidad.es\/en\/proyecto_feder\/soriamadera-wood-for-tods-training-realization-and-consolidation-of-the-sector-to-build-a-sustainable-future\/#breadcrumb\",\"itemListElement\":[{\"@type\":\"ListItem\",\"position\":1,\"name\":\"Portada\",\"item\":\"https:\/\/fundacion-biodiversidad.es\/en\/inicio\/\"},{\"@type\":\"ListItem\",\"position\":2,\"name\":\"ERDF Projects\",\"item\":\"https:\/\/fundacion-biodiversidad.es\/en\/proyecto_feder\/\"},{\"@type\":\"ListItem\",\"position\":3,\"name\":\"SORIA+MADERA. Wood for tod@s: training, realization and consolidation of the sector to build a sustainable future.\"}]},{\"@type\":\"WebSite\",\"@id\":\"https:\/\/fundacion-biodiversidad.es\/en\/#website\",\"url\":\"https:\/\/fundacion-biodiversidad.es\/en\/\",\"name\":\"Fundaci\u00f3n Biodiversidad\",\"description\":\"Fundaci\u00f3n p\u00fablica adscrita al Ministerio para la Transici\u00f3n Ecol\u00f3gica\",\"potentialAction\":[{\"@type\":\"SearchAction\",\"target\":{\"@type\":\"EntryPoint\",\"urlTemplate\":\"https:\/\/fundacion-biodiversidad.es\/en\/?s={search_term_string}\"},\"query-input\":{\"@type\":\"PropertyValueSpecification\",\"valueRequired\":true,\"valueName\":\"search_term_string\"}}],\"inLanguage\":\"en-US\"}]}<\/script>\n<!-- \/ Yoast SEO plugin. -->","yoast_head_json":{"title":"SORIA+MADERA. Wood for tod@s: training, realization and consolidation of the sector to build a sustainable future. - Fundaci\u00f3n Biodiversidad","robots":{"index":"index","follow":"follow","max-snippet":"max-snippet:-1","max-image-preview":"max-image-preview:large","max-video-preview":"max-video-preview:-1"},"canonical":"https:\/\/fundacion-biodiversidad.es\/en\/proyecto_feder\/soriamadera-wood-for-tods-training-realization-and-consolidation-of-the-sector-to-build-a-sustainable-future\/","og_locale":"en_US","og_type":"article","og_title":"SORIA+MADERA. Wood for tod@s: training, realization and consolidation of the sector to build a sustainable future. - Fundaci\u00f3n Biodiversidad","og_description":"SORIA+MADERA aims to consolidate a solid value chain around wood from sustainable forest management. To this end, it carries out specialised training actions, digitalisation of [&hellip;]","og_url":"https:\/\/fundacion-biodiversidad.es\/en\/proyecto_feder\/soriamadera-wood-for-tods-training-realization-and-consolidation-of-the-sector-to-build-a-sustainable-future\/","og_site_name":"Fundaci\u00f3n Biodiversidad","article_modified_time":"2026-04-22T07:53:43+00:00","og_image":[{"url":"https:\/\/fundacion-biodiversidad.es\/wp-content\/uploads\/2026\/03\/Plantillas-RRSS-FEDER_1200x628-SORIAMADERA-1024x536.png","type":"","width":"","height":""}],"twitter_card":"summary_large_image","twitter_misc":{"Est. reading time":"1 minute"},"schema":{"@context":"https:\/\/schema.org","@graph":[{"@type":"WebPage","@id":"https:\/\/fundacion-biodiversidad.es\/en\/proyecto_feder\/soriamadera-wood-for-tods-training-realization-and-consolidation-of-the-sector-to-build-a-sustainable-future\/","url":"https:\/\/fundacion-biodiversidad.es\/en\/proyecto_feder\/soriamadera-wood-for-tods-training-realization-and-consolidation-of-the-sector-to-build-a-sustainable-future\/","name":"SORIA+MADERA. Wood for tod@s: training, realization and consolidation of the sector to build a sustainable future. - Fundaci\u00f3n Biodiversidad","isPartOf":{"@id":"https:\/\/fundacion-biodiversidad.es\/en\/#website"},"primaryImageOfPage":{"@id":"https:\/\/fundacion-biodiversidad.es\/en\/proyecto_feder\/soriamadera-wood-for-tods-training-realization-and-consolidation-of-the-sector-to-build-a-sustainable-future\/#primaryimage"},"image":{"@id":"https:\/\/fundacion-biodiversidad.es\/en\/proyecto_feder\/soriamadera-wood-for-tods-training-realization-and-consolidation-of-the-sector-to-build-a-sustainable-future\/#primaryimage"},"thumbnailUrl":"https:\/\/fundacion-biodiversidad.es\/wp-content\/uploads\/2026\/03\/Plantillas-RRSS-FEDER-SORIAMADERA.png","datePublished":"2026-03-27T12:35:04+00:00","dateModified":"2026-04-22T07:53:43+00:00","breadcrumb":{"@id":"https:\/\/fundacion-biodiversidad.es\/en\/proyecto_feder\/soriamadera-wood-for-tods-training-realization-and-consolidation-of-the-sector-to-build-a-sustainable-future\/#breadcrumb"},"inLanguage":"en-US","potentialAction":[{"@type":"ReadAction","target":["https:\/\/fundacion-biodiversidad.es\/en\/proyecto_feder\/soriamadera-wood-for-tods-training-realization-and-consolidation-of-the-sector-to-build-a-sustainable-future\/"]}]},{"@type":"ImageObject","inLanguage":"en-US","@id":"https:\/\/fundacion-biodiversidad.es\/en\/proyecto_feder\/soriamadera-wood-for-tods-training-realization-and-consolidation-of-the-sector-to-build-a-sustainable-future\/#primaryimage","url":"https:\/\/fundacion-biodiversidad.es\/wp-content\/uploads\/2026\/03\/Plantillas-RRSS-FEDER-SORIAMADERA.png","contentUrl":"https:\/\/fundacion-biodiversidad.es\/wp-content\/uploads\/2026\/03\/Plantillas-RRSS-FEDER-SORIAMADERA.png","width":1100,"height":1100},{"@type":"BreadcrumbList","@id":"https:\/\/fundacion-biodiversidad.es\/en\/proyecto_feder\/soriamadera-wood-for-tods-training-realization-and-consolidation-of-the-sector-to-build-a-sustainable-future\/#breadcrumb","itemListElement":[{"@type":"ListItem","position":1,"name":"Portada","item":"https:\/\/fundacion-biodiversidad.es\/en\/inicio\/"},{"@type":"ListItem","position":2,"name":"ERDF Projects","item":"https:\/\/fundacion-biodiversidad.es\/en\/proyecto_feder\/"},{"@type":"ListItem","position":3,"name":"SORIA+MADERA. Wood for tod@s: training, realization and consolidation of the sector to build a sustainable future."}]},{"@type":"WebSite","@id":"https:\/\/fundacion-biodiversidad.es\/en\/#website","url":"https:\/\/fundacion-biodiversidad.es\/en\/","name":"Fundaci\u00f3n Biodiversidad","description":"Fundaci\u00f3n p\u00fablica adscrita al Ministerio para la Transici\u00f3n Ecol\u00f3gica","potentialAction":[{"@type":"SearchAction","target":{"@type":"EntryPoint","urlTemplate":"https:\/\/fundacion-biodiversidad.es\/en\/?s={search_term_string}"},"query-input":{"@type":"PropertyValueSpecification","valueRequired":true,"valueName":"search_term_string"}}],"inLanguage":"en-US"}]}},"_links":{"self":[{"href":"https:\/\/fundacion-biodiversidad.es\/en\/wp-json\/wp\/v2\/proyecto_feder\/97873488","targetHints":{"allow":["GET"]}}],"collection":[{"href":"https:\/\/fundacion-biodiversidad.es\/en\/wp-json\/wp\/v2\/proyecto_feder"}],"about":[{"href":"https:\/\/fundacion-biodiversidad.es\/en\/wp-json\/wp\/v2\/types\/proyecto_feder"}],"wp:featuredmedia":[{"embeddable":true,"href":"https:\/\/fundacion-biodiversidad.es\/en\/wp-json\/wp\/v2\/media\/97874159"}],"wp:attachment":[{"href":"https:\/\/fundacion-biodiversidad.es\/en\/wp-json\/wp\/v2\/media?parent=97873488"}],"wp:term":[{"taxonomy":"financiaci_n","embeddable":true,"href":"https:\/\/fundacion-biodiversidad.es\/en\/wp-json\/wp\/v2\/financiaci_n?post=97873488"},{"taxonomy":"lineas_actuacion_tematicas","embeddable":true,"href":"https:\/\/fundacion-biodiversidad.es\/en\/wp-json\/wp\/v2\/lineas_actuacion_tematicas?post=97873488"}],"curies":[{"name":"wp","href":"https:\/\/api.w.org\/{rel}","templated":true}]}}

<!-- This site is optimized with the Yoast SEO plugin v26.9 - https://yoast.com/product/yoast-seo-wordpress/ -->
<title>SORIA+MADERA. Wood for tod@s: training, realization and consolidation of the sector to build a sustainable future. - Fundación Biodiversidad</title>
<meta name="robots" content="index, follow, max-snippet:-1, max-image-preview:large, max-video-preview:-1" />
<link rel="canonical" href="https://fundacion-biodiversidad.es/en/proyecto_feder/soriamadera-wood-for-tods-training-realization-and-consolidation-of-the-sector-to-build-a-sustainable-future/" />
<meta property="og:locale" content="en_US" />
<meta property="og:type" content="article" />
<meta property="og:title" content="SORIA+MADERA. Wood for tod@s: training, realization and consolidation of the sector to build a sustainable future. - Fundación Biodiversidad" />
<meta property="og:description" content="SORIA+MADERA aims to consolidate a solid value chain around wood from sustainable forest management. To this end, it carries out specialised training actions, digitalisation of [&hellip;]" />
<meta property="og:url" content="https://fundacion-biodiversidad.es/en/proyecto_feder/soriamadera-wood-for-tods-training-realization-and-consolidation-of-the-sector-to-build-a-sustainable-future/" />
<meta property="og:site_name" content="Fundación Biodiversidad" />
<meta property="article:modified_time" content="2026-04-22T07:53:43+00:00" />
<meta property="og:image" content="https://fundacion-biodiversidad.es/wp-content/uploads/2026/03/Plantillas-RRSS-FEDER_1200x628-SORIAMADERA-1024x536.png" />
<meta name="twitter:card" content="summary_large_image" />
<meta name="twitter:label1" content="Est. reading time" />
	<meta name="twitter:data1" content="1 minute" />
<script type="application/ld+json" class="yoast-schema-graph">{"@context":"https://schema.org","@graph":[{"@type":"WebPage","@id":"https://fundacion-biodiversidad.es/en/proyecto_feder/soriamadera-wood-for-tods-training-realization-and-consolidation-of-the-sector-to-build-a-sustainable-future/","url":"https://fundacion-biodiversidad.es/en/proyecto_feder/soriamadera-wood-for-tods-training-realization-and-consolidation-of-the-sector-to-build-a-sustainable-future/","name":"SORIA+MADERA. Wood for tod@s: training, realization and consolidation of the sector to build a sustainable future. - Fundación Biodiversidad","isPartOf":{"@id":"https://fundacion-biodiversidad.es/en/#website"},"primaryImageOfPage":{"@id":"https://fundacion-biodiversidad.es/en/proyecto_feder/soriamadera-wood-for-tods-training-realization-and-consolidation-of-the-sector-to-build-a-sustainable-future/#primaryimage"},"image":{"@id":"https://fundacion-biodiversidad.es/en/proyecto_feder/soriamadera-wood-for-tods-training-realization-and-consolidation-of-the-sector-to-build-a-sustainable-future/#primaryimage"},"thumbnailUrl":"https://fundacion-biodiversidad.es/wp-content/uploads/2026/03/Plantillas-RRSS-FEDER-SORIAMADERA.png","datePublished":"2026-03-27T12:35:04+00:00","dateModified":"2026-04-22T07:53:43+00:00","breadcrumb":{"@id":"https://fundacion-biodiversidad.es/en/proyecto_feder/soriamadera-wood-for-tods-training-realization-and-consolidation-of-the-sector-to-build-a-sustainable-future/#breadcrumb"},"inLanguage":"en-US","potentialAction":[{"@type":"ReadAction","target":["https://fundacion-biodiversidad.es/en/proyecto_feder/soriamadera-wood-for-tods-training-realization-and-consolidation-of-the-sector-to-build-a-sustainable-future/"]}]},{"@type":"ImageObject","inLanguage":"en-US","@id":"https://fundacion-biodiversidad.es/en/proyecto_feder/soriamadera-wood-for-tods-training-realization-and-consolidation-of-the-sector-to-build-a-sustainable-future/#primaryimage","url":"https://fundacion-biodiversidad.es/wp-content/uploads/2026/03/Plantillas-RRSS-FEDER-SORIAMADERA.png","contentUrl":"https://fundacion-biodiversidad.es/wp-content/uploads/2026/03/Plantillas-RRSS-FEDER-SORIAMADERA.png","width":1100,"height":1100},{"@type":"BreadcrumbList","@id":"https://fundacion-biodiversidad.es/en/proyecto_feder/soriamadera-wood-for-tods-training-realization-and-consolidation-of-the-sector-to-build-a-sustainable-future/#breadcrumb","itemListElement":[{"@type":"ListItem","position":1,"name":"Portada","item":"https://fundacion-biodiversidad.es/en/inicio/"},{"@type":"ListItem","position":2,"name":"ERDF Projects","item":"https://fundacion-biodiversidad.es/en/proyecto_feder/"},{"@type":"ListItem","position":3,"name":"SORIA+MADERA. Wood for tod@s: training, realization and consolidation of the sector to build a sustainable future."}]},{"@type":"WebSite","@id":"https://fundacion-biodiversidad.es/en/#website","url":"https://fundacion-biodiversidad.es/en/","name":"Fundación Biodiversidad","description":"Fundación pública adscrita al Ministerio para la Transición Ecológica","potentialAction":[{"@type":"SearchAction","target":{"@type":"EntryPoint","urlTemplate":"https://fundacion-biodiversidad.es/en/?s={search_term_string}"},"query-input":{"@type":"PropertyValueSpecification","valueRequired":true,"valueName":"search_term_string"}}],"inLanguage":"en-US"}]}</script>
<!-- / Yoast SEO plugin. -->

SORIA+MADERA. Wood for tod@s: training, realization and consolidation of the sector to build a sustainable future. - Fundación Biodiversidad

Fundación Biodiversidad

Fundación pública adscrita al Ministerio para la Transición Ecológica
