{"id":97873493,"date":"2026-03-27T13:40:38","date_gmt":"2026-03-27T12:40:38","guid":{"rendered":"https:\/\/fundacion-biodiversidad.es\/proyecto_feder\/saberes-do-monte-traditional-knowledge-and-stewardship-for-the-conservation-of-a-living-forest\/"},"modified":"2026-03-30T16:22:20","modified_gmt":"2026-03-30T14:22:20","slug":"saberes-do-monte-traditional-knowledge-and-stewardship-for-the-conservation-of-a-living-forest","status":"publish","type":"proyecto_feder","link":"https:\/\/fundacion-biodiversidad.es\/en\/proyecto_feder\/saberes-do-monte-traditional-knowledge-and-stewardship-for-the-conservation-of-a-living-forest\/","title":{"rendered":"SABERES DO MONTE. Traditional knowledge and stewardship for the conservation of a living forest."},"content":{"rendered":"<p>The project promotes the bioeconomy in the mountains of Galicia by combining science and local knowledge for the conservation of species of interest and habitats of high ecological value. To this end, it develops strategic planning actions for green infrastructure, ecological restoration and strengthening of forest governance. In addition, it consolidates previous initiatives, such as the collective brand Sabores de Montes, and incorporates innovative financing mechanisms. With all this, they intend to achieve results in biodiversity conservation and climate resilience (recovering and conserving 47 species of interest and 10 habitats of high ecological value, ecologically restoring 8,100 ha, and signing 5 stewardship agreements for 15,000 ha), and socio-economic revitalization of the territory, with innovative financing mechanisms that are expected to be designed for 34 forests.   <\/p>\n","protected":false},"featured_media":97873490,"parent":0,"template":"","meta":{"_acf_changed":false},"financiaci_n":[714],"lineas_actuacion_tematicas":[654],"class_list":["post-97873493","proyecto_feder","type-proyecto_feder","status-publish","has-post-thumbnail","hentry","financiaci_n-european-regional-development-fund","lineas_actuacion_tematicas-terrestrial-ecosystems"],"acf":[],"yoast_head":"<!-- This site is optimized with the Yoast SEO plugin v26.9 - https:\/\/yoast.com\/product\/yoast-seo-wordpress\/ -->\n<title>SABERES DO MONTE. Traditional knowledge and stewardship for the conservation of a living forest. - Fundaci\u00f3n Biodiversidad<\/title>\n<meta name=\"robots\" content=\"index, follow, max-snippet:-1, max-image-preview:large, max-video-preview:-1\" \/>\n<link rel=\"canonical\" href=\"https:\/\/fundacion-biodiversidad.es\/en\/proyecto_feder\/saberes-do-monte-traditional-knowledge-and-stewardship-for-the-conservation-of-a-living-forest\/\" \/>\n<meta property=\"og:locale\" content=\"en_US\" \/>\n<meta property=\"og:type\" content=\"article\" \/>\n<meta property=\"og:title\" content=\"SABERES DO MONTE. Traditional knowledge and stewardship for the conservation of a living forest. - Fundaci\u00f3n Biodiversidad\" \/>\n<meta property=\"og:description\" content=\"The project promotes the bioeconomy in the mountains of Galicia by combining science and local knowledge for the conservation of species of interest and habitats [&hellip;]\" \/>\n<meta property=\"og:url\" content=\"https:\/\/fundacion-biodiversidad.es\/en\/proyecto_feder\/saberes-do-monte-traditional-knowledge-and-stewardship-for-the-conservation-of-a-living-forest\/\" \/>\n<meta property=\"og:site_name\" content=\"Fundaci\u00f3n Biodiversidad\" \/>\n<meta property=\"article:modified_time\" content=\"2026-03-30T14:22:20+00:00\" \/>\n<meta property=\"og:image\" content=\"https:\/\/fundacion-biodiversidad.es\/wp-content\/uploads\/2026\/03\/Saberes-do-Monte-RRSS-FEDER_1200x628-1024x536.png\" \/>\n<meta name=\"twitter:card\" content=\"summary_large_image\" \/>\n<meta name=\"twitter:image\" content=\"https:\/\/fundacion-biodiversidad.es\/wp-content\/uploads\/2026\/03\/Saberes-do-Monte-RRSS-FEDER_1200x628-1024x536.png\" \/>\n<meta name=\"twitter:label1\" content=\"Est. reading time\" \/>\n\t<meta name=\"twitter:data1\" content=\"1 minute\" \/>\n<script type=\"application\/ld+json\" class=\"yoast-schema-graph\">{\"@context\":\"https:\/\/schema.org\",\"@graph\":[{\"@type\":\"WebPage\",\"@id\":\"https:\/\/fundacion-biodiversidad.es\/en\/proyecto_feder\/saberes-do-monte-traditional-knowledge-and-stewardship-for-the-conservation-of-a-living-forest\/\",\"url\":\"https:\/\/fundacion-biodiversidad.es\/en\/proyecto_feder\/saberes-do-monte-traditional-knowledge-and-stewardship-for-the-conservation-of-a-living-forest\/\",\"name\":\"SABERES DO MONTE. Traditional knowledge and stewardship for the conservation of a living forest. - Fundaci\u00f3n Biodiversidad\",\"isPartOf\":{\"@id\":\"https:\/\/fundacion-biodiversidad.es\/en\/#website\"},\"primaryImageOfPage\":{\"@id\":\"https:\/\/fundacion-biodiversidad.es\/en\/proyecto_feder\/saberes-do-monte-traditional-knowledge-and-stewardship-for-the-conservation-of-a-living-forest\/#primaryimage\"},\"image\":{\"@id\":\"https:\/\/fundacion-biodiversidad.es\/en\/proyecto_feder\/saberes-do-monte-traditional-knowledge-and-stewardship-for-the-conservation-of-a-living-forest\/#primaryimage\"},\"thumbnailUrl\":\"https:\/\/fundacion-biodiversidad.es\/wp-content\/uploads\/2026\/03\/Saberes-do-Monte-RRSS-FEDER.png\",\"datePublished\":\"2026-03-27T12:40:38+00:00\",\"dateModified\":\"2026-03-30T14:22:20+00:00\",\"breadcrumb\":{\"@id\":\"https:\/\/fundacion-biodiversidad.es\/en\/proyecto_feder\/saberes-do-monte-traditional-knowledge-and-stewardship-for-the-conservation-of-a-living-forest\/#breadcrumb\"},\"inLanguage\":\"en-US\",\"potentialAction\":[{\"@type\":\"ReadAction\",\"target\":[\"https:\/\/fundacion-biodiversidad.es\/en\/proyecto_feder\/saberes-do-monte-traditional-knowledge-and-stewardship-for-the-conservation-of-a-living-forest\/\"]}]},{\"@type\":\"ImageObject\",\"inLanguage\":\"en-US\",\"@id\":\"https:\/\/fundacion-biodiversidad.es\/en\/proyecto_feder\/saberes-do-monte-traditional-knowledge-and-stewardship-for-the-conservation-of-a-living-forest\/#primaryimage\",\"url\":\"https:\/\/fundacion-biodiversidad.es\/wp-content\/uploads\/2026\/03\/Saberes-do-Monte-RRSS-FEDER.png\",\"contentUrl\":\"https:\/\/fundacion-biodiversidad.es\/wp-content\/uploads\/2026\/03\/Saberes-do-Monte-RRSS-FEDER.png\",\"width\":1100,\"height\":1100},{\"@type\":\"BreadcrumbList\",\"@id\":\"https:\/\/fundacion-biodiversidad.es\/en\/proyecto_feder\/saberes-do-monte-traditional-knowledge-and-stewardship-for-the-conservation-of-a-living-forest\/#breadcrumb\",\"itemListElement\":[{\"@type\":\"ListItem\",\"position\":1,\"name\":\"Portada\",\"item\":\"https:\/\/fundacion-biodiversidad.es\/en\/inicio\/\"},{\"@type\":\"ListItem\",\"position\":2,\"name\":\"ERDF Projects\",\"item\":\"https:\/\/fundacion-biodiversidad.es\/en\/proyecto_feder\/\"},{\"@type\":\"ListItem\",\"position\":3,\"name\":\"SABERES DO MONTE. Traditional knowledge and stewardship for the conservation of a living forest.\"}]},{\"@type\":\"WebSite\",\"@id\":\"https:\/\/fundacion-biodiversidad.es\/en\/#website\",\"url\":\"https:\/\/fundacion-biodiversidad.es\/en\/\",\"name\":\"Fundaci\u00f3n Biodiversidad\",\"description\":\"Fundaci\u00f3n p\u00fablica adscrita al Ministerio para la Transici\u00f3n Ecol\u00f3gica\",\"potentialAction\":[{\"@type\":\"SearchAction\",\"target\":{\"@type\":\"EntryPoint\",\"urlTemplate\":\"https:\/\/fundacion-biodiversidad.es\/en\/?s={search_term_string}\"},\"query-input\":{\"@type\":\"PropertyValueSpecification\",\"valueRequired\":true,\"valueName\":\"search_term_string\"}}],\"inLanguage\":\"en-US\"}]}<\/script>\n<!-- \/ Yoast SEO plugin. -->","yoast_head_json":{"title":"SABERES DO MONTE. Traditional knowledge and stewardship for the conservation of a living forest. - Fundaci\u00f3n Biodiversidad","robots":{"index":"index","follow":"follow","max-snippet":"max-snippet:-1","max-image-preview":"max-image-preview:large","max-video-preview":"max-video-preview:-1"},"canonical":"https:\/\/fundacion-biodiversidad.es\/en\/proyecto_feder\/saberes-do-monte-traditional-knowledge-and-stewardship-for-the-conservation-of-a-living-forest\/","og_locale":"en_US","og_type":"article","og_title":"SABERES DO MONTE. Traditional knowledge and stewardship for the conservation of a living forest. - Fundaci\u00f3n Biodiversidad","og_description":"The project promotes the bioeconomy in the mountains of Galicia by combining science and local knowledge for the conservation of species of interest and habitats [&hellip;]","og_url":"https:\/\/fundacion-biodiversidad.es\/en\/proyecto_feder\/saberes-do-monte-traditional-knowledge-and-stewardship-for-the-conservation-of-a-living-forest\/","og_site_name":"Fundaci\u00f3n Biodiversidad","article_modified_time":"2026-03-30T14:22:20+00:00","og_image":[{"url":"https:\/\/fundacion-biodiversidad.es\/wp-content\/uploads\/2026\/03\/Saberes-do-Monte-RRSS-FEDER_1200x628-1024x536.png","type":"","width":"","height":""}],"twitter_card":"summary_large_image","twitter_image":"https:\/\/fundacion-biodiversidad.es\/wp-content\/uploads\/2026\/03\/Saberes-do-Monte-RRSS-FEDER_1200x628-1024x536.png","twitter_misc":{"Est. reading time":"1 minute"},"schema":{"@context":"https:\/\/schema.org","@graph":[{"@type":"WebPage","@id":"https:\/\/fundacion-biodiversidad.es\/en\/proyecto_feder\/saberes-do-monte-traditional-knowledge-and-stewardship-for-the-conservation-of-a-living-forest\/","url":"https:\/\/fundacion-biodiversidad.es\/en\/proyecto_feder\/saberes-do-monte-traditional-knowledge-and-stewardship-for-the-conservation-of-a-living-forest\/","name":"SABERES DO MONTE. Traditional knowledge and stewardship for the conservation of a living forest. - Fundaci\u00f3n Biodiversidad","isPartOf":{"@id":"https:\/\/fundacion-biodiversidad.es\/en\/#website"},"primaryImageOfPage":{"@id":"https:\/\/fundacion-biodiversidad.es\/en\/proyecto_feder\/saberes-do-monte-traditional-knowledge-and-stewardship-for-the-conservation-of-a-living-forest\/#primaryimage"},"image":{"@id":"https:\/\/fundacion-biodiversidad.es\/en\/proyecto_feder\/saberes-do-monte-traditional-knowledge-and-stewardship-for-the-conservation-of-a-living-forest\/#primaryimage"},"thumbnailUrl":"https:\/\/fundacion-biodiversidad.es\/wp-content\/uploads\/2026\/03\/Saberes-do-Monte-RRSS-FEDER.png","datePublished":"2026-03-27T12:40:38+00:00","dateModified":"2026-03-30T14:22:20+00:00","breadcrumb":{"@id":"https:\/\/fundacion-biodiversidad.es\/en\/proyecto_feder\/saberes-do-monte-traditional-knowledge-and-stewardship-for-the-conservation-of-a-living-forest\/#breadcrumb"},"inLanguage":"en-US","potentialAction":[{"@type":"ReadAction","target":["https:\/\/fundacion-biodiversidad.es\/en\/proyecto_feder\/saberes-do-monte-traditional-knowledge-and-stewardship-for-the-conservation-of-a-living-forest\/"]}]},{"@type":"ImageObject","inLanguage":"en-US","@id":"https:\/\/fundacion-biodiversidad.es\/en\/proyecto_feder\/saberes-do-monte-traditional-knowledge-and-stewardship-for-the-conservation-of-a-living-forest\/#primaryimage","url":"https:\/\/fundacion-biodiversidad.es\/wp-content\/uploads\/2026\/03\/Saberes-do-Monte-RRSS-FEDER.png","contentUrl":"https:\/\/fundacion-biodiversidad.es\/wp-content\/uploads\/2026\/03\/Saberes-do-Monte-RRSS-FEDER.png","width":1100,"height":1100},{"@type":"BreadcrumbList","@id":"https:\/\/fundacion-biodiversidad.es\/en\/proyecto_feder\/saberes-do-monte-traditional-knowledge-and-stewardship-for-the-conservation-of-a-living-forest\/#breadcrumb","itemListElement":[{"@type":"ListItem","position":1,"name":"Portada","item":"https:\/\/fundacion-biodiversidad.es\/en\/inicio\/"},{"@type":"ListItem","position":2,"name":"ERDF Projects","item":"https:\/\/fundacion-biodiversidad.es\/en\/proyecto_feder\/"},{"@type":"ListItem","position":3,"name":"SABERES DO MONTE. Traditional knowledge and stewardship for the conservation of a living forest."}]},{"@type":"WebSite","@id":"https:\/\/fundacion-biodiversidad.es\/en\/#website","url":"https:\/\/fundacion-biodiversidad.es\/en\/","name":"Fundaci\u00f3n Biodiversidad","description":"Fundaci\u00f3n p\u00fablica adscrita al Ministerio para la Transici\u00f3n Ecol\u00f3gica","potentialAction":[{"@type":"SearchAction","target":{"@type":"EntryPoint","urlTemplate":"https:\/\/fundacion-biodiversidad.es\/en\/?s={search_term_string}"},"query-input":{"@type":"PropertyValueSpecification","valueRequired":true,"valueName":"search_term_string"}}],"inLanguage":"en-US"}]}},"_links":{"self":[{"href":"https:\/\/fundacion-biodiversidad.es\/en\/wp-json\/wp\/v2\/proyecto_feder\/97873493","targetHints":{"allow":["GET"]}}],"collection":[{"href":"https:\/\/fundacion-biodiversidad.es\/en\/wp-json\/wp\/v2\/proyecto_feder"}],"about":[{"href":"https:\/\/fundacion-biodiversidad.es\/en\/wp-json\/wp\/v2\/types\/proyecto_feder"}],"wp:featuredmedia":[{"embeddable":true,"href":"https:\/\/fundacion-biodiversidad.es\/en\/wp-json\/wp\/v2\/media\/97873490"}],"wp:attachment":[{"href":"https:\/\/fundacion-biodiversidad.es\/en\/wp-json\/wp\/v2\/media?parent=97873493"}],"wp:term":[{"taxonomy":"financiaci_n","embeddable":true,"href":"https:\/\/fundacion-biodiversidad.es\/en\/wp-json\/wp\/v2\/financiaci_n?post=97873493"},{"taxonomy":"lineas_actuacion_tematicas","embeddable":true,"href":"https:\/\/fundacion-biodiversidad.es\/en\/wp-json\/wp\/v2\/lineas_actuacion_tematicas?post=97873493"}],"curies":[{"name":"wp","href":"https:\/\/api.w.org\/{rel}","templated":true}]}}

<!-- This site is optimized with the Yoast SEO plugin v26.9 - https://yoast.com/product/yoast-seo-wordpress/ -->
<title>SABERES DO MONTE. Traditional knowledge and stewardship for the conservation of a living forest. - Fundación Biodiversidad</title>
<meta name="robots" content="index, follow, max-snippet:-1, max-image-preview:large, max-video-preview:-1" />
<link rel="canonical" href="https://fundacion-biodiversidad.es/en/proyecto_feder/saberes-do-monte-traditional-knowledge-and-stewardship-for-the-conservation-of-a-living-forest/" />
<meta property="og:locale" content="en_US" />
<meta property="og:type" content="article" />
<meta property="og:title" content="SABERES DO MONTE. Traditional knowledge and stewardship for the conservation of a living forest. - Fundación Biodiversidad" />
<meta property="og:description" content="The project promotes the bioeconomy in the mountains of Galicia by combining science and local knowledge for the conservation of species of interest and habitats [&hellip;]" />
<meta property="og:url" content="https://fundacion-biodiversidad.es/en/proyecto_feder/saberes-do-monte-traditional-knowledge-and-stewardship-for-the-conservation-of-a-living-forest/" />
<meta property="og:site_name" content="Fundación Biodiversidad" />
<meta property="article:modified_time" content="2026-03-30T14:22:20+00:00" />
<meta property="og:image" content="https://fundacion-biodiversidad.es/wp-content/uploads/2026/03/Saberes-do-Monte-RRSS-FEDER_1200x628-1024x536.png" />
<meta name="twitter:card" content="summary_large_image" />
<meta name="twitter:image" content="https://fundacion-biodiversidad.es/wp-content/uploads/2026/03/Saberes-do-Monte-RRSS-FEDER_1200x628-1024x536.png" />
<meta name="twitter:label1" content="Est. reading time" />
	<meta name="twitter:data1" content="1 minute" />
<script type="application/ld+json" class="yoast-schema-graph">{"@context":"https://schema.org","@graph":[{"@type":"WebPage","@id":"https://fundacion-biodiversidad.es/en/proyecto_feder/saberes-do-monte-traditional-knowledge-and-stewardship-for-the-conservation-of-a-living-forest/","url":"https://fundacion-biodiversidad.es/en/proyecto_feder/saberes-do-monte-traditional-knowledge-and-stewardship-for-the-conservation-of-a-living-forest/","name":"SABERES DO MONTE. Traditional knowledge and stewardship for the conservation of a living forest. - Fundación Biodiversidad","isPartOf":{"@id":"https://fundacion-biodiversidad.es/en/#website"},"primaryImageOfPage":{"@id":"https://fundacion-biodiversidad.es/en/proyecto_feder/saberes-do-monte-traditional-knowledge-and-stewardship-for-the-conservation-of-a-living-forest/#primaryimage"},"image":{"@id":"https://fundacion-biodiversidad.es/en/proyecto_feder/saberes-do-monte-traditional-knowledge-and-stewardship-for-the-conservation-of-a-living-forest/#primaryimage"},"thumbnailUrl":"https://fundacion-biodiversidad.es/wp-content/uploads/2026/03/Saberes-do-Monte-RRSS-FEDER.png","datePublished":"2026-03-27T12:40:38+00:00","dateModified":"2026-03-30T14:22:20+00:00","breadcrumb":{"@id":"https://fundacion-biodiversidad.es/en/proyecto_feder/saberes-do-monte-traditional-knowledge-and-stewardship-for-the-conservation-of-a-living-forest/#breadcrumb"},"inLanguage":"en-US","potentialAction":[{"@type":"ReadAction","target":["https://fundacion-biodiversidad.es/en/proyecto_feder/saberes-do-monte-traditional-knowledge-and-stewardship-for-the-conservation-of-a-living-forest/"]}]},{"@type":"ImageObject","inLanguage":"en-US","@id":"https://fundacion-biodiversidad.es/en/proyecto_feder/saberes-do-monte-traditional-knowledge-and-stewardship-for-the-conservation-of-a-living-forest/#primaryimage","url":"https://fundacion-biodiversidad.es/wp-content/uploads/2026/03/Saberes-do-Monte-RRSS-FEDER.png","contentUrl":"https://fundacion-biodiversidad.es/wp-content/uploads/2026/03/Saberes-do-Monte-RRSS-FEDER.png","width":1100,"height":1100},{"@type":"BreadcrumbList","@id":"https://fundacion-biodiversidad.es/en/proyecto_feder/saberes-do-monte-traditional-knowledge-and-stewardship-for-the-conservation-of-a-living-forest/#breadcrumb","itemListElement":[{"@type":"ListItem","position":1,"name":"Portada","item":"https://fundacion-biodiversidad.es/en/inicio/"},{"@type":"ListItem","position":2,"name":"ERDF Projects","item":"https://fundacion-biodiversidad.es/en/proyecto_feder/"},{"@type":"ListItem","position":3,"name":"SABERES DO MONTE. Traditional knowledge and stewardship for the conservation of a living forest."}]},{"@type":"WebSite","@id":"https://fundacion-biodiversidad.es/en/#website","url":"https://fundacion-biodiversidad.es/en/","name":"Fundación Biodiversidad","description":"Fundación pública adscrita al Ministerio para la Transición Ecológica","potentialAction":[{"@type":"SearchAction","target":{"@type":"EntryPoint","urlTemplate":"https://fundacion-biodiversidad.es/en/?s={search_term_string}"},"query-input":{"@type":"PropertyValueSpecification","valueRequired":true,"valueName":"search_term_string"}}],"inLanguage":"en-US"}]}</script>
<!-- / Yoast SEO plugin. -->

SABERES DO MONTE. Traditional knowledge and stewardship for the conservation of a living forest. - Fundación Biodiversidad

Fundación Biodiversidad

Fundación pública adscrita al Ministerio para la Transición Ecológica
