{"id":97873501,"date":"2026-03-27T13:48:55","date_gmt":"2026-03-27T12:48:55","guid":{"rendered":"https:\/\/fundacion-biodiversidad.es\/proyecto_feder\/activa-verde-planning-good-practices-and-promotion-of-the-agricultural-bioeconomy-for-the-strengthening-of-galicias-green-infrastructure-and-adaptation-to-climate-change\/"},"modified":"2026-04-10T11:59:07","modified_gmt":"2026-04-10T09:59:07","slug":"activa-verde-planning-good-practices-and-promotion-of-the-agricultural-bioeconomy-for-the-strengthening-of-galicias-green-infrastructure-and-adaptation-to-climate-change","status":"publish","type":"proyecto_feder","link":"https:\/\/fundacion-biodiversidad.es\/en\/proyecto_feder\/activa-verde-planning-good-practices-and-promotion-of-the-agricultural-bioeconomy-for-the-strengthening-of-galicias-green-infrastructure-and-adaptation-to-climate-change\/","title":{"rendered":"ACTIVA VERDE. Planning, good practices and promotion of the agricultural bioeconomy for the strengthening of Galicia&#8217;s green infrastructure and adaptation to climate change."},"content":{"rendered":"<p>The project strengthens the Galician Strategy for Green Infrastructure and Ecological Connectivity and Restoration (EGIVCRE), improving the planning and management of agricultural uses from a productive and ecosystem services approach, through public participation and citizen science. To this end, it identifies priority areas to implement 5 demonstrative multifunctional agricultural systems with a focus on regenerative forestry and silvopastoral use, promotes productive activities and promotes short marketing channels. In addition, it is developing 3 pilot territories: a native olive grove (5\u20136 ha, 1,000 plants), regenerative beekeeping (200 hives) and an agricultural experimentation space for organic gardens on burned land. With all this, it is intended to achieve the improvement of 10,000 km<sup>2<\/sup> of green infrastructure and the scaling up of the project to the entire green area of Galicia, through dissemination actions.   <\/p>\n","protected":false},"featured_media":97873740,"parent":0,"template":"","meta":{"_acf_changed":false},"financiaci_n":[714],"lineas_actuacion_tematicas":[654],"class_list":["post-97873501","proyecto_feder","type-proyecto_feder","status-publish","has-post-thumbnail","hentry","financiaci_n-european-regional-development-fund","lineas_actuacion_tematicas-terrestrial-ecosystems"],"acf":[],"yoast_head":"<!-- This site is optimized with the Yoast SEO plugin v26.9 - https:\/\/yoast.com\/product\/yoast-seo-wordpress\/ -->\n<title>ACTIVA VERDE. Planning, good practices and promotion of the agricultural bioeconomy for the strengthening of Galicia&#039;s green infrastructure and adaptation to climate change. - Fundaci\u00f3n Biodiversidad<\/title>\n<meta name=\"robots\" content=\"index, follow, max-snippet:-1, max-image-preview:large, max-video-preview:-1\" \/>\n<link rel=\"canonical\" href=\"https:\/\/fundacion-biodiversidad.es\/en\/proyecto_feder\/activa-verde-planning-good-practices-and-promotion-of-the-agricultural-bioeconomy-for-the-strengthening-of-galicias-green-infrastructure-and-adaptation-to-climate-change\/\" \/>\n<meta property=\"og:locale\" content=\"en_US\" \/>\n<meta property=\"og:type\" content=\"article\" \/>\n<meta property=\"og:title\" content=\"ACTIVA VERDE. Planning, good practices and promotion of the agricultural bioeconomy for the strengthening of Galicia&#039;s green infrastructure and adaptation to climate change. - Fundaci\u00f3n Biodiversidad\" \/>\n<meta property=\"og:description\" content=\"The project strengthens the Galician Strategy for Green Infrastructure and Ecological Connectivity and Restoration (EGIVCRE), improving the planning and management of agricultural uses from a [&hellip;]\" \/>\n<meta property=\"og:url\" content=\"https:\/\/fundacion-biodiversidad.es\/en\/proyecto_feder\/activa-verde-planning-good-practices-and-promotion-of-the-agricultural-bioeconomy-for-the-strengthening-of-galicias-green-infrastructure-and-adaptation-to-climate-change\/\" \/>\n<meta property=\"og:site_name\" content=\"Fundaci\u00f3n Biodiversidad\" \/>\n<meta property=\"article:modified_time\" content=\"2026-04-10T09:59:07+00:00\" \/>\n<meta property=\"og:image\" content=\"https:\/\/fundacion-biodiversidad.es\/wp-content\/uploads\/2026\/03\/ACTIVA-VERDE-RRSS-FEDER_1200x628-1024x536.png\" \/>\n<meta name=\"twitter:card\" content=\"summary_large_image\" \/>\n<meta name=\"twitter:image\" content=\"https:\/\/fundacion-biodiversidad.es\/wp-content\/uploads\/2026\/03\/ACTIVA-VERDE-RRSS-FEDER_1200x628-1024x536.png\" \/>\n<meta name=\"twitter:label1\" content=\"Est. reading time\" \/>\n\t<meta name=\"twitter:data1\" content=\"1 minute\" \/>\n<script type=\"application\/ld+json\" class=\"yoast-schema-graph\">{\"@context\":\"https:\/\/schema.org\",\"@graph\":[{\"@type\":\"WebPage\",\"@id\":\"https:\/\/fundacion-biodiversidad.es\/en\/proyecto_feder\/activa-verde-planning-good-practices-and-promotion-of-the-agricultural-bioeconomy-for-the-strengthening-of-galicias-green-infrastructure-and-adaptation-to-climate-change\/\",\"url\":\"https:\/\/fundacion-biodiversidad.es\/en\/proyecto_feder\/activa-verde-planning-good-practices-and-promotion-of-the-agricultural-bioeconomy-for-the-strengthening-of-galicias-green-infrastructure-and-adaptation-to-climate-change\/\",\"name\":\"ACTIVA VERDE. Planning, good practices and promotion of the agricultural bioeconomy for the strengthening of Galicia's green infrastructure and adaptation to climate change. - Fundaci\u00f3n Biodiversidad\",\"isPartOf\":{\"@id\":\"https:\/\/fundacion-biodiversidad.es\/en\/#website\"},\"primaryImageOfPage\":{\"@id\":\"https:\/\/fundacion-biodiversidad.es\/en\/proyecto_feder\/activa-verde-planning-good-practices-and-promotion-of-the-agricultural-bioeconomy-for-the-strengthening-of-galicias-green-infrastructure-and-adaptation-to-climate-change\/#primaryimage\"},\"image\":{\"@id\":\"https:\/\/fundacion-biodiversidad.es\/en\/proyecto_feder\/activa-verde-planning-good-practices-and-promotion-of-the-agricultural-bioeconomy-for-the-strengthening-of-galicias-green-infrastructure-and-adaptation-to-climate-change\/#primaryimage\"},\"thumbnailUrl\":\"https:\/\/fundacion-biodiversidad.es\/wp-content\/uploads\/2026\/03\/ACTIVA-VERDE-RRSS-FEDER.png\",\"datePublished\":\"2026-03-27T12:48:55+00:00\",\"dateModified\":\"2026-04-10T09:59:07+00:00\",\"breadcrumb\":{\"@id\":\"https:\/\/fundacion-biodiversidad.es\/en\/proyecto_feder\/activa-verde-planning-good-practices-and-promotion-of-the-agricultural-bioeconomy-for-the-strengthening-of-galicias-green-infrastructure-and-adaptation-to-climate-change\/#breadcrumb\"},\"inLanguage\":\"en-US\",\"potentialAction\":[{\"@type\":\"ReadAction\",\"target\":[\"https:\/\/fundacion-biodiversidad.es\/en\/proyecto_feder\/activa-verde-planning-good-practices-and-promotion-of-the-agricultural-bioeconomy-for-the-strengthening-of-galicias-green-infrastructure-and-adaptation-to-climate-change\/\"]}]},{\"@type\":\"ImageObject\",\"inLanguage\":\"en-US\",\"@id\":\"https:\/\/fundacion-biodiversidad.es\/en\/proyecto_feder\/activa-verde-planning-good-practices-and-promotion-of-the-agricultural-bioeconomy-for-the-strengthening-of-galicias-green-infrastructure-and-adaptation-to-climate-change\/#primaryimage\",\"url\":\"https:\/\/fundacion-biodiversidad.es\/wp-content\/uploads\/2026\/03\/ACTIVA-VERDE-RRSS-FEDER.png\",\"contentUrl\":\"https:\/\/fundacion-biodiversidad.es\/wp-content\/uploads\/2026\/03\/ACTIVA-VERDE-RRSS-FEDER.png\",\"width\":1100,\"height\":1100},{\"@type\":\"BreadcrumbList\",\"@id\":\"https:\/\/fundacion-biodiversidad.es\/en\/proyecto_feder\/activa-verde-planning-good-practices-and-promotion-of-the-agricultural-bioeconomy-for-the-strengthening-of-galicias-green-infrastructure-and-adaptation-to-climate-change\/#breadcrumb\",\"itemListElement\":[{\"@type\":\"ListItem\",\"position\":1,\"name\":\"Portada\",\"item\":\"https:\/\/fundacion-biodiversidad.es\/en\/inicio\/\"},{\"@type\":\"ListItem\",\"position\":2,\"name\":\"ERDF Projects\",\"item\":\"https:\/\/fundacion-biodiversidad.es\/en\/proyecto_feder\/\"},{\"@type\":\"ListItem\",\"position\":3,\"name\":\"ACTIVA VERDE. Planning, good practices and promotion of the agricultural bioeconomy for the strengthening of Galicia&#8217;s green infrastructure and adaptation to climate change.\"}]},{\"@type\":\"WebSite\",\"@id\":\"https:\/\/fundacion-biodiversidad.es\/en\/#website\",\"url\":\"https:\/\/fundacion-biodiversidad.es\/en\/\",\"name\":\"Fundaci\u00f3n Biodiversidad\",\"description\":\"Fundaci\u00f3n p\u00fablica adscrita al Ministerio para la Transici\u00f3n Ecol\u00f3gica\",\"potentialAction\":[{\"@type\":\"SearchAction\",\"target\":{\"@type\":\"EntryPoint\",\"urlTemplate\":\"https:\/\/fundacion-biodiversidad.es\/en\/?s={search_term_string}\"},\"query-input\":{\"@type\":\"PropertyValueSpecification\",\"valueRequired\":true,\"valueName\":\"search_term_string\"}}],\"inLanguage\":\"en-US\"}]}<\/script>\n<!-- \/ Yoast SEO plugin. -->","yoast_head_json":{"title":"ACTIVA VERDE. Planning, good practices and promotion of the agricultural bioeconomy for the strengthening of Galicia's green infrastructure and adaptation to climate change. - Fundaci\u00f3n Biodiversidad","robots":{"index":"index","follow":"follow","max-snippet":"max-snippet:-1","max-image-preview":"max-image-preview:large","max-video-preview":"max-video-preview:-1"},"canonical":"https:\/\/fundacion-biodiversidad.es\/en\/proyecto_feder\/activa-verde-planning-good-practices-and-promotion-of-the-agricultural-bioeconomy-for-the-strengthening-of-galicias-green-infrastructure-and-adaptation-to-climate-change\/","og_locale":"en_US","og_type":"article","og_title":"ACTIVA VERDE. Planning, good practices and promotion of the agricultural bioeconomy for the strengthening of Galicia's green infrastructure and adaptation to climate change. - Fundaci\u00f3n Biodiversidad","og_description":"The project strengthens the Galician Strategy for Green Infrastructure and Ecological Connectivity and Restoration (EGIVCRE), improving the planning and management of agricultural uses from a [&hellip;]","og_url":"https:\/\/fundacion-biodiversidad.es\/en\/proyecto_feder\/activa-verde-planning-good-practices-and-promotion-of-the-agricultural-bioeconomy-for-the-strengthening-of-galicias-green-infrastructure-and-adaptation-to-climate-change\/","og_site_name":"Fundaci\u00f3n Biodiversidad","article_modified_time":"2026-04-10T09:59:07+00:00","og_image":[{"url":"https:\/\/fundacion-biodiversidad.es\/wp-content\/uploads\/2026\/03\/ACTIVA-VERDE-RRSS-FEDER_1200x628-1024x536.png","type":"","width":"","height":""}],"twitter_card":"summary_large_image","twitter_image":"https:\/\/fundacion-biodiversidad.es\/wp-content\/uploads\/2026\/03\/ACTIVA-VERDE-RRSS-FEDER_1200x628-1024x536.png","twitter_misc":{"Est. reading time":"1 minute"},"schema":{"@context":"https:\/\/schema.org","@graph":[{"@type":"WebPage","@id":"https:\/\/fundacion-biodiversidad.es\/en\/proyecto_feder\/activa-verde-planning-good-practices-and-promotion-of-the-agricultural-bioeconomy-for-the-strengthening-of-galicias-green-infrastructure-and-adaptation-to-climate-change\/","url":"https:\/\/fundacion-biodiversidad.es\/en\/proyecto_feder\/activa-verde-planning-good-practices-and-promotion-of-the-agricultural-bioeconomy-for-the-strengthening-of-galicias-green-infrastructure-and-adaptation-to-climate-change\/","name":"ACTIVA VERDE. Planning, good practices and promotion of the agricultural bioeconomy for the strengthening of Galicia's green infrastructure and adaptation to climate change. - Fundaci\u00f3n Biodiversidad","isPartOf":{"@id":"https:\/\/fundacion-biodiversidad.es\/en\/#website"},"primaryImageOfPage":{"@id":"https:\/\/fundacion-biodiversidad.es\/en\/proyecto_feder\/activa-verde-planning-good-practices-and-promotion-of-the-agricultural-bioeconomy-for-the-strengthening-of-galicias-green-infrastructure-and-adaptation-to-climate-change\/#primaryimage"},"image":{"@id":"https:\/\/fundacion-biodiversidad.es\/en\/proyecto_feder\/activa-verde-planning-good-practices-and-promotion-of-the-agricultural-bioeconomy-for-the-strengthening-of-galicias-green-infrastructure-and-adaptation-to-climate-change\/#primaryimage"},"thumbnailUrl":"https:\/\/fundacion-biodiversidad.es\/wp-content\/uploads\/2026\/03\/ACTIVA-VERDE-RRSS-FEDER.png","datePublished":"2026-03-27T12:48:55+00:00","dateModified":"2026-04-10T09:59:07+00:00","breadcrumb":{"@id":"https:\/\/fundacion-biodiversidad.es\/en\/proyecto_feder\/activa-verde-planning-good-practices-and-promotion-of-the-agricultural-bioeconomy-for-the-strengthening-of-galicias-green-infrastructure-and-adaptation-to-climate-change\/#breadcrumb"},"inLanguage":"en-US","potentialAction":[{"@type":"ReadAction","target":["https:\/\/fundacion-biodiversidad.es\/en\/proyecto_feder\/activa-verde-planning-good-practices-and-promotion-of-the-agricultural-bioeconomy-for-the-strengthening-of-galicias-green-infrastructure-and-adaptation-to-climate-change\/"]}]},{"@type":"ImageObject","inLanguage":"en-US","@id":"https:\/\/fundacion-biodiversidad.es\/en\/proyecto_feder\/activa-verde-planning-good-practices-and-promotion-of-the-agricultural-bioeconomy-for-the-strengthening-of-galicias-green-infrastructure-and-adaptation-to-climate-change\/#primaryimage","url":"https:\/\/fundacion-biodiversidad.es\/wp-content\/uploads\/2026\/03\/ACTIVA-VERDE-RRSS-FEDER.png","contentUrl":"https:\/\/fundacion-biodiversidad.es\/wp-content\/uploads\/2026\/03\/ACTIVA-VERDE-RRSS-FEDER.png","width":1100,"height":1100},{"@type":"BreadcrumbList","@id":"https:\/\/fundacion-biodiversidad.es\/en\/proyecto_feder\/activa-verde-planning-good-practices-and-promotion-of-the-agricultural-bioeconomy-for-the-strengthening-of-galicias-green-infrastructure-and-adaptation-to-climate-change\/#breadcrumb","itemListElement":[{"@type":"ListItem","position":1,"name":"Portada","item":"https:\/\/fundacion-biodiversidad.es\/en\/inicio\/"},{"@type":"ListItem","position":2,"name":"ERDF Projects","item":"https:\/\/fundacion-biodiversidad.es\/en\/proyecto_feder\/"},{"@type":"ListItem","position":3,"name":"ACTIVA VERDE. Planning, good practices and promotion of the agricultural bioeconomy for the strengthening of Galicia&#8217;s green infrastructure and adaptation to climate change."}]},{"@type":"WebSite","@id":"https:\/\/fundacion-biodiversidad.es\/en\/#website","url":"https:\/\/fundacion-biodiversidad.es\/en\/","name":"Fundaci\u00f3n Biodiversidad","description":"Fundaci\u00f3n p\u00fablica adscrita al Ministerio para la Transici\u00f3n Ecol\u00f3gica","potentialAction":[{"@type":"SearchAction","target":{"@type":"EntryPoint","urlTemplate":"https:\/\/fundacion-biodiversidad.es\/en\/?s={search_term_string}"},"query-input":{"@type":"PropertyValueSpecification","valueRequired":true,"valueName":"search_term_string"}}],"inLanguage":"en-US"}]}},"_links":{"self":[{"href":"https:\/\/fundacion-biodiversidad.es\/en\/wp-json\/wp\/v2\/proyecto_feder\/97873501","targetHints":{"allow":["GET"]}}],"collection":[{"href":"https:\/\/fundacion-biodiversidad.es\/en\/wp-json\/wp\/v2\/proyecto_feder"}],"about":[{"href":"https:\/\/fundacion-biodiversidad.es\/en\/wp-json\/wp\/v2\/types\/proyecto_feder"}],"wp:featuredmedia":[{"embeddable":true,"href":"https:\/\/fundacion-biodiversidad.es\/en\/wp-json\/wp\/v2\/media\/97873740"}],"wp:attachment":[{"href":"https:\/\/fundacion-biodiversidad.es\/en\/wp-json\/wp\/v2\/media?parent=97873501"}],"wp:term":[{"taxonomy":"financiaci_n","embeddable":true,"href":"https:\/\/fundacion-biodiversidad.es\/en\/wp-json\/wp\/v2\/financiaci_n?post=97873501"},{"taxonomy":"lineas_actuacion_tematicas","embeddable":true,"href":"https:\/\/fundacion-biodiversidad.es\/en\/wp-json\/wp\/v2\/lineas_actuacion_tematicas?post=97873501"}],"curies":[{"name":"wp","href":"https:\/\/api.w.org\/{rel}","templated":true}]}}

<!-- This site is optimized with the Yoast SEO plugin v26.9 - https://yoast.com/product/yoast-seo-wordpress/ -->
<title>ACTIVA VERDE. Planning, good practices and promotion of the agricultural bioeconomy for the strengthening of Galicia&#039;s green infrastructure and adaptation to climate change. - Fundación Biodiversidad</title>
<meta name="robots" content="index, follow, max-snippet:-1, max-image-preview:large, max-video-preview:-1" />
<link rel="canonical" href="https://fundacion-biodiversidad.es/en/proyecto_feder/activa-verde-planning-good-practices-and-promotion-of-the-agricultural-bioeconomy-for-the-strengthening-of-galicias-green-infrastructure-and-adaptation-to-climate-change/" />
<meta property="og:locale" content="en_US" />
<meta property="og:type" content="article" />
<meta property="og:title" content="ACTIVA VERDE. Planning, good practices and promotion of the agricultural bioeconomy for the strengthening of Galicia&#039;s green infrastructure and adaptation to climate change. - Fundación Biodiversidad" />
<meta property="og:description" content="The project strengthens the Galician Strategy for Green Infrastructure and Ecological Connectivity and Restoration (EGIVCRE), improving the planning and management of agricultural uses from a [&hellip;]" />
<meta property="og:url" content="https://fundacion-biodiversidad.es/en/proyecto_feder/activa-verde-planning-good-practices-and-promotion-of-the-agricultural-bioeconomy-for-the-strengthening-of-galicias-green-infrastructure-and-adaptation-to-climate-change/" />
<meta property="og:site_name" content="Fundación Biodiversidad" />
<meta property="article:modified_time" content="2026-04-10T09:59:07+00:00" />
<meta property="og:image" content="https://fundacion-biodiversidad.es/wp-content/uploads/2026/03/ACTIVA-VERDE-RRSS-FEDER_1200x628-1024x536.png" />
<meta name="twitter:card" content="summary_large_image" />
<meta name="twitter:image" content="https://fundacion-biodiversidad.es/wp-content/uploads/2026/03/ACTIVA-VERDE-RRSS-FEDER_1200x628-1024x536.png" />
<meta name="twitter:label1" content="Est. reading time" />
	<meta name="twitter:data1" content="1 minute" />
<script type="application/ld+json" class="yoast-schema-graph">{"@context":"https://schema.org","@graph":[{"@type":"WebPage","@id":"https://fundacion-biodiversidad.es/en/proyecto_feder/activa-verde-planning-good-practices-and-promotion-of-the-agricultural-bioeconomy-for-the-strengthening-of-galicias-green-infrastructure-and-adaptation-to-climate-change/","url":"https://fundacion-biodiversidad.es/en/proyecto_feder/activa-verde-planning-good-practices-and-promotion-of-the-agricultural-bioeconomy-for-the-strengthening-of-galicias-green-infrastructure-and-adaptation-to-climate-change/","name":"ACTIVA VERDE. Planning, good practices and promotion of the agricultural bioeconomy for the strengthening of Galicia's green infrastructure and adaptation to climate change. - Fundación Biodiversidad","isPartOf":{"@id":"https://fundacion-biodiversidad.es/en/#website"},"primaryImageOfPage":{"@id":"https://fundacion-biodiversidad.es/en/proyecto_feder/activa-verde-planning-good-practices-and-promotion-of-the-agricultural-bioeconomy-for-the-strengthening-of-galicias-green-infrastructure-and-adaptation-to-climate-change/#primaryimage"},"image":{"@id":"https://fundacion-biodiversidad.es/en/proyecto_feder/activa-verde-planning-good-practices-and-promotion-of-the-agricultural-bioeconomy-for-the-strengthening-of-galicias-green-infrastructure-and-adaptation-to-climate-change/#primaryimage"},"thumbnailUrl":"https://fundacion-biodiversidad.es/wp-content/uploads/2026/03/ACTIVA-VERDE-RRSS-FEDER.png","datePublished":"2026-03-27T12:48:55+00:00","dateModified":"2026-04-10T09:59:07+00:00","breadcrumb":{"@id":"https://fundacion-biodiversidad.es/en/proyecto_feder/activa-verde-planning-good-practices-and-promotion-of-the-agricultural-bioeconomy-for-the-strengthening-of-galicias-green-infrastructure-and-adaptation-to-climate-change/#breadcrumb"},"inLanguage":"en-US","potentialAction":[{"@type":"ReadAction","target":["https://fundacion-biodiversidad.es/en/proyecto_feder/activa-verde-planning-good-practices-and-promotion-of-the-agricultural-bioeconomy-for-the-strengthening-of-galicias-green-infrastructure-and-adaptation-to-climate-change/"]}]},{"@type":"ImageObject","inLanguage":"en-US","@id":"https://fundacion-biodiversidad.es/en/proyecto_feder/activa-verde-planning-good-practices-and-promotion-of-the-agricultural-bioeconomy-for-the-strengthening-of-galicias-green-infrastructure-and-adaptation-to-climate-change/#primaryimage","url":"https://fundacion-biodiversidad.es/wp-content/uploads/2026/03/ACTIVA-VERDE-RRSS-FEDER.png","contentUrl":"https://fundacion-biodiversidad.es/wp-content/uploads/2026/03/ACTIVA-VERDE-RRSS-FEDER.png","width":1100,"height":1100},{"@type":"BreadcrumbList","@id":"https://fundacion-biodiversidad.es/en/proyecto_feder/activa-verde-planning-good-practices-and-promotion-of-the-agricultural-bioeconomy-for-the-strengthening-of-galicias-green-infrastructure-and-adaptation-to-climate-change/#breadcrumb","itemListElement":[{"@type":"ListItem","position":1,"name":"Portada","item":"https://fundacion-biodiversidad.es/en/inicio/"},{"@type":"ListItem","position":2,"name":"ERDF Projects","item":"https://fundacion-biodiversidad.es/en/proyecto_feder/"},{"@type":"ListItem","position":3,"name":"ACTIVA VERDE. Planning, good practices and promotion of the agricultural bioeconomy for the strengthening of Galicia&#8217;s green infrastructure and adaptation to climate change."}]},{"@type":"WebSite","@id":"https://fundacion-biodiversidad.es/en/#website","url":"https://fundacion-biodiversidad.es/en/","name":"Fundación Biodiversidad","description":"Fundación pública adscrita al Ministerio para la Transición Ecológica","potentialAction":[{"@type":"SearchAction","target":{"@type":"EntryPoint","urlTemplate":"https://fundacion-biodiversidad.es/en/?s={search_term_string}"},"query-input":{"@type":"PropertyValueSpecification","valueRequired":true,"valueName":"search_term_string"}}],"inLanguage":"en-US"}]}</script>
<!-- / Yoast SEO plugin. -->

ACTIVA VERDE. Planning, good practices and promotion of the agricultural bioeconomy for the strengthening of Galicia's green infrastructure and adaptation to climate change. - Fundación Biodiversidad

Fundación Biodiversidad

Fundación pública adscrita al Ministerio para la Transición Ecológica
