{"id":97873527,"date":"2026-03-30T10:01:51","date_gmt":"2026-03-30T08:01:51","guid":{"rendered":"https:\/\/fundacion-biodiversidad.es\/proyecto_feder\/multicas-management-of-the-multifunctionality-of-castanea-sativa-forests-for-the-reactivation-and-diversification-of-the-economy-in-rural-areas\/"},"modified":"2026-04-15T14:00:00","modified_gmt":"2026-04-15T12:00:00","slug":"multicas-management-of-the-multifunctionality-of-castanea-sativa-forests-for-the-reactivation-and-diversification-of-the-economy-in-rural-areas","status":"publish","type":"proyecto_feder","link":"https:\/\/fundacion-biodiversidad.es\/en\/proyecto_feder\/multicas-management-of-the-multifunctionality-of-castanea-sativa-forests-for-the-reactivation-and-diversification-of-the-economy-in-rural-areas\/","title":{"rendered":"MULTICAS. Management of the multifunctionality of Castanea sativa forests for the reactivation and diversification of the economy in rural areas."},"content":{"rendered":"<p>This project promotes the diversification of economic uses in rural areas of the northwest of the peninsula, complementing the CARES project (PRTR 2023) and focusing on the use of resin, chestnuts and other resources from a conservation perspective. To this end, it is defining biodiversity baselines in 38 demonstration plots and evaluating improvement and restoration actions for 43.48 ha of green infrastructure. In addition, it promotes the forest and multifunctional management of chestnut groves and mycological resources, and the planning of 20 farms with a participatory governance model. All this is intended to achieve results related to green employment (23 direct jobs), training and transfer (400 people trained), improved profitability (~600 \u20ac\/ha\/year), and reduction of pests and diseases by 30% in pilot areas.   <\/p>\n","protected":false},"featured_media":97873895,"parent":0,"template":"","meta":{"_acf_changed":false},"financiaci_n":[714],"lineas_actuacion_tematicas":[654],"class_list":["post-97873527","proyecto_feder","type-proyecto_feder","status-publish","has-post-thumbnail","hentry","financiaci_n-european-regional-development-fund","lineas_actuacion_tematicas-terrestrial-ecosystems"],"acf":[],"yoast_head":"<!-- This site is optimized with the Yoast SEO plugin v26.9 - https:\/\/yoast.com\/product\/yoast-seo-wordpress\/ -->\n<title>MULTICAS. Management of the multifunctionality of Castanea sativa forests for the reactivation and diversification of the economy in rural areas. - Fundaci\u00f3n Biodiversidad<\/title>\n<meta name=\"robots\" content=\"index, follow, max-snippet:-1, max-image-preview:large, max-video-preview:-1\" \/>\n<link rel=\"canonical\" href=\"https:\/\/fundacion-biodiversidad.es\/en\/proyecto_feder\/multicas-management-of-the-multifunctionality-of-castanea-sativa-forests-for-the-reactivation-and-diversification-of-the-economy-in-rural-areas\/\" \/>\n<meta property=\"og:locale\" content=\"en_US\" \/>\n<meta property=\"og:type\" content=\"article\" \/>\n<meta property=\"og:title\" content=\"MULTICAS. Management of the multifunctionality of Castanea sativa forests for the reactivation and diversification of the economy in rural areas. - Fundaci\u00f3n Biodiversidad\" \/>\n<meta property=\"og:description\" content=\"This project promotes the diversification of economic uses in rural areas of the northwest of the peninsula, complementing the CARES project (PRTR 2023) and focusing [&hellip;]\" \/>\n<meta property=\"og:url\" content=\"https:\/\/fundacion-biodiversidad.es\/en\/proyecto_feder\/multicas-management-of-the-multifunctionality-of-castanea-sativa-forests-for-the-reactivation-and-diversification-of-the-economy-in-rural-areas\/\" \/>\n<meta property=\"og:site_name\" content=\"Fundaci\u00f3n Biodiversidad\" \/>\n<meta property=\"article:modified_time\" content=\"2026-04-15T12:00:00+00:00\" \/>\n<meta property=\"og:image\" content=\"https:\/\/fundacion-biodiversidad.es\/wp-content\/uploads\/2026\/03\/MULTICAS-RRSS-FEDER_1200x628-1024x536.png\" \/>\n<meta name=\"twitter:card\" content=\"summary_large_image\" \/>\n<meta name=\"twitter:image\" content=\"https:\/\/fundacion-biodiversidad.es\/wp-content\/uploads\/2026\/03\/MULTICAS-RRSS-FEDER_1200x628-1024x536.png\" \/>\n<meta name=\"twitter:label1\" content=\"Est. reading time\" \/>\n\t<meta name=\"twitter:data1\" content=\"1 minute\" \/>\n<script type=\"application\/ld+json\" class=\"yoast-schema-graph\">{\"@context\":\"https:\/\/schema.org\",\"@graph\":[{\"@type\":\"WebPage\",\"@id\":\"https:\/\/fundacion-biodiversidad.es\/en\/proyecto_feder\/multicas-management-of-the-multifunctionality-of-castanea-sativa-forests-for-the-reactivation-and-diversification-of-the-economy-in-rural-areas\/\",\"url\":\"https:\/\/fundacion-biodiversidad.es\/en\/proyecto_feder\/multicas-management-of-the-multifunctionality-of-castanea-sativa-forests-for-the-reactivation-and-diversification-of-the-economy-in-rural-areas\/\",\"name\":\"MULTICAS. Management of the multifunctionality of Castanea sativa forests for the reactivation and diversification of the economy in rural areas. - Fundaci\u00f3n Biodiversidad\",\"isPartOf\":{\"@id\":\"https:\/\/fundacion-biodiversidad.es\/en\/#website\"},\"primaryImageOfPage\":{\"@id\":\"https:\/\/fundacion-biodiversidad.es\/en\/proyecto_feder\/multicas-management-of-the-multifunctionality-of-castanea-sativa-forests-for-the-reactivation-and-diversification-of-the-economy-in-rural-areas\/#primaryimage\"},\"image\":{\"@id\":\"https:\/\/fundacion-biodiversidad.es\/en\/proyecto_feder\/multicas-management-of-the-multifunctionality-of-castanea-sativa-forests-for-the-reactivation-and-diversification-of-the-economy-in-rural-areas\/#primaryimage\"},\"thumbnailUrl\":\"https:\/\/fundacion-biodiversidad.es\/wp-content\/uploads\/2026\/03\/MULTICAS-RRSS-FEDER.png\",\"datePublished\":\"2026-03-30T08:01:51+00:00\",\"dateModified\":\"2026-04-15T12:00:00+00:00\",\"breadcrumb\":{\"@id\":\"https:\/\/fundacion-biodiversidad.es\/en\/proyecto_feder\/multicas-management-of-the-multifunctionality-of-castanea-sativa-forests-for-the-reactivation-and-diversification-of-the-economy-in-rural-areas\/#breadcrumb\"},\"inLanguage\":\"en-US\",\"potentialAction\":[{\"@type\":\"ReadAction\",\"target\":[\"https:\/\/fundacion-biodiversidad.es\/en\/proyecto_feder\/multicas-management-of-the-multifunctionality-of-castanea-sativa-forests-for-the-reactivation-and-diversification-of-the-economy-in-rural-areas\/\"]}]},{\"@type\":\"ImageObject\",\"inLanguage\":\"en-US\",\"@id\":\"https:\/\/fundacion-biodiversidad.es\/en\/proyecto_feder\/multicas-management-of-the-multifunctionality-of-castanea-sativa-forests-for-the-reactivation-and-diversification-of-the-economy-in-rural-areas\/#primaryimage\",\"url\":\"https:\/\/fundacion-biodiversidad.es\/wp-content\/uploads\/2026\/03\/MULTICAS-RRSS-FEDER.png\",\"contentUrl\":\"https:\/\/fundacion-biodiversidad.es\/wp-content\/uploads\/2026\/03\/MULTICAS-RRSS-FEDER.png\",\"width\":1100,\"height\":1100},{\"@type\":\"BreadcrumbList\",\"@id\":\"https:\/\/fundacion-biodiversidad.es\/en\/proyecto_feder\/multicas-management-of-the-multifunctionality-of-castanea-sativa-forests-for-the-reactivation-and-diversification-of-the-economy-in-rural-areas\/#breadcrumb\",\"itemListElement\":[{\"@type\":\"ListItem\",\"position\":1,\"name\":\"Portada\",\"item\":\"https:\/\/fundacion-biodiversidad.es\/en\/inicio\/\"},{\"@type\":\"ListItem\",\"position\":2,\"name\":\"ERDF Projects\",\"item\":\"https:\/\/fundacion-biodiversidad.es\/en\/proyecto_feder\/\"},{\"@type\":\"ListItem\",\"position\":3,\"name\":\"MULTICAS. Management of the multifunctionality of Castanea sativa forests for the reactivation and diversification of the economy in rural areas.\"}]},{\"@type\":\"WebSite\",\"@id\":\"https:\/\/fundacion-biodiversidad.es\/en\/#website\",\"url\":\"https:\/\/fundacion-biodiversidad.es\/en\/\",\"name\":\"Fundaci\u00f3n Biodiversidad\",\"description\":\"Fundaci\u00f3n p\u00fablica adscrita al Ministerio para la Transici\u00f3n Ecol\u00f3gica\",\"potentialAction\":[{\"@type\":\"SearchAction\",\"target\":{\"@type\":\"EntryPoint\",\"urlTemplate\":\"https:\/\/fundacion-biodiversidad.es\/en\/?s={search_term_string}\"},\"query-input\":{\"@type\":\"PropertyValueSpecification\",\"valueRequired\":true,\"valueName\":\"search_term_string\"}}],\"inLanguage\":\"en-US\"}]}<\/script>\n<!-- \/ Yoast SEO plugin. -->","yoast_head_json":{"title":"MULTICAS. Management of the multifunctionality of Castanea sativa forests for the reactivation and diversification of the economy in rural areas. - Fundaci\u00f3n Biodiversidad","robots":{"index":"index","follow":"follow","max-snippet":"max-snippet:-1","max-image-preview":"max-image-preview:large","max-video-preview":"max-video-preview:-1"},"canonical":"https:\/\/fundacion-biodiversidad.es\/en\/proyecto_feder\/multicas-management-of-the-multifunctionality-of-castanea-sativa-forests-for-the-reactivation-and-diversification-of-the-economy-in-rural-areas\/","og_locale":"en_US","og_type":"article","og_title":"MULTICAS. Management of the multifunctionality of Castanea sativa forests for the reactivation and diversification of the economy in rural areas. - Fundaci\u00f3n Biodiversidad","og_description":"This project promotes the diversification of economic uses in rural areas of the northwest of the peninsula, complementing the CARES project (PRTR 2023) and focusing [&hellip;]","og_url":"https:\/\/fundacion-biodiversidad.es\/en\/proyecto_feder\/multicas-management-of-the-multifunctionality-of-castanea-sativa-forests-for-the-reactivation-and-diversification-of-the-economy-in-rural-areas\/","og_site_name":"Fundaci\u00f3n Biodiversidad","article_modified_time":"2026-04-15T12:00:00+00:00","og_image":[{"url":"https:\/\/fundacion-biodiversidad.es\/wp-content\/uploads\/2026\/03\/MULTICAS-RRSS-FEDER_1200x628-1024x536.png","type":"","width":"","height":""}],"twitter_card":"summary_large_image","twitter_image":"https:\/\/fundacion-biodiversidad.es\/wp-content\/uploads\/2026\/03\/MULTICAS-RRSS-FEDER_1200x628-1024x536.png","twitter_misc":{"Est. reading time":"1 minute"},"schema":{"@context":"https:\/\/schema.org","@graph":[{"@type":"WebPage","@id":"https:\/\/fundacion-biodiversidad.es\/en\/proyecto_feder\/multicas-management-of-the-multifunctionality-of-castanea-sativa-forests-for-the-reactivation-and-diversification-of-the-economy-in-rural-areas\/","url":"https:\/\/fundacion-biodiversidad.es\/en\/proyecto_feder\/multicas-management-of-the-multifunctionality-of-castanea-sativa-forests-for-the-reactivation-and-diversification-of-the-economy-in-rural-areas\/","name":"MULTICAS. Management of the multifunctionality of Castanea sativa forests for the reactivation and diversification of the economy in rural areas. - Fundaci\u00f3n Biodiversidad","isPartOf":{"@id":"https:\/\/fundacion-biodiversidad.es\/en\/#website"},"primaryImageOfPage":{"@id":"https:\/\/fundacion-biodiversidad.es\/en\/proyecto_feder\/multicas-management-of-the-multifunctionality-of-castanea-sativa-forests-for-the-reactivation-and-diversification-of-the-economy-in-rural-areas\/#primaryimage"},"image":{"@id":"https:\/\/fundacion-biodiversidad.es\/en\/proyecto_feder\/multicas-management-of-the-multifunctionality-of-castanea-sativa-forests-for-the-reactivation-and-diversification-of-the-economy-in-rural-areas\/#primaryimage"},"thumbnailUrl":"https:\/\/fundacion-biodiversidad.es\/wp-content\/uploads\/2026\/03\/MULTICAS-RRSS-FEDER.png","datePublished":"2026-03-30T08:01:51+00:00","dateModified":"2026-04-15T12:00:00+00:00","breadcrumb":{"@id":"https:\/\/fundacion-biodiversidad.es\/en\/proyecto_feder\/multicas-management-of-the-multifunctionality-of-castanea-sativa-forests-for-the-reactivation-and-diversification-of-the-economy-in-rural-areas\/#breadcrumb"},"inLanguage":"en-US","potentialAction":[{"@type":"ReadAction","target":["https:\/\/fundacion-biodiversidad.es\/en\/proyecto_feder\/multicas-management-of-the-multifunctionality-of-castanea-sativa-forests-for-the-reactivation-and-diversification-of-the-economy-in-rural-areas\/"]}]},{"@type":"ImageObject","inLanguage":"en-US","@id":"https:\/\/fundacion-biodiversidad.es\/en\/proyecto_feder\/multicas-management-of-the-multifunctionality-of-castanea-sativa-forests-for-the-reactivation-and-diversification-of-the-economy-in-rural-areas\/#primaryimage","url":"https:\/\/fundacion-biodiversidad.es\/wp-content\/uploads\/2026\/03\/MULTICAS-RRSS-FEDER.png","contentUrl":"https:\/\/fundacion-biodiversidad.es\/wp-content\/uploads\/2026\/03\/MULTICAS-RRSS-FEDER.png","width":1100,"height":1100},{"@type":"BreadcrumbList","@id":"https:\/\/fundacion-biodiversidad.es\/en\/proyecto_feder\/multicas-management-of-the-multifunctionality-of-castanea-sativa-forests-for-the-reactivation-and-diversification-of-the-economy-in-rural-areas\/#breadcrumb","itemListElement":[{"@type":"ListItem","position":1,"name":"Portada","item":"https:\/\/fundacion-biodiversidad.es\/en\/inicio\/"},{"@type":"ListItem","position":2,"name":"ERDF Projects","item":"https:\/\/fundacion-biodiversidad.es\/en\/proyecto_feder\/"},{"@type":"ListItem","position":3,"name":"MULTICAS. Management of the multifunctionality of Castanea sativa forests for the reactivation and diversification of the economy in rural areas."}]},{"@type":"WebSite","@id":"https:\/\/fundacion-biodiversidad.es\/en\/#website","url":"https:\/\/fundacion-biodiversidad.es\/en\/","name":"Fundaci\u00f3n Biodiversidad","description":"Fundaci\u00f3n p\u00fablica adscrita al Ministerio para la Transici\u00f3n Ecol\u00f3gica","potentialAction":[{"@type":"SearchAction","target":{"@type":"EntryPoint","urlTemplate":"https:\/\/fundacion-biodiversidad.es\/en\/?s={search_term_string}"},"query-input":{"@type":"PropertyValueSpecification","valueRequired":true,"valueName":"search_term_string"}}],"inLanguage":"en-US"}]}},"_links":{"self":[{"href":"https:\/\/fundacion-biodiversidad.es\/en\/wp-json\/wp\/v2\/proyecto_feder\/97873527","targetHints":{"allow":["GET"]}}],"collection":[{"href":"https:\/\/fundacion-biodiversidad.es\/en\/wp-json\/wp\/v2\/proyecto_feder"}],"about":[{"href":"https:\/\/fundacion-biodiversidad.es\/en\/wp-json\/wp\/v2\/types\/proyecto_feder"}],"wp:featuredmedia":[{"embeddable":true,"href":"https:\/\/fundacion-biodiversidad.es\/en\/wp-json\/wp\/v2\/media\/97873895"}],"wp:attachment":[{"href":"https:\/\/fundacion-biodiversidad.es\/en\/wp-json\/wp\/v2\/media?parent=97873527"}],"wp:term":[{"taxonomy":"financiaci_n","embeddable":true,"href":"https:\/\/fundacion-biodiversidad.es\/en\/wp-json\/wp\/v2\/financiaci_n?post=97873527"},{"taxonomy":"lineas_actuacion_tematicas","embeddable":true,"href":"https:\/\/fundacion-biodiversidad.es\/en\/wp-json\/wp\/v2\/lineas_actuacion_tematicas?post=97873527"}],"curies":[{"name":"wp","href":"https:\/\/api.w.org\/{rel}","templated":true}]}}

<!-- This site is optimized with the Yoast SEO plugin v26.9 - https://yoast.com/product/yoast-seo-wordpress/ -->
<title>MULTICAS. Management of the multifunctionality of Castanea sativa forests for the reactivation and diversification of the economy in rural areas. - Fundación Biodiversidad</title>
<meta name="robots" content="index, follow, max-snippet:-1, max-image-preview:large, max-video-preview:-1" />
<link rel="canonical" href="https://fundacion-biodiversidad.es/en/proyecto_feder/multicas-management-of-the-multifunctionality-of-castanea-sativa-forests-for-the-reactivation-and-diversification-of-the-economy-in-rural-areas/" />
<meta property="og:locale" content="en_US" />
<meta property="og:type" content="article" />
<meta property="og:title" content="MULTICAS. Management of the multifunctionality of Castanea sativa forests for the reactivation and diversification of the economy in rural areas. - Fundación Biodiversidad" />
<meta property="og:description" content="This project promotes the diversification of economic uses in rural areas of the northwest of the peninsula, complementing the CARES project (PRTR 2023) and focusing [&hellip;]" />
<meta property="og:url" content="https://fundacion-biodiversidad.es/en/proyecto_feder/multicas-management-of-the-multifunctionality-of-castanea-sativa-forests-for-the-reactivation-and-diversification-of-the-economy-in-rural-areas/" />
<meta property="og:site_name" content="Fundación Biodiversidad" />
<meta property="article:modified_time" content="2026-04-15T12:00:00+00:00" />
<meta property="og:image" content="https://fundacion-biodiversidad.es/wp-content/uploads/2026/03/MULTICAS-RRSS-FEDER_1200x628-1024x536.png" />
<meta name="twitter:card" content="summary_large_image" />
<meta name="twitter:image" content="https://fundacion-biodiversidad.es/wp-content/uploads/2026/03/MULTICAS-RRSS-FEDER_1200x628-1024x536.png" />
<meta name="twitter:label1" content="Est. reading time" />
	<meta name="twitter:data1" content="1 minute" />
<script type="application/ld+json" class="yoast-schema-graph">{"@context":"https://schema.org","@graph":[{"@type":"WebPage","@id":"https://fundacion-biodiversidad.es/en/proyecto_feder/multicas-management-of-the-multifunctionality-of-castanea-sativa-forests-for-the-reactivation-and-diversification-of-the-economy-in-rural-areas/","url":"https://fundacion-biodiversidad.es/en/proyecto_feder/multicas-management-of-the-multifunctionality-of-castanea-sativa-forests-for-the-reactivation-and-diversification-of-the-economy-in-rural-areas/","name":"MULTICAS. Management of the multifunctionality of Castanea sativa forests for the reactivation and diversification of the economy in rural areas. - Fundación Biodiversidad","isPartOf":{"@id":"https://fundacion-biodiversidad.es/en/#website"},"primaryImageOfPage":{"@id":"https://fundacion-biodiversidad.es/en/proyecto_feder/multicas-management-of-the-multifunctionality-of-castanea-sativa-forests-for-the-reactivation-and-diversification-of-the-economy-in-rural-areas/#primaryimage"},"image":{"@id":"https://fundacion-biodiversidad.es/en/proyecto_feder/multicas-management-of-the-multifunctionality-of-castanea-sativa-forests-for-the-reactivation-and-diversification-of-the-economy-in-rural-areas/#primaryimage"},"thumbnailUrl":"https://fundacion-biodiversidad.es/wp-content/uploads/2026/03/MULTICAS-RRSS-FEDER.png","datePublished":"2026-03-30T08:01:51+00:00","dateModified":"2026-04-15T12:00:00+00:00","breadcrumb":{"@id":"https://fundacion-biodiversidad.es/en/proyecto_feder/multicas-management-of-the-multifunctionality-of-castanea-sativa-forests-for-the-reactivation-and-diversification-of-the-economy-in-rural-areas/#breadcrumb"},"inLanguage":"en-US","potentialAction":[{"@type":"ReadAction","target":["https://fundacion-biodiversidad.es/en/proyecto_feder/multicas-management-of-the-multifunctionality-of-castanea-sativa-forests-for-the-reactivation-and-diversification-of-the-economy-in-rural-areas/"]}]},{"@type":"ImageObject","inLanguage":"en-US","@id":"https://fundacion-biodiversidad.es/en/proyecto_feder/multicas-management-of-the-multifunctionality-of-castanea-sativa-forests-for-the-reactivation-and-diversification-of-the-economy-in-rural-areas/#primaryimage","url":"https://fundacion-biodiversidad.es/wp-content/uploads/2026/03/MULTICAS-RRSS-FEDER.png","contentUrl":"https://fundacion-biodiversidad.es/wp-content/uploads/2026/03/MULTICAS-RRSS-FEDER.png","width":1100,"height":1100},{"@type":"BreadcrumbList","@id":"https://fundacion-biodiversidad.es/en/proyecto_feder/multicas-management-of-the-multifunctionality-of-castanea-sativa-forests-for-the-reactivation-and-diversification-of-the-economy-in-rural-areas/#breadcrumb","itemListElement":[{"@type":"ListItem","position":1,"name":"Portada","item":"https://fundacion-biodiversidad.es/en/inicio/"},{"@type":"ListItem","position":2,"name":"ERDF Projects","item":"https://fundacion-biodiversidad.es/en/proyecto_feder/"},{"@type":"ListItem","position":3,"name":"MULTICAS. Management of the multifunctionality of Castanea sativa forests for the reactivation and diversification of the economy in rural areas."}]},{"@type":"WebSite","@id":"https://fundacion-biodiversidad.es/en/#website","url":"https://fundacion-biodiversidad.es/en/","name":"Fundación Biodiversidad","description":"Fundación pública adscrita al Ministerio para la Transición Ecológica","potentialAction":[{"@type":"SearchAction","target":{"@type":"EntryPoint","urlTemplate":"https://fundacion-biodiversidad.es/en/?s={search_term_string}"},"query-input":{"@type":"PropertyValueSpecification","valueRequired":true,"valueName":"search_term_string"}}],"inLanguage":"en-US"}]}</script>
<!-- / Yoast SEO plugin. -->

MULTICAS. Management of the multifunctionality of Castanea sativa forests for the reactivation and diversification of the economy in rural areas. - Fundación Biodiversidad

Fundación Biodiversidad

Fundación pública adscrita al Ministerio para la Transición Ecológica
