{"id":97873529,"date":"2026-03-30T10:06:18","date_gmt":"2026-03-30T08:06:18","guid":{"rendered":"https:\/\/fundacion-biodiversidad.es\/proyecto_feder\/bioconecta-cl-ecological-connectivity-and-bioeconomy-on-the-camino-lebaniego\/"},"modified":"2026-04-27T16:16:39","modified_gmt":"2026-04-27T14:16:39","slug":"bioconecta-cl-ecological-connectivity-and-bioeconomy-on-the-camino-lebaniego","status":"publish","type":"proyecto_feder","link":"https:\/\/fundacion-biodiversidad.es\/en\/proyecto_feder\/bioconecta-cl-ecological-connectivity-and-bioeconomy-on-the-camino-lebaniego\/","title":{"rendered":"BIOCONECTA-CL. Ecological connectivity and bioeconomy on the Camino Lebaniego."},"content":{"rendered":"<p>BIOCONECTA-CL proposes to improve the green infrastructure of the Camino Lebaniego through ecological restoration and connectivity actions. To this end, it will carry out interventions on the coast and countryside for dune protection and control of invasive exotic vegetation at the mouth of the Nansa River, the installation of a bird observatory, the restoration of 10 dry stone walls, the creation and adaptation of 10 water points and the improvement of 5 ha of meadow for pollinators. In addition, it will promote the protection of vulnerable areas in high mountains with 2 stewardship agreements and climate-resilient forest management in 50 ha (transformation of 5 plots into native mixed forest). All this is intended to achieve results related to fire prevention (risk zoning, 200-head firefighting herds, 10 firebreaks and 30 roads), bioenergy (biomass study and supply plan) and participatory workshops.   <\/p>\n","protected":false},"featured_media":97874300,"parent":0,"template":"","meta":{"_acf_changed":false},"financiaci_n":[714],"lineas_actuacion_tematicas":[654],"class_list":["post-97873529","proyecto_feder","type-proyecto_feder","status-publish","has-post-thumbnail","hentry","financiaci_n-european-regional-development-fund","lineas_actuacion_tematicas-terrestrial-ecosystems"],"acf":[],"yoast_head":"<!-- This site is optimized with the Yoast SEO plugin v26.9 - https:\/\/yoast.com\/product\/yoast-seo-wordpress\/ -->\n<title>BIOCONECTA-CL. Ecological connectivity and bioeconomy on the Camino Lebaniego. - Fundaci\u00f3n Biodiversidad<\/title>\n<meta name=\"robots\" content=\"index, follow, max-snippet:-1, max-image-preview:large, max-video-preview:-1\" \/>\n<link rel=\"canonical\" href=\"https:\/\/fundacion-biodiversidad.es\/en\/proyecto_feder\/bioconecta-cl-ecological-connectivity-and-bioeconomy-on-the-camino-lebaniego\/\" \/>\n<meta property=\"og:locale\" content=\"en_US\" \/>\n<meta property=\"og:type\" content=\"article\" \/>\n<meta property=\"og:title\" content=\"BIOCONECTA-CL. Ecological connectivity and bioeconomy on the Camino Lebaniego. - Fundaci\u00f3n Biodiversidad\" \/>\n<meta property=\"og:description\" content=\"BIOCONECTA-CL proposes to improve the green infrastructure of the Camino Lebaniego through ecological restoration and connectivity actions. To this end, it will carry out interventions [&hellip;]\" \/>\n<meta property=\"og:url\" content=\"https:\/\/fundacion-biodiversidad.es\/en\/proyecto_feder\/bioconecta-cl-ecological-connectivity-and-bioeconomy-on-the-camino-lebaniego\/\" \/>\n<meta property=\"og:site_name\" content=\"Fundaci\u00f3n Biodiversidad\" \/>\n<meta property=\"article:modified_time\" content=\"2026-04-27T14:16:39+00:00\" \/>\n<meta property=\"og:image\" content=\"https:\/\/fundacion-biodiversidad.es\/wp-content\/uploads\/2026\/03\/BIOCONECTA-RRSS-FEDER_1200x628-1024x536.png\" \/>\n<meta name=\"twitter:card\" content=\"summary_large_image\" \/>\n<meta name=\"twitter:image\" content=\"https:\/\/fundacion-biodiversidad.es\/wp-content\/uploads\/2026\/03\/BIOCONECTA-RRSS-FEDER_1200x628-1024x536.png\" \/>\n<meta name=\"twitter:label1\" content=\"Est. reading time\" \/>\n\t<meta name=\"twitter:data1\" content=\"1 minute\" \/>\n<script type=\"application\/ld+json\" class=\"yoast-schema-graph\">{\"@context\":\"https:\/\/schema.org\",\"@graph\":[{\"@type\":\"WebPage\",\"@id\":\"https:\/\/fundacion-biodiversidad.es\/en\/proyecto_feder\/bioconecta-cl-ecological-connectivity-and-bioeconomy-on-the-camino-lebaniego\/\",\"url\":\"https:\/\/fundacion-biodiversidad.es\/en\/proyecto_feder\/bioconecta-cl-ecological-connectivity-and-bioeconomy-on-the-camino-lebaniego\/\",\"name\":\"BIOCONECTA-CL. Ecological connectivity and bioeconomy on the Camino Lebaniego. - Fundaci\u00f3n Biodiversidad\",\"isPartOf\":{\"@id\":\"https:\/\/fundacion-biodiversidad.es\/en\/#website\"},\"primaryImageOfPage\":{\"@id\":\"https:\/\/fundacion-biodiversidad.es\/en\/proyecto_feder\/bioconecta-cl-ecological-connectivity-and-bioeconomy-on-the-camino-lebaniego\/#primaryimage\"},\"image\":{\"@id\":\"https:\/\/fundacion-biodiversidad.es\/en\/proyecto_feder\/bioconecta-cl-ecological-connectivity-and-bioeconomy-on-the-camino-lebaniego\/#primaryimage\"},\"thumbnailUrl\":\"https:\/\/fundacion-biodiversidad.es\/wp-content\/uploads\/2026\/03\/BIOCONECTA-RRSS-FEDER.png\",\"datePublished\":\"2026-03-30T08:06:18+00:00\",\"dateModified\":\"2026-04-27T14:16:39+00:00\",\"breadcrumb\":{\"@id\":\"https:\/\/fundacion-biodiversidad.es\/en\/proyecto_feder\/bioconecta-cl-ecological-connectivity-and-bioeconomy-on-the-camino-lebaniego\/#breadcrumb\"},\"inLanguage\":\"en-US\",\"potentialAction\":[{\"@type\":\"ReadAction\",\"target\":[\"https:\/\/fundacion-biodiversidad.es\/en\/proyecto_feder\/bioconecta-cl-ecological-connectivity-and-bioeconomy-on-the-camino-lebaniego\/\"]}]},{\"@type\":\"ImageObject\",\"inLanguage\":\"en-US\",\"@id\":\"https:\/\/fundacion-biodiversidad.es\/en\/proyecto_feder\/bioconecta-cl-ecological-connectivity-and-bioeconomy-on-the-camino-lebaniego\/#primaryimage\",\"url\":\"https:\/\/fundacion-biodiversidad.es\/wp-content\/uploads\/2026\/03\/BIOCONECTA-RRSS-FEDER.png\",\"contentUrl\":\"https:\/\/fundacion-biodiversidad.es\/wp-content\/uploads\/2026\/03\/BIOCONECTA-RRSS-FEDER.png\",\"width\":1100,\"height\":1100},{\"@type\":\"BreadcrumbList\",\"@id\":\"https:\/\/fundacion-biodiversidad.es\/en\/proyecto_feder\/bioconecta-cl-ecological-connectivity-and-bioeconomy-on-the-camino-lebaniego\/#breadcrumb\",\"itemListElement\":[{\"@type\":\"ListItem\",\"position\":1,\"name\":\"Portada\",\"item\":\"https:\/\/fundacion-biodiversidad.es\/en\/inicio\/\"},{\"@type\":\"ListItem\",\"position\":2,\"name\":\"ERDF Projects\",\"item\":\"https:\/\/fundacion-biodiversidad.es\/en\/proyecto_feder\/\"},{\"@type\":\"ListItem\",\"position\":3,\"name\":\"BIOCONECTA-CL. Ecological connectivity and bioeconomy on the Camino Lebaniego.\"}]},{\"@type\":\"WebSite\",\"@id\":\"https:\/\/fundacion-biodiversidad.es\/en\/#website\",\"url\":\"https:\/\/fundacion-biodiversidad.es\/en\/\",\"name\":\"Fundaci\u00f3n Biodiversidad\",\"description\":\"Fundaci\u00f3n p\u00fablica adscrita al Ministerio para la Transici\u00f3n Ecol\u00f3gica\",\"potentialAction\":[{\"@type\":\"SearchAction\",\"target\":{\"@type\":\"EntryPoint\",\"urlTemplate\":\"https:\/\/fundacion-biodiversidad.es\/en\/?s={search_term_string}\"},\"query-input\":{\"@type\":\"PropertyValueSpecification\",\"valueRequired\":true,\"valueName\":\"search_term_string\"}}],\"inLanguage\":\"en-US\"}]}<\/script>\n<!-- \/ Yoast SEO plugin. -->","yoast_head_json":{"title":"BIOCONECTA-CL. Ecological connectivity and bioeconomy on the Camino Lebaniego. - Fundaci\u00f3n Biodiversidad","robots":{"index":"index","follow":"follow","max-snippet":"max-snippet:-1","max-image-preview":"max-image-preview:large","max-video-preview":"max-video-preview:-1"},"canonical":"https:\/\/fundacion-biodiversidad.es\/en\/proyecto_feder\/bioconecta-cl-ecological-connectivity-and-bioeconomy-on-the-camino-lebaniego\/","og_locale":"en_US","og_type":"article","og_title":"BIOCONECTA-CL. Ecological connectivity and bioeconomy on the Camino Lebaniego. - Fundaci\u00f3n Biodiversidad","og_description":"BIOCONECTA-CL proposes to improve the green infrastructure of the Camino Lebaniego through ecological restoration and connectivity actions. To this end, it will carry out interventions [&hellip;]","og_url":"https:\/\/fundacion-biodiversidad.es\/en\/proyecto_feder\/bioconecta-cl-ecological-connectivity-and-bioeconomy-on-the-camino-lebaniego\/","og_site_name":"Fundaci\u00f3n Biodiversidad","article_modified_time":"2026-04-27T14:16:39+00:00","og_image":[{"url":"https:\/\/fundacion-biodiversidad.es\/wp-content\/uploads\/2026\/03\/BIOCONECTA-RRSS-FEDER_1200x628-1024x536.png","type":"","width":"","height":""}],"twitter_card":"summary_large_image","twitter_image":"https:\/\/fundacion-biodiversidad.es\/wp-content\/uploads\/2026\/03\/BIOCONECTA-RRSS-FEDER_1200x628-1024x536.png","twitter_misc":{"Est. reading time":"1 minute"},"schema":{"@context":"https:\/\/schema.org","@graph":[{"@type":"WebPage","@id":"https:\/\/fundacion-biodiversidad.es\/en\/proyecto_feder\/bioconecta-cl-ecological-connectivity-and-bioeconomy-on-the-camino-lebaniego\/","url":"https:\/\/fundacion-biodiversidad.es\/en\/proyecto_feder\/bioconecta-cl-ecological-connectivity-and-bioeconomy-on-the-camino-lebaniego\/","name":"BIOCONECTA-CL. Ecological connectivity and bioeconomy on the Camino Lebaniego. - Fundaci\u00f3n Biodiversidad","isPartOf":{"@id":"https:\/\/fundacion-biodiversidad.es\/en\/#website"},"primaryImageOfPage":{"@id":"https:\/\/fundacion-biodiversidad.es\/en\/proyecto_feder\/bioconecta-cl-ecological-connectivity-and-bioeconomy-on-the-camino-lebaniego\/#primaryimage"},"image":{"@id":"https:\/\/fundacion-biodiversidad.es\/en\/proyecto_feder\/bioconecta-cl-ecological-connectivity-and-bioeconomy-on-the-camino-lebaniego\/#primaryimage"},"thumbnailUrl":"https:\/\/fundacion-biodiversidad.es\/wp-content\/uploads\/2026\/03\/BIOCONECTA-RRSS-FEDER.png","datePublished":"2026-03-30T08:06:18+00:00","dateModified":"2026-04-27T14:16:39+00:00","breadcrumb":{"@id":"https:\/\/fundacion-biodiversidad.es\/en\/proyecto_feder\/bioconecta-cl-ecological-connectivity-and-bioeconomy-on-the-camino-lebaniego\/#breadcrumb"},"inLanguage":"en-US","potentialAction":[{"@type":"ReadAction","target":["https:\/\/fundacion-biodiversidad.es\/en\/proyecto_feder\/bioconecta-cl-ecological-connectivity-and-bioeconomy-on-the-camino-lebaniego\/"]}]},{"@type":"ImageObject","inLanguage":"en-US","@id":"https:\/\/fundacion-biodiversidad.es\/en\/proyecto_feder\/bioconecta-cl-ecological-connectivity-and-bioeconomy-on-the-camino-lebaniego\/#primaryimage","url":"https:\/\/fundacion-biodiversidad.es\/wp-content\/uploads\/2026\/03\/BIOCONECTA-RRSS-FEDER.png","contentUrl":"https:\/\/fundacion-biodiversidad.es\/wp-content\/uploads\/2026\/03\/BIOCONECTA-RRSS-FEDER.png","width":1100,"height":1100},{"@type":"BreadcrumbList","@id":"https:\/\/fundacion-biodiversidad.es\/en\/proyecto_feder\/bioconecta-cl-ecological-connectivity-and-bioeconomy-on-the-camino-lebaniego\/#breadcrumb","itemListElement":[{"@type":"ListItem","position":1,"name":"Portada","item":"https:\/\/fundacion-biodiversidad.es\/en\/inicio\/"},{"@type":"ListItem","position":2,"name":"ERDF Projects","item":"https:\/\/fundacion-biodiversidad.es\/en\/proyecto_feder\/"},{"@type":"ListItem","position":3,"name":"BIOCONECTA-CL. Ecological connectivity and bioeconomy on the Camino Lebaniego."}]},{"@type":"WebSite","@id":"https:\/\/fundacion-biodiversidad.es\/en\/#website","url":"https:\/\/fundacion-biodiversidad.es\/en\/","name":"Fundaci\u00f3n Biodiversidad","description":"Fundaci\u00f3n p\u00fablica adscrita al Ministerio para la Transici\u00f3n Ecol\u00f3gica","potentialAction":[{"@type":"SearchAction","target":{"@type":"EntryPoint","urlTemplate":"https:\/\/fundacion-biodiversidad.es\/en\/?s={search_term_string}"},"query-input":{"@type":"PropertyValueSpecification","valueRequired":true,"valueName":"search_term_string"}}],"inLanguage":"en-US"}]}},"_links":{"self":[{"href":"https:\/\/fundacion-biodiversidad.es\/en\/wp-json\/wp\/v2\/proyecto_feder\/97873529","targetHints":{"allow":["GET"]}}],"collection":[{"href":"https:\/\/fundacion-biodiversidad.es\/en\/wp-json\/wp\/v2\/proyecto_feder"}],"about":[{"href":"https:\/\/fundacion-biodiversidad.es\/en\/wp-json\/wp\/v2\/types\/proyecto_feder"}],"wp:featuredmedia":[{"embeddable":true,"href":"https:\/\/fundacion-biodiversidad.es\/en\/wp-json\/wp\/v2\/media\/97874300"}],"wp:attachment":[{"href":"https:\/\/fundacion-biodiversidad.es\/en\/wp-json\/wp\/v2\/media?parent=97873529"}],"wp:term":[{"taxonomy":"financiaci_n","embeddable":true,"href":"https:\/\/fundacion-biodiversidad.es\/en\/wp-json\/wp\/v2\/financiaci_n?post=97873529"},{"taxonomy":"lineas_actuacion_tematicas","embeddable":true,"href":"https:\/\/fundacion-biodiversidad.es\/en\/wp-json\/wp\/v2\/lineas_actuacion_tematicas?post=97873529"}],"curies":[{"name":"wp","href":"https:\/\/api.w.org\/{rel}","templated":true}]}}

<!-- This site is optimized with the Yoast SEO plugin v26.9 - https://yoast.com/product/yoast-seo-wordpress/ -->
<title>BIOCONECTA-CL. Ecological connectivity and bioeconomy on the Camino Lebaniego. - Fundación Biodiversidad</title>
<meta name="robots" content="index, follow, max-snippet:-1, max-image-preview:large, max-video-preview:-1" />
<link rel="canonical" href="https://fundacion-biodiversidad.es/en/proyecto_feder/bioconecta-cl-ecological-connectivity-and-bioeconomy-on-the-camino-lebaniego/" />
<meta property="og:locale" content="en_US" />
<meta property="og:type" content="article" />
<meta property="og:title" content="BIOCONECTA-CL. Ecological connectivity and bioeconomy on the Camino Lebaniego. - Fundación Biodiversidad" />
<meta property="og:description" content="BIOCONECTA-CL proposes to improve the green infrastructure of the Camino Lebaniego through ecological restoration and connectivity actions. To this end, it will carry out interventions [&hellip;]" />
<meta property="og:url" content="https://fundacion-biodiversidad.es/en/proyecto_feder/bioconecta-cl-ecological-connectivity-and-bioeconomy-on-the-camino-lebaniego/" />
<meta property="og:site_name" content="Fundación Biodiversidad" />
<meta property="article:modified_time" content="2026-04-27T14:16:39+00:00" />
<meta property="og:image" content="https://fundacion-biodiversidad.es/wp-content/uploads/2026/03/BIOCONECTA-RRSS-FEDER_1200x628-1024x536.png" />
<meta name="twitter:card" content="summary_large_image" />
<meta name="twitter:image" content="https://fundacion-biodiversidad.es/wp-content/uploads/2026/03/BIOCONECTA-RRSS-FEDER_1200x628-1024x536.png" />
<meta name="twitter:label1" content="Est. reading time" />
	<meta name="twitter:data1" content="1 minute" />
<script type="application/ld+json" class="yoast-schema-graph">{"@context":"https://schema.org","@graph":[{"@type":"WebPage","@id":"https://fundacion-biodiversidad.es/en/proyecto_feder/bioconecta-cl-ecological-connectivity-and-bioeconomy-on-the-camino-lebaniego/","url":"https://fundacion-biodiversidad.es/en/proyecto_feder/bioconecta-cl-ecological-connectivity-and-bioeconomy-on-the-camino-lebaniego/","name":"BIOCONECTA-CL. Ecological connectivity and bioeconomy on the Camino Lebaniego. - Fundación Biodiversidad","isPartOf":{"@id":"https://fundacion-biodiversidad.es/en/#website"},"primaryImageOfPage":{"@id":"https://fundacion-biodiversidad.es/en/proyecto_feder/bioconecta-cl-ecological-connectivity-and-bioeconomy-on-the-camino-lebaniego/#primaryimage"},"image":{"@id":"https://fundacion-biodiversidad.es/en/proyecto_feder/bioconecta-cl-ecological-connectivity-and-bioeconomy-on-the-camino-lebaniego/#primaryimage"},"thumbnailUrl":"https://fundacion-biodiversidad.es/wp-content/uploads/2026/03/BIOCONECTA-RRSS-FEDER.png","datePublished":"2026-03-30T08:06:18+00:00","dateModified":"2026-04-27T14:16:39+00:00","breadcrumb":{"@id":"https://fundacion-biodiversidad.es/en/proyecto_feder/bioconecta-cl-ecological-connectivity-and-bioeconomy-on-the-camino-lebaniego/#breadcrumb"},"inLanguage":"en-US","potentialAction":[{"@type":"ReadAction","target":["https://fundacion-biodiversidad.es/en/proyecto_feder/bioconecta-cl-ecological-connectivity-and-bioeconomy-on-the-camino-lebaniego/"]}]},{"@type":"ImageObject","inLanguage":"en-US","@id":"https://fundacion-biodiversidad.es/en/proyecto_feder/bioconecta-cl-ecological-connectivity-and-bioeconomy-on-the-camino-lebaniego/#primaryimage","url":"https://fundacion-biodiversidad.es/wp-content/uploads/2026/03/BIOCONECTA-RRSS-FEDER.png","contentUrl":"https://fundacion-biodiversidad.es/wp-content/uploads/2026/03/BIOCONECTA-RRSS-FEDER.png","width":1100,"height":1100},{"@type":"BreadcrumbList","@id":"https://fundacion-biodiversidad.es/en/proyecto_feder/bioconecta-cl-ecological-connectivity-and-bioeconomy-on-the-camino-lebaniego/#breadcrumb","itemListElement":[{"@type":"ListItem","position":1,"name":"Portada","item":"https://fundacion-biodiversidad.es/en/inicio/"},{"@type":"ListItem","position":2,"name":"ERDF Projects","item":"https://fundacion-biodiversidad.es/en/proyecto_feder/"},{"@type":"ListItem","position":3,"name":"BIOCONECTA-CL. Ecological connectivity and bioeconomy on the Camino Lebaniego."}]},{"@type":"WebSite","@id":"https://fundacion-biodiversidad.es/en/#website","url":"https://fundacion-biodiversidad.es/en/","name":"Fundación Biodiversidad","description":"Fundación pública adscrita al Ministerio para la Transición Ecológica","potentialAction":[{"@type":"SearchAction","target":{"@type":"EntryPoint","urlTemplate":"https://fundacion-biodiversidad.es/en/?s={search_term_string}"},"query-input":{"@type":"PropertyValueSpecification","valueRequired":true,"valueName":"search_term_string"}}],"inLanguage":"en-US"}]}</script>
<!-- / Yoast SEO plugin. -->

BIOCONECTA-CL. Ecological connectivity and bioeconomy on the Camino Lebaniego. - Fundación Biodiversidad

Fundación Biodiversidad

Fundación pública adscrita al Ministerio para la Transición Ecológica
