{"id":97873555,"date":"2026-03-30T12:34:12","date_gmt":"2026-03-30T10:34:12","guid":{"rendered":"https:\/\/fundacion-biodiversidad.es\/proyecto_feder\/bioter-lab-circular-bioeconomy-laboratory-in-rural-territories-through-the-valorization-of-agroforestry-resources\/"},"modified":"2026-04-08T15:43:47","modified_gmt":"2026-04-08T13:43:47","slug":"bioter-lab-circular-bioeconomy-laboratory-in-rural-territories-through-the-valorization-of-agroforestry-resources","status":"publish","type":"proyecto_feder","link":"https:\/\/fundacion-biodiversidad.es\/en\/proyecto_feder\/bioter-lab-circular-bioeconomy-laboratory-in-rural-territories-through-the-valorization-of-agroforestry-resources\/","title":{"rendered":"BIOTER-LAB. Circular Bioeconomy Laboratory in Rural Territories through the Valorization of Agroforestry Resources."},"content":{"rendered":"<p>The project aims to create an interregional circular bioeconomy laboratory to valorise low-value agroforestry resources (especially scrubland) and reduce the risk of fires, improving biodiversity and rural economic activity. To this end, it carries out a territorial analysis by region with biodiversity censuses and will select 6 pilot areas where it will carry out preventive silvicultural work and biomass extraction with animal traction and light machinery. In addition, it promotes the valorisation of biomass in biocomposites, biochar and extracts for feed and biofertilisers, with validation with companies and semi-industrial pelletisation (300 kg\/h), incorporating Life Cycle Analysis and a dissemination plan with more than 10 days. All this is intended to achieve results related to innovation, fire prevention and forest management of 50 ha pilot in Cantabria, 5 ha in Galicia and 5 ha in Castilla y Le\u00f3n.   <\/p>\n","protected":false},"featured_media":97873552,"parent":0,"template":"","meta":{"_acf_changed":false},"financiaci_n":[714],"lineas_actuacion_tematicas":[654],"class_list":["post-97873555","proyecto_feder","type-proyecto_feder","status-publish","has-post-thumbnail","hentry","financiaci_n-european-regional-development-fund","lineas_actuacion_tematicas-terrestrial-ecosystems"],"acf":[],"yoast_head":"<!-- This site is optimized with the Yoast SEO plugin v26.9 - https:\/\/yoast.com\/product\/yoast-seo-wordpress\/ -->\n<title>BIOTER-LAB. Circular Bioeconomy Laboratory in Rural Territories through the Valorization of Agroforestry Resources. - Fundaci\u00f3n Biodiversidad<\/title>\n<meta name=\"robots\" content=\"index, follow, max-snippet:-1, max-image-preview:large, max-video-preview:-1\" \/>\n<link rel=\"canonical\" href=\"https:\/\/fundacion-biodiversidad.es\/en\/proyecto_feder\/bioter-lab-circular-bioeconomy-laboratory-in-rural-territories-through-the-valorization-of-agroforestry-resources\/\" \/>\n<meta property=\"og:locale\" content=\"en_US\" \/>\n<meta property=\"og:type\" content=\"article\" \/>\n<meta property=\"og:title\" content=\"BIOTER-LAB. Circular Bioeconomy Laboratory in Rural Territories through the Valorization of Agroforestry Resources. - Fundaci\u00f3n Biodiversidad\" \/>\n<meta property=\"og:description\" content=\"The project aims to create an interregional circular bioeconomy laboratory to valorise low-value agroforestry resources (especially scrubland) and reduce the risk of fires, improving biodiversity [&hellip;]\" \/>\n<meta property=\"og:url\" content=\"https:\/\/fundacion-biodiversidad.es\/en\/proyecto_feder\/bioter-lab-circular-bioeconomy-laboratory-in-rural-territories-through-the-valorization-of-agroforestry-resources\/\" \/>\n<meta property=\"og:site_name\" content=\"Fundaci\u00f3n Biodiversidad\" \/>\n<meta property=\"article:modified_time\" content=\"2026-04-08T13:43:47+00:00\" \/>\n<meta property=\"og:image\" content=\"https:\/\/fundacion-biodiversidad.es\/wp-content\/uploads\/2026\/03\/BIOTER-LAB-RRSS-FEDER_1200x628-1024x536.png\" \/>\n<meta name=\"twitter:card\" content=\"summary_large_image\" \/>\n<meta name=\"twitter:image\" content=\"https:\/\/fundacion-biodiversidad.es\/wp-content\/uploads\/2026\/03\/BIOTER-LAB-RRSS-FEDER_1200x628-1024x536.png\" \/>\n<meta name=\"twitter:label1\" content=\"Est. reading time\" \/>\n\t<meta name=\"twitter:data1\" content=\"1 minute\" \/>\n<script type=\"application\/ld+json\" class=\"yoast-schema-graph\">{\"@context\":\"https:\/\/schema.org\",\"@graph\":[{\"@type\":\"WebPage\",\"@id\":\"https:\/\/fundacion-biodiversidad.es\/en\/proyecto_feder\/bioter-lab-circular-bioeconomy-laboratory-in-rural-territories-through-the-valorization-of-agroforestry-resources\/\",\"url\":\"https:\/\/fundacion-biodiversidad.es\/en\/proyecto_feder\/bioter-lab-circular-bioeconomy-laboratory-in-rural-territories-through-the-valorization-of-agroforestry-resources\/\",\"name\":\"BIOTER-LAB. Circular Bioeconomy Laboratory in Rural Territories through the Valorization of Agroforestry Resources. - Fundaci\u00f3n Biodiversidad\",\"isPartOf\":{\"@id\":\"https:\/\/fundacion-biodiversidad.es\/en\/#website\"},\"primaryImageOfPage\":{\"@id\":\"https:\/\/fundacion-biodiversidad.es\/en\/proyecto_feder\/bioter-lab-circular-bioeconomy-laboratory-in-rural-territories-through-the-valorization-of-agroforestry-resources\/#primaryimage\"},\"image\":{\"@id\":\"https:\/\/fundacion-biodiversidad.es\/en\/proyecto_feder\/bioter-lab-circular-bioeconomy-laboratory-in-rural-territories-through-the-valorization-of-agroforestry-resources\/#primaryimage\"},\"thumbnailUrl\":\"https:\/\/fundacion-biodiversidad.es\/wp-content\/uploads\/2026\/03\/BIOTER-LAB-RRSS-FEDER.png\",\"datePublished\":\"2026-03-30T10:34:12+00:00\",\"dateModified\":\"2026-04-08T13:43:47+00:00\",\"breadcrumb\":{\"@id\":\"https:\/\/fundacion-biodiversidad.es\/en\/proyecto_feder\/bioter-lab-circular-bioeconomy-laboratory-in-rural-territories-through-the-valorization-of-agroforestry-resources\/#breadcrumb\"},\"inLanguage\":\"en-US\",\"potentialAction\":[{\"@type\":\"ReadAction\",\"target\":[\"https:\/\/fundacion-biodiversidad.es\/en\/proyecto_feder\/bioter-lab-circular-bioeconomy-laboratory-in-rural-territories-through-the-valorization-of-agroforestry-resources\/\"]}]},{\"@type\":\"ImageObject\",\"inLanguage\":\"en-US\",\"@id\":\"https:\/\/fundacion-biodiversidad.es\/en\/proyecto_feder\/bioter-lab-circular-bioeconomy-laboratory-in-rural-territories-through-the-valorization-of-agroforestry-resources\/#primaryimage\",\"url\":\"https:\/\/fundacion-biodiversidad.es\/wp-content\/uploads\/2026\/03\/BIOTER-LAB-RRSS-FEDER.png\",\"contentUrl\":\"https:\/\/fundacion-biodiversidad.es\/wp-content\/uploads\/2026\/03\/BIOTER-LAB-RRSS-FEDER.png\",\"width\":1100,\"height\":1100},{\"@type\":\"BreadcrumbList\",\"@id\":\"https:\/\/fundacion-biodiversidad.es\/en\/proyecto_feder\/bioter-lab-circular-bioeconomy-laboratory-in-rural-territories-through-the-valorization-of-agroforestry-resources\/#breadcrumb\",\"itemListElement\":[{\"@type\":\"ListItem\",\"position\":1,\"name\":\"Portada\",\"item\":\"https:\/\/fundacion-biodiversidad.es\/en\/inicio\/\"},{\"@type\":\"ListItem\",\"position\":2,\"name\":\"ERDF Projects\",\"item\":\"https:\/\/fundacion-biodiversidad.es\/en\/proyecto_feder\/\"},{\"@type\":\"ListItem\",\"position\":3,\"name\":\"BIOTER-LAB. Circular Bioeconomy Laboratory in Rural Territories through the Valorization of Agroforestry Resources.\"}]},{\"@type\":\"WebSite\",\"@id\":\"https:\/\/fundacion-biodiversidad.es\/en\/#website\",\"url\":\"https:\/\/fundacion-biodiversidad.es\/en\/\",\"name\":\"Fundaci\u00f3n Biodiversidad\",\"description\":\"Fundaci\u00f3n p\u00fablica adscrita al Ministerio para la Transici\u00f3n Ecol\u00f3gica\",\"potentialAction\":[{\"@type\":\"SearchAction\",\"target\":{\"@type\":\"EntryPoint\",\"urlTemplate\":\"https:\/\/fundacion-biodiversidad.es\/en\/?s={search_term_string}\"},\"query-input\":{\"@type\":\"PropertyValueSpecification\",\"valueRequired\":true,\"valueName\":\"search_term_string\"}}],\"inLanguage\":\"en-US\"}]}<\/script>\n<!-- \/ Yoast SEO plugin. -->","yoast_head_json":{"title":"BIOTER-LAB. Circular Bioeconomy Laboratory in Rural Territories through the Valorization of Agroforestry Resources. - Fundaci\u00f3n Biodiversidad","robots":{"index":"index","follow":"follow","max-snippet":"max-snippet:-1","max-image-preview":"max-image-preview:large","max-video-preview":"max-video-preview:-1"},"canonical":"https:\/\/fundacion-biodiversidad.es\/en\/proyecto_feder\/bioter-lab-circular-bioeconomy-laboratory-in-rural-territories-through-the-valorization-of-agroforestry-resources\/","og_locale":"en_US","og_type":"article","og_title":"BIOTER-LAB. Circular Bioeconomy Laboratory in Rural Territories through the Valorization of Agroforestry Resources. - Fundaci\u00f3n Biodiversidad","og_description":"The project aims to create an interregional circular bioeconomy laboratory to valorise low-value agroforestry resources (especially scrubland) and reduce the risk of fires, improving biodiversity [&hellip;]","og_url":"https:\/\/fundacion-biodiversidad.es\/en\/proyecto_feder\/bioter-lab-circular-bioeconomy-laboratory-in-rural-territories-through-the-valorization-of-agroforestry-resources\/","og_site_name":"Fundaci\u00f3n Biodiversidad","article_modified_time":"2026-04-08T13:43:47+00:00","og_image":[{"url":"https:\/\/fundacion-biodiversidad.es\/wp-content\/uploads\/2026\/03\/BIOTER-LAB-RRSS-FEDER_1200x628-1024x536.png","type":"","width":"","height":""}],"twitter_card":"summary_large_image","twitter_image":"https:\/\/fundacion-biodiversidad.es\/wp-content\/uploads\/2026\/03\/BIOTER-LAB-RRSS-FEDER_1200x628-1024x536.png","twitter_misc":{"Est. reading time":"1 minute"},"schema":{"@context":"https:\/\/schema.org","@graph":[{"@type":"WebPage","@id":"https:\/\/fundacion-biodiversidad.es\/en\/proyecto_feder\/bioter-lab-circular-bioeconomy-laboratory-in-rural-territories-through-the-valorization-of-agroforestry-resources\/","url":"https:\/\/fundacion-biodiversidad.es\/en\/proyecto_feder\/bioter-lab-circular-bioeconomy-laboratory-in-rural-territories-through-the-valorization-of-agroforestry-resources\/","name":"BIOTER-LAB. Circular Bioeconomy Laboratory in Rural Territories through the Valorization of Agroforestry Resources. - Fundaci\u00f3n Biodiversidad","isPartOf":{"@id":"https:\/\/fundacion-biodiversidad.es\/en\/#website"},"primaryImageOfPage":{"@id":"https:\/\/fundacion-biodiversidad.es\/en\/proyecto_feder\/bioter-lab-circular-bioeconomy-laboratory-in-rural-territories-through-the-valorization-of-agroforestry-resources\/#primaryimage"},"image":{"@id":"https:\/\/fundacion-biodiversidad.es\/en\/proyecto_feder\/bioter-lab-circular-bioeconomy-laboratory-in-rural-territories-through-the-valorization-of-agroforestry-resources\/#primaryimage"},"thumbnailUrl":"https:\/\/fundacion-biodiversidad.es\/wp-content\/uploads\/2026\/03\/BIOTER-LAB-RRSS-FEDER.png","datePublished":"2026-03-30T10:34:12+00:00","dateModified":"2026-04-08T13:43:47+00:00","breadcrumb":{"@id":"https:\/\/fundacion-biodiversidad.es\/en\/proyecto_feder\/bioter-lab-circular-bioeconomy-laboratory-in-rural-territories-through-the-valorization-of-agroforestry-resources\/#breadcrumb"},"inLanguage":"en-US","potentialAction":[{"@type":"ReadAction","target":["https:\/\/fundacion-biodiversidad.es\/en\/proyecto_feder\/bioter-lab-circular-bioeconomy-laboratory-in-rural-territories-through-the-valorization-of-agroforestry-resources\/"]}]},{"@type":"ImageObject","inLanguage":"en-US","@id":"https:\/\/fundacion-biodiversidad.es\/en\/proyecto_feder\/bioter-lab-circular-bioeconomy-laboratory-in-rural-territories-through-the-valorization-of-agroforestry-resources\/#primaryimage","url":"https:\/\/fundacion-biodiversidad.es\/wp-content\/uploads\/2026\/03\/BIOTER-LAB-RRSS-FEDER.png","contentUrl":"https:\/\/fundacion-biodiversidad.es\/wp-content\/uploads\/2026\/03\/BIOTER-LAB-RRSS-FEDER.png","width":1100,"height":1100},{"@type":"BreadcrumbList","@id":"https:\/\/fundacion-biodiversidad.es\/en\/proyecto_feder\/bioter-lab-circular-bioeconomy-laboratory-in-rural-territories-through-the-valorization-of-agroforestry-resources\/#breadcrumb","itemListElement":[{"@type":"ListItem","position":1,"name":"Portada","item":"https:\/\/fundacion-biodiversidad.es\/en\/inicio\/"},{"@type":"ListItem","position":2,"name":"ERDF Projects","item":"https:\/\/fundacion-biodiversidad.es\/en\/proyecto_feder\/"},{"@type":"ListItem","position":3,"name":"BIOTER-LAB. Circular Bioeconomy Laboratory in Rural Territories through the Valorization of Agroforestry Resources."}]},{"@type":"WebSite","@id":"https:\/\/fundacion-biodiversidad.es\/en\/#website","url":"https:\/\/fundacion-biodiversidad.es\/en\/","name":"Fundaci\u00f3n Biodiversidad","description":"Fundaci\u00f3n p\u00fablica adscrita al Ministerio para la Transici\u00f3n Ecol\u00f3gica","potentialAction":[{"@type":"SearchAction","target":{"@type":"EntryPoint","urlTemplate":"https:\/\/fundacion-biodiversidad.es\/en\/?s={search_term_string}"},"query-input":{"@type":"PropertyValueSpecification","valueRequired":true,"valueName":"search_term_string"}}],"inLanguage":"en-US"}]}},"_links":{"self":[{"href":"https:\/\/fundacion-biodiversidad.es\/en\/wp-json\/wp\/v2\/proyecto_feder\/97873555","targetHints":{"allow":["GET"]}}],"collection":[{"href":"https:\/\/fundacion-biodiversidad.es\/en\/wp-json\/wp\/v2\/proyecto_feder"}],"about":[{"href":"https:\/\/fundacion-biodiversidad.es\/en\/wp-json\/wp\/v2\/types\/proyecto_feder"}],"wp:featuredmedia":[{"embeddable":true,"href":"https:\/\/fundacion-biodiversidad.es\/en\/wp-json\/wp\/v2\/media\/97873552"}],"wp:attachment":[{"href":"https:\/\/fundacion-biodiversidad.es\/en\/wp-json\/wp\/v2\/media?parent=97873555"}],"wp:term":[{"taxonomy":"financiaci_n","embeddable":true,"href":"https:\/\/fundacion-biodiversidad.es\/en\/wp-json\/wp\/v2\/financiaci_n?post=97873555"},{"taxonomy":"lineas_actuacion_tematicas","embeddable":true,"href":"https:\/\/fundacion-biodiversidad.es\/en\/wp-json\/wp\/v2\/lineas_actuacion_tematicas?post=97873555"}],"curies":[{"name":"wp","href":"https:\/\/api.w.org\/{rel}","templated":true}]}}

<p>The project aims to create an interregional circular bioeconomy laboratory to valorise low-value agroforestry resources (especially scrubland) and reduce the risk of fires, improving biodiversity and rural economic activity. To this end, it carries out a territorial analysis by region with biodiversity censuses and will select 6 pilot areas where it will carry out preventive silvicultural work and biomass extraction with animal traction and light machinery. In addition, it promotes the valorisation of biomass in biocomposites, biochar and extracts for feed and biofertilisers, with validation with companies and semi-industrial pelletisation (300 kg/h), incorporating Life Cycle Analysis and a dissemination plan with more than 10 days. All this is intended to achieve results related to innovation, fire prevention and forest management of 50 ha pilot in Cantabria, 5 ha in Galicia and 5 ha in Castilla y León.   </p>

<!-- This site is optimized with the Yoast SEO plugin v26.9 - https://yoast.com/product/yoast-seo-wordpress/ -->
<title>BIOTER-LAB. Circular Bioeconomy Laboratory in Rural Territories through the Valorization of Agroforestry Resources. - Fundación Biodiversidad</title>
<meta name="robots" content="index, follow, max-snippet:-1, max-image-preview:large, max-video-preview:-1" />
<link rel="canonical" href="https://fundacion-biodiversidad.es/en/proyecto_feder/bioter-lab-circular-bioeconomy-laboratory-in-rural-territories-through-the-valorization-of-agroforestry-resources/" />
<meta property="og:locale" content="en_US" />
<meta property="og:type" content="article" />
<meta property="og:title" content="BIOTER-LAB. Circular Bioeconomy Laboratory in Rural Territories through the Valorization of Agroforestry Resources. - Fundación Biodiversidad" />
<meta property="og:description" content="The project aims to create an interregional circular bioeconomy laboratory to valorise low-value agroforestry resources (especially scrubland) and reduce the risk of fires, improving biodiversity [&hellip;]" />
<meta property="og:url" content="https://fundacion-biodiversidad.es/en/proyecto_feder/bioter-lab-circular-bioeconomy-laboratory-in-rural-territories-through-the-valorization-of-agroforestry-resources/" />
<meta property="og:site_name" content="Fundación Biodiversidad" />
<meta property="article:modified_time" content="2026-04-08T13:43:47+00:00" />
<meta property="og:image" content="https://fundacion-biodiversidad.es/wp-content/uploads/2026/03/BIOTER-LAB-RRSS-FEDER_1200x628-1024x536.png" />
<meta name="twitter:card" content="summary_large_image" />
<meta name="twitter:image" content="https://fundacion-biodiversidad.es/wp-content/uploads/2026/03/BIOTER-LAB-RRSS-FEDER_1200x628-1024x536.png" />
<meta name="twitter:label1" content="Est. reading time" />
	<meta name="twitter:data1" content="1 minute" />
<script type="application/ld+json" class="yoast-schema-graph">{"@context":"https://schema.org","@graph":[{"@type":"WebPage","@id":"https://fundacion-biodiversidad.es/en/proyecto_feder/bioter-lab-circular-bioeconomy-laboratory-in-rural-territories-through-the-valorization-of-agroforestry-resources/","url":"https://fundacion-biodiversidad.es/en/proyecto_feder/bioter-lab-circular-bioeconomy-laboratory-in-rural-territories-through-the-valorization-of-agroforestry-resources/","name":"BIOTER-LAB. Circular Bioeconomy Laboratory in Rural Territories through the Valorization of Agroforestry Resources. - Fundación Biodiversidad","isPartOf":{"@id":"https://fundacion-biodiversidad.es/en/#website"},"primaryImageOfPage":{"@id":"https://fundacion-biodiversidad.es/en/proyecto_feder/bioter-lab-circular-bioeconomy-laboratory-in-rural-territories-through-the-valorization-of-agroforestry-resources/#primaryimage"},"image":{"@id":"https://fundacion-biodiversidad.es/en/proyecto_feder/bioter-lab-circular-bioeconomy-laboratory-in-rural-territories-through-the-valorization-of-agroforestry-resources/#primaryimage"},"thumbnailUrl":"https://fundacion-biodiversidad.es/wp-content/uploads/2026/03/BIOTER-LAB-RRSS-FEDER.png","datePublished":"2026-03-30T10:34:12+00:00","dateModified":"2026-04-08T13:43:47+00:00","breadcrumb":{"@id":"https://fundacion-biodiversidad.es/en/proyecto_feder/bioter-lab-circular-bioeconomy-laboratory-in-rural-territories-through-the-valorization-of-agroforestry-resources/#breadcrumb"},"inLanguage":"en-US","potentialAction":[{"@type":"ReadAction","target":["https://fundacion-biodiversidad.es/en/proyecto_feder/bioter-lab-circular-bioeconomy-laboratory-in-rural-territories-through-the-valorization-of-agroforestry-resources/"]}]},{"@type":"ImageObject","inLanguage":"en-US","@id":"https://fundacion-biodiversidad.es/en/proyecto_feder/bioter-lab-circular-bioeconomy-laboratory-in-rural-territories-through-the-valorization-of-agroforestry-resources/#primaryimage","url":"https://fundacion-biodiversidad.es/wp-content/uploads/2026/03/BIOTER-LAB-RRSS-FEDER.png","contentUrl":"https://fundacion-biodiversidad.es/wp-content/uploads/2026/03/BIOTER-LAB-RRSS-FEDER.png","width":1100,"height":1100},{"@type":"BreadcrumbList","@id":"https://fundacion-biodiversidad.es/en/proyecto_feder/bioter-lab-circular-bioeconomy-laboratory-in-rural-territories-through-the-valorization-of-agroforestry-resources/#breadcrumb","itemListElement":[{"@type":"ListItem","position":1,"name":"Portada","item":"https://fundacion-biodiversidad.es/en/inicio/"},{"@type":"ListItem","position":2,"name":"ERDF Projects","item":"https://fundacion-biodiversidad.es/en/proyecto_feder/"},{"@type":"ListItem","position":3,"name":"BIOTER-LAB. Circular Bioeconomy Laboratory in Rural Territories through the Valorization of Agroforestry Resources."}]},{"@type":"WebSite","@id":"https://fundacion-biodiversidad.es/en/#website","url":"https://fundacion-biodiversidad.es/en/","name":"Fundación Biodiversidad","description":"Fundación pública adscrita al Ministerio para la Transición Ecológica","potentialAction":[{"@type":"SearchAction","target":{"@type":"EntryPoint","urlTemplate":"https://fundacion-biodiversidad.es/en/?s={search_term_string}"},"query-input":{"@type":"PropertyValueSpecification","valueRequired":true,"valueName":"search_term_string"}}],"inLanguage":"en-US"}]}</script>
<!-- / Yoast SEO plugin. -->

BIOTER-LAB. Circular Bioeconomy Laboratory in Rural Territories through the Valorization of Agroforestry Resources. - Fundación Biodiversidad

Fundación Biodiversidad

Fundación pública adscrita al Ministerio para la Transición Ecológica
