{"id":97873588,"date":"2026-03-30T13:13:57","date_gmt":"2026-03-30T11:13:57","guid":{"rendered":"https:\/\/fundacion-biodiversidad.es\/proyecto_feder\/transfers-transformation-and-renaturalization-of-transhumance-areas-for-the-sustainability-of-cattle-trails-in-spain\/"},"modified":"2026-03-30T13:13:57","modified_gmt":"2026-03-30T11:13:57","slug":"transfers-transformation-and-renaturalization-of-transhumance-areas-for-the-sustainability-of-cattle-trails-in-spain","status":"publish","type":"proyecto_feder","link":"https:\/\/fundacion-biodiversidad.es\/en\/proyecto_feder\/transfers-transformation-and-renaturalization-of-transhumance-areas-for-the-sustainability-of-cattle-trails-in-spain\/","title":{"rendered":"TRANSFERS. Transformation and renaturalization of transhumance areas for the sustainability of cattle trails in Spain."},"content":{"rendered":"<p>This project works to restore and improve cattle trails nationwide, promoting transhumance as a sustainable practice and encouraging citizen participation. To this end, it carries out a renaturation in 3 pilot areas with forage species (24 ha), shrubs (in 3 km of borders) and shade trees (3 ha), and the installation of 3 smart cisterns and 3 coastal areas. In addition, a Transhumant Office will be established and 3 declarations of interest of transhumant livestock farms are planned. All this is intended to achieve results related to biodiversity conservation (restoration of 10,370 ha and biodiversity monitoring in 29 ha), the transferability of knowledge (200 workshops, an exhibition, 8 popular days) and the promotion of traditional livestock practices through redemption agreements and other types of planned grazing.   <\/p>\n","protected":false},"featured_media":97873584,"parent":0,"template":"","meta":{"_acf_changed":false},"financiaci_n":[714],"lineas_actuacion_tematicas":[654],"class_list":["post-97873588","proyecto_feder","type-proyecto_feder","status-publish","has-post-thumbnail","hentry","financiaci_n-european-regional-development-fund","lineas_actuacion_tematicas-terrestrial-ecosystems"],"acf":[],"yoast_head":"<!-- This site is optimized with the Yoast SEO plugin v26.9 - https:\/\/yoast.com\/product\/yoast-seo-wordpress\/ -->\n<title>TRANSFERS. Transformation and renaturalization of transhumance areas for the sustainability of cattle trails in Spain. - Fundaci\u00f3n Biodiversidad<\/title>\n<meta name=\"robots\" content=\"index, follow, max-snippet:-1, max-image-preview:large, max-video-preview:-1\" \/>\n<link rel=\"canonical\" href=\"https:\/\/fundacion-biodiversidad.es\/en\/proyecto_feder\/transfers-transformation-and-renaturalization-of-transhumance-areas-for-the-sustainability-of-cattle-trails-in-spain\/\" \/>\n<meta property=\"og:locale\" content=\"en_US\" \/>\n<meta property=\"og:type\" content=\"article\" \/>\n<meta property=\"og:title\" content=\"TRANSFERS. Transformation and renaturalization of transhumance areas for the sustainability of cattle trails in Spain. - Fundaci\u00f3n Biodiversidad\" \/>\n<meta property=\"og:description\" content=\"This project works to restore and improve cattle trails nationwide, promoting transhumance as a sustainable practice and encouraging citizen participation. To this end, it carries [&hellip;]\" \/>\n<meta property=\"og:url\" content=\"https:\/\/fundacion-biodiversidad.es\/en\/proyecto_feder\/transfers-transformation-and-renaturalization-of-transhumance-areas-for-the-sustainability-of-cattle-trails-in-spain\/\" \/>\n<meta property=\"og:site_name\" content=\"Fundaci\u00f3n Biodiversidad\" \/>\n<meta property=\"og:image\" content=\"https:\/\/fundacion-biodiversidad.es\/wp-content\/uploads\/2026\/03\/TRASVIAS-RRSS-FEDER_1200x628-1024x536.png\" \/>\n<meta name=\"twitter:card\" content=\"summary_large_image\" \/>\n<meta name=\"twitter:image\" content=\"https:\/\/fundacion-biodiversidad.es\/wp-content\/uploads\/2026\/03\/TRASVIAS-RRSS-FEDER_1200x628-1024x536.png\" \/>\n<meta name=\"twitter:label1\" content=\"Est. reading time\" \/>\n\t<meta name=\"twitter:data1\" content=\"1 minute\" \/>\n<script type=\"application\/ld+json\" class=\"yoast-schema-graph\">{\"@context\":\"https:\/\/schema.org\",\"@graph\":[{\"@type\":\"WebPage\",\"@id\":\"https:\/\/fundacion-biodiversidad.es\/en\/proyecto_feder\/transfers-transformation-and-renaturalization-of-transhumance-areas-for-the-sustainability-of-cattle-trails-in-spain\/\",\"url\":\"https:\/\/fundacion-biodiversidad.es\/en\/proyecto_feder\/transfers-transformation-and-renaturalization-of-transhumance-areas-for-the-sustainability-of-cattle-trails-in-spain\/\",\"name\":\"TRANSFERS. Transformation and renaturalization of transhumance areas for the sustainability of cattle trails in Spain. - Fundaci\u00f3n Biodiversidad\",\"isPartOf\":{\"@id\":\"https:\/\/fundacion-biodiversidad.es\/en\/#website\"},\"primaryImageOfPage\":{\"@id\":\"https:\/\/fundacion-biodiversidad.es\/en\/proyecto_feder\/transfers-transformation-and-renaturalization-of-transhumance-areas-for-the-sustainability-of-cattle-trails-in-spain\/#primaryimage\"},\"image\":{\"@id\":\"https:\/\/fundacion-biodiversidad.es\/en\/proyecto_feder\/transfers-transformation-and-renaturalization-of-transhumance-areas-for-the-sustainability-of-cattle-trails-in-spain\/#primaryimage\"},\"thumbnailUrl\":\"https:\/\/fundacion-biodiversidad.es\/wp-content\/uploads\/2026\/03\/TRASVIAS-RRSS-FEDER.png\",\"datePublished\":\"2026-03-30T11:13:57+00:00\",\"breadcrumb\":{\"@id\":\"https:\/\/fundacion-biodiversidad.es\/en\/proyecto_feder\/transfers-transformation-and-renaturalization-of-transhumance-areas-for-the-sustainability-of-cattle-trails-in-spain\/#breadcrumb\"},\"inLanguage\":\"en-US\",\"potentialAction\":[{\"@type\":\"ReadAction\",\"target\":[\"https:\/\/fundacion-biodiversidad.es\/en\/proyecto_feder\/transfers-transformation-and-renaturalization-of-transhumance-areas-for-the-sustainability-of-cattle-trails-in-spain\/\"]}]},{\"@type\":\"ImageObject\",\"inLanguage\":\"en-US\",\"@id\":\"https:\/\/fundacion-biodiversidad.es\/en\/proyecto_feder\/transfers-transformation-and-renaturalization-of-transhumance-areas-for-the-sustainability-of-cattle-trails-in-spain\/#primaryimage\",\"url\":\"https:\/\/fundacion-biodiversidad.es\/wp-content\/uploads\/2026\/03\/TRASVIAS-RRSS-FEDER.png\",\"contentUrl\":\"https:\/\/fundacion-biodiversidad.es\/wp-content\/uploads\/2026\/03\/TRASVIAS-RRSS-FEDER.png\",\"width\":1100,\"height\":1100},{\"@type\":\"BreadcrumbList\",\"@id\":\"https:\/\/fundacion-biodiversidad.es\/en\/proyecto_feder\/transfers-transformation-and-renaturalization-of-transhumance-areas-for-the-sustainability-of-cattle-trails-in-spain\/#breadcrumb\",\"itemListElement\":[{\"@type\":\"ListItem\",\"position\":1,\"name\":\"Portada\",\"item\":\"https:\/\/fundacion-biodiversidad.es\/en\/inicio\/\"},{\"@type\":\"ListItem\",\"position\":2,\"name\":\"ERDF Projects\",\"item\":\"https:\/\/fundacion-biodiversidad.es\/en\/proyecto_feder\/\"},{\"@type\":\"ListItem\",\"position\":3,\"name\":\"TRANSFERS. Transformation and renaturalization of transhumance areas for the sustainability of cattle trails in Spain.\"}]},{\"@type\":\"WebSite\",\"@id\":\"https:\/\/fundacion-biodiversidad.es\/en\/#website\",\"url\":\"https:\/\/fundacion-biodiversidad.es\/en\/\",\"name\":\"Fundaci\u00f3n Biodiversidad\",\"description\":\"Fundaci\u00f3n p\u00fablica adscrita al Ministerio para la Transici\u00f3n Ecol\u00f3gica\",\"potentialAction\":[{\"@type\":\"SearchAction\",\"target\":{\"@type\":\"EntryPoint\",\"urlTemplate\":\"https:\/\/fundacion-biodiversidad.es\/en\/?s={search_term_string}\"},\"query-input\":{\"@type\":\"PropertyValueSpecification\",\"valueRequired\":true,\"valueName\":\"search_term_string\"}}],\"inLanguage\":\"en-US\"}]}<\/script>\n<!-- \/ Yoast SEO plugin. -->","yoast_head_json":{"title":"TRANSFERS. Transformation and renaturalization of transhumance areas for the sustainability of cattle trails in Spain. - Fundaci\u00f3n Biodiversidad","robots":{"index":"index","follow":"follow","max-snippet":"max-snippet:-1","max-image-preview":"max-image-preview:large","max-video-preview":"max-video-preview:-1"},"canonical":"https:\/\/fundacion-biodiversidad.es\/en\/proyecto_feder\/transfers-transformation-and-renaturalization-of-transhumance-areas-for-the-sustainability-of-cattle-trails-in-spain\/","og_locale":"en_US","og_type":"article","og_title":"TRANSFERS. Transformation and renaturalization of transhumance areas for the sustainability of cattle trails in Spain. - Fundaci\u00f3n Biodiversidad","og_description":"This project works to restore and improve cattle trails nationwide, promoting transhumance as a sustainable practice and encouraging citizen participation. To this end, it carries [&hellip;]","og_url":"https:\/\/fundacion-biodiversidad.es\/en\/proyecto_feder\/transfers-transformation-and-renaturalization-of-transhumance-areas-for-the-sustainability-of-cattle-trails-in-spain\/","og_site_name":"Fundaci\u00f3n Biodiversidad","og_image":[{"url":"https:\/\/fundacion-biodiversidad.es\/wp-content\/uploads\/2026\/03\/TRASVIAS-RRSS-FEDER_1200x628-1024x536.png","type":"","width":"","height":""}],"twitter_card":"summary_large_image","twitter_image":"https:\/\/fundacion-biodiversidad.es\/wp-content\/uploads\/2026\/03\/TRASVIAS-RRSS-FEDER_1200x628-1024x536.png","twitter_misc":{"Est. reading time":"1 minute"},"schema":{"@context":"https:\/\/schema.org","@graph":[{"@type":"WebPage","@id":"https:\/\/fundacion-biodiversidad.es\/en\/proyecto_feder\/transfers-transformation-and-renaturalization-of-transhumance-areas-for-the-sustainability-of-cattle-trails-in-spain\/","url":"https:\/\/fundacion-biodiversidad.es\/en\/proyecto_feder\/transfers-transformation-and-renaturalization-of-transhumance-areas-for-the-sustainability-of-cattle-trails-in-spain\/","name":"TRANSFERS. Transformation and renaturalization of transhumance areas for the sustainability of cattle trails in Spain. - Fundaci\u00f3n Biodiversidad","isPartOf":{"@id":"https:\/\/fundacion-biodiversidad.es\/en\/#website"},"primaryImageOfPage":{"@id":"https:\/\/fundacion-biodiversidad.es\/en\/proyecto_feder\/transfers-transformation-and-renaturalization-of-transhumance-areas-for-the-sustainability-of-cattle-trails-in-spain\/#primaryimage"},"image":{"@id":"https:\/\/fundacion-biodiversidad.es\/en\/proyecto_feder\/transfers-transformation-and-renaturalization-of-transhumance-areas-for-the-sustainability-of-cattle-trails-in-spain\/#primaryimage"},"thumbnailUrl":"https:\/\/fundacion-biodiversidad.es\/wp-content\/uploads\/2026\/03\/TRASVIAS-RRSS-FEDER.png","datePublished":"2026-03-30T11:13:57+00:00","breadcrumb":{"@id":"https:\/\/fundacion-biodiversidad.es\/en\/proyecto_feder\/transfers-transformation-and-renaturalization-of-transhumance-areas-for-the-sustainability-of-cattle-trails-in-spain\/#breadcrumb"},"inLanguage":"en-US","potentialAction":[{"@type":"ReadAction","target":["https:\/\/fundacion-biodiversidad.es\/en\/proyecto_feder\/transfers-transformation-and-renaturalization-of-transhumance-areas-for-the-sustainability-of-cattle-trails-in-spain\/"]}]},{"@type":"ImageObject","inLanguage":"en-US","@id":"https:\/\/fundacion-biodiversidad.es\/en\/proyecto_feder\/transfers-transformation-and-renaturalization-of-transhumance-areas-for-the-sustainability-of-cattle-trails-in-spain\/#primaryimage","url":"https:\/\/fundacion-biodiversidad.es\/wp-content\/uploads\/2026\/03\/TRASVIAS-RRSS-FEDER.png","contentUrl":"https:\/\/fundacion-biodiversidad.es\/wp-content\/uploads\/2026\/03\/TRASVIAS-RRSS-FEDER.png","width":1100,"height":1100},{"@type":"BreadcrumbList","@id":"https:\/\/fundacion-biodiversidad.es\/en\/proyecto_feder\/transfers-transformation-and-renaturalization-of-transhumance-areas-for-the-sustainability-of-cattle-trails-in-spain\/#breadcrumb","itemListElement":[{"@type":"ListItem","position":1,"name":"Portada","item":"https:\/\/fundacion-biodiversidad.es\/en\/inicio\/"},{"@type":"ListItem","position":2,"name":"ERDF Projects","item":"https:\/\/fundacion-biodiversidad.es\/en\/proyecto_feder\/"},{"@type":"ListItem","position":3,"name":"TRANSFERS. Transformation and renaturalization of transhumance areas for the sustainability of cattle trails in Spain."}]},{"@type":"WebSite","@id":"https:\/\/fundacion-biodiversidad.es\/en\/#website","url":"https:\/\/fundacion-biodiversidad.es\/en\/","name":"Fundaci\u00f3n Biodiversidad","description":"Fundaci\u00f3n p\u00fablica adscrita al Ministerio para la Transici\u00f3n Ecol\u00f3gica","potentialAction":[{"@type":"SearchAction","target":{"@type":"EntryPoint","urlTemplate":"https:\/\/fundacion-biodiversidad.es\/en\/?s={search_term_string}"},"query-input":{"@type":"PropertyValueSpecification","valueRequired":true,"valueName":"search_term_string"}}],"inLanguage":"en-US"}]}},"_links":{"self":[{"href":"https:\/\/fundacion-biodiversidad.es\/en\/wp-json\/wp\/v2\/proyecto_feder\/97873588","targetHints":{"allow":["GET"]}}],"collection":[{"href":"https:\/\/fundacion-biodiversidad.es\/en\/wp-json\/wp\/v2\/proyecto_feder"}],"about":[{"href":"https:\/\/fundacion-biodiversidad.es\/en\/wp-json\/wp\/v2\/types\/proyecto_feder"}],"wp:featuredmedia":[{"embeddable":true,"href":"https:\/\/fundacion-biodiversidad.es\/en\/wp-json\/wp\/v2\/media\/97873584"}],"wp:attachment":[{"href":"https:\/\/fundacion-biodiversidad.es\/en\/wp-json\/wp\/v2\/media?parent=97873588"}],"wp:term":[{"taxonomy":"financiaci_n","embeddable":true,"href":"https:\/\/fundacion-biodiversidad.es\/en\/wp-json\/wp\/v2\/financiaci_n?post=97873588"},{"taxonomy":"lineas_actuacion_tematicas","embeddable":true,"href":"https:\/\/fundacion-biodiversidad.es\/en\/wp-json\/wp\/v2\/lineas_actuacion_tematicas?post=97873588"}],"curies":[{"name":"wp","href":"https:\/\/api.w.org\/{rel}","templated":true}]}}

<!-- This site is optimized with the Yoast SEO plugin v26.9 - https://yoast.com/product/yoast-seo-wordpress/ -->
<title>TRANSFERS. Transformation and renaturalization of transhumance areas for the sustainability of cattle trails in Spain. - Fundación Biodiversidad</title>
<meta name="robots" content="index, follow, max-snippet:-1, max-image-preview:large, max-video-preview:-1" />
<link rel="canonical" href="https://fundacion-biodiversidad.es/en/proyecto_feder/transfers-transformation-and-renaturalization-of-transhumance-areas-for-the-sustainability-of-cattle-trails-in-spain/" />
<meta property="og:locale" content="en_US" />
<meta property="og:type" content="article" />
<meta property="og:title" content="TRANSFERS. Transformation and renaturalization of transhumance areas for the sustainability of cattle trails in Spain. - Fundación Biodiversidad" />
<meta property="og:description" content="This project works to restore and improve cattle trails nationwide, promoting transhumance as a sustainable practice and encouraging citizen participation. To this end, it carries [&hellip;]" />
<meta property="og:url" content="https://fundacion-biodiversidad.es/en/proyecto_feder/transfers-transformation-and-renaturalization-of-transhumance-areas-for-the-sustainability-of-cattle-trails-in-spain/" />
<meta property="og:site_name" content="Fundación Biodiversidad" />
<meta property="og:image" content="https://fundacion-biodiversidad.es/wp-content/uploads/2026/03/TRASVIAS-RRSS-FEDER_1200x628-1024x536.png" />
<meta name="twitter:card" content="summary_large_image" />
<meta name="twitter:image" content="https://fundacion-biodiversidad.es/wp-content/uploads/2026/03/TRASVIAS-RRSS-FEDER_1200x628-1024x536.png" />
<meta name="twitter:label1" content="Est. reading time" />
	<meta name="twitter:data1" content="1 minute" />
<script type="application/ld+json" class="yoast-schema-graph">{"@context":"https://schema.org","@graph":[{"@type":"WebPage","@id":"https://fundacion-biodiversidad.es/en/proyecto_feder/transfers-transformation-and-renaturalization-of-transhumance-areas-for-the-sustainability-of-cattle-trails-in-spain/","url":"https://fundacion-biodiversidad.es/en/proyecto_feder/transfers-transformation-and-renaturalization-of-transhumance-areas-for-the-sustainability-of-cattle-trails-in-spain/","name":"TRANSFERS. Transformation and renaturalization of transhumance areas for the sustainability of cattle trails in Spain. - Fundación Biodiversidad","isPartOf":{"@id":"https://fundacion-biodiversidad.es/en/#website"},"primaryImageOfPage":{"@id":"https://fundacion-biodiversidad.es/en/proyecto_feder/transfers-transformation-and-renaturalization-of-transhumance-areas-for-the-sustainability-of-cattle-trails-in-spain/#primaryimage"},"image":{"@id":"https://fundacion-biodiversidad.es/en/proyecto_feder/transfers-transformation-and-renaturalization-of-transhumance-areas-for-the-sustainability-of-cattle-trails-in-spain/#primaryimage"},"thumbnailUrl":"https://fundacion-biodiversidad.es/wp-content/uploads/2026/03/TRASVIAS-RRSS-FEDER.png","datePublished":"2026-03-30T11:13:57+00:00","breadcrumb":{"@id":"https://fundacion-biodiversidad.es/en/proyecto_feder/transfers-transformation-and-renaturalization-of-transhumance-areas-for-the-sustainability-of-cattle-trails-in-spain/#breadcrumb"},"inLanguage":"en-US","potentialAction":[{"@type":"ReadAction","target":["https://fundacion-biodiversidad.es/en/proyecto_feder/transfers-transformation-and-renaturalization-of-transhumance-areas-for-the-sustainability-of-cattle-trails-in-spain/"]}]},{"@type":"ImageObject","inLanguage":"en-US","@id":"https://fundacion-biodiversidad.es/en/proyecto_feder/transfers-transformation-and-renaturalization-of-transhumance-areas-for-the-sustainability-of-cattle-trails-in-spain/#primaryimage","url":"https://fundacion-biodiversidad.es/wp-content/uploads/2026/03/TRASVIAS-RRSS-FEDER.png","contentUrl":"https://fundacion-biodiversidad.es/wp-content/uploads/2026/03/TRASVIAS-RRSS-FEDER.png","width":1100,"height":1100},{"@type":"BreadcrumbList","@id":"https://fundacion-biodiversidad.es/en/proyecto_feder/transfers-transformation-and-renaturalization-of-transhumance-areas-for-the-sustainability-of-cattle-trails-in-spain/#breadcrumb","itemListElement":[{"@type":"ListItem","position":1,"name":"Portada","item":"https://fundacion-biodiversidad.es/en/inicio/"},{"@type":"ListItem","position":2,"name":"ERDF Projects","item":"https://fundacion-biodiversidad.es/en/proyecto_feder/"},{"@type":"ListItem","position":3,"name":"TRANSFERS. Transformation and renaturalization of transhumance areas for the sustainability of cattle trails in Spain."}]},{"@type":"WebSite","@id":"https://fundacion-biodiversidad.es/en/#website","url":"https://fundacion-biodiversidad.es/en/","name":"Fundación Biodiversidad","description":"Fundación pública adscrita al Ministerio para la Transición Ecológica","potentialAction":[{"@type":"SearchAction","target":{"@type":"EntryPoint","urlTemplate":"https://fundacion-biodiversidad.es/en/?s={search_term_string}"},"query-input":{"@type":"PropertyValueSpecification","valueRequired":true,"valueName":"search_term_string"}}],"inLanguage":"en-US"}]}</script>
<!-- / Yoast SEO plugin. -->

TRANSFERS. Transformation and renaturalization of transhumance areas for the sustainability of cattle trails in Spain. - Fundación Biodiversidad

Fundación Biodiversidad

Fundación pública adscrita al Ministerio para la Transición Ecológica
