{"id":97873597,"date":"2026-03-30T13:41:45","date_gmt":"2026-03-30T11:41:45","guid":{"rendered":"https:\/\/fundacion-biodiversidad.es\/proyecto_feder\/ovihuec-sost-sustainable-development-of-a-public-herd-in-a-mountain-environment-for-replicability\/"},"modified":"2026-03-30T13:41:45","modified_gmt":"2026-03-30T11:41:45","slug":"ovihuec-sost-sustainable-development-of-a-public-herd-in-a-mountain-environment-for-replicability","status":"publish","type":"proyecto_feder","link":"https:\/\/fundacion-biodiversidad.es\/en\/proyecto_feder\/ovihuec-sost-sustainable-development-of-a-public-herd-in-a-mountain-environment-for-replicability\/","title":{"rendered":"OVIHUEC. SOST. Sustainable development of a public herd in a mountain environment for replicability."},"content":{"rendered":"<p>This initiative involves the improvement of the public herd of small ruminants for forest management, created in the OVIHUEC project. DAT (PRTR 2023). To this end, new actions are carried out focused on the optimisation of the herd (through zootechnical parameters) and the technologies used for its management (geolocation collars and virtual fencing) by assessing the impact of grazing on biodiversity and its influence on the reduction of fire risk (refining Life Cycle Analysis tools). With all this, it is intended to achieve results in the field of replicability of the model (with reports and guides for the dissemination of results), 50 ha of forest management and\/or use and ecological restoration, and the creation of 4 jobs, maintaining the employment of the shepherd after the end of the project.  <\/p>\n","protected":false},"featured_media":97873594,"parent":0,"template":"","meta":{"_acf_changed":false},"financiaci_n":[714],"lineas_actuacion_tematicas":[654],"class_list":["post-97873597","proyecto_feder","type-proyecto_feder","status-publish","has-post-thumbnail","hentry","financiaci_n-european-regional-development-fund","lineas_actuacion_tematicas-terrestrial-ecosystems"],"acf":[],"yoast_head":"<!-- This site is optimized with the Yoast SEO plugin v26.9 - https:\/\/yoast.com\/product\/yoast-seo-wordpress\/ -->\n<title>OVIHUEC. SOST. Sustainable development of a public herd in a mountain environment for replicability. - Fundaci\u00f3n Biodiversidad<\/title>\n<meta name=\"robots\" content=\"index, follow, max-snippet:-1, max-image-preview:large, max-video-preview:-1\" \/>\n<link rel=\"canonical\" href=\"https:\/\/fundacion-biodiversidad.es\/en\/proyecto_feder\/ovihuec-sost-sustainable-development-of-a-public-herd-in-a-mountain-environment-for-replicability\/\" \/>\n<meta property=\"og:locale\" content=\"en_US\" \/>\n<meta property=\"og:type\" content=\"article\" \/>\n<meta property=\"og:title\" content=\"OVIHUEC. SOST. Sustainable development of a public herd in a mountain environment for replicability. - Fundaci\u00f3n Biodiversidad\" \/>\n<meta property=\"og:description\" content=\"This initiative involves the improvement of the public herd of small ruminants for forest management, created in the OVIHUEC project. DAT (PRTR 2023). To this [&hellip;]\" \/>\n<meta property=\"og:url\" content=\"https:\/\/fundacion-biodiversidad.es\/en\/proyecto_feder\/ovihuec-sost-sustainable-development-of-a-public-herd-in-a-mountain-environment-for-replicability\/\" \/>\n<meta property=\"og:site_name\" content=\"Fundaci\u00f3n Biodiversidad\" \/>\n<meta property=\"og:image\" content=\"https:\/\/fundacion-biodiversidad.es\/wp-content\/uploads\/2026\/03\/OVIHUEC.SOST-RRSS-FEDER_1200x628-1024x536.png\" \/>\n<meta name=\"twitter:card\" content=\"summary_large_image\" \/>\n<meta name=\"twitter:image\" content=\"https:\/\/fundacion-biodiversidad.es\/wp-content\/uploads\/2026\/03\/OVIHUEC.SOST-RRSS-FEDER_1200x628-1024x536.png\" \/>\n<meta name=\"twitter:label1\" content=\"Est. reading time\" \/>\n\t<meta name=\"twitter:data1\" content=\"1 minute\" \/>\n<script type=\"application\/ld+json\" class=\"yoast-schema-graph\">{\"@context\":\"https:\/\/schema.org\",\"@graph\":[{\"@type\":\"WebPage\",\"@id\":\"https:\/\/fundacion-biodiversidad.es\/en\/proyecto_feder\/ovihuec-sost-sustainable-development-of-a-public-herd-in-a-mountain-environment-for-replicability\/\",\"url\":\"https:\/\/fundacion-biodiversidad.es\/en\/proyecto_feder\/ovihuec-sost-sustainable-development-of-a-public-herd-in-a-mountain-environment-for-replicability\/\",\"name\":\"OVIHUEC. SOST. Sustainable development of a public herd in a mountain environment for replicability. - Fundaci\u00f3n Biodiversidad\",\"isPartOf\":{\"@id\":\"https:\/\/fundacion-biodiversidad.es\/en\/#website\"},\"primaryImageOfPage\":{\"@id\":\"https:\/\/fundacion-biodiversidad.es\/en\/proyecto_feder\/ovihuec-sost-sustainable-development-of-a-public-herd-in-a-mountain-environment-for-replicability\/#primaryimage\"},\"image\":{\"@id\":\"https:\/\/fundacion-biodiversidad.es\/en\/proyecto_feder\/ovihuec-sost-sustainable-development-of-a-public-herd-in-a-mountain-environment-for-replicability\/#primaryimage\"},\"thumbnailUrl\":\"https:\/\/fundacion-biodiversidad.es\/wp-content\/uploads\/2026\/03\/OVIHUEC.SOST-RRSS-FEDER.png\",\"datePublished\":\"2026-03-30T11:41:45+00:00\",\"breadcrumb\":{\"@id\":\"https:\/\/fundacion-biodiversidad.es\/en\/proyecto_feder\/ovihuec-sost-sustainable-development-of-a-public-herd-in-a-mountain-environment-for-replicability\/#breadcrumb\"},\"inLanguage\":\"en-US\",\"potentialAction\":[{\"@type\":\"ReadAction\",\"target\":[\"https:\/\/fundacion-biodiversidad.es\/en\/proyecto_feder\/ovihuec-sost-sustainable-development-of-a-public-herd-in-a-mountain-environment-for-replicability\/\"]}]},{\"@type\":\"ImageObject\",\"inLanguage\":\"en-US\",\"@id\":\"https:\/\/fundacion-biodiversidad.es\/en\/proyecto_feder\/ovihuec-sost-sustainable-development-of-a-public-herd-in-a-mountain-environment-for-replicability\/#primaryimage\",\"url\":\"https:\/\/fundacion-biodiversidad.es\/wp-content\/uploads\/2026\/03\/OVIHUEC.SOST-RRSS-FEDER.png\",\"contentUrl\":\"https:\/\/fundacion-biodiversidad.es\/wp-content\/uploads\/2026\/03\/OVIHUEC.SOST-RRSS-FEDER.png\",\"width\":1100,\"height\":1100},{\"@type\":\"BreadcrumbList\",\"@id\":\"https:\/\/fundacion-biodiversidad.es\/en\/proyecto_feder\/ovihuec-sost-sustainable-development-of-a-public-herd-in-a-mountain-environment-for-replicability\/#breadcrumb\",\"itemListElement\":[{\"@type\":\"ListItem\",\"position\":1,\"name\":\"Portada\",\"item\":\"https:\/\/fundacion-biodiversidad.es\/en\/inicio\/\"},{\"@type\":\"ListItem\",\"position\":2,\"name\":\"ERDF Projects\",\"item\":\"https:\/\/fundacion-biodiversidad.es\/en\/proyecto_feder\/\"},{\"@type\":\"ListItem\",\"position\":3,\"name\":\"OVIHUEC. SOST. Sustainable development of a public herd in a mountain environment for replicability.\"}]},{\"@type\":\"WebSite\",\"@id\":\"https:\/\/fundacion-biodiversidad.es\/en\/#website\",\"url\":\"https:\/\/fundacion-biodiversidad.es\/en\/\",\"name\":\"Fundaci\u00f3n Biodiversidad\",\"description\":\"Fundaci\u00f3n p\u00fablica adscrita al Ministerio para la Transici\u00f3n Ecol\u00f3gica\",\"potentialAction\":[{\"@type\":\"SearchAction\",\"target\":{\"@type\":\"EntryPoint\",\"urlTemplate\":\"https:\/\/fundacion-biodiversidad.es\/en\/?s={search_term_string}\"},\"query-input\":{\"@type\":\"PropertyValueSpecification\",\"valueRequired\":true,\"valueName\":\"search_term_string\"}}],\"inLanguage\":\"en-US\"}]}<\/script>\n<!-- \/ Yoast SEO plugin. -->","yoast_head_json":{"title":"OVIHUEC. SOST. Sustainable development of a public herd in a mountain environment for replicability. - Fundaci\u00f3n Biodiversidad","robots":{"index":"index","follow":"follow","max-snippet":"max-snippet:-1","max-image-preview":"max-image-preview:large","max-video-preview":"max-video-preview:-1"},"canonical":"https:\/\/fundacion-biodiversidad.es\/en\/proyecto_feder\/ovihuec-sost-sustainable-development-of-a-public-herd-in-a-mountain-environment-for-replicability\/","og_locale":"en_US","og_type":"article","og_title":"OVIHUEC. SOST. Sustainable development of a public herd in a mountain environment for replicability. - Fundaci\u00f3n Biodiversidad","og_description":"This initiative involves the improvement of the public herd of small ruminants for forest management, created in the OVIHUEC project. DAT (PRTR 2023). To this [&hellip;]","og_url":"https:\/\/fundacion-biodiversidad.es\/en\/proyecto_feder\/ovihuec-sost-sustainable-development-of-a-public-herd-in-a-mountain-environment-for-replicability\/","og_site_name":"Fundaci\u00f3n Biodiversidad","og_image":[{"url":"https:\/\/fundacion-biodiversidad.es\/wp-content\/uploads\/2026\/03\/OVIHUEC.SOST-RRSS-FEDER_1200x628-1024x536.png","type":"","width":"","height":""}],"twitter_card":"summary_large_image","twitter_image":"https:\/\/fundacion-biodiversidad.es\/wp-content\/uploads\/2026\/03\/OVIHUEC.SOST-RRSS-FEDER_1200x628-1024x536.png","twitter_misc":{"Est. reading time":"1 minute"},"schema":{"@context":"https:\/\/schema.org","@graph":[{"@type":"WebPage","@id":"https:\/\/fundacion-biodiversidad.es\/en\/proyecto_feder\/ovihuec-sost-sustainable-development-of-a-public-herd-in-a-mountain-environment-for-replicability\/","url":"https:\/\/fundacion-biodiversidad.es\/en\/proyecto_feder\/ovihuec-sost-sustainable-development-of-a-public-herd-in-a-mountain-environment-for-replicability\/","name":"OVIHUEC. SOST. Sustainable development of a public herd in a mountain environment for replicability. - Fundaci\u00f3n Biodiversidad","isPartOf":{"@id":"https:\/\/fundacion-biodiversidad.es\/en\/#website"},"primaryImageOfPage":{"@id":"https:\/\/fundacion-biodiversidad.es\/en\/proyecto_feder\/ovihuec-sost-sustainable-development-of-a-public-herd-in-a-mountain-environment-for-replicability\/#primaryimage"},"image":{"@id":"https:\/\/fundacion-biodiversidad.es\/en\/proyecto_feder\/ovihuec-sost-sustainable-development-of-a-public-herd-in-a-mountain-environment-for-replicability\/#primaryimage"},"thumbnailUrl":"https:\/\/fundacion-biodiversidad.es\/wp-content\/uploads\/2026\/03\/OVIHUEC.SOST-RRSS-FEDER.png","datePublished":"2026-03-30T11:41:45+00:00","breadcrumb":{"@id":"https:\/\/fundacion-biodiversidad.es\/en\/proyecto_feder\/ovihuec-sost-sustainable-development-of-a-public-herd-in-a-mountain-environment-for-replicability\/#breadcrumb"},"inLanguage":"en-US","potentialAction":[{"@type":"ReadAction","target":["https:\/\/fundacion-biodiversidad.es\/en\/proyecto_feder\/ovihuec-sost-sustainable-development-of-a-public-herd-in-a-mountain-environment-for-replicability\/"]}]},{"@type":"ImageObject","inLanguage":"en-US","@id":"https:\/\/fundacion-biodiversidad.es\/en\/proyecto_feder\/ovihuec-sost-sustainable-development-of-a-public-herd-in-a-mountain-environment-for-replicability\/#primaryimage","url":"https:\/\/fundacion-biodiversidad.es\/wp-content\/uploads\/2026\/03\/OVIHUEC.SOST-RRSS-FEDER.png","contentUrl":"https:\/\/fundacion-biodiversidad.es\/wp-content\/uploads\/2026\/03\/OVIHUEC.SOST-RRSS-FEDER.png","width":1100,"height":1100},{"@type":"BreadcrumbList","@id":"https:\/\/fundacion-biodiversidad.es\/en\/proyecto_feder\/ovihuec-sost-sustainable-development-of-a-public-herd-in-a-mountain-environment-for-replicability\/#breadcrumb","itemListElement":[{"@type":"ListItem","position":1,"name":"Portada","item":"https:\/\/fundacion-biodiversidad.es\/en\/inicio\/"},{"@type":"ListItem","position":2,"name":"ERDF Projects","item":"https:\/\/fundacion-biodiversidad.es\/en\/proyecto_feder\/"},{"@type":"ListItem","position":3,"name":"OVIHUEC. SOST. Sustainable development of a public herd in a mountain environment for replicability."}]},{"@type":"WebSite","@id":"https:\/\/fundacion-biodiversidad.es\/en\/#website","url":"https:\/\/fundacion-biodiversidad.es\/en\/","name":"Fundaci\u00f3n Biodiversidad","description":"Fundaci\u00f3n p\u00fablica adscrita al Ministerio para la Transici\u00f3n Ecol\u00f3gica","potentialAction":[{"@type":"SearchAction","target":{"@type":"EntryPoint","urlTemplate":"https:\/\/fundacion-biodiversidad.es\/en\/?s={search_term_string}"},"query-input":{"@type":"PropertyValueSpecification","valueRequired":true,"valueName":"search_term_string"}}],"inLanguage":"en-US"}]}},"_links":{"self":[{"href":"https:\/\/fundacion-biodiversidad.es\/en\/wp-json\/wp\/v2\/proyecto_feder\/97873597","targetHints":{"allow":["GET"]}}],"collection":[{"href":"https:\/\/fundacion-biodiversidad.es\/en\/wp-json\/wp\/v2\/proyecto_feder"}],"about":[{"href":"https:\/\/fundacion-biodiversidad.es\/en\/wp-json\/wp\/v2\/types\/proyecto_feder"}],"wp:featuredmedia":[{"embeddable":true,"href":"https:\/\/fundacion-biodiversidad.es\/en\/wp-json\/wp\/v2\/media\/97873594"}],"wp:attachment":[{"href":"https:\/\/fundacion-biodiversidad.es\/en\/wp-json\/wp\/v2\/media?parent=97873597"}],"wp:term":[{"taxonomy":"financiaci_n","embeddable":true,"href":"https:\/\/fundacion-biodiversidad.es\/en\/wp-json\/wp\/v2\/financiaci_n?post=97873597"},{"taxonomy":"lineas_actuacion_tematicas","embeddable":true,"href":"https:\/\/fundacion-biodiversidad.es\/en\/wp-json\/wp\/v2\/lineas_actuacion_tematicas?post=97873597"}],"curies":[{"name":"wp","href":"https:\/\/api.w.org\/{rel}","templated":true}]}}

<!-- This site is optimized with the Yoast SEO plugin v26.9 - https://yoast.com/product/yoast-seo-wordpress/ -->
<title>OVIHUEC. SOST. Sustainable development of a public herd in a mountain environment for replicability. - Fundación Biodiversidad</title>
<meta name="robots" content="index, follow, max-snippet:-1, max-image-preview:large, max-video-preview:-1" />
<link rel="canonical" href="https://fundacion-biodiversidad.es/en/proyecto_feder/ovihuec-sost-sustainable-development-of-a-public-herd-in-a-mountain-environment-for-replicability/" />
<meta property="og:locale" content="en_US" />
<meta property="og:type" content="article" />
<meta property="og:title" content="OVIHUEC. SOST. Sustainable development of a public herd in a mountain environment for replicability. - Fundación Biodiversidad" />
<meta property="og:description" content="This initiative involves the improvement of the public herd of small ruminants for forest management, created in the OVIHUEC project. DAT (PRTR 2023). To this [&hellip;]" />
<meta property="og:url" content="https://fundacion-biodiversidad.es/en/proyecto_feder/ovihuec-sost-sustainable-development-of-a-public-herd-in-a-mountain-environment-for-replicability/" />
<meta property="og:site_name" content="Fundación Biodiversidad" />
<meta property="og:image" content="https://fundacion-biodiversidad.es/wp-content/uploads/2026/03/OVIHUEC.SOST-RRSS-FEDER_1200x628-1024x536.png" />
<meta name="twitter:card" content="summary_large_image" />
<meta name="twitter:image" content="https://fundacion-biodiversidad.es/wp-content/uploads/2026/03/OVIHUEC.SOST-RRSS-FEDER_1200x628-1024x536.png" />
<meta name="twitter:label1" content="Est. reading time" />
	<meta name="twitter:data1" content="1 minute" />
<script type="application/ld+json" class="yoast-schema-graph">{"@context":"https://schema.org","@graph":[{"@type":"WebPage","@id":"https://fundacion-biodiversidad.es/en/proyecto_feder/ovihuec-sost-sustainable-development-of-a-public-herd-in-a-mountain-environment-for-replicability/","url":"https://fundacion-biodiversidad.es/en/proyecto_feder/ovihuec-sost-sustainable-development-of-a-public-herd-in-a-mountain-environment-for-replicability/","name":"OVIHUEC. SOST. Sustainable development of a public herd in a mountain environment for replicability. - Fundación Biodiversidad","isPartOf":{"@id":"https://fundacion-biodiversidad.es/en/#website"},"primaryImageOfPage":{"@id":"https://fundacion-biodiversidad.es/en/proyecto_feder/ovihuec-sost-sustainable-development-of-a-public-herd-in-a-mountain-environment-for-replicability/#primaryimage"},"image":{"@id":"https://fundacion-biodiversidad.es/en/proyecto_feder/ovihuec-sost-sustainable-development-of-a-public-herd-in-a-mountain-environment-for-replicability/#primaryimage"},"thumbnailUrl":"https://fundacion-biodiversidad.es/wp-content/uploads/2026/03/OVIHUEC.SOST-RRSS-FEDER.png","datePublished":"2026-03-30T11:41:45+00:00","breadcrumb":{"@id":"https://fundacion-biodiversidad.es/en/proyecto_feder/ovihuec-sost-sustainable-development-of-a-public-herd-in-a-mountain-environment-for-replicability/#breadcrumb"},"inLanguage":"en-US","potentialAction":[{"@type":"ReadAction","target":["https://fundacion-biodiversidad.es/en/proyecto_feder/ovihuec-sost-sustainable-development-of-a-public-herd-in-a-mountain-environment-for-replicability/"]}]},{"@type":"ImageObject","inLanguage":"en-US","@id":"https://fundacion-biodiversidad.es/en/proyecto_feder/ovihuec-sost-sustainable-development-of-a-public-herd-in-a-mountain-environment-for-replicability/#primaryimage","url":"https://fundacion-biodiversidad.es/wp-content/uploads/2026/03/OVIHUEC.SOST-RRSS-FEDER.png","contentUrl":"https://fundacion-biodiversidad.es/wp-content/uploads/2026/03/OVIHUEC.SOST-RRSS-FEDER.png","width":1100,"height":1100},{"@type":"BreadcrumbList","@id":"https://fundacion-biodiversidad.es/en/proyecto_feder/ovihuec-sost-sustainable-development-of-a-public-herd-in-a-mountain-environment-for-replicability/#breadcrumb","itemListElement":[{"@type":"ListItem","position":1,"name":"Portada","item":"https://fundacion-biodiversidad.es/en/inicio/"},{"@type":"ListItem","position":2,"name":"ERDF Projects","item":"https://fundacion-biodiversidad.es/en/proyecto_feder/"},{"@type":"ListItem","position":3,"name":"OVIHUEC. SOST. Sustainable development of a public herd in a mountain environment for replicability."}]},{"@type":"WebSite","@id":"https://fundacion-biodiversidad.es/en/#website","url":"https://fundacion-biodiversidad.es/en/","name":"Fundación Biodiversidad","description":"Fundación pública adscrita al Ministerio para la Transición Ecológica","potentialAction":[{"@type":"SearchAction","target":{"@type":"EntryPoint","urlTemplate":"https://fundacion-biodiversidad.es/en/?s={search_term_string}"},"query-input":{"@type":"PropertyValueSpecification","valueRequired":true,"valueName":"search_term_string"}}],"inLanguage":"en-US"}]}</script>
<!-- / Yoast SEO plugin. -->

OVIHUEC. SOST. Sustainable development of a public herd in a mountain environment for replicability. - Fundación Biodiversidad

Fundación Biodiversidad

Fundación pública adscrita al Ministerio para la Transición Ecológica
