{"id":97873609,"date":"2026-03-30T15:32:53","date_gmt":"2026-03-30T13:32:53","guid":{"rendered":"https:\/\/fundacion-biodiversidad.es\/proyecto_feder\/bosqueemprende-to-generate-opportunities-for-entrepreneurship-around-the-sustainable-use-of-timber-and-non-timber-forest-resources-in-the-alto-tajo-and-serrania-de-cuenca\/"},"modified":"2026-04-29T13:39:21","modified_gmt":"2026-04-29T11:39:21","slug":"bosqueemprende-to-generate-opportunities-for-entrepreneurship-around-the-sustainable-use-of-timber-and-non-timber-forest-resources-in-the-alto-tajo-and-serrania-de-cuenca","status":"publish","type":"proyecto_feder","link":"https:\/\/fundacion-biodiversidad.es\/en\/proyecto_feder\/bosqueemprende-to-generate-opportunities-for-entrepreneurship-around-the-sustainable-use-of-timber-and-non-timber-forest-resources-in-the-alto-tajo-and-serrania-de-cuenca\/","title":{"rendered":"BosqueEmprende+. To generate opportunities for entrepreneurship around the sustainable use of timber and non-timber forest resources in the Alto Tajo and Serran\u00eda de Cuenca."},"content":{"rendered":"<p>This initiative aims to promote a business incubator to promote entrepreneurship and the use of timber and non-timber resources with shared machinery. To this end, two coworking spaces will be set up with a workshop\/laboratory to transform plant materials. In addition, 24 products will be tested, 3 new companies will be generated, entrepreneurs will be accompanied and trained through 30 workshops, a forestry crew will be hired for biomass management and 4 interpretive routes and an informative tower-viewpoint will be designed. Also noteworthy is the promotion of a model of compensation for ecosystem services and the creation of 600 ha of biodiversity reserves.   <\/p>\n","protected":false},"featured_media":97874359,"parent":0,"template":"","meta":{"_acf_changed":false},"financiaci_n":[714],"lineas_actuacion_tematicas":[654],"class_list":["post-97873609","proyecto_feder","type-proyecto_feder","status-publish","has-post-thumbnail","hentry","financiaci_n-european-regional-development-fund","lineas_actuacion_tematicas-terrestrial-ecosystems"],"acf":[],"yoast_head":"<!-- This site is optimized with the Yoast SEO plugin v26.9 - https:\/\/yoast.com\/product\/yoast-seo-wordpress\/ -->\n<title>BosqueEmprende+. To generate opportunities for entrepreneurship around the sustainable use of timber and non-timber forest resources in the Alto Tajo and Serran\u00eda de Cuenca. - Fundaci\u00f3n Biodiversidad<\/title>\n<meta name=\"robots\" content=\"index, follow, max-snippet:-1, max-image-preview:large, max-video-preview:-1\" \/>\n<link rel=\"canonical\" href=\"https:\/\/fundacion-biodiversidad.es\/en\/proyecto_feder\/bosqueemprende-to-generate-opportunities-for-entrepreneurship-around-the-sustainable-use-of-timber-and-non-timber-forest-resources-in-the-alto-tajo-and-serrania-de-cuenca\/\" \/>\n<meta property=\"og:locale\" content=\"en_US\" \/>\n<meta property=\"og:type\" content=\"article\" \/>\n<meta property=\"og:title\" content=\"BosqueEmprende+. To generate opportunities for entrepreneurship around the sustainable use of timber and non-timber forest resources in the Alto Tajo and Serran\u00eda de Cuenca. - Fundaci\u00f3n Biodiversidad\" \/>\n<meta property=\"og:description\" content=\"This initiative aims to promote a business incubator to promote entrepreneurship and the use of timber and non-timber resources with shared machinery. To this end, [&hellip;]\" \/>\n<meta property=\"og:url\" content=\"https:\/\/fundacion-biodiversidad.es\/en\/proyecto_feder\/bosqueemprende-to-generate-opportunities-for-entrepreneurship-around-the-sustainable-use-of-timber-and-non-timber-forest-resources-in-the-alto-tajo-and-serrania-de-cuenca\/\" \/>\n<meta property=\"og:site_name\" content=\"Fundaci\u00f3n Biodiversidad\" \/>\n<meta property=\"article:modified_time\" content=\"2026-04-29T11:39:21+00:00\" \/>\n<meta property=\"og:image\" content=\"https:\/\/fundacion-biodiversidad.es\/wp-content\/uploads\/2026\/03\/Plantillas-RRSS-FEDER_1200x628-Bosqueemprendeverde-1024x536.png\" \/>\n<meta name=\"twitter:card\" content=\"summary_large_image\" \/>\n<script type=\"application\/ld+json\" class=\"yoast-schema-graph\">{\"@context\":\"https:\/\/schema.org\",\"@graph\":[{\"@type\":\"WebPage\",\"@id\":\"https:\/\/fundacion-biodiversidad.es\/en\/proyecto_feder\/bosqueemprende-to-generate-opportunities-for-entrepreneurship-around-the-sustainable-use-of-timber-and-non-timber-forest-resources-in-the-alto-tajo-and-serrania-de-cuenca\/\",\"url\":\"https:\/\/fundacion-biodiversidad.es\/en\/proyecto_feder\/bosqueemprende-to-generate-opportunities-for-entrepreneurship-around-the-sustainable-use-of-timber-and-non-timber-forest-resources-in-the-alto-tajo-and-serrania-de-cuenca\/\",\"name\":\"BosqueEmprende+. To generate opportunities for entrepreneurship around the sustainable use of timber and non-timber forest resources in the Alto Tajo and Serran\u00eda de Cuenca. - Fundaci\u00f3n Biodiversidad\",\"isPartOf\":{\"@id\":\"https:\/\/fundacion-biodiversidad.es\/en\/#website\"},\"primaryImageOfPage\":{\"@id\":\"https:\/\/fundacion-biodiversidad.es\/en\/proyecto_feder\/bosqueemprende-to-generate-opportunities-for-entrepreneurship-around-the-sustainable-use-of-timber-and-non-timber-forest-resources-in-the-alto-tajo-and-serrania-de-cuenca\/#primaryimage\"},\"image\":{\"@id\":\"https:\/\/fundacion-biodiversidad.es\/en\/proyecto_feder\/bosqueemprende-to-generate-opportunities-for-entrepreneurship-around-the-sustainable-use-of-timber-and-non-timber-forest-resources-in-the-alto-tajo-and-serrania-de-cuenca\/#primaryimage\"},\"thumbnailUrl\":\"https:\/\/fundacion-biodiversidad.es\/wp-content\/uploads\/2026\/03\/Plantillas-RRSS-FEDER-Bosqueemprendeverde.png\",\"datePublished\":\"2026-03-30T13:32:53+00:00\",\"dateModified\":\"2026-04-29T11:39:21+00:00\",\"breadcrumb\":{\"@id\":\"https:\/\/fundacion-biodiversidad.es\/en\/proyecto_feder\/bosqueemprende-to-generate-opportunities-for-entrepreneurship-around-the-sustainable-use-of-timber-and-non-timber-forest-resources-in-the-alto-tajo-and-serrania-de-cuenca\/#breadcrumb\"},\"inLanguage\":\"en-US\",\"potentialAction\":[{\"@type\":\"ReadAction\",\"target\":[\"https:\/\/fundacion-biodiversidad.es\/en\/proyecto_feder\/bosqueemprende-to-generate-opportunities-for-entrepreneurship-around-the-sustainable-use-of-timber-and-non-timber-forest-resources-in-the-alto-tajo-and-serrania-de-cuenca\/\"]}]},{\"@type\":\"ImageObject\",\"inLanguage\":\"en-US\",\"@id\":\"https:\/\/fundacion-biodiversidad.es\/en\/proyecto_feder\/bosqueemprende-to-generate-opportunities-for-entrepreneurship-around-the-sustainable-use-of-timber-and-non-timber-forest-resources-in-the-alto-tajo-and-serrania-de-cuenca\/#primaryimage\",\"url\":\"https:\/\/fundacion-biodiversidad.es\/wp-content\/uploads\/2026\/03\/Plantillas-RRSS-FEDER-Bosqueemprendeverde.png\",\"contentUrl\":\"https:\/\/fundacion-biodiversidad.es\/wp-content\/uploads\/2026\/03\/Plantillas-RRSS-FEDER-Bosqueemprendeverde.png\",\"width\":1100,\"height\":1100},{\"@type\":\"BreadcrumbList\",\"@id\":\"https:\/\/fundacion-biodiversidad.es\/en\/proyecto_feder\/bosqueemprende-to-generate-opportunities-for-entrepreneurship-around-the-sustainable-use-of-timber-and-non-timber-forest-resources-in-the-alto-tajo-and-serrania-de-cuenca\/#breadcrumb\",\"itemListElement\":[{\"@type\":\"ListItem\",\"position\":1,\"name\":\"Portada\",\"item\":\"https:\/\/fundacion-biodiversidad.es\/en\/inicio\/\"},{\"@type\":\"ListItem\",\"position\":2,\"name\":\"ERDF Projects\",\"item\":\"https:\/\/fundacion-biodiversidad.es\/en\/proyecto_feder\/\"},{\"@type\":\"ListItem\",\"position\":3,\"name\":\"BosqueEmprende+. To generate opportunities for entrepreneurship around the sustainable use of timber and non-timber forest resources in the Alto Tajo and Serran\u00eda de Cuenca.\"}]},{\"@type\":\"WebSite\",\"@id\":\"https:\/\/fundacion-biodiversidad.es\/en\/#website\",\"url\":\"https:\/\/fundacion-biodiversidad.es\/en\/\",\"name\":\"Fundaci\u00f3n Biodiversidad\",\"description\":\"Fundaci\u00f3n p\u00fablica adscrita al Ministerio para la Transici\u00f3n Ecol\u00f3gica\",\"potentialAction\":[{\"@type\":\"SearchAction\",\"target\":{\"@type\":\"EntryPoint\",\"urlTemplate\":\"https:\/\/fundacion-biodiversidad.es\/en\/?s={search_term_string}\"},\"query-input\":{\"@type\":\"PropertyValueSpecification\",\"valueRequired\":true,\"valueName\":\"search_term_string\"}}],\"inLanguage\":\"en-US\"}]}<\/script>\n<!-- \/ Yoast SEO plugin. -->","yoast_head_json":{"title":"BosqueEmprende+. To generate opportunities for entrepreneurship around the sustainable use of timber and non-timber forest resources in the Alto Tajo and Serran\u00eda de Cuenca. - Fundaci\u00f3n Biodiversidad","robots":{"index":"index","follow":"follow","max-snippet":"max-snippet:-1","max-image-preview":"max-image-preview:large","max-video-preview":"max-video-preview:-1"},"canonical":"https:\/\/fundacion-biodiversidad.es\/en\/proyecto_feder\/bosqueemprende-to-generate-opportunities-for-entrepreneurship-around-the-sustainable-use-of-timber-and-non-timber-forest-resources-in-the-alto-tajo-and-serrania-de-cuenca\/","og_locale":"en_US","og_type":"article","og_title":"BosqueEmprende+. To generate opportunities for entrepreneurship around the sustainable use of timber and non-timber forest resources in the Alto Tajo and Serran\u00eda de Cuenca. - Fundaci\u00f3n Biodiversidad","og_description":"This initiative aims to promote a business incubator to promote entrepreneurship and the use of timber and non-timber resources with shared machinery. To this end, [&hellip;]","og_url":"https:\/\/fundacion-biodiversidad.es\/en\/proyecto_feder\/bosqueemprende-to-generate-opportunities-for-entrepreneurship-around-the-sustainable-use-of-timber-and-non-timber-forest-resources-in-the-alto-tajo-and-serrania-de-cuenca\/","og_site_name":"Fundaci\u00f3n Biodiversidad","article_modified_time":"2026-04-29T11:39:21+00:00","og_image":[{"url":"https:\/\/fundacion-biodiversidad.es\/wp-content\/uploads\/2026\/03\/Plantillas-RRSS-FEDER_1200x628-Bosqueemprendeverde-1024x536.png","type":"","width":"","height":""}],"twitter_card":"summary_large_image","schema":{"@context":"https:\/\/schema.org","@graph":[{"@type":"WebPage","@id":"https:\/\/fundacion-biodiversidad.es\/en\/proyecto_feder\/bosqueemprende-to-generate-opportunities-for-entrepreneurship-around-the-sustainable-use-of-timber-and-non-timber-forest-resources-in-the-alto-tajo-and-serrania-de-cuenca\/","url":"https:\/\/fundacion-biodiversidad.es\/en\/proyecto_feder\/bosqueemprende-to-generate-opportunities-for-entrepreneurship-around-the-sustainable-use-of-timber-and-non-timber-forest-resources-in-the-alto-tajo-and-serrania-de-cuenca\/","name":"BosqueEmprende+. To generate opportunities for entrepreneurship around the sustainable use of timber and non-timber forest resources in the Alto Tajo and Serran\u00eda de Cuenca. - Fundaci\u00f3n Biodiversidad","isPartOf":{"@id":"https:\/\/fundacion-biodiversidad.es\/en\/#website"},"primaryImageOfPage":{"@id":"https:\/\/fundacion-biodiversidad.es\/en\/proyecto_feder\/bosqueemprende-to-generate-opportunities-for-entrepreneurship-around-the-sustainable-use-of-timber-and-non-timber-forest-resources-in-the-alto-tajo-and-serrania-de-cuenca\/#primaryimage"},"image":{"@id":"https:\/\/fundacion-biodiversidad.es\/en\/proyecto_feder\/bosqueemprende-to-generate-opportunities-for-entrepreneurship-around-the-sustainable-use-of-timber-and-non-timber-forest-resources-in-the-alto-tajo-and-serrania-de-cuenca\/#primaryimage"},"thumbnailUrl":"https:\/\/fundacion-biodiversidad.es\/wp-content\/uploads\/2026\/03\/Plantillas-RRSS-FEDER-Bosqueemprendeverde.png","datePublished":"2026-03-30T13:32:53+00:00","dateModified":"2026-04-29T11:39:21+00:00","breadcrumb":{"@id":"https:\/\/fundacion-biodiversidad.es\/en\/proyecto_feder\/bosqueemprende-to-generate-opportunities-for-entrepreneurship-around-the-sustainable-use-of-timber-and-non-timber-forest-resources-in-the-alto-tajo-and-serrania-de-cuenca\/#breadcrumb"},"inLanguage":"en-US","potentialAction":[{"@type":"ReadAction","target":["https:\/\/fundacion-biodiversidad.es\/en\/proyecto_feder\/bosqueemprende-to-generate-opportunities-for-entrepreneurship-around-the-sustainable-use-of-timber-and-non-timber-forest-resources-in-the-alto-tajo-and-serrania-de-cuenca\/"]}]},{"@type":"ImageObject","inLanguage":"en-US","@id":"https:\/\/fundacion-biodiversidad.es\/en\/proyecto_feder\/bosqueemprende-to-generate-opportunities-for-entrepreneurship-around-the-sustainable-use-of-timber-and-non-timber-forest-resources-in-the-alto-tajo-and-serrania-de-cuenca\/#primaryimage","url":"https:\/\/fundacion-biodiversidad.es\/wp-content\/uploads\/2026\/03\/Plantillas-RRSS-FEDER-Bosqueemprendeverde.png","contentUrl":"https:\/\/fundacion-biodiversidad.es\/wp-content\/uploads\/2026\/03\/Plantillas-RRSS-FEDER-Bosqueemprendeverde.png","width":1100,"height":1100},{"@type":"BreadcrumbList","@id":"https:\/\/fundacion-biodiversidad.es\/en\/proyecto_feder\/bosqueemprende-to-generate-opportunities-for-entrepreneurship-around-the-sustainable-use-of-timber-and-non-timber-forest-resources-in-the-alto-tajo-and-serrania-de-cuenca\/#breadcrumb","itemListElement":[{"@type":"ListItem","position":1,"name":"Portada","item":"https:\/\/fundacion-biodiversidad.es\/en\/inicio\/"},{"@type":"ListItem","position":2,"name":"ERDF Projects","item":"https:\/\/fundacion-biodiversidad.es\/en\/proyecto_feder\/"},{"@type":"ListItem","position":3,"name":"BosqueEmprende+. To generate opportunities for entrepreneurship around the sustainable use of timber and non-timber forest resources in the Alto Tajo and Serran\u00eda de Cuenca."}]},{"@type":"WebSite","@id":"https:\/\/fundacion-biodiversidad.es\/en\/#website","url":"https:\/\/fundacion-biodiversidad.es\/en\/","name":"Fundaci\u00f3n Biodiversidad","description":"Fundaci\u00f3n p\u00fablica adscrita al Ministerio para la Transici\u00f3n Ecol\u00f3gica","potentialAction":[{"@type":"SearchAction","target":{"@type":"EntryPoint","urlTemplate":"https:\/\/fundacion-biodiversidad.es\/en\/?s={search_term_string}"},"query-input":{"@type":"PropertyValueSpecification","valueRequired":true,"valueName":"search_term_string"}}],"inLanguage":"en-US"}]}},"_links":{"self":[{"href":"https:\/\/fundacion-biodiversidad.es\/en\/wp-json\/wp\/v2\/proyecto_feder\/97873609","targetHints":{"allow":["GET"]}}],"collection":[{"href":"https:\/\/fundacion-biodiversidad.es\/en\/wp-json\/wp\/v2\/proyecto_feder"}],"about":[{"href":"https:\/\/fundacion-biodiversidad.es\/en\/wp-json\/wp\/v2\/types\/proyecto_feder"}],"wp:featuredmedia":[{"embeddable":true,"href":"https:\/\/fundacion-biodiversidad.es\/en\/wp-json\/wp\/v2\/media\/97874359"}],"wp:attachment":[{"href":"https:\/\/fundacion-biodiversidad.es\/en\/wp-json\/wp\/v2\/media?parent=97873609"}],"wp:term":[{"taxonomy":"financiaci_n","embeddable":true,"href":"https:\/\/fundacion-biodiversidad.es\/en\/wp-json\/wp\/v2\/financiaci_n?post=97873609"},{"taxonomy":"lineas_actuacion_tematicas","embeddable":true,"href":"https:\/\/fundacion-biodiversidad.es\/en\/wp-json\/wp\/v2\/lineas_actuacion_tematicas?post=97873609"}],"curies":[{"name":"wp","href":"https:\/\/api.w.org\/{rel}","templated":true}]}}

BosqueEmprende+. To generate opportunities for entrepreneurship around the sustainable use of timber and non-timber forest resources in the Alto Tajo and Serranía de Cuenca.

<!-- This site is optimized with the Yoast SEO plugin v26.9 - https://yoast.com/product/yoast-seo-wordpress/ -->
<title>BosqueEmprende+. To generate opportunities for entrepreneurship around the sustainable use of timber and non-timber forest resources in the Alto Tajo and Serranía de Cuenca. - Fundación Biodiversidad</title>
<meta name="robots" content="index, follow, max-snippet:-1, max-image-preview:large, max-video-preview:-1" />
<link rel="canonical" href="https://fundacion-biodiversidad.es/en/proyecto_feder/bosqueemprende-to-generate-opportunities-for-entrepreneurship-around-the-sustainable-use-of-timber-and-non-timber-forest-resources-in-the-alto-tajo-and-serrania-de-cuenca/" />
<meta property="og:locale" content="en_US" />
<meta property="og:type" content="article" />
<meta property="og:title" content="BosqueEmprende+. To generate opportunities for entrepreneurship around the sustainable use of timber and non-timber forest resources in the Alto Tajo and Serranía de Cuenca. - Fundación Biodiversidad" />
<meta property="og:description" content="This initiative aims to promote a business incubator to promote entrepreneurship and the use of timber and non-timber resources with shared machinery. To this end, [&hellip;]" />
<meta property="og:url" content="https://fundacion-biodiversidad.es/en/proyecto_feder/bosqueemprende-to-generate-opportunities-for-entrepreneurship-around-the-sustainable-use-of-timber-and-non-timber-forest-resources-in-the-alto-tajo-and-serrania-de-cuenca/" />
<meta property="og:site_name" content="Fundación Biodiversidad" />
<meta property="article:modified_time" content="2026-04-29T11:39:21+00:00" />
<meta property="og:image" content="https://fundacion-biodiversidad.es/wp-content/uploads/2026/03/Plantillas-RRSS-FEDER_1200x628-Bosqueemprendeverde-1024x536.png" />
<meta name="twitter:card" content="summary_large_image" />
<script type="application/ld+json" class="yoast-schema-graph">{"@context":"https://schema.org","@graph":[{"@type":"WebPage","@id":"https://fundacion-biodiversidad.es/en/proyecto_feder/bosqueemprende-to-generate-opportunities-for-entrepreneurship-around-the-sustainable-use-of-timber-and-non-timber-forest-resources-in-the-alto-tajo-and-serrania-de-cuenca/","url":"https://fundacion-biodiversidad.es/en/proyecto_feder/bosqueemprende-to-generate-opportunities-for-entrepreneurship-around-the-sustainable-use-of-timber-and-non-timber-forest-resources-in-the-alto-tajo-and-serrania-de-cuenca/","name":"BosqueEmprende+. To generate opportunities for entrepreneurship around the sustainable use of timber and non-timber forest resources in the Alto Tajo and Serranía de Cuenca. - Fundación Biodiversidad","isPartOf":{"@id":"https://fundacion-biodiversidad.es/en/#website"},"primaryImageOfPage":{"@id":"https://fundacion-biodiversidad.es/en/proyecto_feder/bosqueemprende-to-generate-opportunities-for-entrepreneurship-around-the-sustainable-use-of-timber-and-non-timber-forest-resources-in-the-alto-tajo-and-serrania-de-cuenca/#primaryimage"},"image":{"@id":"https://fundacion-biodiversidad.es/en/proyecto_feder/bosqueemprende-to-generate-opportunities-for-entrepreneurship-around-the-sustainable-use-of-timber-and-non-timber-forest-resources-in-the-alto-tajo-and-serrania-de-cuenca/#primaryimage"},"thumbnailUrl":"https://fundacion-biodiversidad.es/wp-content/uploads/2026/03/Plantillas-RRSS-FEDER-Bosqueemprendeverde.png","datePublished":"2026-03-30T13:32:53+00:00","dateModified":"2026-04-29T11:39:21+00:00","breadcrumb":{"@id":"https://fundacion-biodiversidad.es/en/proyecto_feder/bosqueemprende-to-generate-opportunities-for-entrepreneurship-around-the-sustainable-use-of-timber-and-non-timber-forest-resources-in-the-alto-tajo-and-serrania-de-cuenca/#breadcrumb"},"inLanguage":"en-US","potentialAction":[{"@type":"ReadAction","target":["https://fundacion-biodiversidad.es/en/proyecto_feder/bosqueemprende-to-generate-opportunities-for-entrepreneurship-around-the-sustainable-use-of-timber-and-non-timber-forest-resources-in-the-alto-tajo-and-serrania-de-cuenca/"]}]},{"@type":"ImageObject","inLanguage":"en-US","@id":"https://fundacion-biodiversidad.es/en/proyecto_feder/bosqueemprende-to-generate-opportunities-for-entrepreneurship-around-the-sustainable-use-of-timber-and-non-timber-forest-resources-in-the-alto-tajo-and-serrania-de-cuenca/#primaryimage","url":"https://fundacion-biodiversidad.es/wp-content/uploads/2026/03/Plantillas-RRSS-FEDER-Bosqueemprendeverde.png","contentUrl":"https://fundacion-biodiversidad.es/wp-content/uploads/2026/03/Plantillas-RRSS-FEDER-Bosqueemprendeverde.png","width":1100,"height":1100},{"@type":"BreadcrumbList","@id":"https://fundacion-biodiversidad.es/en/proyecto_feder/bosqueemprende-to-generate-opportunities-for-entrepreneurship-around-the-sustainable-use-of-timber-and-non-timber-forest-resources-in-the-alto-tajo-and-serrania-de-cuenca/#breadcrumb","itemListElement":[{"@type":"ListItem","position":1,"name":"Portada","item":"https://fundacion-biodiversidad.es/en/inicio/"},{"@type":"ListItem","position":2,"name":"ERDF Projects","item":"https://fundacion-biodiversidad.es/en/proyecto_feder/"},{"@type":"ListItem","position":3,"name":"BosqueEmprende+. To generate opportunities for entrepreneurship around the sustainable use of timber and non-timber forest resources in the Alto Tajo and Serranía de Cuenca."}]},{"@type":"WebSite","@id":"https://fundacion-biodiversidad.es/en/#website","url":"https://fundacion-biodiversidad.es/en/","name":"Fundación Biodiversidad","description":"Fundación pública adscrita al Ministerio para la Transición Ecológica","potentialAction":[{"@type":"SearchAction","target":{"@type":"EntryPoint","urlTemplate":"https://fundacion-biodiversidad.es/en/?s={search_term_string}"},"query-input":{"@type":"PropertyValueSpecification","valueRequired":true,"valueName":"search_term_string"}}],"inLanguage":"en-US"}]}</script>
<!-- / Yoast SEO plugin. -->

BosqueEmprende+. To generate opportunities for entrepreneurship around the sustainable use of timber and non-timber forest resources in the Alto Tajo and Serranía de Cuenca. - Fundación Biodiversidad

Fundación Biodiversidad

Fundación pública adscrita al Ministerio para la Transición Ecológica
