{"id":97873615,"date":"2026-03-30T15:35:54","date_gmt":"2026-03-30T13:35:54","guid":{"rendered":"https:\/\/fundacion-biodiversidad.es\/proyecto_feder\/state-network-of-public-forests-remp2-0-consolidation\/"},"modified":"2026-03-30T15:36:24","modified_gmt":"2026-03-30T13:36:24","slug":"state-network-of-public-forests-remp2-0-consolidation","status":"publish","type":"proyecto_feder","link":"https:\/\/fundacion-biodiversidad.es\/en\/proyecto_feder\/state-network-of-public-forests-remp2-0-consolidation\/","title":{"rendered":"State Public Forestry Network: REMP 2.0, consolidation."},"content":{"rendered":"<p>The project aims to strengthen and consolidate the State Network of Public Forests as a reference tool for governance and inter-administrative cooperation for sustainable forest management and the promotion of the bioeconomy in the forestry field. To this end, it will consolidate permanent structures such as the Technical Office, the territorial HUBs and the Observatory, in addition to compiling and disseminating good practices, organising work meetings and training sessions and contemplating the possibility of providing advice to city councils. Among the expected results, the consolidation of 8 permanent jobs, the updating of information on 8 million hectares of forests, the incorporation of 252 new practices in the catalogue and the implementation of training activities for more than 1,600 participants, in addition to the preparation of an updated regulatory repository.  <\/p>\n","protected":false},"featured_media":97873612,"parent":0,"template":"","meta":{"_acf_changed":false},"financiaci_n":[714],"lineas_actuacion_tematicas":[654],"class_list":["post-97873615","proyecto_feder","type-proyecto_feder","status-publish","has-post-thumbnail","hentry","financiaci_n-european-regional-development-fund","lineas_actuacion_tematicas-terrestrial-ecosystems"],"acf":[],"yoast_head":"<!-- This site is optimized with the Yoast SEO plugin v26.9 - https:\/\/yoast.com\/product\/yoast-seo-wordpress\/ -->\n<title>State Public Forestry Network: REMP 2.0, consolidation. - Fundaci\u00f3n Biodiversidad<\/title>\n<meta name=\"robots\" content=\"index, follow, max-snippet:-1, max-image-preview:large, max-video-preview:-1\" \/>\n<link rel=\"canonical\" href=\"https:\/\/fundacion-biodiversidad.es\/en\/proyecto_feder\/state-network-of-public-forests-remp2-0-consolidation\/\" \/>\n<meta property=\"og:locale\" content=\"en_US\" \/>\n<meta property=\"og:type\" content=\"article\" \/>\n<meta property=\"og:title\" content=\"State Public Forestry Network: REMP 2.0, consolidation. - Fundaci\u00f3n Biodiversidad\" \/>\n<meta property=\"og:description\" content=\"The project aims to strengthen and consolidate the State Network of Public Forests as a reference tool for governance and inter-administrative cooperation for sustainable forest [&hellip;]\" \/>\n<meta property=\"og:url\" content=\"https:\/\/fundacion-biodiversidad.es\/en\/proyecto_feder\/state-network-of-public-forests-remp2-0-consolidation\/\" \/>\n<meta property=\"og:site_name\" content=\"Fundaci\u00f3n Biodiversidad\" \/>\n<meta property=\"article:modified_time\" content=\"2026-03-30T13:36:24+00:00\" \/>\n<meta property=\"og:image\" content=\"https:\/\/fundacion-biodiversidad.es\/wp-content\/uploads\/2026\/03\/REMP-2.0-RRSS-FEDER_1200x628-1024x536.png\" \/>\n<meta name=\"twitter:card\" content=\"summary_large_image\" \/>\n<meta name=\"twitter:image\" content=\"https:\/\/fundacion-biodiversidad.es\/wp-content\/uploads\/2026\/03\/REMP-2.0-RRSS-FEDER_1200x628-1024x536.png\" \/>\n<meta name=\"twitter:label1\" content=\"Est. reading time\" \/>\n\t<meta name=\"twitter:data1\" content=\"1 minute\" \/>\n<script type=\"application\/ld+json\" class=\"yoast-schema-graph\">{\"@context\":\"https:\/\/schema.org\",\"@graph\":[{\"@type\":\"WebPage\",\"@id\":\"https:\/\/fundacion-biodiversidad.es\/en\/proyecto_feder\/state-network-of-public-forests-remp2-0-consolidation\/\",\"url\":\"https:\/\/fundacion-biodiversidad.es\/en\/proyecto_feder\/state-network-of-public-forests-remp2-0-consolidation\/\",\"name\":\"State Public Forestry Network: REMP 2.0, consolidation. - Fundaci\u00f3n Biodiversidad\",\"isPartOf\":{\"@id\":\"https:\/\/fundacion-biodiversidad.es\/en\/#website\"},\"primaryImageOfPage\":{\"@id\":\"https:\/\/fundacion-biodiversidad.es\/en\/proyecto_feder\/state-network-of-public-forests-remp2-0-consolidation\/#primaryimage\"},\"image\":{\"@id\":\"https:\/\/fundacion-biodiversidad.es\/en\/proyecto_feder\/state-network-of-public-forests-remp2-0-consolidation\/#primaryimage\"},\"thumbnailUrl\":\"https:\/\/fundacion-biodiversidad.es\/wp-content\/uploads\/2026\/03\/REMP-2.0-RRSS-FEDER.png\",\"datePublished\":\"2026-03-30T13:35:54+00:00\",\"dateModified\":\"2026-03-30T13:36:24+00:00\",\"breadcrumb\":{\"@id\":\"https:\/\/fundacion-biodiversidad.es\/en\/proyecto_feder\/state-network-of-public-forests-remp2-0-consolidation\/#breadcrumb\"},\"inLanguage\":\"en-US\",\"potentialAction\":[{\"@type\":\"ReadAction\",\"target\":[\"https:\/\/fundacion-biodiversidad.es\/en\/proyecto_feder\/state-network-of-public-forests-remp2-0-consolidation\/\"]}]},{\"@type\":\"ImageObject\",\"inLanguage\":\"en-US\",\"@id\":\"https:\/\/fundacion-biodiversidad.es\/en\/proyecto_feder\/state-network-of-public-forests-remp2-0-consolidation\/#primaryimage\",\"url\":\"https:\/\/fundacion-biodiversidad.es\/wp-content\/uploads\/2026\/03\/REMP-2.0-RRSS-FEDER.png\",\"contentUrl\":\"https:\/\/fundacion-biodiversidad.es\/wp-content\/uploads\/2026\/03\/REMP-2.0-RRSS-FEDER.png\",\"width\":1100,\"height\":1100},{\"@type\":\"BreadcrumbList\",\"@id\":\"https:\/\/fundacion-biodiversidad.es\/en\/proyecto_feder\/state-network-of-public-forests-remp2-0-consolidation\/#breadcrumb\",\"itemListElement\":[{\"@type\":\"ListItem\",\"position\":1,\"name\":\"Portada\",\"item\":\"https:\/\/fundacion-biodiversidad.es\/en\/inicio\/\"},{\"@type\":\"ListItem\",\"position\":2,\"name\":\"ERDF Projects\",\"item\":\"https:\/\/fundacion-biodiversidad.es\/en\/proyecto_feder\/\"},{\"@type\":\"ListItem\",\"position\":3,\"name\":\"State Public Forestry Network: REMP 2.0, consolidation.\"}]},{\"@type\":\"WebSite\",\"@id\":\"https:\/\/fundacion-biodiversidad.es\/en\/#website\",\"url\":\"https:\/\/fundacion-biodiversidad.es\/en\/\",\"name\":\"Fundaci\u00f3n Biodiversidad\",\"description\":\"Fundaci\u00f3n p\u00fablica adscrita al Ministerio para la Transici\u00f3n Ecol\u00f3gica\",\"potentialAction\":[{\"@type\":\"SearchAction\",\"target\":{\"@type\":\"EntryPoint\",\"urlTemplate\":\"https:\/\/fundacion-biodiversidad.es\/en\/?s={search_term_string}\"},\"query-input\":{\"@type\":\"PropertyValueSpecification\",\"valueRequired\":true,\"valueName\":\"search_term_string\"}}],\"inLanguage\":\"en-US\"}]}<\/script>\n<!-- \/ Yoast SEO plugin. -->","yoast_head_json":{"title":"State Public Forestry Network: REMP 2.0, consolidation. - Fundaci\u00f3n Biodiversidad","robots":{"index":"index","follow":"follow","max-snippet":"max-snippet:-1","max-image-preview":"max-image-preview:large","max-video-preview":"max-video-preview:-1"},"canonical":"https:\/\/fundacion-biodiversidad.es\/en\/proyecto_feder\/state-network-of-public-forests-remp2-0-consolidation\/","og_locale":"en_US","og_type":"article","og_title":"State Public Forestry Network: REMP 2.0, consolidation. - Fundaci\u00f3n Biodiversidad","og_description":"The project aims to strengthen and consolidate the State Network of Public Forests as a reference tool for governance and inter-administrative cooperation for sustainable forest [&hellip;]","og_url":"https:\/\/fundacion-biodiversidad.es\/en\/proyecto_feder\/state-network-of-public-forests-remp2-0-consolidation\/","og_site_name":"Fundaci\u00f3n Biodiversidad","article_modified_time":"2026-03-30T13:36:24+00:00","og_image":[{"url":"https:\/\/fundacion-biodiversidad.es\/wp-content\/uploads\/2026\/03\/REMP-2.0-RRSS-FEDER_1200x628-1024x536.png","type":"","width":"","height":""}],"twitter_card":"summary_large_image","twitter_image":"https:\/\/fundacion-biodiversidad.es\/wp-content\/uploads\/2026\/03\/REMP-2.0-RRSS-FEDER_1200x628-1024x536.png","twitter_misc":{"Est. reading time":"1 minute"},"schema":{"@context":"https:\/\/schema.org","@graph":[{"@type":"WebPage","@id":"https:\/\/fundacion-biodiversidad.es\/en\/proyecto_feder\/state-network-of-public-forests-remp2-0-consolidation\/","url":"https:\/\/fundacion-biodiversidad.es\/en\/proyecto_feder\/state-network-of-public-forests-remp2-0-consolidation\/","name":"State Public Forestry Network: REMP 2.0, consolidation. - Fundaci\u00f3n Biodiversidad","isPartOf":{"@id":"https:\/\/fundacion-biodiversidad.es\/en\/#website"},"primaryImageOfPage":{"@id":"https:\/\/fundacion-biodiversidad.es\/en\/proyecto_feder\/state-network-of-public-forests-remp2-0-consolidation\/#primaryimage"},"image":{"@id":"https:\/\/fundacion-biodiversidad.es\/en\/proyecto_feder\/state-network-of-public-forests-remp2-0-consolidation\/#primaryimage"},"thumbnailUrl":"https:\/\/fundacion-biodiversidad.es\/wp-content\/uploads\/2026\/03\/REMP-2.0-RRSS-FEDER.png","datePublished":"2026-03-30T13:35:54+00:00","dateModified":"2026-03-30T13:36:24+00:00","breadcrumb":{"@id":"https:\/\/fundacion-biodiversidad.es\/en\/proyecto_feder\/state-network-of-public-forests-remp2-0-consolidation\/#breadcrumb"},"inLanguage":"en-US","potentialAction":[{"@type":"ReadAction","target":["https:\/\/fundacion-biodiversidad.es\/en\/proyecto_feder\/state-network-of-public-forests-remp2-0-consolidation\/"]}]},{"@type":"ImageObject","inLanguage":"en-US","@id":"https:\/\/fundacion-biodiversidad.es\/en\/proyecto_feder\/state-network-of-public-forests-remp2-0-consolidation\/#primaryimage","url":"https:\/\/fundacion-biodiversidad.es\/wp-content\/uploads\/2026\/03\/REMP-2.0-RRSS-FEDER.png","contentUrl":"https:\/\/fundacion-biodiversidad.es\/wp-content\/uploads\/2026\/03\/REMP-2.0-RRSS-FEDER.png","width":1100,"height":1100},{"@type":"BreadcrumbList","@id":"https:\/\/fundacion-biodiversidad.es\/en\/proyecto_feder\/state-network-of-public-forests-remp2-0-consolidation\/#breadcrumb","itemListElement":[{"@type":"ListItem","position":1,"name":"Portada","item":"https:\/\/fundacion-biodiversidad.es\/en\/inicio\/"},{"@type":"ListItem","position":2,"name":"ERDF Projects","item":"https:\/\/fundacion-biodiversidad.es\/en\/proyecto_feder\/"},{"@type":"ListItem","position":3,"name":"State Public Forestry Network: REMP 2.0, consolidation."}]},{"@type":"WebSite","@id":"https:\/\/fundacion-biodiversidad.es\/en\/#website","url":"https:\/\/fundacion-biodiversidad.es\/en\/","name":"Fundaci\u00f3n Biodiversidad","description":"Fundaci\u00f3n p\u00fablica adscrita al Ministerio para la Transici\u00f3n Ecol\u00f3gica","potentialAction":[{"@type":"SearchAction","target":{"@type":"EntryPoint","urlTemplate":"https:\/\/fundacion-biodiversidad.es\/en\/?s={search_term_string}"},"query-input":{"@type":"PropertyValueSpecification","valueRequired":true,"valueName":"search_term_string"}}],"inLanguage":"en-US"}]}},"_links":{"self":[{"href":"https:\/\/fundacion-biodiversidad.es\/en\/wp-json\/wp\/v2\/proyecto_feder\/97873615","targetHints":{"allow":["GET"]}}],"collection":[{"href":"https:\/\/fundacion-biodiversidad.es\/en\/wp-json\/wp\/v2\/proyecto_feder"}],"about":[{"href":"https:\/\/fundacion-biodiversidad.es\/en\/wp-json\/wp\/v2\/types\/proyecto_feder"}],"wp:featuredmedia":[{"embeddable":true,"href":"https:\/\/fundacion-biodiversidad.es\/en\/wp-json\/wp\/v2\/media\/97873612"}],"wp:attachment":[{"href":"https:\/\/fundacion-biodiversidad.es\/en\/wp-json\/wp\/v2\/media?parent=97873615"}],"wp:term":[{"taxonomy":"financiaci_n","embeddable":true,"href":"https:\/\/fundacion-biodiversidad.es\/en\/wp-json\/wp\/v2\/financiaci_n?post=97873615"},{"taxonomy":"lineas_actuacion_tematicas","embeddable":true,"href":"https:\/\/fundacion-biodiversidad.es\/en\/wp-json\/wp\/v2\/lineas_actuacion_tematicas?post=97873615"}],"curies":[{"name":"wp","href":"https:\/\/api.w.org\/{rel}","templated":true}]}}

<!-- This site is optimized with the Yoast SEO plugin v26.9 - https://yoast.com/product/yoast-seo-wordpress/ -->
<title>State Public Forestry Network: REMP 2.0, consolidation. - Fundación Biodiversidad</title>
<meta name="robots" content="index, follow, max-snippet:-1, max-image-preview:large, max-video-preview:-1" />
<link rel="canonical" href="https://fundacion-biodiversidad.es/en/proyecto_feder/state-network-of-public-forests-remp2-0-consolidation/" />
<meta property="og:locale" content="en_US" />
<meta property="og:type" content="article" />
<meta property="og:title" content="State Public Forestry Network: REMP 2.0, consolidation. - Fundación Biodiversidad" />
<meta property="og:description" content="The project aims to strengthen and consolidate the State Network of Public Forests as a reference tool for governance and inter-administrative cooperation for sustainable forest [&hellip;]" />
<meta property="og:url" content="https://fundacion-biodiversidad.es/en/proyecto_feder/state-network-of-public-forests-remp2-0-consolidation/" />
<meta property="og:site_name" content="Fundación Biodiversidad" />
<meta property="article:modified_time" content="2026-03-30T13:36:24+00:00" />
<meta property="og:image" content="https://fundacion-biodiversidad.es/wp-content/uploads/2026/03/REMP-2.0-RRSS-FEDER_1200x628-1024x536.png" />
<meta name="twitter:card" content="summary_large_image" />
<meta name="twitter:image" content="https://fundacion-biodiversidad.es/wp-content/uploads/2026/03/REMP-2.0-RRSS-FEDER_1200x628-1024x536.png" />
<meta name="twitter:label1" content="Est. reading time" />
	<meta name="twitter:data1" content="1 minute" />
<script type="application/ld+json" class="yoast-schema-graph">{"@context":"https://schema.org","@graph":[{"@type":"WebPage","@id":"https://fundacion-biodiversidad.es/en/proyecto_feder/state-network-of-public-forests-remp2-0-consolidation/","url":"https://fundacion-biodiversidad.es/en/proyecto_feder/state-network-of-public-forests-remp2-0-consolidation/","name":"State Public Forestry Network: REMP 2.0, consolidation. - Fundación Biodiversidad","isPartOf":{"@id":"https://fundacion-biodiversidad.es/en/#website"},"primaryImageOfPage":{"@id":"https://fundacion-biodiversidad.es/en/proyecto_feder/state-network-of-public-forests-remp2-0-consolidation/#primaryimage"},"image":{"@id":"https://fundacion-biodiversidad.es/en/proyecto_feder/state-network-of-public-forests-remp2-0-consolidation/#primaryimage"},"thumbnailUrl":"https://fundacion-biodiversidad.es/wp-content/uploads/2026/03/REMP-2.0-RRSS-FEDER.png","datePublished":"2026-03-30T13:35:54+00:00","dateModified":"2026-03-30T13:36:24+00:00","breadcrumb":{"@id":"https://fundacion-biodiversidad.es/en/proyecto_feder/state-network-of-public-forests-remp2-0-consolidation/#breadcrumb"},"inLanguage":"en-US","potentialAction":[{"@type":"ReadAction","target":["https://fundacion-biodiversidad.es/en/proyecto_feder/state-network-of-public-forests-remp2-0-consolidation/"]}]},{"@type":"ImageObject","inLanguage":"en-US","@id":"https://fundacion-biodiversidad.es/en/proyecto_feder/state-network-of-public-forests-remp2-0-consolidation/#primaryimage","url":"https://fundacion-biodiversidad.es/wp-content/uploads/2026/03/REMP-2.0-RRSS-FEDER.png","contentUrl":"https://fundacion-biodiversidad.es/wp-content/uploads/2026/03/REMP-2.0-RRSS-FEDER.png","width":1100,"height":1100},{"@type":"BreadcrumbList","@id":"https://fundacion-biodiversidad.es/en/proyecto_feder/state-network-of-public-forests-remp2-0-consolidation/#breadcrumb","itemListElement":[{"@type":"ListItem","position":1,"name":"Portada","item":"https://fundacion-biodiversidad.es/en/inicio/"},{"@type":"ListItem","position":2,"name":"ERDF Projects","item":"https://fundacion-biodiversidad.es/en/proyecto_feder/"},{"@type":"ListItem","position":3,"name":"State Public Forestry Network: REMP 2.0, consolidation."}]},{"@type":"WebSite","@id":"https://fundacion-biodiversidad.es/en/#website","url":"https://fundacion-biodiversidad.es/en/","name":"Fundación Biodiversidad","description":"Fundación pública adscrita al Ministerio para la Transición Ecológica","potentialAction":[{"@type":"SearchAction","target":{"@type":"EntryPoint","urlTemplate":"https://fundacion-biodiversidad.es/en/?s={search_term_string}"},"query-input":{"@type":"PropertyValueSpecification","valueRequired":true,"valueName":"search_term_string"}}],"inLanguage":"en-US"}]}</script>
<!-- / Yoast SEO plugin. -->

State Public Forestry Network: REMP 2.0, consolidation. - Fundación Biodiversidad

Fundación Biodiversidad

Fundación pública adscrita al Ministerio para la Transición Ecológica
