{"id":97873621,"date":"2026-03-30T15:41:39","date_gmt":"2026-03-30T13:41:39","guid":{"rendered":"https:\/\/fundacion-biodiversidad.es\/proyecto_feder\/esil-ecosystem-services-innovation-lab\/"},"modified":"2026-03-30T16:22:17","modified_gmt":"2026-03-30T14:22:17","slug":"esil-ecosystem-services-innovation-lab","status":"publish","type":"proyecto_feder","link":"https:\/\/fundacion-biodiversidad.es\/en\/proyecto_feder\/esil-ecosystem-services-innovation-lab\/","title":{"rendered":"ESIL. Ecosystem Services Innovation Lab"},"content":{"rendered":"<p>ESIL aims to promote an innovative and sustainable agricultural bioeconomy in Castilla-La Mancha through the identification, valuation and commercialization of ecosystem services. To this end, it will carry out actions to identify, quantify and value the ecosystem services (ES) generated by agricultural and livestock systems through, among other initiatives, a comprehensive entrepreneurship and agricultural model conversion program, which covers both new and existing projects. In addition, it will create a community of SE practices in Castilla-La Mancha<em>.<\/em> With all this, the aim is to achieve 10 functional indicators of soil EW, 5 identified sustainable practices and more than 20 agricultural farms, in addition to creating 70 lines of business and at least 60 new jobs (20 for young people and 40 for women).  <\/p>\n","protected":false},"featured_media":97873618,"parent":0,"template":"","meta":{"_acf_changed":false},"financiaci_n":[714],"lineas_actuacion_tematicas":[654],"class_list":["post-97873621","proyecto_feder","type-proyecto_feder","status-publish","has-post-thumbnail","hentry","financiaci_n-european-regional-development-fund","lineas_actuacion_tematicas-terrestrial-ecosystems"],"acf":[],"yoast_head":"<!-- This site is optimized with the Yoast SEO plugin v26.9 - https:\/\/yoast.com\/product\/yoast-seo-wordpress\/ -->\n<title>ESIL. Ecosystem Services Innovation Lab - Fundaci\u00f3n Biodiversidad<\/title>\n<meta name=\"robots\" content=\"index, follow, max-snippet:-1, max-image-preview:large, max-video-preview:-1\" \/>\n<link rel=\"canonical\" href=\"https:\/\/fundacion-biodiversidad.es\/en\/proyecto_feder\/esil-ecosystem-services-innovation-lab\/\" \/>\n<meta property=\"og:locale\" content=\"en_US\" \/>\n<meta property=\"og:type\" content=\"article\" \/>\n<meta property=\"og:title\" content=\"ESIL. Ecosystem Services Innovation Lab - Fundaci\u00f3n Biodiversidad\" \/>\n<meta property=\"og:description\" content=\"ESIL aims to promote an innovative and sustainable agricultural bioeconomy in Castilla-La Mancha through the identification, valuation and commercialization of ecosystem services. To this end, [&hellip;]\" \/>\n<meta property=\"og:url\" content=\"https:\/\/fundacion-biodiversidad.es\/en\/proyecto_feder\/esil-ecosystem-services-innovation-lab\/\" \/>\n<meta property=\"og:site_name\" content=\"Fundaci\u00f3n Biodiversidad\" \/>\n<meta property=\"article:modified_time\" content=\"2026-03-30T14:22:17+00:00\" \/>\n<meta property=\"og:image\" content=\"https:\/\/fundacion-biodiversidad.es\/wp-content\/uploads\/2026\/03\/ESIL-RRSS-FEDER_1200x628-1024x536.png\" \/>\n<meta name=\"twitter:card\" content=\"summary_large_image\" \/>\n<meta name=\"twitter:image\" content=\"https:\/\/fundacion-biodiversidad.es\/wp-content\/uploads\/2026\/03\/ESIL-RRSS-FEDER_1200x628-1024x536.png\" \/>\n<meta name=\"twitter:label1\" content=\"Est. reading time\" \/>\n\t<meta name=\"twitter:data1\" content=\"1 minute\" \/>\n<script type=\"application\/ld+json\" class=\"yoast-schema-graph\">{\"@context\":\"https:\/\/schema.org\",\"@graph\":[{\"@type\":\"WebPage\",\"@id\":\"https:\/\/fundacion-biodiversidad.es\/en\/proyecto_feder\/esil-ecosystem-services-innovation-lab\/\",\"url\":\"https:\/\/fundacion-biodiversidad.es\/en\/proyecto_feder\/esil-ecosystem-services-innovation-lab\/\",\"name\":\"ESIL. Ecosystem Services Innovation Lab - Fundaci\u00f3n Biodiversidad\",\"isPartOf\":{\"@id\":\"https:\/\/fundacion-biodiversidad.es\/en\/#website\"},\"primaryImageOfPage\":{\"@id\":\"https:\/\/fundacion-biodiversidad.es\/en\/proyecto_feder\/esil-ecosystem-services-innovation-lab\/#primaryimage\"},\"image\":{\"@id\":\"https:\/\/fundacion-biodiversidad.es\/en\/proyecto_feder\/esil-ecosystem-services-innovation-lab\/#primaryimage\"},\"thumbnailUrl\":\"https:\/\/fundacion-biodiversidad.es\/wp-content\/uploads\/2026\/03\/ESIL-RRSS-FEDER.png\",\"datePublished\":\"2026-03-30T13:41:39+00:00\",\"dateModified\":\"2026-03-30T14:22:17+00:00\",\"breadcrumb\":{\"@id\":\"https:\/\/fundacion-biodiversidad.es\/en\/proyecto_feder\/esil-ecosystem-services-innovation-lab\/#breadcrumb\"},\"inLanguage\":\"en-US\",\"potentialAction\":[{\"@type\":\"ReadAction\",\"target\":[\"https:\/\/fundacion-biodiversidad.es\/en\/proyecto_feder\/esil-ecosystem-services-innovation-lab\/\"]}]},{\"@type\":\"ImageObject\",\"inLanguage\":\"en-US\",\"@id\":\"https:\/\/fundacion-biodiversidad.es\/en\/proyecto_feder\/esil-ecosystem-services-innovation-lab\/#primaryimage\",\"url\":\"https:\/\/fundacion-biodiversidad.es\/wp-content\/uploads\/2026\/03\/ESIL-RRSS-FEDER.png\",\"contentUrl\":\"https:\/\/fundacion-biodiversidad.es\/wp-content\/uploads\/2026\/03\/ESIL-RRSS-FEDER.png\",\"width\":1100,\"height\":1100},{\"@type\":\"BreadcrumbList\",\"@id\":\"https:\/\/fundacion-biodiversidad.es\/en\/proyecto_feder\/esil-ecosystem-services-innovation-lab\/#breadcrumb\",\"itemListElement\":[{\"@type\":\"ListItem\",\"position\":1,\"name\":\"Portada\",\"item\":\"https:\/\/fundacion-biodiversidad.es\/en\/inicio\/\"},{\"@type\":\"ListItem\",\"position\":2,\"name\":\"ERDF Projects\",\"item\":\"https:\/\/fundacion-biodiversidad.es\/en\/proyecto_feder\/\"},{\"@type\":\"ListItem\",\"position\":3,\"name\":\"ESIL. Ecosystem Services Innovation Lab\"}]},{\"@type\":\"WebSite\",\"@id\":\"https:\/\/fundacion-biodiversidad.es\/en\/#website\",\"url\":\"https:\/\/fundacion-biodiversidad.es\/en\/\",\"name\":\"Fundaci\u00f3n Biodiversidad\",\"description\":\"Fundaci\u00f3n p\u00fablica adscrita al Ministerio para la Transici\u00f3n Ecol\u00f3gica\",\"potentialAction\":[{\"@type\":\"SearchAction\",\"target\":{\"@type\":\"EntryPoint\",\"urlTemplate\":\"https:\/\/fundacion-biodiversidad.es\/en\/?s={search_term_string}\"},\"query-input\":{\"@type\":\"PropertyValueSpecification\",\"valueRequired\":true,\"valueName\":\"search_term_string\"}}],\"inLanguage\":\"en-US\"}]}<\/script>\n<!-- \/ Yoast SEO plugin. -->","yoast_head_json":{"title":"ESIL. Ecosystem Services Innovation Lab - Fundaci\u00f3n Biodiversidad","robots":{"index":"index","follow":"follow","max-snippet":"max-snippet:-1","max-image-preview":"max-image-preview:large","max-video-preview":"max-video-preview:-1"},"canonical":"https:\/\/fundacion-biodiversidad.es\/en\/proyecto_feder\/esil-ecosystem-services-innovation-lab\/","og_locale":"en_US","og_type":"article","og_title":"ESIL. Ecosystem Services Innovation Lab - Fundaci\u00f3n Biodiversidad","og_description":"ESIL aims to promote an innovative and sustainable agricultural bioeconomy in Castilla-La Mancha through the identification, valuation and commercialization of ecosystem services. To this end, [&hellip;]","og_url":"https:\/\/fundacion-biodiversidad.es\/en\/proyecto_feder\/esil-ecosystem-services-innovation-lab\/","og_site_name":"Fundaci\u00f3n Biodiversidad","article_modified_time":"2026-03-30T14:22:17+00:00","og_image":[{"url":"https:\/\/fundacion-biodiversidad.es\/wp-content\/uploads\/2026\/03\/ESIL-RRSS-FEDER_1200x628-1024x536.png","type":"","width":"","height":""}],"twitter_card":"summary_large_image","twitter_image":"https:\/\/fundacion-biodiversidad.es\/wp-content\/uploads\/2026\/03\/ESIL-RRSS-FEDER_1200x628-1024x536.png","twitter_misc":{"Est. reading time":"1 minute"},"schema":{"@context":"https:\/\/schema.org","@graph":[{"@type":"WebPage","@id":"https:\/\/fundacion-biodiversidad.es\/en\/proyecto_feder\/esil-ecosystem-services-innovation-lab\/","url":"https:\/\/fundacion-biodiversidad.es\/en\/proyecto_feder\/esil-ecosystem-services-innovation-lab\/","name":"ESIL. Ecosystem Services Innovation Lab - Fundaci\u00f3n Biodiversidad","isPartOf":{"@id":"https:\/\/fundacion-biodiversidad.es\/en\/#website"},"primaryImageOfPage":{"@id":"https:\/\/fundacion-biodiversidad.es\/en\/proyecto_feder\/esil-ecosystem-services-innovation-lab\/#primaryimage"},"image":{"@id":"https:\/\/fundacion-biodiversidad.es\/en\/proyecto_feder\/esil-ecosystem-services-innovation-lab\/#primaryimage"},"thumbnailUrl":"https:\/\/fundacion-biodiversidad.es\/wp-content\/uploads\/2026\/03\/ESIL-RRSS-FEDER.png","datePublished":"2026-03-30T13:41:39+00:00","dateModified":"2026-03-30T14:22:17+00:00","breadcrumb":{"@id":"https:\/\/fundacion-biodiversidad.es\/en\/proyecto_feder\/esil-ecosystem-services-innovation-lab\/#breadcrumb"},"inLanguage":"en-US","potentialAction":[{"@type":"ReadAction","target":["https:\/\/fundacion-biodiversidad.es\/en\/proyecto_feder\/esil-ecosystem-services-innovation-lab\/"]}]},{"@type":"ImageObject","inLanguage":"en-US","@id":"https:\/\/fundacion-biodiversidad.es\/en\/proyecto_feder\/esil-ecosystem-services-innovation-lab\/#primaryimage","url":"https:\/\/fundacion-biodiversidad.es\/wp-content\/uploads\/2026\/03\/ESIL-RRSS-FEDER.png","contentUrl":"https:\/\/fundacion-biodiversidad.es\/wp-content\/uploads\/2026\/03\/ESIL-RRSS-FEDER.png","width":1100,"height":1100},{"@type":"BreadcrumbList","@id":"https:\/\/fundacion-biodiversidad.es\/en\/proyecto_feder\/esil-ecosystem-services-innovation-lab\/#breadcrumb","itemListElement":[{"@type":"ListItem","position":1,"name":"Portada","item":"https:\/\/fundacion-biodiversidad.es\/en\/inicio\/"},{"@type":"ListItem","position":2,"name":"ERDF Projects","item":"https:\/\/fundacion-biodiversidad.es\/en\/proyecto_feder\/"},{"@type":"ListItem","position":3,"name":"ESIL. Ecosystem Services Innovation Lab"}]},{"@type":"WebSite","@id":"https:\/\/fundacion-biodiversidad.es\/en\/#website","url":"https:\/\/fundacion-biodiversidad.es\/en\/","name":"Fundaci\u00f3n Biodiversidad","description":"Fundaci\u00f3n p\u00fablica adscrita al Ministerio para la Transici\u00f3n Ecol\u00f3gica","potentialAction":[{"@type":"SearchAction","target":{"@type":"EntryPoint","urlTemplate":"https:\/\/fundacion-biodiversidad.es\/en\/?s={search_term_string}"},"query-input":{"@type":"PropertyValueSpecification","valueRequired":true,"valueName":"search_term_string"}}],"inLanguage":"en-US"}]}},"_links":{"self":[{"href":"https:\/\/fundacion-biodiversidad.es\/en\/wp-json\/wp\/v2\/proyecto_feder\/97873621","targetHints":{"allow":["GET"]}}],"collection":[{"href":"https:\/\/fundacion-biodiversidad.es\/en\/wp-json\/wp\/v2\/proyecto_feder"}],"about":[{"href":"https:\/\/fundacion-biodiversidad.es\/en\/wp-json\/wp\/v2\/types\/proyecto_feder"}],"wp:featuredmedia":[{"embeddable":true,"href":"https:\/\/fundacion-biodiversidad.es\/en\/wp-json\/wp\/v2\/media\/97873618"}],"wp:attachment":[{"href":"https:\/\/fundacion-biodiversidad.es\/en\/wp-json\/wp\/v2\/media?parent=97873621"}],"wp:term":[{"taxonomy":"financiaci_n","embeddable":true,"href":"https:\/\/fundacion-biodiversidad.es\/en\/wp-json\/wp\/v2\/financiaci_n?post=97873621"},{"taxonomy":"lineas_actuacion_tematicas","embeddable":true,"href":"https:\/\/fundacion-biodiversidad.es\/en\/wp-json\/wp\/v2\/lineas_actuacion_tematicas?post=97873621"}],"curies":[{"name":"wp","href":"https:\/\/api.w.org\/{rel}","templated":true}]}}

<!-- This site is optimized with the Yoast SEO plugin v26.9 - https://yoast.com/product/yoast-seo-wordpress/ -->
<title>ESIL. Ecosystem Services Innovation Lab - Fundación Biodiversidad</title>
<meta name="robots" content="index, follow, max-snippet:-1, max-image-preview:large, max-video-preview:-1" />
<link rel="canonical" href="https://fundacion-biodiversidad.es/en/proyecto_feder/esil-ecosystem-services-innovation-lab/" />
<meta property="og:locale" content="en_US" />
<meta property="og:type" content="article" />
<meta property="og:title" content="ESIL. Ecosystem Services Innovation Lab - Fundación Biodiversidad" />
<meta property="og:description" content="ESIL aims to promote an innovative and sustainable agricultural bioeconomy in Castilla-La Mancha through the identification, valuation and commercialization of ecosystem services. To this end, [&hellip;]" />
<meta property="og:url" content="https://fundacion-biodiversidad.es/en/proyecto_feder/esil-ecosystem-services-innovation-lab/" />
<meta property="og:site_name" content="Fundación Biodiversidad" />
<meta property="article:modified_time" content="2026-03-30T14:22:17+00:00" />
<meta property="og:image" content="https://fundacion-biodiversidad.es/wp-content/uploads/2026/03/ESIL-RRSS-FEDER_1200x628-1024x536.png" />
<meta name="twitter:card" content="summary_large_image" />
<meta name="twitter:image" content="https://fundacion-biodiversidad.es/wp-content/uploads/2026/03/ESIL-RRSS-FEDER_1200x628-1024x536.png" />
<meta name="twitter:label1" content="Est. reading time" />
	<meta name="twitter:data1" content="1 minute" />
<script type="application/ld+json" class="yoast-schema-graph">{"@context":"https://schema.org","@graph":[{"@type":"WebPage","@id":"https://fundacion-biodiversidad.es/en/proyecto_feder/esil-ecosystem-services-innovation-lab/","url":"https://fundacion-biodiversidad.es/en/proyecto_feder/esil-ecosystem-services-innovation-lab/","name":"ESIL. Ecosystem Services Innovation Lab - Fundación Biodiversidad","isPartOf":{"@id":"https://fundacion-biodiversidad.es/en/#website"},"primaryImageOfPage":{"@id":"https://fundacion-biodiversidad.es/en/proyecto_feder/esil-ecosystem-services-innovation-lab/#primaryimage"},"image":{"@id":"https://fundacion-biodiversidad.es/en/proyecto_feder/esil-ecosystem-services-innovation-lab/#primaryimage"},"thumbnailUrl":"https://fundacion-biodiversidad.es/wp-content/uploads/2026/03/ESIL-RRSS-FEDER.png","datePublished":"2026-03-30T13:41:39+00:00","dateModified":"2026-03-30T14:22:17+00:00","breadcrumb":{"@id":"https://fundacion-biodiversidad.es/en/proyecto_feder/esil-ecosystem-services-innovation-lab/#breadcrumb"},"inLanguage":"en-US","potentialAction":[{"@type":"ReadAction","target":["https://fundacion-biodiversidad.es/en/proyecto_feder/esil-ecosystem-services-innovation-lab/"]}]},{"@type":"ImageObject","inLanguage":"en-US","@id":"https://fundacion-biodiversidad.es/en/proyecto_feder/esil-ecosystem-services-innovation-lab/#primaryimage","url":"https://fundacion-biodiversidad.es/wp-content/uploads/2026/03/ESIL-RRSS-FEDER.png","contentUrl":"https://fundacion-biodiversidad.es/wp-content/uploads/2026/03/ESIL-RRSS-FEDER.png","width":1100,"height":1100},{"@type":"BreadcrumbList","@id":"https://fundacion-biodiversidad.es/en/proyecto_feder/esil-ecosystem-services-innovation-lab/#breadcrumb","itemListElement":[{"@type":"ListItem","position":1,"name":"Portada","item":"https://fundacion-biodiversidad.es/en/inicio/"},{"@type":"ListItem","position":2,"name":"ERDF Projects","item":"https://fundacion-biodiversidad.es/en/proyecto_feder/"},{"@type":"ListItem","position":3,"name":"ESIL. Ecosystem Services Innovation Lab"}]},{"@type":"WebSite","@id":"https://fundacion-biodiversidad.es/en/#website","url":"https://fundacion-biodiversidad.es/en/","name":"Fundación Biodiversidad","description":"Fundación pública adscrita al Ministerio para la Transición Ecológica","potentialAction":[{"@type":"SearchAction","target":{"@type":"EntryPoint","urlTemplate":"https://fundacion-biodiversidad.es/en/?s={search_term_string}"},"query-input":{"@type":"PropertyValueSpecification","valueRequired":true,"valueName":"search_term_string"}}],"inLanguage":"en-US"}]}</script>
<!-- / Yoast SEO plugin. -->

ESIL. Ecosystem Services Innovation Lab - Fundación Biodiversidad

Fundación Biodiversidad

Fundación pública adscrita al Ministerio para la Transición Ecológica
