{"id":97873629,"date":"2026-03-30T15:57:02","date_gmt":"2026-03-30T13:57:02","guid":{"rendered":"https:\/\/fundacion-biodiversidad.es\/proyecto_feder\/tenerife-media-restoration-of-island-ecosystems-and-prevention-of-forest-fires-on-the-island-of-tenerife\/"},"modified":"2026-03-30T15:57:02","modified_gmt":"2026-03-30T13:57:02","slug":"tenerife-media-restoration-of-island-ecosystems-and-prevention-of-forest-fires-on-the-island-of-tenerife","status":"publish","type":"proyecto_feder","link":"https:\/\/fundacion-biodiversidad.es\/en\/proyecto_feder\/tenerife-media-restoration-of-island-ecosystems-and-prevention-of-forest-fires-on-the-island-of-tenerife\/","title":{"rendered":"TENERIFE MEDIA. Restoration of island ecosystems and prevention of forest fires on the island of Tenerife."},"content":{"rendered":"<p>Initiative that aims to reduce the risk of forest fires and restore biodiversity in the rural areas of Tenerife. To this end, training activities and materials will be developed (such as a grazing guide and at least 50 talks and interpretive routes), agreements will be established with at least 250 landowners to create strips of self-protection against fires through silvicultural treatments, 75 land transfer agreements will be carried out, several additional actions will be carried out to reduce the risk of fires,  highlighting the use of flocks of sheep\/goats to eliminate biomass in 50,000 m\u00b2 of plots in abandoned cultivation areas, and at least 1,000 free shredding services for plant remains will be developed. All this is intended to achieve results related to the management of vegetable fuel, the promotion of biodiversity and the revitalization of agricultural and livestock activity.  <\/p>\n","protected":false},"featured_media":97873625,"parent":0,"template":"","meta":{"_acf_changed":false},"financiaci_n":[714],"lineas_actuacion_tematicas":[654],"class_list":["post-97873629","proyecto_feder","type-proyecto_feder","status-publish","has-post-thumbnail","hentry","financiaci_n-european-regional-development-fund","lineas_actuacion_tematicas-terrestrial-ecosystems"],"acf":[],"yoast_head":"<!-- This site is optimized with the Yoast SEO plugin v26.9 - https:\/\/yoast.com\/product\/yoast-seo-wordpress\/ -->\n<title>TENERIFE MEDIA. Restoration of island ecosystems and prevention of forest fires on the island of Tenerife. - Fundaci\u00f3n Biodiversidad<\/title>\n<meta name=\"robots\" content=\"index, follow, max-snippet:-1, max-image-preview:large, max-video-preview:-1\" \/>\n<link rel=\"canonical\" href=\"https:\/\/fundacion-biodiversidad.es\/en\/proyecto_feder\/tenerife-media-restoration-of-island-ecosystems-and-prevention-of-forest-fires-on-the-island-of-tenerife\/\" \/>\n<meta property=\"og:locale\" content=\"en_US\" \/>\n<meta property=\"og:type\" content=\"article\" \/>\n<meta property=\"og:title\" content=\"TENERIFE MEDIA. Restoration of island ecosystems and prevention of forest fires on the island of Tenerife. - Fundaci\u00f3n Biodiversidad\" \/>\n<meta property=\"og:description\" content=\"Initiative that aims to reduce the risk of forest fires and restore biodiversity in the rural areas of Tenerife. To this end, training activities and [&hellip;]\" \/>\n<meta property=\"og:url\" content=\"https:\/\/fundacion-biodiversidad.es\/en\/proyecto_feder\/tenerife-media-restoration-of-island-ecosystems-and-prevention-of-forest-fires-on-the-island-of-tenerife\/\" \/>\n<meta property=\"og:site_name\" content=\"Fundaci\u00f3n Biodiversidad\" \/>\n<meta property=\"og:image\" content=\"https:\/\/fundacion-biodiversidad.es\/wp-content\/uploads\/2026\/03\/MEDIANIAS-TENERIFE-RRSS-FEDER_1200x628-1024x536.png\" \/>\n<meta name=\"twitter:card\" content=\"summary_large_image\" \/>\n<meta name=\"twitter:image\" content=\"https:\/\/fundacion-biodiversidad.es\/wp-content\/uploads\/2026\/03\/MEDIANIAS-TENERIFE-RRSS-FEDER_1200x628-1024x536.png\" \/>\n<meta name=\"twitter:label1\" content=\"Est. reading time\" \/>\n\t<meta name=\"twitter:data1\" content=\"1 minute\" \/>\n<script type=\"application\/ld+json\" class=\"yoast-schema-graph\">{\"@context\":\"https:\/\/schema.org\",\"@graph\":[{\"@type\":\"WebPage\",\"@id\":\"https:\/\/fundacion-biodiversidad.es\/en\/proyecto_feder\/tenerife-media-restoration-of-island-ecosystems-and-prevention-of-forest-fires-on-the-island-of-tenerife\/\",\"url\":\"https:\/\/fundacion-biodiversidad.es\/en\/proyecto_feder\/tenerife-media-restoration-of-island-ecosystems-and-prevention-of-forest-fires-on-the-island-of-tenerife\/\",\"name\":\"TENERIFE MEDIA. Restoration of island ecosystems and prevention of forest fires on the island of Tenerife. - Fundaci\u00f3n Biodiversidad\",\"isPartOf\":{\"@id\":\"https:\/\/fundacion-biodiversidad.es\/en\/#website\"},\"primaryImageOfPage\":{\"@id\":\"https:\/\/fundacion-biodiversidad.es\/en\/proyecto_feder\/tenerife-media-restoration-of-island-ecosystems-and-prevention-of-forest-fires-on-the-island-of-tenerife\/#primaryimage\"},\"image\":{\"@id\":\"https:\/\/fundacion-biodiversidad.es\/en\/proyecto_feder\/tenerife-media-restoration-of-island-ecosystems-and-prevention-of-forest-fires-on-the-island-of-tenerife\/#primaryimage\"},\"thumbnailUrl\":\"https:\/\/fundacion-biodiversidad.es\/wp-content\/uploads\/2026\/03\/MEDIANIAS-TENERIFE-RRSS-FEDER.png\",\"datePublished\":\"2026-03-30T13:57:02+00:00\",\"breadcrumb\":{\"@id\":\"https:\/\/fundacion-biodiversidad.es\/en\/proyecto_feder\/tenerife-media-restoration-of-island-ecosystems-and-prevention-of-forest-fires-on-the-island-of-tenerife\/#breadcrumb\"},\"inLanguage\":\"en-US\",\"potentialAction\":[{\"@type\":\"ReadAction\",\"target\":[\"https:\/\/fundacion-biodiversidad.es\/en\/proyecto_feder\/tenerife-media-restoration-of-island-ecosystems-and-prevention-of-forest-fires-on-the-island-of-tenerife\/\"]}]},{\"@type\":\"ImageObject\",\"inLanguage\":\"en-US\",\"@id\":\"https:\/\/fundacion-biodiversidad.es\/en\/proyecto_feder\/tenerife-media-restoration-of-island-ecosystems-and-prevention-of-forest-fires-on-the-island-of-tenerife\/#primaryimage\",\"url\":\"https:\/\/fundacion-biodiversidad.es\/wp-content\/uploads\/2026\/03\/MEDIANIAS-TENERIFE-RRSS-FEDER.png\",\"contentUrl\":\"https:\/\/fundacion-biodiversidad.es\/wp-content\/uploads\/2026\/03\/MEDIANIAS-TENERIFE-RRSS-FEDER.png\",\"width\":1100,\"height\":1100},{\"@type\":\"BreadcrumbList\",\"@id\":\"https:\/\/fundacion-biodiversidad.es\/en\/proyecto_feder\/tenerife-media-restoration-of-island-ecosystems-and-prevention-of-forest-fires-on-the-island-of-tenerife\/#breadcrumb\",\"itemListElement\":[{\"@type\":\"ListItem\",\"position\":1,\"name\":\"Portada\",\"item\":\"https:\/\/fundacion-biodiversidad.es\/en\/inicio\/\"},{\"@type\":\"ListItem\",\"position\":2,\"name\":\"ERDF Projects\",\"item\":\"https:\/\/fundacion-biodiversidad.es\/en\/proyecto_feder\/\"},{\"@type\":\"ListItem\",\"position\":3,\"name\":\"TENERIFE MEDIA. Restoration of island ecosystems and prevention of forest fires on the island of Tenerife.\"}]},{\"@type\":\"WebSite\",\"@id\":\"https:\/\/fundacion-biodiversidad.es\/en\/#website\",\"url\":\"https:\/\/fundacion-biodiversidad.es\/en\/\",\"name\":\"Fundaci\u00f3n Biodiversidad\",\"description\":\"Fundaci\u00f3n p\u00fablica adscrita al Ministerio para la Transici\u00f3n Ecol\u00f3gica\",\"potentialAction\":[{\"@type\":\"SearchAction\",\"target\":{\"@type\":\"EntryPoint\",\"urlTemplate\":\"https:\/\/fundacion-biodiversidad.es\/en\/?s={search_term_string}\"},\"query-input\":{\"@type\":\"PropertyValueSpecification\",\"valueRequired\":true,\"valueName\":\"search_term_string\"}}],\"inLanguage\":\"en-US\"}]}<\/script>\n<!-- \/ Yoast SEO plugin. -->","yoast_head_json":{"title":"TENERIFE MEDIA. Restoration of island ecosystems and prevention of forest fires on the island of Tenerife. - Fundaci\u00f3n Biodiversidad","robots":{"index":"index","follow":"follow","max-snippet":"max-snippet:-1","max-image-preview":"max-image-preview:large","max-video-preview":"max-video-preview:-1"},"canonical":"https:\/\/fundacion-biodiversidad.es\/en\/proyecto_feder\/tenerife-media-restoration-of-island-ecosystems-and-prevention-of-forest-fires-on-the-island-of-tenerife\/","og_locale":"en_US","og_type":"article","og_title":"TENERIFE MEDIA. Restoration of island ecosystems and prevention of forest fires on the island of Tenerife. - Fundaci\u00f3n Biodiversidad","og_description":"Initiative that aims to reduce the risk of forest fires and restore biodiversity in the rural areas of Tenerife. To this end, training activities and [&hellip;]","og_url":"https:\/\/fundacion-biodiversidad.es\/en\/proyecto_feder\/tenerife-media-restoration-of-island-ecosystems-and-prevention-of-forest-fires-on-the-island-of-tenerife\/","og_site_name":"Fundaci\u00f3n Biodiversidad","og_image":[{"url":"https:\/\/fundacion-biodiversidad.es\/wp-content\/uploads\/2026\/03\/MEDIANIAS-TENERIFE-RRSS-FEDER_1200x628-1024x536.png","type":"","width":"","height":""}],"twitter_card":"summary_large_image","twitter_image":"https:\/\/fundacion-biodiversidad.es\/wp-content\/uploads\/2026\/03\/MEDIANIAS-TENERIFE-RRSS-FEDER_1200x628-1024x536.png","twitter_misc":{"Est. reading time":"1 minute"},"schema":{"@context":"https:\/\/schema.org","@graph":[{"@type":"WebPage","@id":"https:\/\/fundacion-biodiversidad.es\/en\/proyecto_feder\/tenerife-media-restoration-of-island-ecosystems-and-prevention-of-forest-fires-on-the-island-of-tenerife\/","url":"https:\/\/fundacion-biodiversidad.es\/en\/proyecto_feder\/tenerife-media-restoration-of-island-ecosystems-and-prevention-of-forest-fires-on-the-island-of-tenerife\/","name":"TENERIFE MEDIA. Restoration of island ecosystems and prevention of forest fires on the island of Tenerife. - Fundaci\u00f3n Biodiversidad","isPartOf":{"@id":"https:\/\/fundacion-biodiversidad.es\/en\/#website"},"primaryImageOfPage":{"@id":"https:\/\/fundacion-biodiversidad.es\/en\/proyecto_feder\/tenerife-media-restoration-of-island-ecosystems-and-prevention-of-forest-fires-on-the-island-of-tenerife\/#primaryimage"},"image":{"@id":"https:\/\/fundacion-biodiversidad.es\/en\/proyecto_feder\/tenerife-media-restoration-of-island-ecosystems-and-prevention-of-forest-fires-on-the-island-of-tenerife\/#primaryimage"},"thumbnailUrl":"https:\/\/fundacion-biodiversidad.es\/wp-content\/uploads\/2026\/03\/MEDIANIAS-TENERIFE-RRSS-FEDER.png","datePublished":"2026-03-30T13:57:02+00:00","breadcrumb":{"@id":"https:\/\/fundacion-biodiversidad.es\/en\/proyecto_feder\/tenerife-media-restoration-of-island-ecosystems-and-prevention-of-forest-fires-on-the-island-of-tenerife\/#breadcrumb"},"inLanguage":"en-US","potentialAction":[{"@type":"ReadAction","target":["https:\/\/fundacion-biodiversidad.es\/en\/proyecto_feder\/tenerife-media-restoration-of-island-ecosystems-and-prevention-of-forest-fires-on-the-island-of-tenerife\/"]}]},{"@type":"ImageObject","inLanguage":"en-US","@id":"https:\/\/fundacion-biodiversidad.es\/en\/proyecto_feder\/tenerife-media-restoration-of-island-ecosystems-and-prevention-of-forest-fires-on-the-island-of-tenerife\/#primaryimage","url":"https:\/\/fundacion-biodiversidad.es\/wp-content\/uploads\/2026\/03\/MEDIANIAS-TENERIFE-RRSS-FEDER.png","contentUrl":"https:\/\/fundacion-biodiversidad.es\/wp-content\/uploads\/2026\/03\/MEDIANIAS-TENERIFE-RRSS-FEDER.png","width":1100,"height":1100},{"@type":"BreadcrumbList","@id":"https:\/\/fundacion-biodiversidad.es\/en\/proyecto_feder\/tenerife-media-restoration-of-island-ecosystems-and-prevention-of-forest-fires-on-the-island-of-tenerife\/#breadcrumb","itemListElement":[{"@type":"ListItem","position":1,"name":"Portada","item":"https:\/\/fundacion-biodiversidad.es\/en\/inicio\/"},{"@type":"ListItem","position":2,"name":"ERDF Projects","item":"https:\/\/fundacion-biodiversidad.es\/en\/proyecto_feder\/"},{"@type":"ListItem","position":3,"name":"TENERIFE MEDIA. Restoration of island ecosystems and prevention of forest fires on the island of Tenerife."}]},{"@type":"WebSite","@id":"https:\/\/fundacion-biodiversidad.es\/en\/#website","url":"https:\/\/fundacion-biodiversidad.es\/en\/","name":"Fundaci\u00f3n Biodiversidad","description":"Fundaci\u00f3n p\u00fablica adscrita al Ministerio para la Transici\u00f3n Ecol\u00f3gica","potentialAction":[{"@type":"SearchAction","target":{"@type":"EntryPoint","urlTemplate":"https:\/\/fundacion-biodiversidad.es\/en\/?s={search_term_string}"},"query-input":{"@type":"PropertyValueSpecification","valueRequired":true,"valueName":"search_term_string"}}],"inLanguage":"en-US"}]}},"_links":{"self":[{"href":"https:\/\/fundacion-biodiversidad.es\/en\/wp-json\/wp\/v2\/proyecto_feder\/97873629","targetHints":{"allow":["GET"]}}],"collection":[{"href":"https:\/\/fundacion-biodiversidad.es\/en\/wp-json\/wp\/v2\/proyecto_feder"}],"about":[{"href":"https:\/\/fundacion-biodiversidad.es\/en\/wp-json\/wp\/v2\/types\/proyecto_feder"}],"wp:featuredmedia":[{"embeddable":true,"href":"https:\/\/fundacion-biodiversidad.es\/en\/wp-json\/wp\/v2\/media\/97873625"}],"wp:attachment":[{"href":"https:\/\/fundacion-biodiversidad.es\/en\/wp-json\/wp\/v2\/media?parent=97873629"}],"wp:term":[{"taxonomy":"financiaci_n","embeddable":true,"href":"https:\/\/fundacion-biodiversidad.es\/en\/wp-json\/wp\/v2\/financiaci_n?post=97873629"},{"taxonomy":"lineas_actuacion_tematicas","embeddable":true,"href":"https:\/\/fundacion-biodiversidad.es\/en\/wp-json\/wp\/v2\/lineas_actuacion_tematicas?post=97873629"}],"curies":[{"name":"wp","href":"https:\/\/api.w.org\/{rel}","templated":true}]}}

<!-- This site is optimized with the Yoast SEO plugin v26.9 - https://yoast.com/product/yoast-seo-wordpress/ -->
<title>TENERIFE MEDIA. Restoration of island ecosystems and prevention of forest fires on the island of Tenerife. - Fundación Biodiversidad</title>
<meta name="robots" content="index, follow, max-snippet:-1, max-image-preview:large, max-video-preview:-1" />
<link rel="canonical" href="https://fundacion-biodiversidad.es/en/proyecto_feder/tenerife-media-restoration-of-island-ecosystems-and-prevention-of-forest-fires-on-the-island-of-tenerife/" />
<meta property="og:locale" content="en_US" />
<meta property="og:type" content="article" />
<meta property="og:title" content="TENERIFE MEDIA. Restoration of island ecosystems and prevention of forest fires on the island of Tenerife. - Fundación Biodiversidad" />
<meta property="og:description" content="Initiative that aims to reduce the risk of forest fires and restore biodiversity in the rural areas of Tenerife. To this end, training activities and [&hellip;]" />
<meta property="og:url" content="https://fundacion-biodiversidad.es/en/proyecto_feder/tenerife-media-restoration-of-island-ecosystems-and-prevention-of-forest-fires-on-the-island-of-tenerife/" />
<meta property="og:site_name" content="Fundación Biodiversidad" />
<meta property="og:image" content="https://fundacion-biodiversidad.es/wp-content/uploads/2026/03/MEDIANIAS-TENERIFE-RRSS-FEDER_1200x628-1024x536.png" />
<meta name="twitter:card" content="summary_large_image" />
<meta name="twitter:image" content="https://fundacion-biodiversidad.es/wp-content/uploads/2026/03/MEDIANIAS-TENERIFE-RRSS-FEDER_1200x628-1024x536.png" />
<meta name="twitter:label1" content="Est. reading time" />
	<meta name="twitter:data1" content="1 minute" />
<script type="application/ld+json" class="yoast-schema-graph">{"@context":"https://schema.org","@graph":[{"@type":"WebPage","@id":"https://fundacion-biodiversidad.es/en/proyecto_feder/tenerife-media-restoration-of-island-ecosystems-and-prevention-of-forest-fires-on-the-island-of-tenerife/","url":"https://fundacion-biodiversidad.es/en/proyecto_feder/tenerife-media-restoration-of-island-ecosystems-and-prevention-of-forest-fires-on-the-island-of-tenerife/","name":"TENERIFE MEDIA. Restoration of island ecosystems and prevention of forest fires on the island of Tenerife. - Fundación Biodiversidad","isPartOf":{"@id":"https://fundacion-biodiversidad.es/en/#website"},"primaryImageOfPage":{"@id":"https://fundacion-biodiversidad.es/en/proyecto_feder/tenerife-media-restoration-of-island-ecosystems-and-prevention-of-forest-fires-on-the-island-of-tenerife/#primaryimage"},"image":{"@id":"https://fundacion-biodiversidad.es/en/proyecto_feder/tenerife-media-restoration-of-island-ecosystems-and-prevention-of-forest-fires-on-the-island-of-tenerife/#primaryimage"},"thumbnailUrl":"https://fundacion-biodiversidad.es/wp-content/uploads/2026/03/MEDIANIAS-TENERIFE-RRSS-FEDER.png","datePublished":"2026-03-30T13:57:02+00:00","breadcrumb":{"@id":"https://fundacion-biodiversidad.es/en/proyecto_feder/tenerife-media-restoration-of-island-ecosystems-and-prevention-of-forest-fires-on-the-island-of-tenerife/#breadcrumb"},"inLanguage":"en-US","potentialAction":[{"@type":"ReadAction","target":["https://fundacion-biodiversidad.es/en/proyecto_feder/tenerife-media-restoration-of-island-ecosystems-and-prevention-of-forest-fires-on-the-island-of-tenerife/"]}]},{"@type":"ImageObject","inLanguage":"en-US","@id":"https://fundacion-biodiversidad.es/en/proyecto_feder/tenerife-media-restoration-of-island-ecosystems-and-prevention-of-forest-fires-on-the-island-of-tenerife/#primaryimage","url":"https://fundacion-biodiversidad.es/wp-content/uploads/2026/03/MEDIANIAS-TENERIFE-RRSS-FEDER.png","contentUrl":"https://fundacion-biodiversidad.es/wp-content/uploads/2026/03/MEDIANIAS-TENERIFE-RRSS-FEDER.png","width":1100,"height":1100},{"@type":"BreadcrumbList","@id":"https://fundacion-biodiversidad.es/en/proyecto_feder/tenerife-media-restoration-of-island-ecosystems-and-prevention-of-forest-fires-on-the-island-of-tenerife/#breadcrumb","itemListElement":[{"@type":"ListItem","position":1,"name":"Portada","item":"https://fundacion-biodiversidad.es/en/inicio/"},{"@type":"ListItem","position":2,"name":"ERDF Projects","item":"https://fundacion-biodiversidad.es/en/proyecto_feder/"},{"@type":"ListItem","position":3,"name":"TENERIFE MEDIA. Restoration of island ecosystems and prevention of forest fires on the island of Tenerife."}]},{"@type":"WebSite","@id":"https://fundacion-biodiversidad.es/en/#website","url":"https://fundacion-biodiversidad.es/en/","name":"Fundación Biodiversidad","description":"Fundación pública adscrita al Ministerio para la Transición Ecológica","potentialAction":[{"@type":"SearchAction","target":{"@type":"EntryPoint","urlTemplate":"https://fundacion-biodiversidad.es/en/?s={search_term_string}"},"query-input":{"@type":"PropertyValueSpecification","valueRequired":true,"valueName":"search_term_string"}}],"inLanguage":"en-US"}]}</script>
<!-- / Yoast SEO plugin. -->

TENERIFE MEDIA. Restoration of island ecosystems and prevention of forest fires on the island of Tenerife. - Fundación Biodiversidad

Fundación Biodiversidad

Fundación pública adscrita al Ministerio para la Transición Ecológica
