{"id":97873630,"date":"2026-03-30T16:01:27","date_gmt":"2026-03-30T14:01:27","guid":{"rendered":"https:\/\/fundacion-biodiversidad.es\/proyecto_feder\/live-carob-multifunctional-dryland-agriculture-in-the-campo-de-cartagena\/"},"modified":"2026-04-15T13:57:07","modified_gmt":"2026-04-15T11:57:07","slug":"live-carob-multifunctional-dryland-agriculture-in-the-campo-de-cartagena","status":"publish","type":"proyecto_feder","link":"https:\/\/fundacion-biodiversidad.es\/en\/proyecto_feder\/live-carob-multifunctional-dryland-agriculture-in-the-campo-de-cartagena\/","title":{"rendered":"Live Carob. Multifunctional Dryland Agriculture in the Campo de Cartagena."},"content":{"rendered":"<p>The project aims to recover and enhance the dryland of Campo de Cartagena by promoting carob cultivation and its demand. To this end, actions will be carried out related to the planting of carob trees on private farms and on municipal land, promoting multifunctional landscapes and regenerative agriculture. In addition, a bioproduct bank, an identifying brand and the Dryland Landscape Office will be created, complementing these measures with a boost to policies to favour rainfed farming at the regional level. With all this, the aim is to achieve results related to restoration and management of rainfed land (60 ha on private farms, 30 ha with grazing, 22 ha municipal), transfer and replicability (replicator farms of 2 ha), and bioeconomy\/tourism (Dryland Landscape Office).   <\/p>\n","protected":false},"featured_media":97873891,"parent":0,"template":"","meta":{"_acf_changed":false},"financiaci_n":[714],"lineas_actuacion_tematicas":[654],"class_list":["post-97873630","proyecto_feder","type-proyecto_feder","status-publish","has-post-thumbnail","hentry","financiaci_n-european-regional-development-fund","lineas_actuacion_tematicas-terrestrial-ecosystems"],"acf":[],"yoast_head":"<!-- This site is optimized with the Yoast SEO plugin v26.9 - https:\/\/yoast.com\/product\/yoast-seo-wordpress\/ -->\n<title>Live Carob. Multifunctional Dryland Agriculture in the Campo de Cartagena. - Fundaci\u00f3n Biodiversidad<\/title>\n<meta name=\"robots\" content=\"index, follow, max-snippet:-1, max-image-preview:large, max-video-preview:-1\" \/>\n<link rel=\"canonical\" href=\"https:\/\/fundacion-biodiversidad.es\/en\/proyecto_feder\/live-carob-multifunctional-dryland-agriculture-in-the-campo-de-cartagena\/\" \/>\n<meta property=\"og:locale\" content=\"en_US\" \/>\n<meta property=\"og:type\" content=\"article\" \/>\n<meta property=\"og:title\" content=\"Live Carob. Multifunctional Dryland Agriculture in the Campo de Cartagena. - Fundaci\u00f3n Biodiversidad\" \/>\n<meta property=\"og:description\" content=\"The project aims to recover and enhance the dryland of Campo de Cartagena by promoting carob cultivation and its demand. To this end, actions will [&hellip;]\" \/>\n<meta property=\"og:url\" content=\"https:\/\/fundacion-biodiversidad.es\/en\/proyecto_feder\/live-carob-multifunctional-dryland-agriculture-in-the-campo-de-cartagena\/\" \/>\n<meta property=\"og:site_name\" content=\"Fundaci\u00f3n Biodiversidad\" \/>\n<meta property=\"article:modified_time\" content=\"2026-04-15T11:57:07+00:00\" \/>\n<meta property=\"og:image\" content=\"https:\/\/fundacion-biodiversidad.es\/wp-content\/uploads\/2026\/03\/Algarrobo-Vivo-RRSS-FEDER_1200x628-1024x536.png\" \/>\n<meta name=\"twitter:card\" content=\"summary_large_image\" \/>\n<meta name=\"twitter:image\" content=\"https:\/\/fundacion-biodiversidad.es\/wp-content\/uploads\/2026\/03\/Algarrobo-Vivo-RRSS-FEDER_1200x628-1024x536.png\" \/>\n<meta name=\"twitter:label1\" content=\"Est. reading time\" \/>\n\t<meta name=\"twitter:data1\" content=\"1 minute\" \/>\n<script type=\"application\/ld+json\" class=\"yoast-schema-graph\">{\"@context\":\"https:\/\/schema.org\",\"@graph\":[{\"@type\":\"WebPage\",\"@id\":\"https:\/\/fundacion-biodiversidad.es\/en\/proyecto_feder\/live-carob-multifunctional-dryland-agriculture-in-the-campo-de-cartagena\/\",\"url\":\"https:\/\/fundacion-biodiversidad.es\/en\/proyecto_feder\/live-carob-multifunctional-dryland-agriculture-in-the-campo-de-cartagena\/\",\"name\":\"Live Carob. Multifunctional Dryland Agriculture in the Campo de Cartagena. - Fundaci\u00f3n Biodiversidad\",\"isPartOf\":{\"@id\":\"https:\/\/fundacion-biodiversidad.es\/en\/#website\"},\"primaryImageOfPage\":{\"@id\":\"https:\/\/fundacion-biodiversidad.es\/en\/proyecto_feder\/live-carob-multifunctional-dryland-agriculture-in-the-campo-de-cartagena\/#primaryimage\"},\"image\":{\"@id\":\"https:\/\/fundacion-biodiversidad.es\/en\/proyecto_feder\/live-carob-multifunctional-dryland-agriculture-in-the-campo-de-cartagena\/#primaryimage\"},\"thumbnailUrl\":\"https:\/\/fundacion-biodiversidad.es\/wp-content\/uploads\/2026\/03\/Algarrobo-Vivo-RRSS-FEDER.png\",\"datePublished\":\"2026-03-30T14:01:27+00:00\",\"dateModified\":\"2026-04-15T11:57:07+00:00\",\"breadcrumb\":{\"@id\":\"https:\/\/fundacion-biodiversidad.es\/en\/proyecto_feder\/live-carob-multifunctional-dryland-agriculture-in-the-campo-de-cartagena\/#breadcrumb\"},\"inLanguage\":\"en-US\",\"potentialAction\":[{\"@type\":\"ReadAction\",\"target\":[\"https:\/\/fundacion-biodiversidad.es\/en\/proyecto_feder\/live-carob-multifunctional-dryland-agriculture-in-the-campo-de-cartagena\/\"]}]},{\"@type\":\"ImageObject\",\"inLanguage\":\"en-US\",\"@id\":\"https:\/\/fundacion-biodiversidad.es\/en\/proyecto_feder\/live-carob-multifunctional-dryland-agriculture-in-the-campo-de-cartagena\/#primaryimage\",\"url\":\"https:\/\/fundacion-biodiversidad.es\/wp-content\/uploads\/2026\/03\/Algarrobo-Vivo-RRSS-FEDER.png\",\"contentUrl\":\"https:\/\/fundacion-biodiversidad.es\/wp-content\/uploads\/2026\/03\/Algarrobo-Vivo-RRSS-FEDER.png\",\"width\":1100,\"height\":1100},{\"@type\":\"BreadcrumbList\",\"@id\":\"https:\/\/fundacion-biodiversidad.es\/en\/proyecto_feder\/live-carob-multifunctional-dryland-agriculture-in-the-campo-de-cartagena\/#breadcrumb\",\"itemListElement\":[{\"@type\":\"ListItem\",\"position\":1,\"name\":\"Portada\",\"item\":\"https:\/\/fundacion-biodiversidad.es\/en\/inicio\/\"},{\"@type\":\"ListItem\",\"position\":2,\"name\":\"ERDF Projects\",\"item\":\"https:\/\/fundacion-biodiversidad.es\/en\/proyecto_feder\/\"},{\"@type\":\"ListItem\",\"position\":3,\"name\":\"Live Carob. Multifunctional Dryland Agriculture in the Campo de Cartagena.\"}]},{\"@type\":\"WebSite\",\"@id\":\"https:\/\/fundacion-biodiversidad.es\/en\/#website\",\"url\":\"https:\/\/fundacion-biodiversidad.es\/en\/\",\"name\":\"Fundaci\u00f3n Biodiversidad\",\"description\":\"Fundaci\u00f3n p\u00fablica adscrita al Ministerio para la Transici\u00f3n Ecol\u00f3gica\",\"potentialAction\":[{\"@type\":\"SearchAction\",\"target\":{\"@type\":\"EntryPoint\",\"urlTemplate\":\"https:\/\/fundacion-biodiversidad.es\/en\/?s={search_term_string}\"},\"query-input\":{\"@type\":\"PropertyValueSpecification\",\"valueRequired\":true,\"valueName\":\"search_term_string\"}}],\"inLanguage\":\"en-US\"}]}<\/script>\n<!-- \/ Yoast SEO plugin. -->","yoast_head_json":{"title":"Live Carob. Multifunctional Dryland Agriculture in the Campo de Cartagena. - Fundaci\u00f3n Biodiversidad","robots":{"index":"index","follow":"follow","max-snippet":"max-snippet:-1","max-image-preview":"max-image-preview:large","max-video-preview":"max-video-preview:-1"},"canonical":"https:\/\/fundacion-biodiversidad.es\/en\/proyecto_feder\/live-carob-multifunctional-dryland-agriculture-in-the-campo-de-cartagena\/","og_locale":"en_US","og_type":"article","og_title":"Live Carob. Multifunctional Dryland Agriculture in the Campo de Cartagena. - Fundaci\u00f3n Biodiversidad","og_description":"The project aims to recover and enhance the dryland of Campo de Cartagena by promoting carob cultivation and its demand. To this end, actions will [&hellip;]","og_url":"https:\/\/fundacion-biodiversidad.es\/en\/proyecto_feder\/live-carob-multifunctional-dryland-agriculture-in-the-campo-de-cartagena\/","og_site_name":"Fundaci\u00f3n Biodiversidad","article_modified_time":"2026-04-15T11:57:07+00:00","og_image":[{"url":"https:\/\/fundacion-biodiversidad.es\/wp-content\/uploads\/2026\/03\/Algarrobo-Vivo-RRSS-FEDER_1200x628-1024x536.png","type":"","width":"","height":""}],"twitter_card":"summary_large_image","twitter_image":"https:\/\/fundacion-biodiversidad.es\/wp-content\/uploads\/2026\/03\/Algarrobo-Vivo-RRSS-FEDER_1200x628-1024x536.png","twitter_misc":{"Est. reading time":"1 minute"},"schema":{"@context":"https:\/\/schema.org","@graph":[{"@type":"WebPage","@id":"https:\/\/fundacion-biodiversidad.es\/en\/proyecto_feder\/live-carob-multifunctional-dryland-agriculture-in-the-campo-de-cartagena\/","url":"https:\/\/fundacion-biodiversidad.es\/en\/proyecto_feder\/live-carob-multifunctional-dryland-agriculture-in-the-campo-de-cartagena\/","name":"Live Carob. Multifunctional Dryland Agriculture in the Campo de Cartagena. - Fundaci\u00f3n Biodiversidad","isPartOf":{"@id":"https:\/\/fundacion-biodiversidad.es\/en\/#website"},"primaryImageOfPage":{"@id":"https:\/\/fundacion-biodiversidad.es\/en\/proyecto_feder\/live-carob-multifunctional-dryland-agriculture-in-the-campo-de-cartagena\/#primaryimage"},"image":{"@id":"https:\/\/fundacion-biodiversidad.es\/en\/proyecto_feder\/live-carob-multifunctional-dryland-agriculture-in-the-campo-de-cartagena\/#primaryimage"},"thumbnailUrl":"https:\/\/fundacion-biodiversidad.es\/wp-content\/uploads\/2026\/03\/Algarrobo-Vivo-RRSS-FEDER.png","datePublished":"2026-03-30T14:01:27+00:00","dateModified":"2026-04-15T11:57:07+00:00","breadcrumb":{"@id":"https:\/\/fundacion-biodiversidad.es\/en\/proyecto_feder\/live-carob-multifunctional-dryland-agriculture-in-the-campo-de-cartagena\/#breadcrumb"},"inLanguage":"en-US","potentialAction":[{"@type":"ReadAction","target":["https:\/\/fundacion-biodiversidad.es\/en\/proyecto_feder\/live-carob-multifunctional-dryland-agriculture-in-the-campo-de-cartagena\/"]}]},{"@type":"ImageObject","inLanguage":"en-US","@id":"https:\/\/fundacion-biodiversidad.es\/en\/proyecto_feder\/live-carob-multifunctional-dryland-agriculture-in-the-campo-de-cartagena\/#primaryimage","url":"https:\/\/fundacion-biodiversidad.es\/wp-content\/uploads\/2026\/03\/Algarrobo-Vivo-RRSS-FEDER.png","contentUrl":"https:\/\/fundacion-biodiversidad.es\/wp-content\/uploads\/2026\/03\/Algarrobo-Vivo-RRSS-FEDER.png","width":1100,"height":1100},{"@type":"BreadcrumbList","@id":"https:\/\/fundacion-biodiversidad.es\/en\/proyecto_feder\/live-carob-multifunctional-dryland-agriculture-in-the-campo-de-cartagena\/#breadcrumb","itemListElement":[{"@type":"ListItem","position":1,"name":"Portada","item":"https:\/\/fundacion-biodiversidad.es\/en\/inicio\/"},{"@type":"ListItem","position":2,"name":"ERDF Projects","item":"https:\/\/fundacion-biodiversidad.es\/en\/proyecto_feder\/"},{"@type":"ListItem","position":3,"name":"Live Carob. Multifunctional Dryland Agriculture in the Campo de Cartagena."}]},{"@type":"WebSite","@id":"https:\/\/fundacion-biodiversidad.es\/en\/#website","url":"https:\/\/fundacion-biodiversidad.es\/en\/","name":"Fundaci\u00f3n Biodiversidad","description":"Fundaci\u00f3n p\u00fablica adscrita al Ministerio para la Transici\u00f3n Ecol\u00f3gica","potentialAction":[{"@type":"SearchAction","target":{"@type":"EntryPoint","urlTemplate":"https:\/\/fundacion-biodiversidad.es\/en\/?s={search_term_string}"},"query-input":{"@type":"PropertyValueSpecification","valueRequired":true,"valueName":"search_term_string"}}],"inLanguage":"en-US"}]}},"_links":{"self":[{"href":"https:\/\/fundacion-biodiversidad.es\/en\/wp-json\/wp\/v2\/proyecto_feder\/97873630","targetHints":{"allow":["GET"]}}],"collection":[{"href":"https:\/\/fundacion-biodiversidad.es\/en\/wp-json\/wp\/v2\/proyecto_feder"}],"about":[{"href":"https:\/\/fundacion-biodiversidad.es\/en\/wp-json\/wp\/v2\/types\/proyecto_feder"}],"wp:featuredmedia":[{"embeddable":true,"href":"https:\/\/fundacion-biodiversidad.es\/en\/wp-json\/wp\/v2\/media\/97873891"}],"wp:attachment":[{"href":"https:\/\/fundacion-biodiversidad.es\/en\/wp-json\/wp\/v2\/media?parent=97873630"}],"wp:term":[{"taxonomy":"financiaci_n","embeddable":true,"href":"https:\/\/fundacion-biodiversidad.es\/en\/wp-json\/wp\/v2\/financiaci_n?post=97873630"},{"taxonomy":"lineas_actuacion_tematicas","embeddable":true,"href":"https:\/\/fundacion-biodiversidad.es\/en\/wp-json\/wp\/v2\/lineas_actuacion_tematicas?post=97873630"}],"curies":[{"name":"wp","href":"https:\/\/api.w.org\/{rel}","templated":true}]}}

<!-- This site is optimized with the Yoast SEO plugin v26.9 - https://yoast.com/product/yoast-seo-wordpress/ -->
<title>Live Carob. Multifunctional Dryland Agriculture in the Campo de Cartagena. - Fundación Biodiversidad</title>
<meta name="robots" content="index, follow, max-snippet:-1, max-image-preview:large, max-video-preview:-1" />
<link rel="canonical" href="https://fundacion-biodiversidad.es/en/proyecto_feder/live-carob-multifunctional-dryland-agriculture-in-the-campo-de-cartagena/" />
<meta property="og:locale" content="en_US" />
<meta property="og:type" content="article" />
<meta property="og:title" content="Live Carob. Multifunctional Dryland Agriculture in the Campo de Cartagena. - Fundación Biodiversidad" />
<meta property="og:description" content="The project aims to recover and enhance the dryland of Campo de Cartagena by promoting carob cultivation and its demand. To this end, actions will [&hellip;]" />
<meta property="og:url" content="https://fundacion-biodiversidad.es/en/proyecto_feder/live-carob-multifunctional-dryland-agriculture-in-the-campo-de-cartagena/" />
<meta property="og:site_name" content="Fundación Biodiversidad" />
<meta property="article:modified_time" content="2026-04-15T11:57:07+00:00" />
<meta property="og:image" content="https://fundacion-biodiversidad.es/wp-content/uploads/2026/03/Algarrobo-Vivo-RRSS-FEDER_1200x628-1024x536.png" />
<meta name="twitter:card" content="summary_large_image" />
<meta name="twitter:image" content="https://fundacion-biodiversidad.es/wp-content/uploads/2026/03/Algarrobo-Vivo-RRSS-FEDER_1200x628-1024x536.png" />
<meta name="twitter:label1" content="Est. reading time" />
	<meta name="twitter:data1" content="1 minute" />
<script type="application/ld+json" class="yoast-schema-graph">{"@context":"https://schema.org","@graph":[{"@type":"WebPage","@id":"https://fundacion-biodiversidad.es/en/proyecto_feder/live-carob-multifunctional-dryland-agriculture-in-the-campo-de-cartagena/","url":"https://fundacion-biodiversidad.es/en/proyecto_feder/live-carob-multifunctional-dryland-agriculture-in-the-campo-de-cartagena/","name":"Live Carob. Multifunctional Dryland Agriculture in the Campo de Cartagena. - Fundación Biodiversidad","isPartOf":{"@id":"https://fundacion-biodiversidad.es/en/#website"},"primaryImageOfPage":{"@id":"https://fundacion-biodiversidad.es/en/proyecto_feder/live-carob-multifunctional-dryland-agriculture-in-the-campo-de-cartagena/#primaryimage"},"image":{"@id":"https://fundacion-biodiversidad.es/en/proyecto_feder/live-carob-multifunctional-dryland-agriculture-in-the-campo-de-cartagena/#primaryimage"},"thumbnailUrl":"https://fundacion-biodiversidad.es/wp-content/uploads/2026/03/Algarrobo-Vivo-RRSS-FEDER.png","datePublished":"2026-03-30T14:01:27+00:00","dateModified":"2026-04-15T11:57:07+00:00","breadcrumb":{"@id":"https://fundacion-biodiversidad.es/en/proyecto_feder/live-carob-multifunctional-dryland-agriculture-in-the-campo-de-cartagena/#breadcrumb"},"inLanguage":"en-US","potentialAction":[{"@type":"ReadAction","target":["https://fundacion-biodiversidad.es/en/proyecto_feder/live-carob-multifunctional-dryland-agriculture-in-the-campo-de-cartagena/"]}]},{"@type":"ImageObject","inLanguage":"en-US","@id":"https://fundacion-biodiversidad.es/en/proyecto_feder/live-carob-multifunctional-dryland-agriculture-in-the-campo-de-cartagena/#primaryimage","url":"https://fundacion-biodiversidad.es/wp-content/uploads/2026/03/Algarrobo-Vivo-RRSS-FEDER.png","contentUrl":"https://fundacion-biodiversidad.es/wp-content/uploads/2026/03/Algarrobo-Vivo-RRSS-FEDER.png","width":1100,"height":1100},{"@type":"BreadcrumbList","@id":"https://fundacion-biodiversidad.es/en/proyecto_feder/live-carob-multifunctional-dryland-agriculture-in-the-campo-de-cartagena/#breadcrumb","itemListElement":[{"@type":"ListItem","position":1,"name":"Portada","item":"https://fundacion-biodiversidad.es/en/inicio/"},{"@type":"ListItem","position":2,"name":"ERDF Projects","item":"https://fundacion-biodiversidad.es/en/proyecto_feder/"},{"@type":"ListItem","position":3,"name":"Live Carob. Multifunctional Dryland Agriculture in the Campo de Cartagena."}]},{"@type":"WebSite","@id":"https://fundacion-biodiversidad.es/en/#website","url":"https://fundacion-biodiversidad.es/en/","name":"Fundación Biodiversidad","description":"Fundación pública adscrita al Ministerio para la Transición Ecológica","potentialAction":[{"@type":"SearchAction","target":{"@type":"EntryPoint","urlTemplate":"https://fundacion-biodiversidad.es/en/?s={search_term_string}"},"query-input":{"@type":"PropertyValueSpecification","valueRequired":true,"valueName":"search_term_string"}}],"inLanguage":"en-US"}]}</script>
<!-- / Yoast SEO plugin. -->

Live Carob. Multifunctional Dryland Agriculture in the Campo de Cartagena. - Fundación Biodiversidad

Fundación Biodiversidad

Fundación pública adscrita al Ministerio para la Transición Ecológica
