{"id":48794,"date":"2023-09-21T12:34:58","date_gmt":"2023-09-21T10:34:58","guid":{"rendered":"https:\/\/fundacion-biodiversidad.es\/proyecto_prtr\/green-corridortamaraceite-ciudad-alta-biodiv_infr-verde_lpgc\/"},"modified":"2025-04-24T08:31:29","modified_gmt":"2025-04-24T06:31:29","slug":"green-corridortamaraceite-ciudad-alta-biodiv_infr-verde_lpgc","status":"publish","type":"proyecto_prtr","link":"https:\/\/fundacion-biodiversidad.es\/en\/proyecto_prtr\/green-corridortamaraceite-ciudad-alta-biodiv_infr-verde_lpgc\/","title":{"rendered":"Green CorridorTamaraceite-Ciudad Alta (BIODIV_INFR.VERDE_LPGC)"},"content":{"rendered":"<p>The objective of the project is to strengthen the urban green infrastructure, improve the conditions of biodiversity in the urban space and encourage its connection with protected spaces and rural areas in the surroundings of Las Palmas de Gran Canaria.<\/p>\n","protected":false},"featured_media":48848,"parent":0,"template":"","meta":{"_acf_changed":false},"financiaci_n":[653],"lineas_actuacion_tematicas":[669],"class_list":["post-48794","proyecto_prtr","type-proyecto_prtr","status-publish","has-post-thumbnail","hentry","financiaci_n-plan-de-recuperacion-transformacion-y-resiliencia-en","lineas_actuacion_tematicas-urban-environments"],"acf":[],"yoast_head":"<!-- This site is optimized with the Yoast SEO plugin v26.9 - https:\/\/yoast.com\/product\/yoast-seo-wordpress\/ -->\n<title>Green CorridorTamaraceite-Ciudad Alta (BIODIV_INFR.VERDE_LPGC) - Fundaci\u00f3n Biodiversidad<\/title>\n<meta name=\"robots\" content=\"index, follow, max-snippet:-1, max-image-preview:large, max-video-preview:-1\" \/>\n<link rel=\"canonical\" href=\"https:\/\/fundacion-biodiversidad.es\/en\/proyecto_prtr\/green-corridortamaraceite-ciudad-alta-biodiv_infr-verde_lpgc\/\" \/>\n<meta property=\"og:locale\" content=\"en_US\" \/>\n<meta property=\"og:type\" content=\"article\" \/>\n<meta property=\"og:title\" content=\"Green CorridorTamaraceite-Ciudad Alta (BIODIV_INFR.VERDE_LPGC) - Fundaci\u00f3n Biodiversidad\" \/>\n<meta property=\"og:description\" content=\"The objective of the project is to strengthen the urban green infrastructure, improve the conditions of biodiversity in the urban space and encourage its connection [&hellip;]\" \/>\n<meta property=\"og:url\" content=\"https:\/\/fundacion-biodiversidad.es\/en\/proyecto_prtr\/green-corridortamaraceite-ciudad-alta-biodiv_infr-verde_lpgc\/\" \/>\n<meta property=\"og:site_name\" content=\"Fundaci\u00f3n Biodiversidad\" \/>\n<meta property=\"article:modified_time\" content=\"2025-04-24T06:31:29+00:00\" \/>\n<meta property=\"og:image\" content=\"https:\/\/fundacion-biodiversidad.es\/wp-content\/uploads\/2023\/09\/CIU-105-Imagen-Las-Palmas-1024x768.jpg\" \/>\n<meta name=\"twitter:card\" content=\"summary_large_image\" \/>\n<meta name=\"twitter:image\" content=\"https:\/\/fundacion-biodiversidad.es\/wp-content\/uploads\/2023\/09\/CIU-105-Imagen-Las-Palmas-1024x768.jpg\" \/>\n<script type=\"application\/ld+json\" class=\"yoast-schema-graph\">{\"@context\":\"https:\/\/schema.org\",\"@graph\":[{\"@type\":\"WebPage\",\"@id\":\"https:\/\/fundacion-biodiversidad.es\/en\/proyecto_prtr\/green-corridortamaraceite-ciudad-alta-biodiv_infr-verde_lpgc\/\",\"url\":\"https:\/\/fundacion-biodiversidad.es\/en\/proyecto_prtr\/green-corridortamaraceite-ciudad-alta-biodiv_infr-verde_lpgc\/\",\"name\":\"Green CorridorTamaraceite-Ciudad Alta (BIODIV_INFR.VERDE_LPGC) - Fundaci\u00f3n Biodiversidad\",\"isPartOf\":{\"@id\":\"https:\/\/fundacion-biodiversidad.es\/en\/#website\"},\"primaryImageOfPage\":{\"@id\":\"https:\/\/fundacion-biodiversidad.es\/en\/proyecto_prtr\/green-corridortamaraceite-ciudad-alta-biodiv_infr-verde_lpgc\/#primaryimage\"},\"image\":{\"@id\":\"https:\/\/fundacion-biodiversidad.es\/en\/proyecto_prtr\/green-corridortamaraceite-ciudad-alta-biodiv_infr-verde_lpgc\/#primaryimage\"},\"thumbnailUrl\":\"https:\/\/fundacion-biodiversidad.es\/wp-content\/uploads\/2023\/09\/CIU-105-Imagen-Las-Palmas.jpg\",\"datePublished\":\"2023-09-21T10:34:58+00:00\",\"dateModified\":\"2025-04-24T06:31:29+00:00\",\"breadcrumb\":{\"@id\":\"https:\/\/fundacion-biodiversidad.es\/en\/proyecto_prtr\/green-corridortamaraceite-ciudad-alta-biodiv_infr-verde_lpgc\/#breadcrumb\"},\"inLanguage\":\"en-US\",\"potentialAction\":[{\"@type\":\"ReadAction\",\"target\":[\"https:\/\/fundacion-biodiversidad.es\/en\/proyecto_prtr\/green-corridortamaraceite-ciudad-alta-biodiv_infr-verde_lpgc\/\"]}]},{\"@type\":\"ImageObject\",\"inLanguage\":\"en-US\",\"@id\":\"https:\/\/fundacion-biodiversidad.es\/en\/proyecto_prtr\/green-corridortamaraceite-ciudad-alta-biodiv_infr-verde_lpgc\/#primaryimage\",\"url\":\"https:\/\/fundacion-biodiversidad.es\/wp-content\/uploads\/2023\/09\/CIU-105-Imagen-Las-Palmas.jpg\",\"contentUrl\":\"https:\/\/fundacion-biodiversidad.es\/wp-content\/uploads\/2023\/09\/CIU-105-Imagen-Las-Palmas.jpg\",\"width\":2560,\"height\":1920},{\"@type\":\"BreadcrumbList\",\"@id\":\"https:\/\/fundacion-biodiversidad.es\/en\/proyecto_prtr\/green-corridortamaraceite-ciudad-alta-biodiv_infr-verde_lpgc\/#breadcrumb\",\"itemListElement\":[{\"@type\":\"ListItem\",\"position\":1,\"name\":\"Portada\",\"item\":\"https:\/\/fundacion-biodiversidad.es\/en\/inicio\/\"},{\"@type\":\"ListItem\",\"position\":2,\"name\":\"Proyectos de convocatorias PRTR\",\"item\":\"https:\/\/fundacion-biodiversidad.es\/en\/proyecto_prtr\/\"},{\"@type\":\"ListItem\",\"position\":3,\"name\":\"Green CorridorTamaraceite-Ciudad Alta (BIODIV_INFR.VERDE_LPGC)\"}]},{\"@type\":\"WebSite\",\"@id\":\"https:\/\/fundacion-biodiversidad.es\/en\/#website\",\"url\":\"https:\/\/fundacion-biodiversidad.es\/en\/\",\"name\":\"Fundaci\u00f3n Biodiversidad\",\"description\":\"Fundaci\u00f3n p\u00fablica adscrita al Ministerio para la Transici\u00f3n Ecol\u00f3gica\",\"potentialAction\":[{\"@type\":\"SearchAction\",\"target\":{\"@type\":\"EntryPoint\",\"urlTemplate\":\"https:\/\/fundacion-biodiversidad.es\/en\/?s={search_term_string}\"},\"query-input\":{\"@type\":\"PropertyValueSpecification\",\"valueRequired\":true,\"valueName\":\"search_term_string\"}}],\"inLanguage\":\"en-US\"}]}<\/script>\n<!-- \/ Yoast SEO plugin. -->","yoast_head_json":{"title":"Green CorridorTamaraceite-Ciudad Alta (BIODIV_INFR.VERDE_LPGC) - Fundaci\u00f3n Biodiversidad","robots":{"index":"index","follow":"follow","max-snippet":"max-snippet:-1","max-image-preview":"max-image-preview:large","max-video-preview":"max-video-preview:-1"},"canonical":"https:\/\/fundacion-biodiversidad.es\/en\/proyecto_prtr\/green-corridortamaraceite-ciudad-alta-biodiv_infr-verde_lpgc\/","og_locale":"en_US","og_type":"article","og_title":"Green CorridorTamaraceite-Ciudad Alta (BIODIV_INFR.VERDE_LPGC) - Fundaci\u00f3n Biodiversidad","og_description":"The objective of the project is to strengthen the urban green infrastructure, improve the conditions of biodiversity in the urban space and encourage its connection [&hellip;]","og_url":"https:\/\/fundacion-biodiversidad.es\/en\/proyecto_prtr\/green-corridortamaraceite-ciudad-alta-biodiv_infr-verde_lpgc\/","og_site_name":"Fundaci\u00f3n Biodiversidad","article_modified_time":"2025-04-24T06:31:29+00:00","og_image":[{"url":"https:\/\/fundacion-biodiversidad.es\/wp-content\/uploads\/2023\/09\/CIU-105-Imagen-Las-Palmas-1024x768.jpg","type":"","width":"","height":""}],"twitter_card":"summary_large_image","twitter_image":"https:\/\/fundacion-biodiversidad.es\/wp-content\/uploads\/2023\/09\/CIU-105-Imagen-Las-Palmas-1024x768.jpg","schema":{"@context":"https:\/\/schema.org","@graph":[{"@type":"WebPage","@id":"https:\/\/fundacion-biodiversidad.es\/en\/proyecto_prtr\/green-corridortamaraceite-ciudad-alta-biodiv_infr-verde_lpgc\/","url":"https:\/\/fundacion-biodiversidad.es\/en\/proyecto_prtr\/green-corridortamaraceite-ciudad-alta-biodiv_infr-verde_lpgc\/","name":"Green CorridorTamaraceite-Ciudad Alta (BIODIV_INFR.VERDE_LPGC) - Fundaci\u00f3n Biodiversidad","isPartOf":{"@id":"https:\/\/fundacion-biodiversidad.es\/en\/#website"},"primaryImageOfPage":{"@id":"https:\/\/fundacion-biodiversidad.es\/en\/proyecto_prtr\/green-corridortamaraceite-ciudad-alta-biodiv_infr-verde_lpgc\/#primaryimage"},"image":{"@id":"https:\/\/fundacion-biodiversidad.es\/en\/proyecto_prtr\/green-corridortamaraceite-ciudad-alta-biodiv_infr-verde_lpgc\/#primaryimage"},"thumbnailUrl":"https:\/\/fundacion-biodiversidad.es\/wp-content\/uploads\/2023\/09\/CIU-105-Imagen-Las-Palmas.jpg","datePublished":"2023-09-21T10:34:58+00:00","dateModified":"2025-04-24T06:31:29+00:00","breadcrumb":{"@id":"https:\/\/fundacion-biodiversidad.es\/en\/proyecto_prtr\/green-corridortamaraceite-ciudad-alta-biodiv_infr-verde_lpgc\/#breadcrumb"},"inLanguage":"en-US","potentialAction":[{"@type":"ReadAction","target":["https:\/\/fundacion-biodiversidad.es\/en\/proyecto_prtr\/green-corridortamaraceite-ciudad-alta-biodiv_infr-verde_lpgc\/"]}]},{"@type":"ImageObject","inLanguage":"en-US","@id":"https:\/\/fundacion-biodiversidad.es\/en\/proyecto_prtr\/green-corridortamaraceite-ciudad-alta-biodiv_infr-verde_lpgc\/#primaryimage","url":"https:\/\/fundacion-biodiversidad.es\/wp-content\/uploads\/2023\/09\/CIU-105-Imagen-Las-Palmas.jpg","contentUrl":"https:\/\/fundacion-biodiversidad.es\/wp-content\/uploads\/2023\/09\/CIU-105-Imagen-Las-Palmas.jpg","width":2560,"height":1920},{"@type":"BreadcrumbList","@id":"https:\/\/fundacion-biodiversidad.es\/en\/proyecto_prtr\/green-corridortamaraceite-ciudad-alta-biodiv_infr-verde_lpgc\/#breadcrumb","itemListElement":[{"@type":"ListItem","position":1,"name":"Portada","item":"https:\/\/fundacion-biodiversidad.es\/en\/inicio\/"},{"@type":"ListItem","position":2,"name":"Proyectos de convocatorias PRTR","item":"https:\/\/fundacion-biodiversidad.es\/en\/proyecto_prtr\/"},{"@type":"ListItem","position":3,"name":"Green CorridorTamaraceite-Ciudad Alta (BIODIV_INFR.VERDE_LPGC)"}]},{"@type":"WebSite","@id":"https:\/\/fundacion-biodiversidad.es\/en\/#website","url":"https:\/\/fundacion-biodiversidad.es\/en\/","name":"Fundaci\u00f3n Biodiversidad","description":"Fundaci\u00f3n p\u00fablica adscrita al Ministerio para la Transici\u00f3n Ecol\u00f3gica","potentialAction":[{"@type":"SearchAction","target":{"@type":"EntryPoint","urlTemplate":"https:\/\/fundacion-biodiversidad.es\/en\/?s={search_term_string}"},"query-input":{"@type":"PropertyValueSpecification","valueRequired":true,"valueName":"search_term_string"}}],"inLanguage":"en-US"}]}},"_links":{"self":[{"href":"https:\/\/fundacion-biodiversidad.es\/en\/wp-json\/wp\/v2\/proyecto_prtr\/48794","targetHints":{"allow":["GET"]}}],"collection":[{"href":"https:\/\/fundacion-biodiversidad.es\/en\/wp-json\/wp\/v2\/proyecto_prtr"}],"about":[{"href":"https:\/\/fundacion-biodiversidad.es\/en\/wp-json\/wp\/v2\/types\/proyecto_prtr"}],"wp:featuredmedia":[{"embeddable":true,"href":"https:\/\/fundacion-biodiversidad.es\/en\/wp-json\/wp\/v2\/media\/48848"}],"wp:attachment":[{"href":"https:\/\/fundacion-biodiversidad.es\/en\/wp-json\/wp\/v2\/media?parent=48794"}],"wp:term":[{"taxonomy":"financiaci_n","embeddable":true,"href":"https:\/\/fundacion-biodiversidad.es\/en\/wp-json\/wp\/v2\/financiaci_n?post=48794"},{"taxonomy":"lineas_actuacion_tematicas","embeddable":true,"href":"https:\/\/fundacion-biodiversidad.es\/en\/wp-json\/wp\/v2\/lineas_actuacion_tematicas?post=48794"}],"curies":[{"name":"wp","href":"https:\/\/api.w.org\/{rel}","templated":true}]}}

<!-- This site is optimized with the Yoast SEO plugin v26.9 - https://yoast.com/product/yoast-seo-wordpress/ -->
<title>Green CorridorTamaraceite-Ciudad Alta (BIODIV_INFR.VERDE_LPGC) - Fundación Biodiversidad</title>
<meta name="robots" content="index, follow, max-snippet:-1, max-image-preview:large, max-video-preview:-1" />
<link rel="canonical" href="https://fundacion-biodiversidad.es/en/proyecto_prtr/green-corridortamaraceite-ciudad-alta-biodiv_infr-verde_lpgc/" />
<meta property="og:locale" content="en_US" />
<meta property="og:type" content="article" />
<meta property="og:title" content="Green CorridorTamaraceite-Ciudad Alta (BIODIV_INFR.VERDE_LPGC) - Fundación Biodiversidad" />
<meta property="og:description" content="The objective of the project is to strengthen the urban green infrastructure, improve the conditions of biodiversity in the urban space and encourage its connection [&hellip;]" />
<meta property="og:url" content="https://fundacion-biodiversidad.es/en/proyecto_prtr/green-corridortamaraceite-ciudad-alta-biodiv_infr-verde_lpgc/" />
<meta property="og:site_name" content="Fundación Biodiversidad" />
<meta property="article:modified_time" content="2025-04-24T06:31:29+00:00" />
<meta property="og:image" content="https://fundacion-biodiversidad.es/wp-content/uploads/2023/09/CIU-105-Imagen-Las-Palmas-1024x768.jpg" />
<meta name="twitter:card" content="summary_large_image" />
<meta name="twitter:image" content="https://fundacion-biodiversidad.es/wp-content/uploads/2023/09/CIU-105-Imagen-Las-Palmas-1024x768.jpg" />
<script type="application/ld+json" class="yoast-schema-graph">{"@context":"https://schema.org","@graph":[{"@type":"WebPage","@id":"https://fundacion-biodiversidad.es/en/proyecto_prtr/green-corridortamaraceite-ciudad-alta-biodiv_infr-verde_lpgc/","url":"https://fundacion-biodiversidad.es/en/proyecto_prtr/green-corridortamaraceite-ciudad-alta-biodiv_infr-verde_lpgc/","name":"Green CorridorTamaraceite-Ciudad Alta (BIODIV_INFR.VERDE_LPGC) - Fundación Biodiversidad","isPartOf":{"@id":"https://fundacion-biodiversidad.es/en/#website"},"primaryImageOfPage":{"@id":"https://fundacion-biodiversidad.es/en/proyecto_prtr/green-corridortamaraceite-ciudad-alta-biodiv_infr-verde_lpgc/#primaryimage"},"image":{"@id":"https://fundacion-biodiversidad.es/en/proyecto_prtr/green-corridortamaraceite-ciudad-alta-biodiv_infr-verde_lpgc/#primaryimage"},"thumbnailUrl":"https://fundacion-biodiversidad.es/wp-content/uploads/2023/09/CIU-105-Imagen-Las-Palmas.jpg","datePublished":"2023-09-21T10:34:58+00:00","dateModified":"2025-04-24T06:31:29+00:00","breadcrumb":{"@id":"https://fundacion-biodiversidad.es/en/proyecto_prtr/green-corridortamaraceite-ciudad-alta-biodiv_infr-verde_lpgc/#breadcrumb"},"inLanguage":"en-US","potentialAction":[{"@type":"ReadAction","target":["https://fundacion-biodiversidad.es/en/proyecto_prtr/green-corridortamaraceite-ciudad-alta-biodiv_infr-verde_lpgc/"]}]},{"@type":"ImageObject","inLanguage":"en-US","@id":"https://fundacion-biodiversidad.es/en/proyecto_prtr/green-corridortamaraceite-ciudad-alta-biodiv_infr-verde_lpgc/#primaryimage","url":"https://fundacion-biodiversidad.es/wp-content/uploads/2023/09/CIU-105-Imagen-Las-Palmas.jpg","contentUrl":"https://fundacion-biodiversidad.es/wp-content/uploads/2023/09/CIU-105-Imagen-Las-Palmas.jpg","width":2560,"height":1920},{"@type":"BreadcrumbList","@id":"https://fundacion-biodiversidad.es/en/proyecto_prtr/green-corridortamaraceite-ciudad-alta-biodiv_infr-verde_lpgc/#breadcrumb","itemListElement":[{"@type":"ListItem","position":1,"name":"Portada","item":"https://fundacion-biodiversidad.es/en/inicio/"},{"@type":"ListItem","position":2,"name":"Proyectos de convocatorias PRTR","item":"https://fundacion-biodiversidad.es/en/proyecto_prtr/"},{"@type":"ListItem","position":3,"name":"Green CorridorTamaraceite-Ciudad Alta (BIODIV_INFR.VERDE_LPGC)"}]},{"@type":"WebSite","@id":"https://fundacion-biodiversidad.es/en/#website","url":"https://fundacion-biodiversidad.es/en/","name":"Fundación Biodiversidad","description":"Fundación pública adscrita al Ministerio para la Transición Ecológica","potentialAction":[{"@type":"SearchAction","target":{"@type":"EntryPoint","urlTemplate":"https://fundacion-biodiversidad.es/en/?s={search_term_string}"},"query-input":{"@type":"PropertyValueSpecification","valueRequired":true,"valueName":"search_term_string"}}],"inLanguage":"en-US"}]}</script>
<!-- / Yoast SEO plugin. -->

Green CorridorTamaraceite-Ciudad Alta (BIODIV_INFR.VERDE_LPGC) - Fundación Biodiversidad

Fundación Biodiversidad

Fundación pública adscrita al Ministerio para la Transición Ecológica
