{"id":48799,"date":"2023-09-21T13:01:49","date_gmt":"2023-09-21T11:01:49","guid":{"rendered":"https:\/\/fundacion-biodiversidad.es\/proyecto_prtr\/renaturalization-of-the-surroundings-of-vistalegre-and-the-calzas-anchas-stream-vistalegre\/"},"modified":"2025-04-24T08:31:26","modified_gmt":"2025-04-24T06:31:26","slug":"renaturalization-of-the-surroundings-of-vistalegre-and-the-calzas-anchas-stream-vistalegre","status":"publish","type":"proyecto_prtr","link":"https:\/\/fundacion-biodiversidad.es\/en\/proyecto_prtr\/renaturalization-of-the-surroundings-of-vistalegre-and-the-calzas-anchas-stream-vistalegre\/","title":{"rendered":"Renaturalization of the surroundings of Vistalegre and the Calzas Anchas stream (Vistalegre)."},"content":{"rendered":"<p>The general objective of Vistalegre is the natural recovery of an approximate area of several tens of thousands of square meters of degraded land located in the southeastern area of the city, in order to generate a green and blue corridor that transcends administrative boundaries and generates a reversal of the current territorial, ecosystemic and landscape paradigm in the entire area. In addition, it is an action that seeks to integrate the urban environment and its immediate space into the same matrix through the restitution and transformation of the interstitial spaces of the city, facilitating access to the natural environment, contributing to a better functioning of the urban ecosystem, improving the quality of life of people and the resilience of Utrera in the face of the effects of climate change.<\/p>\n","protected":false},"featured_media":97851670,"parent":0,"template":"","meta":{"_acf_changed":false},"financiaci_n":[653],"lineas_actuacion_tematicas":[669],"class_list":["post-48799","proyecto_prtr","type-proyecto_prtr","status-publish","has-post-thumbnail","hentry","financiaci_n-plan-de-recuperacion-transformacion-y-resiliencia-en","lineas_actuacion_tematicas-urban-environments"],"acf":[],"yoast_head":"<!-- This site is optimized with the Yoast SEO plugin v26.9 - https:\/\/yoast.com\/product\/yoast-seo-wordpress\/ -->\n<title>Renaturalization of the surroundings of Vistalegre and the Calzas Anchas stream (Vistalegre). - Fundaci\u00f3n Biodiversidad<\/title>\n<meta name=\"robots\" content=\"index, follow, max-snippet:-1, max-image-preview:large, max-video-preview:-1\" \/>\n<link rel=\"canonical\" href=\"https:\/\/fundacion-biodiversidad.es\/en\/proyecto_prtr\/renaturalization-of-the-surroundings-of-vistalegre-and-the-calzas-anchas-stream-vistalegre\/\" \/>\n<meta property=\"og:locale\" content=\"en_US\" \/>\n<meta property=\"og:type\" content=\"article\" \/>\n<meta property=\"og:title\" content=\"Renaturalization of the surroundings of Vistalegre and the Calzas Anchas stream (Vistalegre). - Fundaci\u00f3n Biodiversidad\" \/>\n<meta property=\"og:description\" content=\"The general objective of Vistalegre is the natural recovery of an approximate area of several tens of thousands of square meters of degraded land located [&hellip;]\" \/>\n<meta property=\"og:url\" content=\"https:\/\/fundacion-biodiversidad.es\/en\/proyecto_prtr\/renaturalization-of-the-surroundings-of-vistalegre-and-the-calzas-anchas-stream-vistalegre\/\" \/>\n<meta property=\"og:site_name\" content=\"Fundaci\u00f3n Biodiversidad\" \/>\n<meta property=\"article:modified_time\" content=\"2025-04-24T06:31:26+00:00\" \/>\n<meta property=\"og:image\" content=\"https:\/\/fundacion-biodiversidad.es\/wp-content\/uploads\/2024\/01\/image00022-1024x768.jpeg\" \/>\n<meta name=\"twitter:card\" content=\"summary_large_image\" \/>\n<meta name=\"twitter:image\" content=\"https:\/\/fundacion-biodiversidad.es\/wp-content\/uploads\/2024\/01\/image00022-1024x768.jpeg\" \/>\n<meta name=\"twitter:label1\" content=\"Est. reading time\" \/>\n\t<meta name=\"twitter:data1\" content=\"1 minute\" \/>\n<script type=\"application\/ld+json\" class=\"yoast-schema-graph\">{\"@context\":\"https:\/\/schema.org\",\"@graph\":[{\"@type\":\"WebPage\",\"@id\":\"https:\/\/fundacion-biodiversidad.es\/en\/proyecto_prtr\/renaturalization-of-the-surroundings-of-vistalegre-and-the-calzas-anchas-stream-vistalegre\/\",\"url\":\"https:\/\/fundacion-biodiversidad.es\/en\/proyecto_prtr\/renaturalization-of-the-surroundings-of-vistalegre-and-the-calzas-anchas-stream-vistalegre\/\",\"name\":\"Renaturalization of the surroundings of Vistalegre and the Calzas Anchas stream (Vistalegre). - Fundaci\u00f3n Biodiversidad\",\"isPartOf\":{\"@id\":\"https:\/\/fundacion-biodiversidad.es\/en\/#website\"},\"primaryImageOfPage\":{\"@id\":\"https:\/\/fundacion-biodiversidad.es\/en\/proyecto_prtr\/renaturalization-of-the-surroundings-of-vistalegre-and-the-calzas-anchas-stream-vistalegre\/#primaryimage\"},\"image\":{\"@id\":\"https:\/\/fundacion-biodiversidad.es\/en\/proyecto_prtr\/renaturalization-of-the-surroundings-of-vistalegre-and-the-calzas-anchas-stream-vistalegre\/#primaryimage\"},\"thumbnailUrl\":\"https:\/\/fundacion-biodiversidad.es\/wp-content\/uploads\/2024\/01\/image00022.jpeg\",\"datePublished\":\"2023-09-21T11:01:49+00:00\",\"dateModified\":\"2025-04-24T06:31:26+00:00\",\"breadcrumb\":{\"@id\":\"https:\/\/fundacion-biodiversidad.es\/en\/proyecto_prtr\/renaturalization-of-the-surroundings-of-vistalegre-and-the-calzas-anchas-stream-vistalegre\/#breadcrumb\"},\"inLanguage\":\"en-US\",\"potentialAction\":[{\"@type\":\"ReadAction\",\"target\":[\"https:\/\/fundacion-biodiversidad.es\/en\/proyecto_prtr\/renaturalization-of-the-surroundings-of-vistalegre-and-the-calzas-anchas-stream-vistalegre\/\"]}]},{\"@type\":\"ImageObject\",\"inLanguage\":\"en-US\",\"@id\":\"https:\/\/fundacion-biodiversidad.es\/en\/proyecto_prtr\/renaturalization-of-the-surroundings-of-vistalegre-and-the-calzas-anchas-stream-vistalegre\/#primaryimage\",\"url\":\"https:\/\/fundacion-biodiversidad.es\/wp-content\/uploads\/2024\/01\/image00022.jpeg\",\"contentUrl\":\"https:\/\/fundacion-biodiversidad.es\/wp-content\/uploads\/2024\/01\/image00022.jpeg\",\"width\":4032,\"height\":3024},{\"@type\":\"BreadcrumbList\",\"@id\":\"https:\/\/fundacion-biodiversidad.es\/en\/proyecto_prtr\/renaturalization-of-the-surroundings-of-vistalegre-and-the-calzas-anchas-stream-vistalegre\/#breadcrumb\",\"itemListElement\":[{\"@type\":\"ListItem\",\"position\":1,\"name\":\"Portada\",\"item\":\"https:\/\/fundacion-biodiversidad.es\/en\/inicio\/\"},{\"@type\":\"ListItem\",\"position\":2,\"name\":\"Proyectos de convocatorias PRTR\",\"item\":\"https:\/\/fundacion-biodiversidad.es\/en\/proyecto_prtr\/\"},{\"@type\":\"ListItem\",\"position\":3,\"name\":\"Renaturalization of the surroundings of Vistalegre and the Calzas Anchas stream (Vistalegre).\"}]},{\"@type\":\"WebSite\",\"@id\":\"https:\/\/fundacion-biodiversidad.es\/en\/#website\",\"url\":\"https:\/\/fundacion-biodiversidad.es\/en\/\",\"name\":\"Fundaci\u00f3n Biodiversidad\",\"description\":\"Fundaci\u00f3n p\u00fablica adscrita al Ministerio para la Transici\u00f3n Ecol\u00f3gica\",\"potentialAction\":[{\"@type\":\"SearchAction\",\"target\":{\"@type\":\"EntryPoint\",\"urlTemplate\":\"https:\/\/fundacion-biodiversidad.es\/en\/?s={search_term_string}\"},\"query-input\":{\"@type\":\"PropertyValueSpecification\",\"valueRequired\":true,\"valueName\":\"search_term_string\"}}],\"inLanguage\":\"en-US\"}]}<\/script>\n<!-- \/ Yoast SEO plugin. -->","yoast_head_json":{"title":"Renaturalization of the surroundings of Vistalegre and the Calzas Anchas stream (Vistalegre). - Fundaci\u00f3n Biodiversidad","robots":{"index":"index","follow":"follow","max-snippet":"max-snippet:-1","max-image-preview":"max-image-preview:large","max-video-preview":"max-video-preview:-1"},"canonical":"https:\/\/fundacion-biodiversidad.es\/en\/proyecto_prtr\/renaturalization-of-the-surroundings-of-vistalegre-and-the-calzas-anchas-stream-vistalegre\/","og_locale":"en_US","og_type":"article","og_title":"Renaturalization of the surroundings of Vistalegre and the Calzas Anchas stream (Vistalegre). - Fundaci\u00f3n Biodiversidad","og_description":"The general objective of Vistalegre is the natural recovery of an approximate area of several tens of thousands of square meters of degraded land located [&hellip;]","og_url":"https:\/\/fundacion-biodiversidad.es\/en\/proyecto_prtr\/renaturalization-of-the-surroundings-of-vistalegre-and-the-calzas-anchas-stream-vistalegre\/","og_site_name":"Fundaci\u00f3n Biodiversidad","article_modified_time":"2025-04-24T06:31:26+00:00","og_image":[{"url":"https:\/\/fundacion-biodiversidad.es\/wp-content\/uploads\/2024\/01\/image00022-1024x768.jpeg","type":"","width":"","height":""}],"twitter_card":"summary_large_image","twitter_image":"https:\/\/fundacion-biodiversidad.es\/wp-content\/uploads\/2024\/01\/image00022-1024x768.jpeg","twitter_misc":{"Est. reading time":"1 minute"},"schema":{"@context":"https:\/\/schema.org","@graph":[{"@type":"WebPage","@id":"https:\/\/fundacion-biodiversidad.es\/en\/proyecto_prtr\/renaturalization-of-the-surroundings-of-vistalegre-and-the-calzas-anchas-stream-vistalegre\/","url":"https:\/\/fundacion-biodiversidad.es\/en\/proyecto_prtr\/renaturalization-of-the-surroundings-of-vistalegre-and-the-calzas-anchas-stream-vistalegre\/","name":"Renaturalization of the surroundings of Vistalegre and the Calzas Anchas stream (Vistalegre). - Fundaci\u00f3n Biodiversidad","isPartOf":{"@id":"https:\/\/fundacion-biodiversidad.es\/en\/#website"},"primaryImageOfPage":{"@id":"https:\/\/fundacion-biodiversidad.es\/en\/proyecto_prtr\/renaturalization-of-the-surroundings-of-vistalegre-and-the-calzas-anchas-stream-vistalegre\/#primaryimage"},"image":{"@id":"https:\/\/fundacion-biodiversidad.es\/en\/proyecto_prtr\/renaturalization-of-the-surroundings-of-vistalegre-and-the-calzas-anchas-stream-vistalegre\/#primaryimage"},"thumbnailUrl":"https:\/\/fundacion-biodiversidad.es\/wp-content\/uploads\/2024\/01\/image00022.jpeg","datePublished":"2023-09-21T11:01:49+00:00","dateModified":"2025-04-24T06:31:26+00:00","breadcrumb":{"@id":"https:\/\/fundacion-biodiversidad.es\/en\/proyecto_prtr\/renaturalization-of-the-surroundings-of-vistalegre-and-the-calzas-anchas-stream-vistalegre\/#breadcrumb"},"inLanguage":"en-US","potentialAction":[{"@type":"ReadAction","target":["https:\/\/fundacion-biodiversidad.es\/en\/proyecto_prtr\/renaturalization-of-the-surroundings-of-vistalegre-and-the-calzas-anchas-stream-vistalegre\/"]}]},{"@type":"ImageObject","inLanguage":"en-US","@id":"https:\/\/fundacion-biodiversidad.es\/en\/proyecto_prtr\/renaturalization-of-the-surroundings-of-vistalegre-and-the-calzas-anchas-stream-vistalegre\/#primaryimage","url":"https:\/\/fundacion-biodiversidad.es\/wp-content\/uploads\/2024\/01\/image00022.jpeg","contentUrl":"https:\/\/fundacion-biodiversidad.es\/wp-content\/uploads\/2024\/01\/image00022.jpeg","width":4032,"height":3024},{"@type":"BreadcrumbList","@id":"https:\/\/fundacion-biodiversidad.es\/en\/proyecto_prtr\/renaturalization-of-the-surroundings-of-vistalegre-and-the-calzas-anchas-stream-vistalegre\/#breadcrumb","itemListElement":[{"@type":"ListItem","position":1,"name":"Portada","item":"https:\/\/fundacion-biodiversidad.es\/en\/inicio\/"},{"@type":"ListItem","position":2,"name":"Proyectos de convocatorias PRTR","item":"https:\/\/fundacion-biodiversidad.es\/en\/proyecto_prtr\/"},{"@type":"ListItem","position":3,"name":"Renaturalization of the surroundings of Vistalegre and the Calzas Anchas stream (Vistalegre)."}]},{"@type":"WebSite","@id":"https:\/\/fundacion-biodiversidad.es\/en\/#website","url":"https:\/\/fundacion-biodiversidad.es\/en\/","name":"Fundaci\u00f3n Biodiversidad","description":"Fundaci\u00f3n p\u00fablica adscrita al Ministerio para la Transici\u00f3n Ecol\u00f3gica","potentialAction":[{"@type":"SearchAction","target":{"@type":"EntryPoint","urlTemplate":"https:\/\/fundacion-biodiversidad.es\/en\/?s={search_term_string}"},"query-input":{"@type":"PropertyValueSpecification","valueRequired":true,"valueName":"search_term_string"}}],"inLanguage":"en-US"}]}},"_links":{"self":[{"href":"https:\/\/fundacion-biodiversidad.es\/en\/wp-json\/wp\/v2\/proyecto_prtr\/48799","targetHints":{"allow":["GET"]}}],"collection":[{"href":"https:\/\/fundacion-biodiversidad.es\/en\/wp-json\/wp\/v2\/proyecto_prtr"}],"about":[{"href":"https:\/\/fundacion-biodiversidad.es\/en\/wp-json\/wp\/v2\/types\/proyecto_prtr"}],"wp:featuredmedia":[{"embeddable":true,"href":"https:\/\/fundacion-biodiversidad.es\/en\/wp-json\/wp\/v2\/media\/97851670"}],"wp:attachment":[{"href":"https:\/\/fundacion-biodiversidad.es\/en\/wp-json\/wp\/v2\/media?parent=48799"}],"wp:term":[{"taxonomy":"financiaci_n","embeddable":true,"href":"https:\/\/fundacion-biodiversidad.es\/en\/wp-json\/wp\/v2\/financiaci_n?post=48799"},{"taxonomy":"lineas_actuacion_tematicas","embeddable":true,"href":"https:\/\/fundacion-biodiversidad.es\/en\/wp-json\/wp\/v2\/lineas_actuacion_tematicas?post=48799"}],"curies":[{"name":"wp","href":"https:\/\/api.w.org\/{rel}","templated":true}]}}

<!-- This site is optimized with the Yoast SEO plugin v26.9 - https://yoast.com/product/yoast-seo-wordpress/ -->
<title>Renaturalization of the surroundings of Vistalegre and the Calzas Anchas stream (Vistalegre). - Fundación Biodiversidad</title>
<meta name="robots" content="index, follow, max-snippet:-1, max-image-preview:large, max-video-preview:-1" />
<link rel="canonical" href="https://fundacion-biodiversidad.es/en/proyecto_prtr/renaturalization-of-the-surroundings-of-vistalegre-and-the-calzas-anchas-stream-vistalegre/" />
<meta property="og:locale" content="en_US" />
<meta property="og:type" content="article" />
<meta property="og:title" content="Renaturalization of the surroundings of Vistalegre and the Calzas Anchas stream (Vistalegre). - Fundación Biodiversidad" />
<meta property="og:description" content="The general objective of Vistalegre is the natural recovery of an approximate area of several tens of thousands of square meters of degraded land located [&hellip;]" />
<meta property="og:url" content="https://fundacion-biodiversidad.es/en/proyecto_prtr/renaturalization-of-the-surroundings-of-vistalegre-and-the-calzas-anchas-stream-vistalegre/" />
<meta property="og:site_name" content="Fundación Biodiversidad" />
<meta property="article:modified_time" content="2025-04-24T06:31:26+00:00" />
<meta property="og:image" content="https://fundacion-biodiversidad.es/wp-content/uploads/2024/01/image00022-1024x768.jpeg" />
<meta name="twitter:card" content="summary_large_image" />
<meta name="twitter:image" content="https://fundacion-biodiversidad.es/wp-content/uploads/2024/01/image00022-1024x768.jpeg" />
<meta name="twitter:label1" content="Est. reading time" />
	<meta name="twitter:data1" content="1 minute" />
<script type="application/ld+json" class="yoast-schema-graph">{"@context":"https://schema.org","@graph":[{"@type":"WebPage","@id":"https://fundacion-biodiversidad.es/en/proyecto_prtr/renaturalization-of-the-surroundings-of-vistalegre-and-the-calzas-anchas-stream-vistalegre/","url":"https://fundacion-biodiversidad.es/en/proyecto_prtr/renaturalization-of-the-surroundings-of-vistalegre-and-the-calzas-anchas-stream-vistalegre/","name":"Renaturalization of the surroundings of Vistalegre and the Calzas Anchas stream (Vistalegre). - Fundación Biodiversidad","isPartOf":{"@id":"https://fundacion-biodiversidad.es/en/#website"},"primaryImageOfPage":{"@id":"https://fundacion-biodiversidad.es/en/proyecto_prtr/renaturalization-of-the-surroundings-of-vistalegre-and-the-calzas-anchas-stream-vistalegre/#primaryimage"},"image":{"@id":"https://fundacion-biodiversidad.es/en/proyecto_prtr/renaturalization-of-the-surroundings-of-vistalegre-and-the-calzas-anchas-stream-vistalegre/#primaryimage"},"thumbnailUrl":"https://fundacion-biodiversidad.es/wp-content/uploads/2024/01/image00022.jpeg","datePublished":"2023-09-21T11:01:49+00:00","dateModified":"2025-04-24T06:31:26+00:00","breadcrumb":{"@id":"https://fundacion-biodiversidad.es/en/proyecto_prtr/renaturalization-of-the-surroundings-of-vistalegre-and-the-calzas-anchas-stream-vistalegre/#breadcrumb"},"inLanguage":"en-US","potentialAction":[{"@type":"ReadAction","target":["https://fundacion-biodiversidad.es/en/proyecto_prtr/renaturalization-of-the-surroundings-of-vistalegre-and-the-calzas-anchas-stream-vistalegre/"]}]},{"@type":"ImageObject","inLanguage":"en-US","@id":"https://fundacion-biodiversidad.es/en/proyecto_prtr/renaturalization-of-the-surroundings-of-vistalegre-and-the-calzas-anchas-stream-vistalegre/#primaryimage","url":"https://fundacion-biodiversidad.es/wp-content/uploads/2024/01/image00022.jpeg","contentUrl":"https://fundacion-biodiversidad.es/wp-content/uploads/2024/01/image00022.jpeg","width":4032,"height":3024},{"@type":"BreadcrumbList","@id":"https://fundacion-biodiversidad.es/en/proyecto_prtr/renaturalization-of-the-surroundings-of-vistalegre-and-the-calzas-anchas-stream-vistalegre/#breadcrumb","itemListElement":[{"@type":"ListItem","position":1,"name":"Portada","item":"https://fundacion-biodiversidad.es/en/inicio/"},{"@type":"ListItem","position":2,"name":"Proyectos de convocatorias PRTR","item":"https://fundacion-biodiversidad.es/en/proyecto_prtr/"},{"@type":"ListItem","position":3,"name":"Renaturalization of the surroundings of Vistalegre and the Calzas Anchas stream (Vistalegre)."}]},{"@type":"WebSite","@id":"https://fundacion-biodiversidad.es/en/#website","url":"https://fundacion-biodiversidad.es/en/","name":"Fundación Biodiversidad","description":"Fundación pública adscrita al Ministerio para la Transición Ecológica","potentialAction":[{"@type":"SearchAction","target":{"@type":"EntryPoint","urlTemplate":"https://fundacion-biodiversidad.es/en/?s={search_term_string}"},"query-input":{"@type":"PropertyValueSpecification","valueRequired":true,"valueName":"search_term_string"}}],"inLanguage":"en-US"}]}</script>
<!-- / Yoast SEO plugin. -->

Renaturalization of the surroundings of Vistalegre and the Calzas Anchas stream (Vistalegre). - Fundación Biodiversidad

Fundación Biodiversidad

Fundación pública adscrita al Ministerio para la Transición Ecológica
