{"id":48801,"date":"2023-09-21T13:06:23","date_gmt":"2023-09-21T11:06:23","guid":{"rendered":"https:\/\/fundacion-biodiversidad.es\/proyecto_prtr\/we-renaturalize-the-city-to-make-it-more-resilient-creating-green-and-blue-infrastructure-molina-de-seguras-transforming-green-ring\/"},"modified":"2025-04-24T08:31:25","modified_gmt":"2025-04-24T06:31:25","slug":"we-renaturalize-the-city-to-make-it-more-resilient-creating-green-and-blue-infrastructure-molina-de-seguras-transforming-green-ring","status":"publish","type":"proyecto_prtr","link":"https:\/\/fundacion-biodiversidad.es\/en\/proyecto_prtr\/we-renaturalize-the-city-to-make-it-more-resilient-creating-green-and-blue-infrastructure-molina-de-seguras-transforming-green-ring\/","title":{"rendered":"We renaturalize the city to make it more resilient, creating green and blue infrastructure (Molina de Segura&#8217;s transforming green ring)."},"content":{"rendered":"<p>The aim of the project is to provide Molina de Segura with green and blue infrastructures that recover, connect and preserve public areas, while optimizing their multifunctional role and improving the quality of life in the town.<\/p>\n","protected":false},"featured_media":49332,"parent":0,"template":"","meta":{"_acf_changed":false},"financiaci_n":[653],"lineas_actuacion_tematicas":[669],"class_list":["post-48801","proyecto_prtr","type-proyecto_prtr","status-publish","has-post-thumbnail","hentry","financiaci_n-plan-de-recuperacion-transformacion-y-resiliencia-en","lineas_actuacion_tematicas-urban-environments"],"acf":[],"yoast_head":"<!-- This site is optimized with the Yoast SEO plugin v26.9 - https:\/\/yoast.com\/product\/yoast-seo-wordpress\/ -->\n<title>We renaturalize the city to make it more resilient, creating green and blue infrastructure (Molina de Segura&#039;s transforming green ring). - Fundaci\u00f3n Biodiversidad<\/title>\n<meta name=\"robots\" content=\"index, follow, max-snippet:-1, max-image-preview:large, max-video-preview:-1\" \/>\n<link rel=\"canonical\" href=\"https:\/\/fundacion-biodiversidad.es\/en\/proyecto_prtr\/we-renaturalize-the-city-to-make-it-more-resilient-creating-green-and-blue-infrastructure-molina-de-seguras-transforming-green-ring\/\" \/>\n<meta property=\"og:locale\" content=\"en_US\" \/>\n<meta property=\"og:type\" content=\"article\" \/>\n<meta property=\"og:title\" content=\"We renaturalize the city to make it more resilient, creating green and blue infrastructure (Molina de Segura&#039;s transforming green ring). - Fundaci\u00f3n Biodiversidad\" \/>\n<meta property=\"og:description\" content=\"The aim of the project is to provide Molina de Segura with green and blue infrastructures that recover, connect and preserve public areas, while optimizing [&hellip;]\" \/>\n<meta property=\"og:url\" content=\"https:\/\/fundacion-biodiversidad.es\/en\/proyecto_prtr\/we-renaturalize-the-city-to-make-it-more-resilient-creating-green-and-blue-infrastructure-molina-de-seguras-transforming-green-ring\/\" \/>\n<meta property=\"og:site_name\" content=\"Fundaci\u00f3n Biodiversidad\" \/>\n<meta property=\"article:modified_time\" content=\"2025-04-24T06:31:25+00:00\" \/>\n<meta property=\"og:image\" content=\"https:\/\/fundacion-biodiversidad.es\/wp-content\/uploads\/2023\/09\/MV7I003-1-1024x683.jpg\" \/>\n<meta name=\"twitter:card\" content=\"summary_large_image\" \/>\n<meta name=\"twitter:image\" content=\"https:\/\/fundacion-biodiversidad.es\/wp-content\/uploads\/2023\/09\/MV7I003-1-1024x683.jpg\" \/>\n<script type=\"application\/ld+json\" class=\"yoast-schema-graph\">{\"@context\":\"https:\/\/schema.org\",\"@graph\":[{\"@type\":\"WebPage\",\"@id\":\"https:\/\/fundacion-biodiversidad.es\/en\/proyecto_prtr\/we-renaturalize-the-city-to-make-it-more-resilient-creating-green-and-blue-infrastructure-molina-de-seguras-transforming-green-ring\/\",\"url\":\"https:\/\/fundacion-biodiversidad.es\/en\/proyecto_prtr\/we-renaturalize-the-city-to-make-it-more-resilient-creating-green-and-blue-infrastructure-molina-de-seguras-transforming-green-ring\/\",\"name\":\"We renaturalize the city to make it more resilient, creating green and blue infrastructure (Molina de Segura's transforming green ring). - Fundaci\u00f3n Biodiversidad\",\"isPartOf\":{\"@id\":\"https:\/\/fundacion-biodiversidad.es\/en\/#website\"},\"primaryImageOfPage\":{\"@id\":\"https:\/\/fundacion-biodiversidad.es\/en\/proyecto_prtr\/we-renaturalize-the-city-to-make-it-more-resilient-creating-green-and-blue-infrastructure-molina-de-seguras-transforming-green-ring\/#primaryimage\"},\"image\":{\"@id\":\"https:\/\/fundacion-biodiversidad.es\/en\/proyecto_prtr\/we-renaturalize-the-city-to-make-it-more-resilient-creating-green-and-blue-infrastructure-molina-de-seguras-transforming-green-ring\/#primaryimage\"},\"thumbnailUrl\":\"https:\/\/fundacion-biodiversidad.es\/wp-content\/uploads\/2023\/09\/MV7I003-1-scaled.jpg\",\"datePublished\":\"2023-09-21T11:06:23+00:00\",\"dateModified\":\"2025-04-24T06:31:25+00:00\",\"breadcrumb\":{\"@id\":\"https:\/\/fundacion-biodiversidad.es\/en\/proyecto_prtr\/we-renaturalize-the-city-to-make-it-more-resilient-creating-green-and-blue-infrastructure-molina-de-seguras-transforming-green-ring\/#breadcrumb\"},\"inLanguage\":\"en-US\",\"potentialAction\":[{\"@type\":\"ReadAction\",\"target\":[\"https:\/\/fundacion-biodiversidad.es\/en\/proyecto_prtr\/we-renaturalize-the-city-to-make-it-more-resilient-creating-green-and-blue-infrastructure-molina-de-seguras-transforming-green-ring\/\"]}]},{\"@type\":\"ImageObject\",\"inLanguage\":\"en-US\",\"@id\":\"https:\/\/fundacion-biodiversidad.es\/en\/proyecto_prtr\/we-renaturalize-the-city-to-make-it-more-resilient-creating-green-and-blue-infrastructure-molina-de-seguras-transforming-green-ring\/#primaryimage\",\"url\":\"https:\/\/fundacion-biodiversidad.es\/wp-content\/uploads\/2023\/09\/MV7I003-1-scaled.jpg\",\"contentUrl\":\"https:\/\/fundacion-biodiversidad.es\/wp-content\/uploads\/2023\/09\/MV7I003-1-scaled.jpg\",\"width\":2560,\"height\":1707,\"caption\":\"DCIM100MEDIADJI_0112.JPG\"},{\"@type\":\"BreadcrumbList\",\"@id\":\"https:\/\/fundacion-biodiversidad.es\/en\/proyecto_prtr\/we-renaturalize-the-city-to-make-it-more-resilient-creating-green-and-blue-infrastructure-molina-de-seguras-transforming-green-ring\/#breadcrumb\",\"itemListElement\":[{\"@type\":\"ListItem\",\"position\":1,\"name\":\"Portada\",\"item\":\"https:\/\/fundacion-biodiversidad.es\/en\/inicio\/\"},{\"@type\":\"ListItem\",\"position\":2,\"name\":\"Proyectos de convocatorias PRTR\",\"item\":\"https:\/\/fundacion-biodiversidad.es\/en\/proyecto_prtr\/\"},{\"@type\":\"ListItem\",\"position\":3,\"name\":\"We renaturalize the city to make it more resilient, creating green and blue infrastructure (Molina de Segura&#8217;s transforming green ring).\"}]},{\"@type\":\"WebSite\",\"@id\":\"https:\/\/fundacion-biodiversidad.es\/en\/#website\",\"url\":\"https:\/\/fundacion-biodiversidad.es\/en\/\",\"name\":\"Fundaci\u00f3n Biodiversidad\",\"description\":\"Fundaci\u00f3n p\u00fablica adscrita al Ministerio para la Transici\u00f3n Ecol\u00f3gica\",\"potentialAction\":[{\"@type\":\"SearchAction\",\"target\":{\"@type\":\"EntryPoint\",\"urlTemplate\":\"https:\/\/fundacion-biodiversidad.es\/en\/?s={search_term_string}\"},\"query-input\":{\"@type\":\"PropertyValueSpecification\",\"valueRequired\":true,\"valueName\":\"search_term_string\"}}],\"inLanguage\":\"en-US\"}]}<\/script>\n<!-- \/ Yoast SEO plugin. -->","yoast_head_json":{"title":"We renaturalize the city to make it more resilient, creating green and blue infrastructure (Molina de Segura's transforming green ring). - Fundaci\u00f3n Biodiversidad","robots":{"index":"index","follow":"follow","max-snippet":"max-snippet:-1","max-image-preview":"max-image-preview:large","max-video-preview":"max-video-preview:-1"},"canonical":"https:\/\/fundacion-biodiversidad.es\/en\/proyecto_prtr\/we-renaturalize-the-city-to-make-it-more-resilient-creating-green-and-blue-infrastructure-molina-de-seguras-transforming-green-ring\/","og_locale":"en_US","og_type":"article","og_title":"We renaturalize the city to make it more resilient, creating green and blue infrastructure (Molina de Segura's transforming green ring). - Fundaci\u00f3n Biodiversidad","og_description":"The aim of the project is to provide Molina de Segura with green and blue infrastructures that recover, connect and preserve public areas, while optimizing [&hellip;]","og_url":"https:\/\/fundacion-biodiversidad.es\/en\/proyecto_prtr\/we-renaturalize-the-city-to-make-it-more-resilient-creating-green-and-blue-infrastructure-molina-de-seguras-transforming-green-ring\/","og_site_name":"Fundaci\u00f3n Biodiversidad","article_modified_time":"2025-04-24T06:31:25+00:00","og_image":[{"url":"https:\/\/fundacion-biodiversidad.es\/wp-content\/uploads\/2023\/09\/MV7I003-1-1024x683.jpg","type":"","width":"","height":""}],"twitter_card":"summary_large_image","twitter_image":"https:\/\/fundacion-biodiversidad.es\/wp-content\/uploads\/2023\/09\/MV7I003-1-1024x683.jpg","schema":{"@context":"https:\/\/schema.org","@graph":[{"@type":"WebPage","@id":"https:\/\/fundacion-biodiversidad.es\/en\/proyecto_prtr\/we-renaturalize-the-city-to-make-it-more-resilient-creating-green-and-blue-infrastructure-molina-de-seguras-transforming-green-ring\/","url":"https:\/\/fundacion-biodiversidad.es\/en\/proyecto_prtr\/we-renaturalize-the-city-to-make-it-more-resilient-creating-green-and-blue-infrastructure-molina-de-seguras-transforming-green-ring\/","name":"We renaturalize the city to make it more resilient, creating green and blue infrastructure (Molina de Segura's transforming green ring). - Fundaci\u00f3n Biodiversidad","isPartOf":{"@id":"https:\/\/fundacion-biodiversidad.es\/en\/#website"},"primaryImageOfPage":{"@id":"https:\/\/fundacion-biodiversidad.es\/en\/proyecto_prtr\/we-renaturalize-the-city-to-make-it-more-resilient-creating-green-and-blue-infrastructure-molina-de-seguras-transforming-green-ring\/#primaryimage"},"image":{"@id":"https:\/\/fundacion-biodiversidad.es\/en\/proyecto_prtr\/we-renaturalize-the-city-to-make-it-more-resilient-creating-green-and-blue-infrastructure-molina-de-seguras-transforming-green-ring\/#primaryimage"},"thumbnailUrl":"https:\/\/fundacion-biodiversidad.es\/wp-content\/uploads\/2023\/09\/MV7I003-1-scaled.jpg","datePublished":"2023-09-21T11:06:23+00:00","dateModified":"2025-04-24T06:31:25+00:00","breadcrumb":{"@id":"https:\/\/fundacion-biodiversidad.es\/en\/proyecto_prtr\/we-renaturalize-the-city-to-make-it-more-resilient-creating-green-and-blue-infrastructure-molina-de-seguras-transforming-green-ring\/#breadcrumb"},"inLanguage":"en-US","potentialAction":[{"@type":"ReadAction","target":["https:\/\/fundacion-biodiversidad.es\/en\/proyecto_prtr\/we-renaturalize-the-city-to-make-it-more-resilient-creating-green-and-blue-infrastructure-molina-de-seguras-transforming-green-ring\/"]}]},{"@type":"ImageObject","inLanguage":"en-US","@id":"https:\/\/fundacion-biodiversidad.es\/en\/proyecto_prtr\/we-renaturalize-the-city-to-make-it-more-resilient-creating-green-and-blue-infrastructure-molina-de-seguras-transforming-green-ring\/#primaryimage","url":"https:\/\/fundacion-biodiversidad.es\/wp-content\/uploads\/2023\/09\/MV7I003-1-scaled.jpg","contentUrl":"https:\/\/fundacion-biodiversidad.es\/wp-content\/uploads\/2023\/09\/MV7I003-1-scaled.jpg","width":2560,"height":1707,"caption":"DCIM100MEDIADJI_0112.JPG"},{"@type":"BreadcrumbList","@id":"https:\/\/fundacion-biodiversidad.es\/en\/proyecto_prtr\/we-renaturalize-the-city-to-make-it-more-resilient-creating-green-and-blue-infrastructure-molina-de-seguras-transforming-green-ring\/#breadcrumb","itemListElement":[{"@type":"ListItem","position":1,"name":"Portada","item":"https:\/\/fundacion-biodiversidad.es\/en\/inicio\/"},{"@type":"ListItem","position":2,"name":"Proyectos de convocatorias PRTR","item":"https:\/\/fundacion-biodiversidad.es\/en\/proyecto_prtr\/"},{"@type":"ListItem","position":3,"name":"We renaturalize the city to make it more resilient, creating green and blue infrastructure (Molina de Segura&#8217;s transforming green ring)."}]},{"@type":"WebSite","@id":"https:\/\/fundacion-biodiversidad.es\/en\/#website","url":"https:\/\/fundacion-biodiversidad.es\/en\/","name":"Fundaci\u00f3n Biodiversidad","description":"Fundaci\u00f3n p\u00fablica adscrita al Ministerio para la Transici\u00f3n Ecol\u00f3gica","potentialAction":[{"@type":"SearchAction","target":{"@type":"EntryPoint","urlTemplate":"https:\/\/fundacion-biodiversidad.es\/en\/?s={search_term_string}"},"query-input":{"@type":"PropertyValueSpecification","valueRequired":true,"valueName":"search_term_string"}}],"inLanguage":"en-US"}]}},"_links":{"self":[{"href":"https:\/\/fundacion-biodiversidad.es\/en\/wp-json\/wp\/v2\/proyecto_prtr\/48801","targetHints":{"allow":["GET"]}}],"collection":[{"href":"https:\/\/fundacion-biodiversidad.es\/en\/wp-json\/wp\/v2\/proyecto_prtr"}],"about":[{"href":"https:\/\/fundacion-biodiversidad.es\/en\/wp-json\/wp\/v2\/types\/proyecto_prtr"}],"wp:featuredmedia":[{"embeddable":true,"href":"https:\/\/fundacion-biodiversidad.es\/en\/wp-json\/wp\/v2\/media\/49332"}],"wp:attachment":[{"href":"https:\/\/fundacion-biodiversidad.es\/en\/wp-json\/wp\/v2\/media?parent=48801"}],"wp:term":[{"taxonomy":"financiaci_n","embeddable":true,"href":"https:\/\/fundacion-biodiversidad.es\/en\/wp-json\/wp\/v2\/financiaci_n?post=48801"},{"taxonomy":"lineas_actuacion_tematicas","embeddable":true,"href":"https:\/\/fundacion-biodiversidad.es\/en\/wp-json\/wp\/v2\/lineas_actuacion_tematicas?post=48801"}],"curies":[{"name":"wp","href":"https:\/\/api.w.org\/{rel}","templated":true}]}}

<!-- This site is optimized with the Yoast SEO plugin v26.9 - https://yoast.com/product/yoast-seo-wordpress/ -->
<title>We renaturalize the city to make it more resilient, creating green and blue infrastructure (Molina de Segura&#039;s transforming green ring). - Fundación Biodiversidad</title>
<meta name="robots" content="index, follow, max-snippet:-1, max-image-preview:large, max-video-preview:-1" />
<link rel="canonical" href="https://fundacion-biodiversidad.es/en/proyecto_prtr/we-renaturalize-the-city-to-make-it-more-resilient-creating-green-and-blue-infrastructure-molina-de-seguras-transforming-green-ring/" />
<meta property="og:locale" content="en_US" />
<meta property="og:type" content="article" />
<meta property="og:title" content="We renaturalize the city to make it more resilient, creating green and blue infrastructure (Molina de Segura&#039;s transforming green ring). - Fundación Biodiversidad" />
<meta property="og:description" content="The aim of the project is to provide Molina de Segura with green and blue infrastructures that recover, connect and preserve public areas, while optimizing [&hellip;]" />
<meta property="og:url" content="https://fundacion-biodiversidad.es/en/proyecto_prtr/we-renaturalize-the-city-to-make-it-more-resilient-creating-green-and-blue-infrastructure-molina-de-seguras-transforming-green-ring/" />
<meta property="og:site_name" content="Fundación Biodiversidad" />
<meta property="article:modified_time" content="2025-04-24T06:31:25+00:00" />
<meta property="og:image" content="https://fundacion-biodiversidad.es/wp-content/uploads/2023/09/MV7I003-1-1024x683.jpg" />
<meta name="twitter:card" content="summary_large_image" />
<meta name="twitter:image" content="https://fundacion-biodiversidad.es/wp-content/uploads/2023/09/MV7I003-1-1024x683.jpg" />
<script type="application/ld+json" class="yoast-schema-graph">{"@context":"https://schema.org","@graph":[{"@type":"WebPage","@id":"https://fundacion-biodiversidad.es/en/proyecto_prtr/we-renaturalize-the-city-to-make-it-more-resilient-creating-green-and-blue-infrastructure-molina-de-seguras-transforming-green-ring/","url":"https://fundacion-biodiversidad.es/en/proyecto_prtr/we-renaturalize-the-city-to-make-it-more-resilient-creating-green-and-blue-infrastructure-molina-de-seguras-transforming-green-ring/","name":"We renaturalize the city to make it more resilient, creating green and blue infrastructure (Molina de Segura's transforming green ring). - Fundación Biodiversidad","isPartOf":{"@id":"https://fundacion-biodiversidad.es/en/#website"},"primaryImageOfPage":{"@id":"https://fundacion-biodiversidad.es/en/proyecto_prtr/we-renaturalize-the-city-to-make-it-more-resilient-creating-green-and-blue-infrastructure-molina-de-seguras-transforming-green-ring/#primaryimage"},"image":{"@id":"https://fundacion-biodiversidad.es/en/proyecto_prtr/we-renaturalize-the-city-to-make-it-more-resilient-creating-green-and-blue-infrastructure-molina-de-seguras-transforming-green-ring/#primaryimage"},"thumbnailUrl":"https://fundacion-biodiversidad.es/wp-content/uploads/2023/09/MV7I003-1-scaled.jpg","datePublished":"2023-09-21T11:06:23+00:00","dateModified":"2025-04-24T06:31:25+00:00","breadcrumb":{"@id":"https://fundacion-biodiversidad.es/en/proyecto_prtr/we-renaturalize-the-city-to-make-it-more-resilient-creating-green-and-blue-infrastructure-molina-de-seguras-transforming-green-ring/#breadcrumb"},"inLanguage":"en-US","potentialAction":[{"@type":"ReadAction","target":["https://fundacion-biodiversidad.es/en/proyecto_prtr/we-renaturalize-the-city-to-make-it-more-resilient-creating-green-and-blue-infrastructure-molina-de-seguras-transforming-green-ring/"]}]},{"@type":"ImageObject","inLanguage":"en-US","@id":"https://fundacion-biodiversidad.es/en/proyecto_prtr/we-renaturalize-the-city-to-make-it-more-resilient-creating-green-and-blue-infrastructure-molina-de-seguras-transforming-green-ring/#primaryimage","url":"https://fundacion-biodiversidad.es/wp-content/uploads/2023/09/MV7I003-1-scaled.jpg","contentUrl":"https://fundacion-biodiversidad.es/wp-content/uploads/2023/09/MV7I003-1-scaled.jpg","width":2560,"height":1707,"caption":"DCIM100MEDIADJI_0112.JPG"},{"@type":"BreadcrumbList","@id":"https://fundacion-biodiversidad.es/en/proyecto_prtr/we-renaturalize-the-city-to-make-it-more-resilient-creating-green-and-blue-infrastructure-molina-de-seguras-transforming-green-ring/#breadcrumb","itemListElement":[{"@type":"ListItem","position":1,"name":"Portada","item":"https://fundacion-biodiversidad.es/en/inicio/"},{"@type":"ListItem","position":2,"name":"Proyectos de convocatorias PRTR","item":"https://fundacion-biodiversidad.es/en/proyecto_prtr/"},{"@type":"ListItem","position":3,"name":"We renaturalize the city to make it more resilient, creating green and blue infrastructure (Molina de Segura&#8217;s transforming green ring)."}]},{"@type":"WebSite","@id":"https://fundacion-biodiversidad.es/en/#website","url":"https://fundacion-biodiversidad.es/en/","name":"Fundación Biodiversidad","description":"Fundación pública adscrita al Ministerio para la Transición Ecológica","potentialAction":[{"@type":"SearchAction","target":{"@type":"EntryPoint","urlTemplate":"https://fundacion-biodiversidad.es/en/?s={search_term_string}"},"query-input":{"@type":"PropertyValueSpecification","valueRequired":true,"valueName":"search_term_string"}}],"inLanguage":"en-US"}]}</script>
<!-- / Yoast SEO plugin. -->

We renaturalize the city to make it more resilient, creating green and blue infrastructure (Molina de Segura's transforming green ring). - Fundación Biodiversidad

Fundación Biodiversidad

Fundación pública adscrita al Ministerio para la Transición Ecológica
