{"id":97854020,"date":"2024-05-21T16:56:51","date_gmt":"2024-05-21T14:56:51","guid":{"rendered":"https:\/\/fundacion-biodiversidad.es\/proyecto_prtr\/reactivation-of-forest-management-and-green-energy-transition-in-the-val-daran-boscaran\/"},"modified":"2025-02-04T10:29:38","modified_gmt":"2025-02-04T09:29:38","slug":"reactivation-of-forest-management-and-green-energy-transition-in-the-val-daran-boscaran","status":"publish","type":"proyecto_prtr","link":"https:\/\/fundacion-biodiversidad.es\/en\/proyecto_prtr\/reactivation-of-forest-management-and-green-energy-transition-in-the-val-daran-boscaran\/","title":{"rendered":"Reactivation of forest management and green energy transition in the Val d&#8217;Aran (BoscAran)"},"content":{"rendered":"<p>For decades, the economy of the Aran Valley has been moving away from the primary sector to prioritize tourism and services derived from its physical, ecological and political uniqueness. As a consequence, the rural natural environment has been closing due to the increasing abandonment of crops and pastures, which has given way to areas of scrubland and secondary forest, while the density of forests has been increasing in number of trees and biomass volume. Paradoxically, this situation has led to the need to import wood, traditionally used in Aranese construction, and thermal energy. To reduce this dependence, the project proposes the revitalization of forest use following the implementation of the Aran Forest Resources Management Plan (PORF) with cutting-edge silvicultural management that contributes to the forest bioeconomy, energy transition and natural and social resilience in the face of climate change.<\/p>\n","protected":false},"featured_media":22405,"parent":0,"template":"","meta":{"_acf_changed":false},"financiaci_n":[653],"lineas_actuacion_tematicas":[654],"class_list":["post-97854020","proyecto_prtr","type-proyecto_prtr","status-publish","has-post-thumbnail","hentry","financiaci_n-plan-de-recuperacion-transformacion-y-resiliencia-en","lineas_actuacion_tematicas-terrestrial-ecosystems"],"acf":[],"yoast_head":"<!-- This site is optimized with the Yoast SEO plugin v26.9 - https:\/\/yoast.com\/product\/yoast-seo-wordpress\/ -->\n<title>Reactivation of forest management and green energy transition in the Val d&#039;Aran (BoscAran) - Fundaci\u00f3n Biodiversidad<\/title>\n<meta name=\"robots\" content=\"index, follow, max-snippet:-1, max-image-preview:large, max-video-preview:-1\" \/>\n<link rel=\"canonical\" href=\"https:\/\/fundacion-biodiversidad.es\/en\/proyecto_prtr\/reactivation-of-forest-management-and-green-energy-transition-in-the-val-daran-boscaran\/\" \/>\n<meta property=\"og:locale\" content=\"en_US\" \/>\n<meta property=\"og:type\" content=\"article\" \/>\n<meta property=\"og:title\" content=\"Reactivation of forest management and green energy transition in the Val d&#039;Aran (BoscAran) - Fundaci\u00f3n Biodiversidad\" \/>\n<meta property=\"og:description\" content=\"For decades, the economy of the Aran Valley has been moving away from the primary sector to prioritize tourism and services derived from its physical, [&hellip;]\" \/>\n<meta property=\"og:url\" content=\"https:\/\/fundacion-biodiversidad.es\/en\/proyecto_prtr\/reactivation-of-forest-management-and-green-energy-transition-in-the-val-daran-boscaran\/\" \/>\n<meta property=\"og:site_name\" content=\"Fundaci\u00f3n Biodiversidad\" \/>\n<meta property=\"article:modified_time\" content=\"2025-02-04T09:29:38+00:00\" \/>\n<meta property=\"og:image\" content=\"https:\/\/fundacion-biodiversidad.es\/wp-content\/uploads\/2024\/05\/BF026-BOSCARAN-1024x768.jpg\" \/>\n<meta name=\"twitter:card\" content=\"summary_large_image\" \/>\n<meta name=\"twitter:image\" content=\"https:\/\/fundacion-biodiversidad.es\/wp-content\/uploads\/2024\/05\/BF026-BOSCARAN-1024x768.jpg\" \/>\n<meta name=\"twitter:label1\" content=\"Est. reading time\" \/>\n\t<meta name=\"twitter:data1\" content=\"1 minute\" \/>\n<script type=\"application\/ld+json\" class=\"yoast-schema-graph\">{\"@context\":\"https:\/\/schema.org\",\"@graph\":[{\"@type\":\"WebPage\",\"@id\":\"https:\/\/fundacion-biodiversidad.es\/en\/proyecto_prtr\/reactivation-of-forest-management-and-green-energy-transition-in-the-val-daran-boscaran\/\",\"url\":\"https:\/\/fundacion-biodiversidad.es\/en\/proyecto_prtr\/reactivation-of-forest-management-and-green-energy-transition-in-the-val-daran-boscaran\/\",\"name\":\"Reactivation of forest management and green energy transition in the Val d'Aran (BoscAran) - Fundaci\u00f3n Biodiversidad\",\"isPartOf\":{\"@id\":\"https:\/\/fundacion-biodiversidad.es\/en\/#website\"},\"primaryImageOfPage\":{\"@id\":\"https:\/\/fundacion-biodiversidad.es\/en\/proyecto_prtr\/reactivation-of-forest-management-and-green-energy-transition-in-the-val-daran-boscaran\/#primaryimage\"},\"image\":{\"@id\":\"https:\/\/fundacion-biodiversidad.es\/en\/proyecto_prtr\/reactivation-of-forest-management-and-green-energy-transition-in-the-val-daran-boscaran\/#primaryimage\"},\"thumbnailUrl\":\"https:\/\/fundacion-biodiversidad.es\/wp-content\/uploads\/2022\/11\/no-imagen.jpg\",\"datePublished\":\"2024-05-21T14:56:51+00:00\",\"dateModified\":\"2025-02-04T09:29:38+00:00\",\"breadcrumb\":{\"@id\":\"https:\/\/fundacion-biodiversidad.es\/en\/proyecto_prtr\/reactivation-of-forest-management-and-green-energy-transition-in-the-val-daran-boscaran\/#breadcrumb\"},\"inLanguage\":\"en-US\",\"potentialAction\":[{\"@type\":\"ReadAction\",\"target\":[\"https:\/\/fundacion-biodiversidad.es\/en\/proyecto_prtr\/reactivation-of-forest-management-and-green-energy-transition-in-the-val-daran-boscaran\/\"]}]},{\"@type\":\"ImageObject\",\"inLanguage\":\"en-US\",\"@id\":\"https:\/\/fundacion-biodiversidad.es\/en\/proyecto_prtr\/reactivation-of-forest-management-and-green-energy-transition-in-the-val-daran-boscaran\/#primaryimage\",\"url\":\"https:\/\/fundacion-biodiversidad.es\/wp-content\/uploads\/2022\/11\/no-imagen.jpg\",\"contentUrl\":\"https:\/\/fundacion-biodiversidad.es\/wp-content\/uploads\/2022\/11\/no-imagen.jpg\",\"width\":2048,\"height\":2048,\"caption\":\"Formaci\u00f3n en medio ambiente natural\"},{\"@type\":\"BreadcrumbList\",\"@id\":\"https:\/\/fundacion-biodiversidad.es\/en\/proyecto_prtr\/reactivation-of-forest-management-and-green-energy-transition-in-the-val-daran-boscaran\/#breadcrumb\",\"itemListElement\":[{\"@type\":\"ListItem\",\"position\":1,\"name\":\"Portada\",\"item\":\"https:\/\/fundacion-biodiversidad.es\/en\/inicio\/\"},{\"@type\":\"ListItem\",\"position\":2,\"name\":\"Proyectos de convocatorias PRTR\",\"item\":\"https:\/\/fundacion-biodiversidad.es\/en\/proyecto_prtr\/\"},{\"@type\":\"ListItem\",\"position\":3,\"name\":\"Reactivation of forest management and green energy transition in the Val d&#8217;Aran (BoscAran)\"}]},{\"@type\":\"WebSite\",\"@id\":\"https:\/\/fundacion-biodiversidad.es\/en\/#website\",\"url\":\"https:\/\/fundacion-biodiversidad.es\/en\/\",\"name\":\"Fundaci\u00f3n Biodiversidad\",\"description\":\"Fundaci\u00f3n p\u00fablica adscrita al Ministerio para la Transici\u00f3n Ecol\u00f3gica\",\"potentialAction\":[{\"@type\":\"SearchAction\",\"target\":{\"@type\":\"EntryPoint\",\"urlTemplate\":\"https:\/\/fundacion-biodiversidad.es\/en\/?s={search_term_string}\"},\"query-input\":{\"@type\":\"PropertyValueSpecification\",\"valueRequired\":true,\"valueName\":\"search_term_string\"}}],\"inLanguage\":\"en-US\"}]}<\/script>\n<!-- \/ Yoast SEO plugin. -->","yoast_head_json":{"title":"Reactivation of forest management and green energy transition in the Val d'Aran (BoscAran) - Fundaci\u00f3n Biodiversidad","robots":{"index":"index","follow":"follow","max-snippet":"max-snippet:-1","max-image-preview":"max-image-preview:large","max-video-preview":"max-video-preview:-1"},"canonical":"https:\/\/fundacion-biodiversidad.es\/en\/proyecto_prtr\/reactivation-of-forest-management-and-green-energy-transition-in-the-val-daran-boscaran\/","og_locale":"en_US","og_type":"article","og_title":"Reactivation of forest management and green energy transition in the Val d'Aran (BoscAran) - Fundaci\u00f3n Biodiversidad","og_description":"For decades, the economy of the Aran Valley has been moving away from the primary sector to prioritize tourism and services derived from its physical, [&hellip;]","og_url":"https:\/\/fundacion-biodiversidad.es\/en\/proyecto_prtr\/reactivation-of-forest-management-and-green-energy-transition-in-the-val-daran-boscaran\/","og_site_name":"Fundaci\u00f3n Biodiversidad","article_modified_time":"2025-02-04T09:29:38+00:00","og_image":[{"url":"https:\/\/fundacion-biodiversidad.es\/wp-content\/uploads\/2024\/05\/BF026-BOSCARAN-1024x768.jpg","type":"","width":"","height":""}],"twitter_card":"summary_large_image","twitter_image":"https:\/\/fundacion-biodiversidad.es\/wp-content\/uploads\/2024\/05\/BF026-BOSCARAN-1024x768.jpg","twitter_misc":{"Est. reading time":"1 minute"},"schema":{"@context":"https:\/\/schema.org","@graph":[{"@type":"WebPage","@id":"https:\/\/fundacion-biodiversidad.es\/en\/proyecto_prtr\/reactivation-of-forest-management-and-green-energy-transition-in-the-val-daran-boscaran\/","url":"https:\/\/fundacion-biodiversidad.es\/en\/proyecto_prtr\/reactivation-of-forest-management-and-green-energy-transition-in-the-val-daran-boscaran\/","name":"Reactivation of forest management and green energy transition in the Val d'Aran (BoscAran) - Fundaci\u00f3n Biodiversidad","isPartOf":{"@id":"https:\/\/fundacion-biodiversidad.es\/en\/#website"},"primaryImageOfPage":{"@id":"https:\/\/fundacion-biodiversidad.es\/en\/proyecto_prtr\/reactivation-of-forest-management-and-green-energy-transition-in-the-val-daran-boscaran\/#primaryimage"},"image":{"@id":"https:\/\/fundacion-biodiversidad.es\/en\/proyecto_prtr\/reactivation-of-forest-management-and-green-energy-transition-in-the-val-daran-boscaran\/#primaryimage"},"thumbnailUrl":"https:\/\/fundacion-biodiversidad.es\/wp-content\/uploads\/2022\/11\/no-imagen.jpg","datePublished":"2024-05-21T14:56:51+00:00","dateModified":"2025-02-04T09:29:38+00:00","breadcrumb":{"@id":"https:\/\/fundacion-biodiversidad.es\/en\/proyecto_prtr\/reactivation-of-forest-management-and-green-energy-transition-in-the-val-daran-boscaran\/#breadcrumb"},"inLanguage":"en-US","potentialAction":[{"@type":"ReadAction","target":["https:\/\/fundacion-biodiversidad.es\/en\/proyecto_prtr\/reactivation-of-forest-management-and-green-energy-transition-in-the-val-daran-boscaran\/"]}]},{"@type":"ImageObject","inLanguage":"en-US","@id":"https:\/\/fundacion-biodiversidad.es\/en\/proyecto_prtr\/reactivation-of-forest-management-and-green-energy-transition-in-the-val-daran-boscaran\/#primaryimage","url":"https:\/\/fundacion-biodiversidad.es\/wp-content\/uploads\/2022\/11\/no-imagen.jpg","contentUrl":"https:\/\/fundacion-biodiversidad.es\/wp-content\/uploads\/2022\/11\/no-imagen.jpg","width":2048,"height":2048,"caption":"Formaci\u00f3n en medio ambiente natural"},{"@type":"BreadcrumbList","@id":"https:\/\/fundacion-biodiversidad.es\/en\/proyecto_prtr\/reactivation-of-forest-management-and-green-energy-transition-in-the-val-daran-boscaran\/#breadcrumb","itemListElement":[{"@type":"ListItem","position":1,"name":"Portada","item":"https:\/\/fundacion-biodiversidad.es\/en\/inicio\/"},{"@type":"ListItem","position":2,"name":"Proyectos de convocatorias PRTR","item":"https:\/\/fundacion-biodiversidad.es\/en\/proyecto_prtr\/"},{"@type":"ListItem","position":3,"name":"Reactivation of forest management and green energy transition in the Val d&#8217;Aran (BoscAran)"}]},{"@type":"WebSite","@id":"https:\/\/fundacion-biodiversidad.es\/en\/#website","url":"https:\/\/fundacion-biodiversidad.es\/en\/","name":"Fundaci\u00f3n Biodiversidad","description":"Fundaci\u00f3n p\u00fablica adscrita al Ministerio para la Transici\u00f3n Ecol\u00f3gica","potentialAction":[{"@type":"SearchAction","target":{"@type":"EntryPoint","urlTemplate":"https:\/\/fundacion-biodiversidad.es\/en\/?s={search_term_string}"},"query-input":{"@type":"PropertyValueSpecification","valueRequired":true,"valueName":"search_term_string"}}],"inLanguage":"en-US"}]}},"_links":{"self":[{"href":"https:\/\/fundacion-biodiversidad.es\/en\/wp-json\/wp\/v2\/proyecto_prtr\/97854020","targetHints":{"allow":["GET"]}}],"collection":[{"href":"https:\/\/fundacion-biodiversidad.es\/en\/wp-json\/wp\/v2\/proyecto_prtr"}],"about":[{"href":"https:\/\/fundacion-biodiversidad.es\/en\/wp-json\/wp\/v2\/types\/proyecto_prtr"}],"wp:featuredmedia":[{"embeddable":true,"href":"https:\/\/fundacion-biodiversidad.es\/en\/wp-json\/wp\/v2\/media\/22405"}],"wp:attachment":[{"href":"https:\/\/fundacion-biodiversidad.es\/en\/wp-json\/wp\/v2\/media?parent=97854020"}],"wp:term":[{"taxonomy":"financiaci_n","embeddable":true,"href":"https:\/\/fundacion-biodiversidad.es\/en\/wp-json\/wp\/v2\/financiaci_n?post=97854020"},{"taxonomy":"lineas_actuacion_tematicas","embeddable":true,"href":"https:\/\/fundacion-biodiversidad.es\/en\/wp-json\/wp\/v2\/lineas_actuacion_tematicas?post=97854020"}],"curies":[{"name":"wp","href":"https:\/\/api.w.org\/{rel}","templated":true}]}}

<!-- This site is optimized with the Yoast SEO plugin v26.9 - https://yoast.com/product/yoast-seo-wordpress/ -->
<title>Reactivation of forest management and green energy transition in the Val d&#039;Aran (BoscAran) - Fundación Biodiversidad</title>
<meta name="robots" content="index, follow, max-snippet:-1, max-image-preview:large, max-video-preview:-1" />
<link rel="canonical" href="https://fundacion-biodiversidad.es/en/proyecto_prtr/reactivation-of-forest-management-and-green-energy-transition-in-the-val-daran-boscaran/" />
<meta property="og:locale" content="en_US" />
<meta property="og:type" content="article" />
<meta property="og:title" content="Reactivation of forest management and green energy transition in the Val d&#039;Aran (BoscAran) - Fundación Biodiversidad" />
<meta property="og:description" content="For decades, the economy of the Aran Valley has been moving away from the primary sector to prioritize tourism and services derived from its physical, [&hellip;]" />
<meta property="og:url" content="https://fundacion-biodiversidad.es/en/proyecto_prtr/reactivation-of-forest-management-and-green-energy-transition-in-the-val-daran-boscaran/" />
<meta property="og:site_name" content="Fundación Biodiversidad" />
<meta property="article:modified_time" content="2025-02-04T09:29:38+00:00" />
<meta property="og:image" content="https://fundacion-biodiversidad.es/wp-content/uploads/2024/05/BF026-BOSCARAN-1024x768.jpg" />
<meta name="twitter:card" content="summary_large_image" />
<meta name="twitter:image" content="https://fundacion-biodiversidad.es/wp-content/uploads/2024/05/BF026-BOSCARAN-1024x768.jpg" />
<meta name="twitter:label1" content="Est. reading time" />
	<meta name="twitter:data1" content="1 minute" />
<script type="application/ld+json" class="yoast-schema-graph">{"@context":"https://schema.org","@graph":[{"@type":"WebPage","@id":"https://fundacion-biodiversidad.es/en/proyecto_prtr/reactivation-of-forest-management-and-green-energy-transition-in-the-val-daran-boscaran/","url":"https://fundacion-biodiversidad.es/en/proyecto_prtr/reactivation-of-forest-management-and-green-energy-transition-in-the-val-daran-boscaran/","name":"Reactivation of forest management and green energy transition in the Val d'Aran (BoscAran) - Fundación Biodiversidad","isPartOf":{"@id":"https://fundacion-biodiversidad.es/en/#website"},"primaryImageOfPage":{"@id":"https://fundacion-biodiversidad.es/en/proyecto_prtr/reactivation-of-forest-management-and-green-energy-transition-in-the-val-daran-boscaran/#primaryimage"},"image":{"@id":"https://fundacion-biodiversidad.es/en/proyecto_prtr/reactivation-of-forest-management-and-green-energy-transition-in-the-val-daran-boscaran/#primaryimage"},"thumbnailUrl":"https://fundacion-biodiversidad.es/wp-content/uploads/2022/11/no-imagen.jpg","datePublished":"2024-05-21T14:56:51+00:00","dateModified":"2025-02-04T09:29:38+00:00","breadcrumb":{"@id":"https://fundacion-biodiversidad.es/en/proyecto_prtr/reactivation-of-forest-management-and-green-energy-transition-in-the-val-daran-boscaran/#breadcrumb"},"inLanguage":"en-US","potentialAction":[{"@type":"ReadAction","target":["https://fundacion-biodiversidad.es/en/proyecto_prtr/reactivation-of-forest-management-and-green-energy-transition-in-the-val-daran-boscaran/"]}]},{"@type":"ImageObject","inLanguage":"en-US","@id":"https://fundacion-biodiversidad.es/en/proyecto_prtr/reactivation-of-forest-management-and-green-energy-transition-in-the-val-daran-boscaran/#primaryimage","url":"https://fundacion-biodiversidad.es/wp-content/uploads/2022/11/no-imagen.jpg","contentUrl":"https://fundacion-biodiversidad.es/wp-content/uploads/2022/11/no-imagen.jpg","width":2048,"height":2048,"caption":"Formación en medio ambiente natural"},{"@type":"BreadcrumbList","@id":"https://fundacion-biodiversidad.es/en/proyecto_prtr/reactivation-of-forest-management-and-green-energy-transition-in-the-val-daran-boscaran/#breadcrumb","itemListElement":[{"@type":"ListItem","position":1,"name":"Portada","item":"https://fundacion-biodiversidad.es/en/inicio/"},{"@type":"ListItem","position":2,"name":"Proyectos de convocatorias PRTR","item":"https://fundacion-biodiversidad.es/en/proyecto_prtr/"},{"@type":"ListItem","position":3,"name":"Reactivation of forest management and green energy transition in the Val d&#8217;Aran (BoscAran)"}]},{"@type":"WebSite","@id":"https://fundacion-biodiversidad.es/en/#website","url":"https://fundacion-biodiversidad.es/en/","name":"Fundación Biodiversidad","description":"Fundación pública adscrita al Ministerio para la Transición Ecológica","potentialAction":[{"@type":"SearchAction","target":{"@type":"EntryPoint","urlTemplate":"https://fundacion-biodiversidad.es/en/?s={search_term_string}"},"query-input":{"@type":"PropertyValueSpecification","valueRequired":true,"valueName":"search_term_string"}}],"inLanguage":"en-US"}]}</script>
<!-- / Yoast SEO plugin. -->

Reactivation of forest management and green energy transition in the Val d'Aran (BoscAran) - Fundación Biodiversidad

Fundación Biodiversidad

Formación en medio ambiente natural

Fundación pública adscrita al Ministerio para la Transición Ecológica
