{"id":97854049,"date":"2024-06-20T10:18:20","date_gmt":"2024-06-20T08:18:20","guid":{"rendered":"https:\/\/fundacion-biodiversidad.es\/proyecto_prtr\/reconnecting-forest-owners-with-their-farms-for-sustainable-management-of-abandoned-forests-reconecta\/"},"modified":"2025-04-24T22:36:45","modified_gmt":"2025-04-24T20:36:45","slug":"reconnecting-forest-owners-with-their-farms-for-sustainable-management-of-abandoned-forests-reconecta","status":"publish","type":"proyecto_prtr","link":"https:\/\/fundacion-biodiversidad.es\/en\/proyecto_prtr\/reconnecting-forest-owners-with-their-farms-for-sustainable-management-of-abandoned-forests-reconecta\/","title":{"rendered":"Reconnecting forest owners with their farms for sustainable management of abandoned forests (RECONECTA)"},"content":{"rendered":"<p style=\"text-align: justify\">The RECONECTA project seeks to articulate an effective and innovative system for identifying and motivating owners of abandoned land to facilitate the promotion of the forest bioeconomy on their farms through entrepreneurship processes that allow the population to settle. To this end, forest owners (at least 5,000) will be identified in order to reverse the high level of ignorance of ownership and thus promote the management of private and abandoned forests (about 8,550 ha).<\/p>\n","protected":false},"featured_media":22405,"parent":0,"template":"","meta":{"_acf_changed":false},"financiaci_n":[653],"lineas_actuacion_tematicas":[654],"class_list":["post-97854049","proyecto_prtr","type-proyecto_prtr","status-publish","has-post-thumbnail","hentry","financiaci_n-plan-de-recuperacion-transformacion-y-resiliencia-en","lineas_actuacion_tematicas-terrestrial-ecosystems"],"acf":[],"yoast_head":"<!-- This site is optimized with the Yoast SEO plugin v26.9 - https:\/\/yoast.com\/product\/yoast-seo-wordpress\/ -->\n<title>Reconnecting forest owners with their farms for sustainable management of abandoned forests (RECONECTA) - Fundaci\u00f3n Biodiversidad<\/title>\n<meta name=\"robots\" content=\"index, follow, max-snippet:-1, max-image-preview:large, max-video-preview:-1\" \/>\n<link rel=\"canonical\" href=\"https:\/\/fundacion-biodiversidad.es\/en\/proyecto_prtr\/reconnecting-forest-owners-with-their-farms-for-sustainable-management-of-abandoned-forests-reconecta\/\" \/>\n<meta property=\"og:locale\" content=\"en_US\" \/>\n<meta property=\"og:type\" content=\"article\" \/>\n<meta property=\"og:title\" content=\"Reconnecting forest owners with their farms for sustainable management of abandoned forests (RECONECTA) - Fundaci\u00f3n Biodiversidad\" \/>\n<meta property=\"og:description\" content=\"The RECONECTA project seeks to articulate an effective and innovative system for identifying and motivating owners of abandoned land to facilitate the promotion of the [&hellip;]\" \/>\n<meta property=\"og:url\" content=\"https:\/\/fundacion-biodiversidad.es\/en\/proyecto_prtr\/reconnecting-forest-owners-with-their-farms-for-sustainable-management-of-abandoned-forests-reconecta\/\" \/>\n<meta property=\"og:site_name\" content=\"Fundaci\u00f3n Biodiversidad\" \/>\n<meta property=\"article:modified_time\" content=\"2025-04-24T20:36:45+00:00\" \/>\n<meta property=\"og:image\" content=\"https:\/\/fundacion-biodiversidad.es\/wp-content\/uploads\/2024\/06\/BF012-RECONECTA-1024x771.jpg\" \/>\n<meta name=\"twitter:card\" content=\"summary_large_image\" \/>\n<meta name=\"twitter:image\" content=\"https:\/\/fundacion-biodiversidad.es\/wp-content\/uploads\/2024\/06\/BF012-RECONECTA-1024x771.jpg\" \/>\n<script type=\"application\/ld+json\" class=\"yoast-schema-graph\">{\"@context\":\"https:\/\/schema.org\",\"@graph\":[{\"@type\":\"WebPage\",\"@id\":\"https:\/\/fundacion-biodiversidad.es\/en\/proyecto_prtr\/reconnecting-forest-owners-with-their-farms-for-sustainable-management-of-abandoned-forests-reconecta\/\",\"url\":\"https:\/\/fundacion-biodiversidad.es\/en\/proyecto_prtr\/reconnecting-forest-owners-with-their-farms-for-sustainable-management-of-abandoned-forests-reconecta\/\",\"name\":\"Reconnecting forest owners with their farms for sustainable management of abandoned forests (RECONECTA) - Fundaci\u00f3n Biodiversidad\",\"isPartOf\":{\"@id\":\"https:\/\/fundacion-biodiversidad.es\/en\/#website\"},\"primaryImageOfPage\":{\"@id\":\"https:\/\/fundacion-biodiversidad.es\/en\/proyecto_prtr\/reconnecting-forest-owners-with-their-farms-for-sustainable-management-of-abandoned-forests-reconecta\/#primaryimage\"},\"image\":{\"@id\":\"https:\/\/fundacion-biodiversidad.es\/en\/proyecto_prtr\/reconnecting-forest-owners-with-their-farms-for-sustainable-management-of-abandoned-forests-reconecta\/#primaryimage\"},\"thumbnailUrl\":\"https:\/\/fundacion-biodiversidad.es\/wp-content\/uploads\/2022\/11\/no-imagen.jpg\",\"datePublished\":\"2024-06-20T08:18:20+00:00\",\"dateModified\":\"2025-04-24T20:36:45+00:00\",\"breadcrumb\":{\"@id\":\"https:\/\/fundacion-biodiversidad.es\/en\/proyecto_prtr\/reconnecting-forest-owners-with-their-farms-for-sustainable-management-of-abandoned-forests-reconecta\/#breadcrumb\"},\"inLanguage\":\"en-US\",\"potentialAction\":[{\"@type\":\"ReadAction\",\"target\":[\"https:\/\/fundacion-biodiversidad.es\/en\/proyecto_prtr\/reconnecting-forest-owners-with-their-farms-for-sustainable-management-of-abandoned-forests-reconecta\/\"]}]},{\"@type\":\"ImageObject\",\"inLanguage\":\"en-US\",\"@id\":\"https:\/\/fundacion-biodiversidad.es\/en\/proyecto_prtr\/reconnecting-forest-owners-with-their-farms-for-sustainable-management-of-abandoned-forests-reconecta\/#primaryimage\",\"url\":\"https:\/\/fundacion-biodiversidad.es\/wp-content\/uploads\/2022\/11\/no-imagen.jpg\",\"contentUrl\":\"https:\/\/fundacion-biodiversidad.es\/wp-content\/uploads\/2022\/11\/no-imagen.jpg\",\"width\":2048,\"height\":2048,\"caption\":\"Formaci\u00f3n en medio ambiente natural\"},{\"@type\":\"BreadcrumbList\",\"@id\":\"https:\/\/fundacion-biodiversidad.es\/en\/proyecto_prtr\/reconnecting-forest-owners-with-their-farms-for-sustainable-management-of-abandoned-forests-reconecta\/#breadcrumb\",\"itemListElement\":[{\"@type\":\"ListItem\",\"position\":1,\"name\":\"Portada\",\"item\":\"https:\/\/fundacion-biodiversidad.es\/en\/inicio\/\"},{\"@type\":\"ListItem\",\"position\":2,\"name\":\"Proyectos de convocatorias PRTR\",\"item\":\"https:\/\/fundacion-biodiversidad.es\/en\/proyecto_prtr\/\"},{\"@type\":\"ListItem\",\"position\":3,\"name\":\"Reconnecting forest owners with their farms for sustainable management of abandoned forests (RECONECTA)\"}]},{\"@type\":\"WebSite\",\"@id\":\"https:\/\/fundacion-biodiversidad.es\/en\/#website\",\"url\":\"https:\/\/fundacion-biodiversidad.es\/en\/\",\"name\":\"Fundaci\u00f3n Biodiversidad\",\"description\":\"Fundaci\u00f3n p\u00fablica adscrita al Ministerio para la Transici\u00f3n Ecol\u00f3gica\",\"potentialAction\":[{\"@type\":\"SearchAction\",\"target\":{\"@type\":\"EntryPoint\",\"urlTemplate\":\"https:\/\/fundacion-biodiversidad.es\/en\/?s={search_term_string}\"},\"query-input\":{\"@type\":\"PropertyValueSpecification\",\"valueRequired\":true,\"valueName\":\"search_term_string\"}}],\"inLanguage\":\"en-US\"}]}<\/script>\n<!-- \/ Yoast SEO plugin. -->","yoast_head_json":{"title":"Reconnecting forest owners with their farms for sustainable management of abandoned forests (RECONECTA) - Fundaci\u00f3n Biodiversidad","robots":{"index":"index","follow":"follow","max-snippet":"max-snippet:-1","max-image-preview":"max-image-preview:large","max-video-preview":"max-video-preview:-1"},"canonical":"https:\/\/fundacion-biodiversidad.es\/en\/proyecto_prtr\/reconnecting-forest-owners-with-their-farms-for-sustainable-management-of-abandoned-forests-reconecta\/","og_locale":"en_US","og_type":"article","og_title":"Reconnecting forest owners with their farms for sustainable management of abandoned forests (RECONECTA) - Fundaci\u00f3n Biodiversidad","og_description":"The RECONECTA project seeks to articulate an effective and innovative system for identifying and motivating owners of abandoned land to facilitate the promotion of the [&hellip;]","og_url":"https:\/\/fundacion-biodiversidad.es\/en\/proyecto_prtr\/reconnecting-forest-owners-with-their-farms-for-sustainable-management-of-abandoned-forests-reconecta\/","og_site_name":"Fundaci\u00f3n Biodiversidad","article_modified_time":"2025-04-24T20:36:45+00:00","og_image":[{"url":"https:\/\/fundacion-biodiversidad.es\/wp-content\/uploads\/2024\/06\/BF012-RECONECTA-1024x771.jpg","type":"","width":"","height":""}],"twitter_card":"summary_large_image","twitter_image":"https:\/\/fundacion-biodiversidad.es\/wp-content\/uploads\/2024\/06\/BF012-RECONECTA-1024x771.jpg","schema":{"@context":"https:\/\/schema.org","@graph":[{"@type":"WebPage","@id":"https:\/\/fundacion-biodiversidad.es\/en\/proyecto_prtr\/reconnecting-forest-owners-with-their-farms-for-sustainable-management-of-abandoned-forests-reconecta\/","url":"https:\/\/fundacion-biodiversidad.es\/en\/proyecto_prtr\/reconnecting-forest-owners-with-their-farms-for-sustainable-management-of-abandoned-forests-reconecta\/","name":"Reconnecting forest owners with their farms for sustainable management of abandoned forests (RECONECTA) - Fundaci\u00f3n Biodiversidad","isPartOf":{"@id":"https:\/\/fundacion-biodiversidad.es\/en\/#website"},"primaryImageOfPage":{"@id":"https:\/\/fundacion-biodiversidad.es\/en\/proyecto_prtr\/reconnecting-forest-owners-with-their-farms-for-sustainable-management-of-abandoned-forests-reconecta\/#primaryimage"},"image":{"@id":"https:\/\/fundacion-biodiversidad.es\/en\/proyecto_prtr\/reconnecting-forest-owners-with-their-farms-for-sustainable-management-of-abandoned-forests-reconecta\/#primaryimage"},"thumbnailUrl":"https:\/\/fundacion-biodiversidad.es\/wp-content\/uploads\/2022\/11\/no-imagen.jpg","datePublished":"2024-06-20T08:18:20+00:00","dateModified":"2025-04-24T20:36:45+00:00","breadcrumb":{"@id":"https:\/\/fundacion-biodiversidad.es\/en\/proyecto_prtr\/reconnecting-forest-owners-with-their-farms-for-sustainable-management-of-abandoned-forests-reconecta\/#breadcrumb"},"inLanguage":"en-US","potentialAction":[{"@type":"ReadAction","target":["https:\/\/fundacion-biodiversidad.es\/en\/proyecto_prtr\/reconnecting-forest-owners-with-their-farms-for-sustainable-management-of-abandoned-forests-reconecta\/"]}]},{"@type":"ImageObject","inLanguage":"en-US","@id":"https:\/\/fundacion-biodiversidad.es\/en\/proyecto_prtr\/reconnecting-forest-owners-with-their-farms-for-sustainable-management-of-abandoned-forests-reconecta\/#primaryimage","url":"https:\/\/fundacion-biodiversidad.es\/wp-content\/uploads\/2022\/11\/no-imagen.jpg","contentUrl":"https:\/\/fundacion-biodiversidad.es\/wp-content\/uploads\/2022\/11\/no-imagen.jpg","width":2048,"height":2048,"caption":"Formaci\u00f3n en medio ambiente natural"},{"@type":"BreadcrumbList","@id":"https:\/\/fundacion-biodiversidad.es\/en\/proyecto_prtr\/reconnecting-forest-owners-with-their-farms-for-sustainable-management-of-abandoned-forests-reconecta\/#breadcrumb","itemListElement":[{"@type":"ListItem","position":1,"name":"Portada","item":"https:\/\/fundacion-biodiversidad.es\/en\/inicio\/"},{"@type":"ListItem","position":2,"name":"Proyectos de convocatorias PRTR","item":"https:\/\/fundacion-biodiversidad.es\/en\/proyecto_prtr\/"},{"@type":"ListItem","position":3,"name":"Reconnecting forest owners with their farms for sustainable management of abandoned forests (RECONECTA)"}]},{"@type":"WebSite","@id":"https:\/\/fundacion-biodiversidad.es\/en\/#website","url":"https:\/\/fundacion-biodiversidad.es\/en\/","name":"Fundaci\u00f3n Biodiversidad","description":"Fundaci\u00f3n p\u00fablica adscrita al Ministerio para la Transici\u00f3n Ecol\u00f3gica","potentialAction":[{"@type":"SearchAction","target":{"@type":"EntryPoint","urlTemplate":"https:\/\/fundacion-biodiversidad.es\/en\/?s={search_term_string}"},"query-input":{"@type":"PropertyValueSpecification","valueRequired":true,"valueName":"search_term_string"}}],"inLanguage":"en-US"}]}},"_links":{"self":[{"href":"https:\/\/fundacion-biodiversidad.es\/en\/wp-json\/wp\/v2\/proyecto_prtr\/97854049","targetHints":{"allow":["GET"]}}],"collection":[{"href":"https:\/\/fundacion-biodiversidad.es\/en\/wp-json\/wp\/v2\/proyecto_prtr"}],"about":[{"href":"https:\/\/fundacion-biodiversidad.es\/en\/wp-json\/wp\/v2\/types\/proyecto_prtr"}],"wp:featuredmedia":[{"embeddable":true,"href":"https:\/\/fundacion-biodiversidad.es\/en\/wp-json\/wp\/v2\/media\/22405"}],"wp:attachment":[{"href":"https:\/\/fundacion-biodiversidad.es\/en\/wp-json\/wp\/v2\/media?parent=97854049"}],"wp:term":[{"taxonomy":"financiaci_n","embeddable":true,"href":"https:\/\/fundacion-biodiversidad.es\/en\/wp-json\/wp\/v2\/financiaci_n?post=97854049"},{"taxonomy":"lineas_actuacion_tematicas","embeddable":true,"href":"https:\/\/fundacion-biodiversidad.es\/en\/wp-json\/wp\/v2\/lineas_actuacion_tematicas?post=97854049"}],"curies":[{"name":"wp","href":"https:\/\/api.w.org\/{rel}","templated":true}]}}

<!-- This site is optimized with the Yoast SEO plugin v26.9 - https://yoast.com/product/yoast-seo-wordpress/ -->
<title>Reconnecting forest owners with their farms for sustainable management of abandoned forests (RECONECTA) - Fundación Biodiversidad</title>
<meta name="robots" content="index, follow, max-snippet:-1, max-image-preview:large, max-video-preview:-1" />
<link rel="canonical" href="https://fundacion-biodiversidad.es/en/proyecto_prtr/reconnecting-forest-owners-with-their-farms-for-sustainable-management-of-abandoned-forests-reconecta/" />
<meta property="og:locale" content="en_US" />
<meta property="og:type" content="article" />
<meta property="og:title" content="Reconnecting forest owners with their farms for sustainable management of abandoned forests (RECONECTA) - Fundación Biodiversidad" />
<meta property="og:description" content="The RECONECTA project seeks to articulate an effective and innovative system for identifying and motivating owners of abandoned land to facilitate the promotion of the [&hellip;]" />
<meta property="og:url" content="https://fundacion-biodiversidad.es/en/proyecto_prtr/reconnecting-forest-owners-with-their-farms-for-sustainable-management-of-abandoned-forests-reconecta/" />
<meta property="og:site_name" content="Fundación Biodiversidad" />
<meta property="article:modified_time" content="2025-04-24T20:36:45+00:00" />
<meta property="og:image" content="https://fundacion-biodiversidad.es/wp-content/uploads/2024/06/BF012-RECONECTA-1024x771.jpg" />
<meta name="twitter:card" content="summary_large_image" />
<meta name="twitter:image" content="https://fundacion-biodiversidad.es/wp-content/uploads/2024/06/BF012-RECONECTA-1024x771.jpg" />
<script type="application/ld+json" class="yoast-schema-graph">{"@context":"https://schema.org","@graph":[{"@type":"WebPage","@id":"https://fundacion-biodiversidad.es/en/proyecto_prtr/reconnecting-forest-owners-with-their-farms-for-sustainable-management-of-abandoned-forests-reconecta/","url":"https://fundacion-biodiversidad.es/en/proyecto_prtr/reconnecting-forest-owners-with-their-farms-for-sustainable-management-of-abandoned-forests-reconecta/","name":"Reconnecting forest owners with their farms for sustainable management of abandoned forests (RECONECTA) - Fundación Biodiversidad","isPartOf":{"@id":"https://fundacion-biodiversidad.es/en/#website"},"primaryImageOfPage":{"@id":"https://fundacion-biodiversidad.es/en/proyecto_prtr/reconnecting-forest-owners-with-their-farms-for-sustainable-management-of-abandoned-forests-reconecta/#primaryimage"},"image":{"@id":"https://fundacion-biodiversidad.es/en/proyecto_prtr/reconnecting-forest-owners-with-their-farms-for-sustainable-management-of-abandoned-forests-reconecta/#primaryimage"},"thumbnailUrl":"https://fundacion-biodiversidad.es/wp-content/uploads/2022/11/no-imagen.jpg","datePublished":"2024-06-20T08:18:20+00:00","dateModified":"2025-04-24T20:36:45+00:00","breadcrumb":{"@id":"https://fundacion-biodiversidad.es/en/proyecto_prtr/reconnecting-forest-owners-with-their-farms-for-sustainable-management-of-abandoned-forests-reconecta/#breadcrumb"},"inLanguage":"en-US","potentialAction":[{"@type":"ReadAction","target":["https://fundacion-biodiversidad.es/en/proyecto_prtr/reconnecting-forest-owners-with-their-farms-for-sustainable-management-of-abandoned-forests-reconecta/"]}]},{"@type":"ImageObject","inLanguage":"en-US","@id":"https://fundacion-biodiversidad.es/en/proyecto_prtr/reconnecting-forest-owners-with-their-farms-for-sustainable-management-of-abandoned-forests-reconecta/#primaryimage","url":"https://fundacion-biodiversidad.es/wp-content/uploads/2022/11/no-imagen.jpg","contentUrl":"https://fundacion-biodiversidad.es/wp-content/uploads/2022/11/no-imagen.jpg","width":2048,"height":2048,"caption":"Formación en medio ambiente natural"},{"@type":"BreadcrumbList","@id":"https://fundacion-biodiversidad.es/en/proyecto_prtr/reconnecting-forest-owners-with-their-farms-for-sustainable-management-of-abandoned-forests-reconecta/#breadcrumb","itemListElement":[{"@type":"ListItem","position":1,"name":"Portada","item":"https://fundacion-biodiversidad.es/en/inicio/"},{"@type":"ListItem","position":2,"name":"Proyectos de convocatorias PRTR","item":"https://fundacion-biodiversidad.es/en/proyecto_prtr/"},{"@type":"ListItem","position":3,"name":"Reconnecting forest owners with their farms for sustainable management of abandoned forests (RECONECTA)"}]},{"@type":"WebSite","@id":"https://fundacion-biodiversidad.es/en/#website","url":"https://fundacion-biodiversidad.es/en/","name":"Fundación Biodiversidad","description":"Fundación pública adscrita al Ministerio para la Transición Ecológica","potentialAction":[{"@type":"SearchAction","target":{"@type":"EntryPoint","urlTemplate":"https://fundacion-biodiversidad.es/en/?s={search_term_string}"},"query-input":{"@type":"PropertyValueSpecification","valueRequired":true,"valueName":"search_term_string"}}],"inLanguage":"en-US"}]}</script>
<!-- / Yoast SEO plugin. -->

Reconnecting forest owners with their farms for sustainable management of abandoned forests (RECONECTA) - Fundación Biodiversidad

Fundación Biodiversidad

Formación en medio ambiente natural

Fundación pública adscrita al Ministerio para la Transición Ecológica
