{"id":97854851,"date":"2022-11-09T12:19:36","date_gmt":"2022-11-09T11:19:36","guid":{"rendered":"https:\/\/fundacion-biodiversidad.es\/proyecto_prtr\/deepening-the-knowledge-of-the-threats-that-affect-cetaceans-and-sea-turtles-in-the-region-of-murcia-camemmur\/"},"modified":"2025-02-04T10:29:23","modified_gmt":"2025-02-04T09:29:23","slug":"deepening-the-knowledge-of-the-threats-that-affect-cetaceans-and-sea-turtles-in-the-region-of-murcia-camemmur","status":"publish","type":"proyecto_prtr","link":"https:\/\/fundacion-biodiversidad.es\/en\/proyecto_prtr\/deepening-the-knowledge-of-the-threats-that-affect-cetaceans-and-sea-turtles-in-the-region-of-murcia-camemmur\/","title":{"rendered":"Deepening the knowledge of the threats that affect cetaceans and sea turtles in the Region of Murcia (CAMEMMUR)"},"content":{"rendered":"<p>CAMEMMUR will delve into the causes of threat of stranded cetaceans and sea turtles to reduce the percentage of unknown causes of admission. It will also improve the biological scientific knowledge of these species in terms of biometric measurements, feeding and survival rates. <\/p>\n","protected":false},"featured_media":22405,"parent":0,"template":"","meta":{"_acf_changed":false},"financiaci_n":[653],"lineas_actuacion_tematicas":[655],"class_list":["post-97854851","proyecto_prtr","type-proyecto_prtr","status-publish","has-post-thumbnail","hentry","financiaci_n-plan-de-recuperacion-transformacion-y-resiliencia-en","lineas_actuacion_tematicas-marine-ecosystems"],"acf":[],"yoast_head":"<!-- This site is optimized with the Yoast SEO plugin v26.9 - https:\/\/yoast.com\/product\/yoast-seo-wordpress\/ -->\n<title>Deepening the knowledge of the threats that affect cetaceans and sea turtles in the Region of Murcia (CAMEMMUR) - Fundaci\u00f3n Biodiversidad<\/title>\n<meta name=\"robots\" content=\"index, follow, max-snippet:-1, max-image-preview:large, max-video-preview:-1\" \/>\n<link rel=\"canonical\" href=\"https:\/\/fundacion-biodiversidad.es\/en\/proyecto_prtr\/deepening-the-knowledge-of-the-threats-that-affect-cetaceans-and-sea-turtles-in-the-region-of-murcia-camemmur\/\" \/>\n<meta property=\"og:locale\" content=\"en_US\" \/>\n<meta property=\"og:type\" content=\"article\" \/>\n<meta property=\"og:title\" content=\"Deepening the knowledge of the threats that affect cetaceans and sea turtles in the Region of Murcia (CAMEMMUR) - Fundaci\u00f3n Biodiversidad\" \/>\n<meta property=\"og:description\" content=\"CAMEMMUR will delve into the causes of threat of stranded cetaceans and sea turtles to reduce the percentage of unknown causes of admission. It will [&hellip;]\" \/>\n<meta property=\"og:url\" content=\"https:\/\/fundacion-biodiversidad.es\/en\/proyecto_prtr\/deepening-the-knowledge-of-the-threats-that-affect-cetaceans-and-sea-turtles-in-the-region-of-murcia-camemmur\/\" \/>\n<meta property=\"og:site_name\" content=\"Fundaci\u00f3n Biodiversidad\" \/>\n<meta property=\"article:modified_time\" content=\"2025-02-04T09:29:23+00:00\" \/>\n<meta property=\"og:image\" content=\"https:\/\/fundacion-biodiversidad.es\/wp-content\/uploads\/2022\/11\/V060-CARM-20220912_104413-225x300.jpg\" \/>\n<meta name=\"twitter:card\" content=\"summary_large_image\" \/>\n<meta name=\"twitter:image\" content=\"https:\/\/fundacion-biodiversidad.es\/wp-content\/uploads\/2022\/11\/V060-CARM-20220912_104413-768x1024.jpg\" \/>\n<script type=\"application\/ld+json\" class=\"yoast-schema-graph\">{\"@context\":\"https:\/\/schema.org\",\"@graph\":[{\"@type\":\"WebPage\",\"@id\":\"https:\/\/fundacion-biodiversidad.es\/en\/proyecto_prtr\/deepening-the-knowledge-of-the-threats-that-affect-cetaceans-and-sea-turtles-in-the-region-of-murcia-camemmur\/\",\"url\":\"https:\/\/fundacion-biodiversidad.es\/en\/proyecto_prtr\/deepening-the-knowledge-of-the-threats-that-affect-cetaceans-and-sea-turtles-in-the-region-of-murcia-camemmur\/\",\"name\":\"Deepening the knowledge of the threats that affect cetaceans and sea turtles in the Region of Murcia (CAMEMMUR) - Fundaci\u00f3n Biodiversidad\",\"isPartOf\":{\"@id\":\"https:\/\/fundacion-biodiversidad.es\/en\/#website\"},\"primaryImageOfPage\":{\"@id\":\"https:\/\/fundacion-biodiversidad.es\/en\/proyecto_prtr\/deepening-the-knowledge-of-the-threats-that-affect-cetaceans-and-sea-turtles-in-the-region-of-murcia-camemmur\/#primaryimage\"},\"image\":{\"@id\":\"https:\/\/fundacion-biodiversidad.es\/en\/proyecto_prtr\/deepening-the-knowledge-of-the-threats-that-affect-cetaceans-and-sea-turtles-in-the-region-of-murcia-camemmur\/#primaryimage\"},\"thumbnailUrl\":\"https:\/\/fundacion-biodiversidad.es\/wp-content\/uploads\/2022\/11\/no-imagen.jpg\",\"datePublished\":\"2022-11-09T11:19:36+00:00\",\"dateModified\":\"2025-02-04T09:29:23+00:00\",\"breadcrumb\":{\"@id\":\"https:\/\/fundacion-biodiversidad.es\/en\/proyecto_prtr\/deepening-the-knowledge-of-the-threats-that-affect-cetaceans-and-sea-turtles-in-the-region-of-murcia-camemmur\/#breadcrumb\"},\"inLanguage\":\"en-US\",\"potentialAction\":[{\"@type\":\"ReadAction\",\"target\":[\"https:\/\/fundacion-biodiversidad.es\/en\/proyecto_prtr\/deepening-the-knowledge-of-the-threats-that-affect-cetaceans-and-sea-turtles-in-the-region-of-murcia-camemmur\/\"]}]},{\"@type\":\"ImageObject\",\"inLanguage\":\"en-US\",\"@id\":\"https:\/\/fundacion-biodiversidad.es\/en\/proyecto_prtr\/deepening-the-knowledge-of-the-threats-that-affect-cetaceans-and-sea-turtles-in-the-region-of-murcia-camemmur\/#primaryimage\",\"url\":\"https:\/\/fundacion-biodiversidad.es\/wp-content\/uploads\/2022\/11\/no-imagen.jpg\",\"contentUrl\":\"https:\/\/fundacion-biodiversidad.es\/wp-content\/uploads\/2022\/11\/no-imagen.jpg\",\"width\":2048,\"height\":2048,\"caption\":\"Formaci\u00f3n en medio ambiente natural\"},{\"@type\":\"BreadcrumbList\",\"@id\":\"https:\/\/fundacion-biodiversidad.es\/en\/proyecto_prtr\/deepening-the-knowledge-of-the-threats-that-affect-cetaceans-and-sea-turtles-in-the-region-of-murcia-camemmur\/#breadcrumb\",\"itemListElement\":[{\"@type\":\"ListItem\",\"position\":1,\"name\":\"Portada\",\"item\":\"https:\/\/fundacion-biodiversidad.es\/en\/inicio\/\"},{\"@type\":\"ListItem\",\"position\":2,\"name\":\"Proyectos de convocatorias PRTR\",\"item\":\"https:\/\/fundacion-biodiversidad.es\/en\/proyecto_prtr\/\"},{\"@type\":\"ListItem\",\"position\":3,\"name\":\"Deepening the knowledge of the threats that affect cetaceans and sea turtles in the Region of Murcia (CAMEMMUR)\"}]},{\"@type\":\"WebSite\",\"@id\":\"https:\/\/fundacion-biodiversidad.es\/en\/#website\",\"url\":\"https:\/\/fundacion-biodiversidad.es\/en\/\",\"name\":\"Fundaci\u00f3n Biodiversidad\",\"description\":\"Fundaci\u00f3n p\u00fablica adscrita al Ministerio para la Transici\u00f3n Ecol\u00f3gica\",\"potentialAction\":[{\"@type\":\"SearchAction\",\"target\":{\"@type\":\"EntryPoint\",\"urlTemplate\":\"https:\/\/fundacion-biodiversidad.es\/en\/?s={search_term_string}\"},\"query-input\":{\"@type\":\"PropertyValueSpecification\",\"valueRequired\":true,\"valueName\":\"search_term_string\"}}],\"inLanguage\":\"en-US\"}]}<\/script>\n<!-- \/ Yoast SEO plugin. -->","yoast_head_json":{"title":"Deepening the knowledge of the threats that affect cetaceans and sea turtles in the Region of Murcia (CAMEMMUR) - Fundaci\u00f3n Biodiversidad","robots":{"index":"index","follow":"follow","max-snippet":"max-snippet:-1","max-image-preview":"max-image-preview:large","max-video-preview":"max-video-preview:-1"},"canonical":"https:\/\/fundacion-biodiversidad.es\/en\/proyecto_prtr\/deepening-the-knowledge-of-the-threats-that-affect-cetaceans-and-sea-turtles-in-the-region-of-murcia-camemmur\/","og_locale":"en_US","og_type":"article","og_title":"Deepening the knowledge of the threats that affect cetaceans and sea turtles in the Region of Murcia (CAMEMMUR) - Fundaci\u00f3n Biodiversidad","og_description":"CAMEMMUR will delve into the causes of threat of stranded cetaceans and sea turtles to reduce the percentage of unknown causes of admission. It will [&hellip;]","og_url":"https:\/\/fundacion-biodiversidad.es\/en\/proyecto_prtr\/deepening-the-knowledge-of-the-threats-that-affect-cetaceans-and-sea-turtles-in-the-region-of-murcia-camemmur\/","og_site_name":"Fundaci\u00f3n Biodiversidad","article_modified_time":"2025-02-04T09:29:23+00:00","og_image":[{"url":"https:\/\/fundacion-biodiversidad.es\/wp-content\/uploads\/2022\/11\/V060-CARM-20220912_104413-225x300.jpg","type":"","width":"","height":""}],"twitter_card":"summary_large_image","twitter_image":"https:\/\/fundacion-biodiversidad.es\/wp-content\/uploads\/2022\/11\/V060-CARM-20220912_104413-768x1024.jpg","schema":{"@context":"https:\/\/schema.org","@graph":[{"@type":"WebPage","@id":"https:\/\/fundacion-biodiversidad.es\/en\/proyecto_prtr\/deepening-the-knowledge-of-the-threats-that-affect-cetaceans-and-sea-turtles-in-the-region-of-murcia-camemmur\/","url":"https:\/\/fundacion-biodiversidad.es\/en\/proyecto_prtr\/deepening-the-knowledge-of-the-threats-that-affect-cetaceans-and-sea-turtles-in-the-region-of-murcia-camemmur\/","name":"Deepening the knowledge of the threats that affect cetaceans and sea turtles in the Region of Murcia (CAMEMMUR) - Fundaci\u00f3n Biodiversidad","isPartOf":{"@id":"https:\/\/fundacion-biodiversidad.es\/en\/#website"},"primaryImageOfPage":{"@id":"https:\/\/fundacion-biodiversidad.es\/en\/proyecto_prtr\/deepening-the-knowledge-of-the-threats-that-affect-cetaceans-and-sea-turtles-in-the-region-of-murcia-camemmur\/#primaryimage"},"image":{"@id":"https:\/\/fundacion-biodiversidad.es\/en\/proyecto_prtr\/deepening-the-knowledge-of-the-threats-that-affect-cetaceans-and-sea-turtles-in-the-region-of-murcia-camemmur\/#primaryimage"},"thumbnailUrl":"https:\/\/fundacion-biodiversidad.es\/wp-content\/uploads\/2022\/11\/no-imagen.jpg","datePublished":"2022-11-09T11:19:36+00:00","dateModified":"2025-02-04T09:29:23+00:00","breadcrumb":{"@id":"https:\/\/fundacion-biodiversidad.es\/en\/proyecto_prtr\/deepening-the-knowledge-of-the-threats-that-affect-cetaceans-and-sea-turtles-in-the-region-of-murcia-camemmur\/#breadcrumb"},"inLanguage":"en-US","potentialAction":[{"@type":"ReadAction","target":["https:\/\/fundacion-biodiversidad.es\/en\/proyecto_prtr\/deepening-the-knowledge-of-the-threats-that-affect-cetaceans-and-sea-turtles-in-the-region-of-murcia-camemmur\/"]}]},{"@type":"ImageObject","inLanguage":"en-US","@id":"https:\/\/fundacion-biodiversidad.es\/en\/proyecto_prtr\/deepening-the-knowledge-of-the-threats-that-affect-cetaceans-and-sea-turtles-in-the-region-of-murcia-camemmur\/#primaryimage","url":"https:\/\/fundacion-biodiversidad.es\/wp-content\/uploads\/2022\/11\/no-imagen.jpg","contentUrl":"https:\/\/fundacion-biodiversidad.es\/wp-content\/uploads\/2022\/11\/no-imagen.jpg","width":2048,"height":2048,"caption":"Formaci\u00f3n en medio ambiente natural"},{"@type":"BreadcrumbList","@id":"https:\/\/fundacion-biodiversidad.es\/en\/proyecto_prtr\/deepening-the-knowledge-of-the-threats-that-affect-cetaceans-and-sea-turtles-in-the-region-of-murcia-camemmur\/#breadcrumb","itemListElement":[{"@type":"ListItem","position":1,"name":"Portada","item":"https:\/\/fundacion-biodiversidad.es\/en\/inicio\/"},{"@type":"ListItem","position":2,"name":"Proyectos de convocatorias PRTR","item":"https:\/\/fundacion-biodiversidad.es\/en\/proyecto_prtr\/"},{"@type":"ListItem","position":3,"name":"Deepening the knowledge of the threats that affect cetaceans and sea turtles in the Region of Murcia (CAMEMMUR)"}]},{"@type":"WebSite","@id":"https:\/\/fundacion-biodiversidad.es\/en\/#website","url":"https:\/\/fundacion-biodiversidad.es\/en\/","name":"Fundaci\u00f3n Biodiversidad","description":"Fundaci\u00f3n p\u00fablica adscrita al Ministerio para la Transici\u00f3n Ecol\u00f3gica","potentialAction":[{"@type":"SearchAction","target":{"@type":"EntryPoint","urlTemplate":"https:\/\/fundacion-biodiversidad.es\/en\/?s={search_term_string}"},"query-input":{"@type":"PropertyValueSpecification","valueRequired":true,"valueName":"search_term_string"}}],"inLanguage":"en-US"}]}},"_links":{"self":[{"href":"https:\/\/fundacion-biodiversidad.es\/en\/wp-json\/wp\/v2\/proyecto_prtr\/97854851","targetHints":{"allow":["GET"]}}],"collection":[{"href":"https:\/\/fundacion-biodiversidad.es\/en\/wp-json\/wp\/v2\/proyecto_prtr"}],"about":[{"href":"https:\/\/fundacion-biodiversidad.es\/en\/wp-json\/wp\/v2\/types\/proyecto_prtr"}],"wp:featuredmedia":[{"embeddable":true,"href":"https:\/\/fundacion-biodiversidad.es\/en\/wp-json\/wp\/v2\/media\/22405"}],"wp:attachment":[{"href":"https:\/\/fundacion-biodiversidad.es\/en\/wp-json\/wp\/v2\/media?parent=97854851"}],"wp:term":[{"taxonomy":"financiaci_n","embeddable":true,"href":"https:\/\/fundacion-biodiversidad.es\/en\/wp-json\/wp\/v2\/financiaci_n?post=97854851"},{"taxonomy":"lineas_actuacion_tematicas","embeddable":true,"href":"https:\/\/fundacion-biodiversidad.es\/en\/wp-json\/wp\/v2\/lineas_actuacion_tematicas?post=97854851"}],"curies":[{"name":"wp","href":"https:\/\/api.w.org\/{rel}","templated":true}]}}

<!-- This site is optimized with the Yoast SEO plugin v26.9 - https://yoast.com/product/yoast-seo-wordpress/ -->
<title>Deepening the knowledge of the threats that affect cetaceans and sea turtles in the Region of Murcia (CAMEMMUR) - Fundación Biodiversidad</title>
<meta name="robots" content="index, follow, max-snippet:-1, max-image-preview:large, max-video-preview:-1" />
<link rel="canonical" href="https://fundacion-biodiversidad.es/en/proyecto_prtr/deepening-the-knowledge-of-the-threats-that-affect-cetaceans-and-sea-turtles-in-the-region-of-murcia-camemmur/" />
<meta property="og:locale" content="en_US" />
<meta property="og:type" content="article" />
<meta property="og:title" content="Deepening the knowledge of the threats that affect cetaceans and sea turtles in the Region of Murcia (CAMEMMUR) - Fundación Biodiversidad" />
<meta property="og:description" content="CAMEMMUR will delve into the causes of threat of stranded cetaceans and sea turtles to reduce the percentage of unknown causes of admission. It will [&hellip;]" />
<meta property="og:url" content="https://fundacion-biodiversidad.es/en/proyecto_prtr/deepening-the-knowledge-of-the-threats-that-affect-cetaceans-and-sea-turtles-in-the-region-of-murcia-camemmur/" />
<meta property="og:site_name" content="Fundación Biodiversidad" />
<meta property="article:modified_time" content="2025-02-04T09:29:23+00:00" />
<meta property="og:image" content="https://fundacion-biodiversidad.es/wp-content/uploads/2022/11/V060-CARM-20220912_104413-225x300.jpg" />
<meta name="twitter:card" content="summary_large_image" />
<meta name="twitter:image" content="https://fundacion-biodiversidad.es/wp-content/uploads/2022/11/V060-CARM-20220912_104413-768x1024.jpg" />
<script type="application/ld+json" class="yoast-schema-graph">{"@context":"https://schema.org","@graph":[{"@type":"WebPage","@id":"https://fundacion-biodiversidad.es/en/proyecto_prtr/deepening-the-knowledge-of-the-threats-that-affect-cetaceans-and-sea-turtles-in-the-region-of-murcia-camemmur/","url":"https://fundacion-biodiversidad.es/en/proyecto_prtr/deepening-the-knowledge-of-the-threats-that-affect-cetaceans-and-sea-turtles-in-the-region-of-murcia-camemmur/","name":"Deepening the knowledge of the threats that affect cetaceans and sea turtles in the Region of Murcia (CAMEMMUR) - Fundación Biodiversidad","isPartOf":{"@id":"https://fundacion-biodiversidad.es/en/#website"},"primaryImageOfPage":{"@id":"https://fundacion-biodiversidad.es/en/proyecto_prtr/deepening-the-knowledge-of-the-threats-that-affect-cetaceans-and-sea-turtles-in-the-region-of-murcia-camemmur/#primaryimage"},"image":{"@id":"https://fundacion-biodiversidad.es/en/proyecto_prtr/deepening-the-knowledge-of-the-threats-that-affect-cetaceans-and-sea-turtles-in-the-region-of-murcia-camemmur/#primaryimage"},"thumbnailUrl":"https://fundacion-biodiversidad.es/wp-content/uploads/2022/11/no-imagen.jpg","datePublished":"2022-11-09T11:19:36+00:00","dateModified":"2025-02-04T09:29:23+00:00","breadcrumb":{"@id":"https://fundacion-biodiversidad.es/en/proyecto_prtr/deepening-the-knowledge-of-the-threats-that-affect-cetaceans-and-sea-turtles-in-the-region-of-murcia-camemmur/#breadcrumb"},"inLanguage":"en-US","potentialAction":[{"@type":"ReadAction","target":["https://fundacion-biodiversidad.es/en/proyecto_prtr/deepening-the-knowledge-of-the-threats-that-affect-cetaceans-and-sea-turtles-in-the-region-of-murcia-camemmur/"]}]},{"@type":"ImageObject","inLanguage":"en-US","@id":"https://fundacion-biodiversidad.es/en/proyecto_prtr/deepening-the-knowledge-of-the-threats-that-affect-cetaceans-and-sea-turtles-in-the-region-of-murcia-camemmur/#primaryimage","url":"https://fundacion-biodiversidad.es/wp-content/uploads/2022/11/no-imagen.jpg","contentUrl":"https://fundacion-biodiversidad.es/wp-content/uploads/2022/11/no-imagen.jpg","width":2048,"height":2048,"caption":"Formación en medio ambiente natural"},{"@type":"BreadcrumbList","@id":"https://fundacion-biodiversidad.es/en/proyecto_prtr/deepening-the-knowledge-of-the-threats-that-affect-cetaceans-and-sea-turtles-in-the-region-of-murcia-camemmur/#breadcrumb","itemListElement":[{"@type":"ListItem","position":1,"name":"Portada","item":"https://fundacion-biodiversidad.es/en/inicio/"},{"@type":"ListItem","position":2,"name":"Proyectos de convocatorias PRTR","item":"https://fundacion-biodiversidad.es/en/proyecto_prtr/"},{"@type":"ListItem","position":3,"name":"Deepening the knowledge of the threats that affect cetaceans and sea turtles in the Region of Murcia (CAMEMMUR)"}]},{"@type":"WebSite","@id":"https://fundacion-biodiversidad.es/en/#website","url":"https://fundacion-biodiversidad.es/en/","name":"Fundación Biodiversidad","description":"Fundación pública adscrita al Ministerio para la Transición Ecológica","potentialAction":[{"@type":"SearchAction","target":{"@type":"EntryPoint","urlTemplate":"https://fundacion-biodiversidad.es/en/?s={search_term_string}"},"query-input":{"@type":"PropertyValueSpecification","valueRequired":true,"valueName":"search_term_string"}}],"inLanguage":"en-US"}]}</script>
<!-- / Yoast SEO plugin. -->

Deepening the knowledge of the threats that affect cetaceans and sea turtles in the Region of Murcia (CAMEMMUR) - Fundación Biodiversidad

Fundación Biodiversidad

Formación en medio ambiente natural

Fundación pública adscrita al Ministerio para la Transición Ecológica
