{"id":97856046,"date":"2022-11-01T14:00:37","date_gmt":"2022-11-01T13:00:37","guid":{"rendered":"https:\/\/fundacion-biodiversidad.es\/proyecto_prtr\/establishment-of-the-bases-for-the-generation-of-knowledge-of-the-deep-ecosystems-of-the-cantabrian-sea-eprocan\/"},"modified":"2025-05-14T11:31:00","modified_gmt":"2025-05-14T09:31:00","slug":"establishment-of-the-bases-for-the-generation-of-knowledge-of-the-deep-ecosystems-of-the-cantabrian-sea-eprocan","status":"publish","type":"proyecto_prtr","link":"https:\/\/fundacion-biodiversidad.es\/en\/proyecto_prtr\/establishment-of-the-bases-for-the-generation-of-knowledge-of-the-deep-ecosystems-of-the-cantabrian-sea-eprocan\/","title":{"rendered":"Establishment of the bases for the generation of knowledge of the Deep Ecosystems of the Cantabrian Sea (EPROCAN)"},"content":{"rendered":"<p>Deep marine ecosystems are extensive ecosystems with high biodiversity. Unfortunately, scientific knowledge about these ecosystems is limited.<br \/>\nThe objective of this project is the development of a prospecting and research strategy to obtain information to assess conservation needs, which will be carried out with the collection of scientific studies and the identification of knowledge gaps and research priorities, and necessary technologies.<br \/>\nThe information will be relevant for management and research promotion bodies to propose initiatives aimed at addressing the study of deep ecosystems for their conservation and effective management. <\/p>\n","protected":false},"featured_media":22405,"parent":0,"template":"","meta":{"_acf_changed":false},"financiaci_n":[653],"lineas_actuacion_tematicas":[656],"class_list":["post-97856046","proyecto_prtr","type-proyecto_prtr","status-publish","has-post-thumbnail","hentry","financiaci_n-plan-de-recuperacion-transformacion-y-resiliencia-en","lineas_actuacion_tematicas-knowledge-generation-and-management"],"acf":[],"yoast_head":"<!-- This site is optimized with the Yoast SEO plugin v26.9 - https:\/\/yoast.com\/product\/yoast-seo-wordpress\/ -->\n<title>Establishment of the bases for the generation of knowledge of the Deep Ecosystems of the Cantabrian Sea (EPROCAN) - Fundaci\u00f3n Biodiversidad<\/title>\n<meta name=\"robots\" content=\"index, follow, max-snippet:-1, max-image-preview:large, max-video-preview:-1\" \/>\n<link rel=\"canonical\" href=\"https:\/\/fundacion-biodiversidad.es\/en\/proyecto_prtr\/establishment-of-the-bases-for-the-generation-of-knowledge-of-the-deep-ecosystems-of-the-cantabrian-sea-eprocan\/\" \/>\n<meta property=\"og:locale\" content=\"en_US\" \/>\n<meta property=\"og:type\" content=\"article\" \/>\n<meta property=\"og:title\" content=\"Establishment of the bases for the generation of knowledge of the Deep Ecosystems of the Cantabrian Sea (EPROCAN) - Fundaci\u00f3n Biodiversidad\" \/>\n<meta property=\"og:description\" content=\"Deep marine ecosystems are extensive ecosystems with high biodiversity. Unfortunately, scientific knowledge about these ecosystems is limited. The objective of this project is the development [&hellip;]\" \/>\n<meta property=\"og:url\" content=\"https:\/\/fundacion-biodiversidad.es\/en\/proyecto_prtr\/establishment-of-the-bases-for-the-generation-of-knowledge-of-the-deep-ecosystems-of-the-cantabrian-sea-eprocan\/\" \/>\n<meta property=\"og:site_name\" content=\"Fundaci\u00f3n Biodiversidad\" \/>\n<meta property=\"article:modified_time\" content=\"2025-05-14T09:31:00+00:00\" \/>\n<meta property=\"og:image\" content=\"https:\/\/fundacion-biodiversidad.es\/wp-content\/uploads\/2022\/11\/I102-EPROCAN_02OK-1024x652.jpg\" \/>\n<meta name=\"twitter:card\" content=\"summary_large_image\" \/>\n<meta name=\"twitter:image\" content=\"https:\/\/fundacion-biodiversidad.es\/wp-content\/uploads\/2022\/11\/I102-EPROCAN_02OK-1024x652.jpg\" \/>\n<script type=\"application\/ld+json\" class=\"yoast-schema-graph\">{\"@context\":\"https:\/\/schema.org\",\"@graph\":[{\"@type\":\"WebPage\",\"@id\":\"https:\/\/fundacion-biodiversidad.es\/en\/proyecto_prtr\/establishment-of-the-bases-for-the-generation-of-knowledge-of-the-deep-ecosystems-of-the-cantabrian-sea-eprocan\/\",\"url\":\"https:\/\/fundacion-biodiversidad.es\/en\/proyecto_prtr\/establishment-of-the-bases-for-the-generation-of-knowledge-of-the-deep-ecosystems-of-the-cantabrian-sea-eprocan\/\",\"name\":\"Establishment of the bases for the generation of knowledge of the Deep Ecosystems of the Cantabrian Sea (EPROCAN) - Fundaci\u00f3n Biodiversidad\",\"isPartOf\":{\"@id\":\"https:\/\/fundacion-biodiversidad.es\/en\/#website\"},\"primaryImageOfPage\":{\"@id\":\"https:\/\/fundacion-biodiversidad.es\/en\/proyecto_prtr\/establishment-of-the-bases-for-the-generation-of-knowledge-of-the-deep-ecosystems-of-the-cantabrian-sea-eprocan\/#primaryimage\"},\"image\":{\"@id\":\"https:\/\/fundacion-biodiversidad.es\/en\/proyecto_prtr\/establishment-of-the-bases-for-the-generation-of-knowledge-of-the-deep-ecosystems-of-the-cantabrian-sea-eprocan\/#primaryimage\"},\"thumbnailUrl\":\"https:\/\/fundacion-biodiversidad.es\/wp-content\/uploads\/2022\/11\/no-imagen.jpg\",\"datePublished\":\"2022-11-01T13:00:37+00:00\",\"dateModified\":\"2025-05-14T09:31:00+00:00\",\"breadcrumb\":{\"@id\":\"https:\/\/fundacion-biodiversidad.es\/en\/proyecto_prtr\/establishment-of-the-bases-for-the-generation-of-knowledge-of-the-deep-ecosystems-of-the-cantabrian-sea-eprocan\/#breadcrumb\"},\"inLanguage\":\"en-US\",\"potentialAction\":[{\"@type\":\"ReadAction\",\"target\":[\"https:\/\/fundacion-biodiversidad.es\/en\/proyecto_prtr\/establishment-of-the-bases-for-the-generation-of-knowledge-of-the-deep-ecosystems-of-the-cantabrian-sea-eprocan\/\"]}]},{\"@type\":\"ImageObject\",\"inLanguage\":\"en-US\",\"@id\":\"https:\/\/fundacion-biodiversidad.es\/en\/proyecto_prtr\/establishment-of-the-bases-for-the-generation-of-knowledge-of-the-deep-ecosystems-of-the-cantabrian-sea-eprocan\/#primaryimage\",\"url\":\"https:\/\/fundacion-biodiversidad.es\/wp-content\/uploads\/2022\/11\/no-imagen.jpg\",\"contentUrl\":\"https:\/\/fundacion-biodiversidad.es\/wp-content\/uploads\/2022\/11\/no-imagen.jpg\",\"width\":2048,\"height\":2048,\"caption\":\"Formaci\u00f3n en medio ambiente natural\"},{\"@type\":\"BreadcrumbList\",\"@id\":\"https:\/\/fundacion-biodiversidad.es\/en\/proyecto_prtr\/establishment-of-the-bases-for-the-generation-of-knowledge-of-the-deep-ecosystems-of-the-cantabrian-sea-eprocan\/#breadcrumb\",\"itemListElement\":[{\"@type\":\"ListItem\",\"position\":1,\"name\":\"Portada\",\"item\":\"https:\/\/fundacion-biodiversidad.es\/en\/inicio\/\"},{\"@type\":\"ListItem\",\"position\":2,\"name\":\"Proyectos de convocatorias PRTR\",\"item\":\"https:\/\/fundacion-biodiversidad.es\/en\/proyecto_prtr\/\"},{\"@type\":\"ListItem\",\"position\":3,\"name\":\"Establishment of the bases for the generation of knowledge of the Deep Ecosystems of the Cantabrian Sea (EPROCAN)\"}]},{\"@type\":\"WebSite\",\"@id\":\"https:\/\/fundacion-biodiversidad.es\/en\/#website\",\"url\":\"https:\/\/fundacion-biodiversidad.es\/en\/\",\"name\":\"Fundaci\u00f3n Biodiversidad\",\"description\":\"Fundaci\u00f3n p\u00fablica adscrita al Ministerio para la Transici\u00f3n Ecol\u00f3gica\",\"potentialAction\":[{\"@type\":\"SearchAction\",\"target\":{\"@type\":\"EntryPoint\",\"urlTemplate\":\"https:\/\/fundacion-biodiversidad.es\/en\/?s={search_term_string}\"},\"query-input\":{\"@type\":\"PropertyValueSpecification\",\"valueRequired\":true,\"valueName\":\"search_term_string\"}}],\"inLanguage\":\"en-US\"}]}<\/script>\n<!-- \/ Yoast SEO plugin. -->","yoast_head_json":{"title":"Establishment of the bases for the generation of knowledge of the Deep Ecosystems of the Cantabrian Sea (EPROCAN) - Fundaci\u00f3n Biodiversidad","robots":{"index":"index","follow":"follow","max-snippet":"max-snippet:-1","max-image-preview":"max-image-preview:large","max-video-preview":"max-video-preview:-1"},"canonical":"https:\/\/fundacion-biodiversidad.es\/en\/proyecto_prtr\/establishment-of-the-bases-for-the-generation-of-knowledge-of-the-deep-ecosystems-of-the-cantabrian-sea-eprocan\/","og_locale":"en_US","og_type":"article","og_title":"Establishment of the bases for the generation of knowledge of the Deep Ecosystems of the Cantabrian Sea (EPROCAN) - Fundaci\u00f3n Biodiversidad","og_description":"Deep marine ecosystems are extensive ecosystems with high biodiversity. Unfortunately, scientific knowledge about these ecosystems is limited. The objective of this project is the development [&hellip;]","og_url":"https:\/\/fundacion-biodiversidad.es\/en\/proyecto_prtr\/establishment-of-the-bases-for-the-generation-of-knowledge-of-the-deep-ecosystems-of-the-cantabrian-sea-eprocan\/","og_site_name":"Fundaci\u00f3n Biodiversidad","article_modified_time":"2025-05-14T09:31:00+00:00","og_image":[{"url":"https:\/\/fundacion-biodiversidad.es\/wp-content\/uploads\/2022\/11\/I102-EPROCAN_02OK-1024x652.jpg","type":"","width":"","height":""}],"twitter_card":"summary_large_image","twitter_image":"https:\/\/fundacion-biodiversidad.es\/wp-content\/uploads\/2022\/11\/I102-EPROCAN_02OK-1024x652.jpg","schema":{"@context":"https:\/\/schema.org","@graph":[{"@type":"WebPage","@id":"https:\/\/fundacion-biodiversidad.es\/en\/proyecto_prtr\/establishment-of-the-bases-for-the-generation-of-knowledge-of-the-deep-ecosystems-of-the-cantabrian-sea-eprocan\/","url":"https:\/\/fundacion-biodiversidad.es\/en\/proyecto_prtr\/establishment-of-the-bases-for-the-generation-of-knowledge-of-the-deep-ecosystems-of-the-cantabrian-sea-eprocan\/","name":"Establishment of the bases for the generation of knowledge of the Deep Ecosystems of the Cantabrian Sea (EPROCAN) - Fundaci\u00f3n Biodiversidad","isPartOf":{"@id":"https:\/\/fundacion-biodiversidad.es\/en\/#website"},"primaryImageOfPage":{"@id":"https:\/\/fundacion-biodiversidad.es\/en\/proyecto_prtr\/establishment-of-the-bases-for-the-generation-of-knowledge-of-the-deep-ecosystems-of-the-cantabrian-sea-eprocan\/#primaryimage"},"image":{"@id":"https:\/\/fundacion-biodiversidad.es\/en\/proyecto_prtr\/establishment-of-the-bases-for-the-generation-of-knowledge-of-the-deep-ecosystems-of-the-cantabrian-sea-eprocan\/#primaryimage"},"thumbnailUrl":"https:\/\/fundacion-biodiversidad.es\/wp-content\/uploads\/2022\/11\/no-imagen.jpg","datePublished":"2022-11-01T13:00:37+00:00","dateModified":"2025-05-14T09:31:00+00:00","breadcrumb":{"@id":"https:\/\/fundacion-biodiversidad.es\/en\/proyecto_prtr\/establishment-of-the-bases-for-the-generation-of-knowledge-of-the-deep-ecosystems-of-the-cantabrian-sea-eprocan\/#breadcrumb"},"inLanguage":"en-US","potentialAction":[{"@type":"ReadAction","target":["https:\/\/fundacion-biodiversidad.es\/en\/proyecto_prtr\/establishment-of-the-bases-for-the-generation-of-knowledge-of-the-deep-ecosystems-of-the-cantabrian-sea-eprocan\/"]}]},{"@type":"ImageObject","inLanguage":"en-US","@id":"https:\/\/fundacion-biodiversidad.es\/en\/proyecto_prtr\/establishment-of-the-bases-for-the-generation-of-knowledge-of-the-deep-ecosystems-of-the-cantabrian-sea-eprocan\/#primaryimage","url":"https:\/\/fundacion-biodiversidad.es\/wp-content\/uploads\/2022\/11\/no-imagen.jpg","contentUrl":"https:\/\/fundacion-biodiversidad.es\/wp-content\/uploads\/2022\/11\/no-imagen.jpg","width":2048,"height":2048,"caption":"Formaci\u00f3n en medio ambiente natural"},{"@type":"BreadcrumbList","@id":"https:\/\/fundacion-biodiversidad.es\/en\/proyecto_prtr\/establishment-of-the-bases-for-the-generation-of-knowledge-of-the-deep-ecosystems-of-the-cantabrian-sea-eprocan\/#breadcrumb","itemListElement":[{"@type":"ListItem","position":1,"name":"Portada","item":"https:\/\/fundacion-biodiversidad.es\/en\/inicio\/"},{"@type":"ListItem","position":2,"name":"Proyectos de convocatorias PRTR","item":"https:\/\/fundacion-biodiversidad.es\/en\/proyecto_prtr\/"},{"@type":"ListItem","position":3,"name":"Establishment of the bases for the generation of knowledge of the Deep Ecosystems of the Cantabrian Sea (EPROCAN)"}]},{"@type":"WebSite","@id":"https:\/\/fundacion-biodiversidad.es\/en\/#website","url":"https:\/\/fundacion-biodiversidad.es\/en\/","name":"Fundaci\u00f3n Biodiversidad","description":"Fundaci\u00f3n p\u00fablica adscrita al Ministerio para la Transici\u00f3n Ecol\u00f3gica","potentialAction":[{"@type":"SearchAction","target":{"@type":"EntryPoint","urlTemplate":"https:\/\/fundacion-biodiversidad.es\/en\/?s={search_term_string}"},"query-input":{"@type":"PropertyValueSpecification","valueRequired":true,"valueName":"search_term_string"}}],"inLanguage":"en-US"}]}},"_links":{"self":[{"href":"https:\/\/fundacion-biodiversidad.es\/en\/wp-json\/wp\/v2\/proyecto_prtr\/97856046","targetHints":{"allow":["GET"]}}],"collection":[{"href":"https:\/\/fundacion-biodiversidad.es\/en\/wp-json\/wp\/v2\/proyecto_prtr"}],"about":[{"href":"https:\/\/fundacion-biodiversidad.es\/en\/wp-json\/wp\/v2\/types\/proyecto_prtr"}],"wp:featuredmedia":[{"embeddable":true,"href":"https:\/\/fundacion-biodiversidad.es\/en\/wp-json\/wp\/v2\/media\/22405"}],"wp:attachment":[{"href":"https:\/\/fundacion-biodiversidad.es\/en\/wp-json\/wp\/v2\/media?parent=97856046"}],"wp:term":[{"taxonomy":"financiaci_n","embeddable":true,"href":"https:\/\/fundacion-biodiversidad.es\/en\/wp-json\/wp\/v2\/financiaci_n?post=97856046"},{"taxonomy":"lineas_actuacion_tematicas","embeddable":true,"href":"https:\/\/fundacion-biodiversidad.es\/en\/wp-json\/wp\/v2\/lineas_actuacion_tematicas?post=97856046"}],"curies":[{"name":"wp","href":"https:\/\/api.w.org\/{rel}","templated":true}]}}

<!-- This site is optimized with the Yoast SEO plugin v26.9 - https://yoast.com/product/yoast-seo-wordpress/ -->
<title>Establishment of the bases for the generation of knowledge of the Deep Ecosystems of the Cantabrian Sea (EPROCAN) - Fundación Biodiversidad</title>
<meta name="robots" content="index, follow, max-snippet:-1, max-image-preview:large, max-video-preview:-1" />
<link rel="canonical" href="https://fundacion-biodiversidad.es/en/proyecto_prtr/establishment-of-the-bases-for-the-generation-of-knowledge-of-the-deep-ecosystems-of-the-cantabrian-sea-eprocan/" />
<meta property="og:locale" content="en_US" />
<meta property="og:type" content="article" />
<meta property="og:title" content="Establishment of the bases for the generation of knowledge of the Deep Ecosystems of the Cantabrian Sea (EPROCAN) - Fundación Biodiversidad" />
<meta property="og:description" content="Deep marine ecosystems are extensive ecosystems with high biodiversity. Unfortunately, scientific knowledge about these ecosystems is limited. The objective of this project is the development [&hellip;]" />
<meta property="og:url" content="https://fundacion-biodiversidad.es/en/proyecto_prtr/establishment-of-the-bases-for-the-generation-of-knowledge-of-the-deep-ecosystems-of-the-cantabrian-sea-eprocan/" />
<meta property="og:site_name" content="Fundación Biodiversidad" />
<meta property="article:modified_time" content="2025-05-14T09:31:00+00:00" />
<meta property="og:image" content="https://fundacion-biodiversidad.es/wp-content/uploads/2022/11/I102-EPROCAN_02OK-1024x652.jpg" />
<meta name="twitter:card" content="summary_large_image" />
<meta name="twitter:image" content="https://fundacion-biodiversidad.es/wp-content/uploads/2022/11/I102-EPROCAN_02OK-1024x652.jpg" />
<script type="application/ld+json" class="yoast-schema-graph">{"@context":"https://schema.org","@graph":[{"@type":"WebPage","@id":"https://fundacion-biodiversidad.es/en/proyecto_prtr/establishment-of-the-bases-for-the-generation-of-knowledge-of-the-deep-ecosystems-of-the-cantabrian-sea-eprocan/","url":"https://fundacion-biodiversidad.es/en/proyecto_prtr/establishment-of-the-bases-for-the-generation-of-knowledge-of-the-deep-ecosystems-of-the-cantabrian-sea-eprocan/","name":"Establishment of the bases for the generation of knowledge of the Deep Ecosystems of the Cantabrian Sea (EPROCAN) - Fundación Biodiversidad","isPartOf":{"@id":"https://fundacion-biodiversidad.es/en/#website"},"primaryImageOfPage":{"@id":"https://fundacion-biodiversidad.es/en/proyecto_prtr/establishment-of-the-bases-for-the-generation-of-knowledge-of-the-deep-ecosystems-of-the-cantabrian-sea-eprocan/#primaryimage"},"image":{"@id":"https://fundacion-biodiversidad.es/en/proyecto_prtr/establishment-of-the-bases-for-the-generation-of-knowledge-of-the-deep-ecosystems-of-the-cantabrian-sea-eprocan/#primaryimage"},"thumbnailUrl":"https://fundacion-biodiversidad.es/wp-content/uploads/2022/11/no-imagen.jpg","datePublished":"2022-11-01T13:00:37+00:00","dateModified":"2025-05-14T09:31:00+00:00","breadcrumb":{"@id":"https://fundacion-biodiversidad.es/en/proyecto_prtr/establishment-of-the-bases-for-the-generation-of-knowledge-of-the-deep-ecosystems-of-the-cantabrian-sea-eprocan/#breadcrumb"},"inLanguage":"en-US","potentialAction":[{"@type":"ReadAction","target":["https://fundacion-biodiversidad.es/en/proyecto_prtr/establishment-of-the-bases-for-the-generation-of-knowledge-of-the-deep-ecosystems-of-the-cantabrian-sea-eprocan/"]}]},{"@type":"ImageObject","inLanguage":"en-US","@id":"https://fundacion-biodiversidad.es/en/proyecto_prtr/establishment-of-the-bases-for-the-generation-of-knowledge-of-the-deep-ecosystems-of-the-cantabrian-sea-eprocan/#primaryimage","url":"https://fundacion-biodiversidad.es/wp-content/uploads/2022/11/no-imagen.jpg","contentUrl":"https://fundacion-biodiversidad.es/wp-content/uploads/2022/11/no-imagen.jpg","width":2048,"height":2048,"caption":"Formación en medio ambiente natural"},{"@type":"BreadcrumbList","@id":"https://fundacion-biodiversidad.es/en/proyecto_prtr/establishment-of-the-bases-for-the-generation-of-knowledge-of-the-deep-ecosystems-of-the-cantabrian-sea-eprocan/#breadcrumb","itemListElement":[{"@type":"ListItem","position":1,"name":"Portada","item":"https://fundacion-biodiversidad.es/en/inicio/"},{"@type":"ListItem","position":2,"name":"Proyectos de convocatorias PRTR","item":"https://fundacion-biodiversidad.es/en/proyecto_prtr/"},{"@type":"ListItem","position":3,"name":"Establishment of the bases for the generation of knowledge of the Deep Ecosystems of the Cantabrian Sea (EPROCAN)"}]},{"@type":"WebSite","@id":"https://fundacion-biodiversidad.es/en/#website","url":"https://fundacion-biodiversidad.es/en/","name":"Fundación Biodiversidad","description":"Fundación pública adscrita al Ministerio para la Transición Ecológica","potentialAction":[{"@type":"SearchAction","target":{"@type":"EntryPoint","urlTemplate":"https://fundacion-biodiversidad.es/en/?s={search_term_string}"},"query-input":{"@type":"PropertyValueSpecification","valueRequired":true,"valueName":"search_term_string"}}],"inLanguage":"en-US"}]}</script>
<!-- / Yoast SEO plugin. -->

Establishment of the bases for the generation of knowledge of the Deep Ecosystems of the Cantabrian Sea (EPROCAN) - Fundación Biodiversidad

Fundación Biodiversidad

Formación en medio ambiente natural

Fundación pública adscrita al Ministerio para la Transición Ecológica
