{"id":97856088,"date":"2022-11-01T13:42:25","date_gmt":"2022-11-01T12:42:25","guid":{"rendered":"https:\/\/fundacion-biodiversidad.es\/proyecto_prtr\/explainable-ai-platform-for-the-prediction-and-protection-of-birds-in-spaces-destined-to-be-wind-farms-ia4birds\/"},"modified":"2022-11-01T13:42:25","modified_gmt":"2022-11-01T12:42:25","slug":"explainable-ai-platform-for-the-prediction-and-protection-of-birds-in-spaces-destined-to-be-wind-farms-ia4birds","status":"publish","type":"proyecto_prtr","link":"https:\/\/fundacion-biodiversidad.es\/en\/proyecto_prtr\/explainable-ai-platform-for-the-prediction-and-protection-of-birds-in-spaces-destined-to-be-wind-farms-ia4birds\/","title":{"rendered":"Explainable AI platform for the prediction and protection of birds in spaces destined to be wind farms (IA4BIRDS)"},"content":{"rendered":"<p>The poor location of wind farms has a detrimental effect on bird populations and the biodiversity of an area. In order to reconcile the interests of wildlife with the need to increase investments in wind farms, new infrastructure needs to be planned strategically.<br \/>\nThe IA4BIRBDS project arises to optimize the evaluation of wind energy projects, designed as a diagnostic tool based on bird detection and monitoring, but also on the ingestion of information from external sources and the creation of a common database to evaluate the birding activity of future wind farms. <\/p>\n","protected":false},"featured_media":22405,"parent":0,"template":"","meta":{"_acf_changed":false},"financiaci_n":[653],"lineas_actuacion_tematicas":[670],"class_list":["post-97856088","proyecto_prtr","type-proyecto_prtr","status-publish","has-post-thumbnail","hentry","financiaci_n-plan-de-recuperacion-transformacion-y-resiliencia-en","lineas_actuacion_tematicas-drivers-of-biodiversity-loss"],"acf":[],"yoast_head":"<!-- This site is optimized with the Yoast SEO plugin v26.9 - https:\/\/yoast.com\/product\/yoast-seo-wordpress\/ -->\n<title>Explainable AI platform for the prediction and protection of birds in spaces destined to be wind farms (IA4BIRDS) - Fundaci\u00f3n Biodiversidad<\/title>\n<meta name=\"robots\" content=\"index, follow, max-snippet:-1, max-image-preview:large, max-video-preview:-1\" \/>\n<link rel=\"canonical\" href=\"https:\/\/fundacion-biodiversidad.es\/en\/proyecto_prtr\/explainable-ai-platform-for-the-prediction-and-protection-of-birds-in-spaces-destined-to-be-wind-farms-ia4birds\/\" \/>\n<meta property=\"og:locale\" content=\"en_US\" \/>\n<meta property=\"og:type\" content=\"article\" \/>\n<meta property=\"og:title\" content=\"Explainable AI platform for the prediction and protection of birds in spaces destined to be wind farms (IA4BIRDS) - Fundaci\u00f3n Biodiversidad\" \/>\n<meta property=\"og:description\" content=\"The poor location of wind farms has a detrimental effect on bird populations and the biodiversity of an area. In order to reconcile the interests [&hellip;]\" \/>\n<meta property=\"og:url\" content=\"https:\/\/fundacion-biodiversidad.es\/en\/proyecto_prtr\/explainable-ai-platform-for-the-prediction-and-protection-of-birds-in-spaces-destined-to-be-wind-farms-ia4birds\/\" \/>\n<meta property=\"og:site_name\" content=\"Fundaci\u00f3n Biodiversidad\" \/>\n<meta property=\"og:image\" content=\"https:\/\/fundacion-biodiversidad.es\/wp-content\/uploads\/2022\/11\/I144-ia4birds_portada-1024x683.jpg\" \/>\n<meta name=\"twitter:card\" content=\"summary_large_image\" \/>\n<meta name=\"twitter:image\" content=\"https:\/\/fundacion-biodiversidad.es\/wp-content\/uploads\/2022\/11\/I144-ia4birds_portada-1024x683.jpg\" \/>\n<script type=\"application\/ld+json\" class=\"yoast-schema-graph\">{\"@context\":\"https:\/\/schema.org\",\"@graph\":[{\"@type\":\"WebPage\",\"@id\":\"https:\/\/fundacion-biodiversidad.es\/en\/proyecto_prtr\/explainable-ai-platform-for-the-prediction-and-protection-of-birds-in-spaces-destined-to-be-wind-farms-ia4birds\/\",\"url\":\"https:\/\/fundacion-biodiversidad.es\/en\/proyecto_prtr\/explainable-ai-platform-for-the-prediction-and-protection-of-birds-in-spaces-destined-to-be-wind-farms-ia4birds\/\",\"name\":\"Explainable AI platform for the prediction and protection of birds in spaces destined to be wind farms (IA4BIRDS) - Fundaci\u00f3n Biodiversidad\",\"isPartOf\":{\"@id\":\"https:\/\/fundacion-biodiversidad.es\/en\/#website\"},\"primaryImageOfPage\":{\"@id\":\"https:\/\/fundacion-biodiversidad.es\/en\/proyecto_prtr\/explainable-ai-platform-for-the-prediction-and-protection-of-birds-in-spaces-destined-to-be-wind-farms-ia4birds\/#primaryimage\"},\"image\":{\"@id\":\"https:\/\/fundacion-biodiversidad.es\/en\/proyecto_prtr\/explainable-ai-platform-for-the-prediction-and-protection-of-birds-in-spaces-destined-to-be-wind-farms-ia4birds\/#primaryimage\"},\"thumbnailUrl\":\"https:\/\/fundacion-biodiversidad.es\/wp-content\/uploads\/2022\/11\/no-imagen.jpg\",\"datePublished\":\"2022-11-01T12:42:25+00:00\",\"breadcrumb\":{\"@id\":\"https:\/\/fundacion-biodiversidad.es\/en\/proyecto_prtr\/explainable-ai-platform-for-the-prediction-and-protection-of-birds-in-spaces-destined-to-be-wind-farms-ia4birds\/#breadcrumb\"},\"inLanguage\":\"en-US\",\"potentialAction\":[{\"@type\":\"ReadAction\",\"target\":[\"https:\/\/fundacion-biodiversidad.es\/en\/proyecto_prtr\/explainable-ai-platform-for-the-prediction-and-protection-of-birds-in-spaces-destined-to-be-wind-farms-ia4birds\/\"]}]},{\"@type\":\"ImageObject\",\"inLanguage\":\"en-US\",\"@id\":\"https:\/\/fundacion-biodiversidad.es\/en\/proyecto_prtr\/explainable-ai-platform-for-the-prediction-and-protection-of-birds-in-spaces-destined-to-be-wind-farms-ia4birds\/#primaryimage\",\"url\":\"https:\/\/fundacion-biodiversidad.es\/wp-content\/uploads\/2022\/11\/no-imagen.jpg\",\"contentUrl\":\"https:\/\/fundacion-biodiversidad.es\/wp-content\/uploads\/2022\/11\/no-imagen.jpg\",\"width\":2048,\"height\":2048,\"caption\":\"Formaci\u00f3n en medio ambiente natural\"},{\"@type\":\"BreadcrumbList\",\"@id\":\"https:\/\/fundacion-biodiversidad.es\/en\/proyecto_prtr\/explainable-ai-platform-for-the-prediction-and-protection-of-birds-in-spaces-destined-to-be-wind-farms-ia4birds\/#breadcrumb\",\"itemListElement\":[{\"@type\":\"ListItem\",\"position\":1,\"name\":\"Portada\",\"item\":\"https:\/\/fundacion-biodiversidad.es\/en\/inicio\/\"},{\"@type\":\"ListItem\",\"position\":2,\"name\":\"Proyectos de convocatorias PRTR\",\"item\":\"https:\/\/fundacion-biodiversidad.es\/en\/proyecto_prtr\/\"},{\"@type\":\"ListItem\",\"position\":3,\"name\":\"Explainable AI platform for the prediction and protection of birds in spaces destined to be wind farms (IA4BIRDS)\"}]},{\"@type\":\"WebSite\",\"@id\":\"https:\/\/fundacion-biodiversidad.es\/en\/#website\",\"url\":\"https:\/\/fundacion-biodiversidad.es\/en\/\",\"name\":\"Fundaci\u00f3n Biodiversidad\",\"description\":\"Fundaci\u00f3n p\u00fablica adscrita al Ministerio para la Transici\u00f3n Ecol\u00f3gica\",\"potentialAction\":[{\"@type\":\"SearchAction\",\"target\":{\"@type\":\"EntryPoint\",\"urlTemplate\":\"https:\/\/fundacion-biodiversidad.es\/en\/?s={search_term_string}\"},\"query-input\":{\"@type\":\"PropertyValueSpecification\",\"valueRequired\":true,\"valueName\":\"search_term_string\"}}],\"inLanguage\":\"en-US\"}]}<\/script>\n<!-- \/ Yoast SEO plugin. -->","yoast_head_json":{"title":"Explainable AI platform for the prediction and protection of birds in spaces destined to be wind farms (IA4BIRDS) - Fundaci\u00f3n Biodiversidad","robots":{"index":"index","follow":"follow","max-snippet":"max-snippet:-1","max-image-preview":"max-image-preview:large","max-video-preview":"max-video-preview:-1"},"canonical":"https:\/\/fundacion-biodiversidad.es\/en\/proyecto_prtr\/explainable-ai-platform-for-the-prediction-and-protection-of-birds-in-spaces-destined-to-be-wind-farms-ia4birds\/","og_locale":"en_US","og_type":"article","og_title":"Explainable AI platform for the prediction and protection of birds in spaces destined to be wind farms (IA4BIRDS) - Fundaci\u00f3n Biodiversidad","og_description":"The poor location of wind farms has a detrimental effect on bird populations and the biodiversity of an area. In order to reconcile the interests [&hellip;]","og_url":"https:\/\/fundacion-biodiversidad.es\/en\/proyecto_prtr\/explainable-ai-platform-for-the-prediction-and-protection-of-birds-in-spaces-destined-to-be-wind-farms-ia4birds\/","og_site_name":"Fundaci\u00f3n Biodiversidad","og_image":[{"url":"https:\/\/fundacion-biodiversidad.es\/wp-content\/uploads\/2022\/11\/I144-ia4birds_portada-1024x683.jpg","type":"","width":"","height":""}],"twitter_card":"summary_large_image","twitter_image":"https:\/\/fundacion-biodiversidad.es\/wp-content\/uploads\/2022\/11\/I144-ia4birds_portada-1024x683.jpg","schema":{"@context":"https:\/\/schema.org","@graph":[{"@type":"WebPage","@id":"https:\/\/fundacion-biodiversidad.es\/en\/proyecto_prtr\/explainable-ai-platform-for-the-prediction-and-protection-of-birds-in-spaces-destined-to-be-wind-farms-ia4birds\/","url":"https:\/\/fundacion-biodiversidad.es\/en\/proyecto_prtr\/explainable-ai-platform-for-the-prediction-and-protection-of-birds-in-spaces-destined-to-be-wind-farms-ia4birds\/","name":"Explainable AI platform for the prediction and protection of birds in spaces destined to be wind farms (IA4BIRDS) - Fundaci\u00f3n Biodiversidad","isPartOf":{"@id":"https:\/\/fundacion-biodiversidad.es\/en\/#website"},"primaryImageOfPage":{"@id":"https:\/\/fundacion-biodiversidad.es\/en\/proyecto_prtr\/explainable-ai-platform-for-the-prediction-and-protection-of-birds-in-spaces-destined-to-be-wind-farms-ia4birds\/#primaryimage"},"image":{"@id":"https:\/\/fundacion-biodiversidad.es\/en\/proyecto_prtr\/explainable-ai-platform-for-the-prediction-and-protection-of-birds-in-spaces-destined-to-be-wind-farms-ia4birds\/#primaryimage"},"thumbnailUrl":"https:\/\/fundacion-biodiversidad.es\/wp-content\/uploads\/2022\/11\/no-imagen.jpg","datePublished":"2022-11-01T12:42:25+00:00","breadcrumb":{"@id":"https:\/\/fundacion-biodiversidad.es\/en\/proyecto_prtr\/explainable-ai-platform-for-the-prediction-and-protection-of-birds-in-spaces-destined-to-be-wind-farms-ia4birds\/#breadcrumb"},"inLanguage":"en-US","potentialAction":[{"@type":"ReadAction","target":["https:\/\/fundacion-biodiversidad.es\/en\/proyecto_prtr\/explainable-ai-platform-for-the-prediction-and-protection-of-birds-in-spaces-destined-to-be-wind-farms-ia4birds\/"]}]},{"@type":"ImageObject","inLanguage":"en-US","@id":"https:\/\/fundacion-biodiversidad.es\/en\/proyecto_prtr\/explainable-ai-platform-for-the-prediction-and-protection-of-birds-in-spaces-destined-to-be-wind-farms-ia4birds\/#primaryimage","url":"https:\/\/fundacion-biodiversidad.es\/wp-content\/uploads\/2022\/11\/no-imagen.jpg","contentUrl":"https:\/\/fundacion-biodiversidad.es\/wp-content\/uploads\/2022\/11\/no-imagen.jpg","width":2048,"height":2048,"caption":"Formaci\u00f3n en medio ambiente natural"},{"@type":"BreadcrumbList","@id":"https:\/\/fundacion-biodiversidad.es\/en\/proyecto_prtr\/explainable-ai-platform-for-the-prediction-and-protection-of-birds-in-spaces-destined-to-be-wind-farms-ia4birds\/#breadcrumb","itemListElement":[{"@type":"ListItem","position":1,"name":"Portada","item":"https:\/\/fundacion-biodiversidad.es\/en\/inicio\/"},{"@type":"ListItem","position":2,"name":"Proyectos de convocatorias PRTR","item":"https:\/\/fundacion-biodiversidad.es\/en\/proyecto_prtr\/"},{"@type":"ListItem","position":3,"name":"Explainable AI platform for the prediction and protection of birds in spaces destined to be wind farms (IA4BIRDS)"}]},{"@type":"WebSite","@id":"https:\/\/fundacion-biodiversidad.es\/en\/#website","url":"https:\/\/fundacion-biodiversidad.es\/en\/","name":"Fundaci\u00f3n Biodiversidad","description":"Fundaci\u00f3n p\u00fablica adscrita al Ministerio para la Transici\u00f3n Ecol\u00f3gica","potentialAction":[{"@type":"SearchAction","target":{"@type":"EntryPoint","urlTemplate":"https:\/\/fundacion-biodiversidad.es\/en\/?s={search_term_string}"},"query-input":{"@type":"PropertyValueSpecification","valueRequired":true,"valueName":"search_term_string"}}],"inLanguage":"en-US"}]}},"_links":{"self":[{"href":"https:\/\/fundacion-biodiversidad.es\/en\/wp-json\/wp\/v2\/proyecto_prtr\/97856088","targetHints":{"allow":["GET"]}}],"collection":[{"href":"https:\/\/fundacion-biodiversidad.es\/en\/wp-json\/wp\/v2\/proyecto_prtr"}],"about":[{"href":"https:\/\/fundacion-biodiversidad.es\/en\/wp-json\/wp\/v2\/types\/proyecto_prtr"}],"wp:featuredmedia":[{"embeddable":true,"href":"https:\/\/fundacion-biodiversidad.es\/en\/wp-json\/wp\/v2\/media\/22405"}],"wp:attachment":[{"href":"https:\/\/fundacion-biodiversidad.es\/en\/wp-json\/wp\/v2\/media?parent=97856088"}],"wp:term":[{"taxonomy":"financiaci_n","embeddable":true,"href":"https:\/\/fundacion-biodiversidad.es\/en\/wp-json\/wp\/v2\/financiaci_n?post=97856088"},{"taxonomy":"lineas_actuacion_tematicas","embeddable":true,"href":"https:\/\/fundacion-biodiversidad.es\/en\/wp-json\/wp\/v2\/lineas_actuacion_tematicas?post=97856088"}],"curies":[{"name":"wp","href":"https:\/\/api.w.org\/{rel}","templated":true}]}}

<!-- This site is optimized with the Yoast SEO plugin v26.9 - https://yoast.com/product/yoast-seo-wordpress/ -->
<title>Explainable AI platform for the prediction and protection of birds in spaces destined to be wind farms (IA4BIRDS) - Fundación Biodiversidad</title>
<meta name="robots" content="index, follow, max-snippet:-1, max-image-preview:large, max-video-preview:-1" />
<link rel="canonical" href="https://fundacion-biodiversidad.es/en/proyecto_prtr/explainable-ai-platform-for-the-prediction-and-protection-of-birds-in-spaces-destined-to-be-wind-farms-ia4birds/" />
<meta property="og:locale" content="en_US" />
<meta property="og:type" content="article" />
<meta property="og:title" content="Explainable AI platform for the prediction and protection of birds in spaces destined to be wind farms (IA4BIRDS) - Fundación Biodiversidad" />
<meta property="og:description" content="The poor location of wind farms has a detrimental effect on bird populations and the biodiversity of an area. In order to reconcile the interests [&hellip;]" />
<meta property="og:url" content="https://fundacion-biodiversidad.es/en/proyecto_prtr/explainable-ai-platform-for-the-prediction-and-protection-of-birds-in-spaces-destined-to-be-wind-farms-ia4birds/" />
<meta property="og:site_name" content="Fundación Biodiversidad" />
<meta property="og:image" content="https://fundacion-biodiversidad.es/wp-content/uploads/2022/11/I144-ia4birds_portada-1024x683.jpg" />
<meta name="twitter:card" content="summary_large_image" />
<meta name="twitter:image" content="https://fundacion-biodiversidad.es/wp-content/uploads/2022/11/I144-ia4birds_portada-1024x683.jpg" />
<script type="application/ld+json" class="yoast-schema-graph">{"@context":"https://schema.org","@graph":[{"@type":"WebPage","@id":"https://fundacion-biodiversidad.es/en/proyecto_prtr/explainable-ai-platform-for-the-prediction-and-protection-of-birds-in-spaces-destined-to-be-wind-farms-ia4birds/","url":"https://fundacion-biodiversidad.es/en/proyecto_prtr/explainable-ai-platform-for-the-prediction-and-protection-of-birds-in-spaces-destined-to-be-wind-farms-ia4birds/","name":"Explainable AI platform for the prediction and protection of birds in spaces destined to be wind farms (IA4BIRDS) - Fundación Biodiversidad","isPartOf":{"@id":"https://fundacion-biodiversidad.es/en/#website"},"primaryImageOfPage":{"@id":"https://fundacion-biodiversidad.es/en/proyecto_prtr/explainable-ai-platform-for-the-prediction-and-protection-of-birds-in-spaces-destined-to-be-wind-farms-ia4birds/#primaryimage"},"image":{"@id":"https://fundacion-biodiversidad.es/en/proyecto_prtr/explainable-ai-platform-for-the-prediction-and-protection-of-birds-in-spaces-destined-to-be-wind-farms-ia4birds/#primaryimage"},"thumbnailUrl":"https://fundacion-biodiversidad.es/wp-content/uploads/2022/11/no-imagen.jpg","datePublished":"2022-11-01T12:42:25+00:00","breadcrumb":{"@id":"https://fundacion-biodiversidad.es/en/proyecto_prtr/explainable-ai-platform-for-the-prediction-and-protection-of-birds-in-spaces-destined-to-be-wind-farms-ia4birds/#breadcrumb"},"inLanguage":"en-US","potentialAction":[{"@type":"ReadAction","target":["https://fundacion-biodiversidad.es/en/proyecto_prtr/explainable-ai-platform-for-the-prediction-and-protection-of-birds-in-spaces-destined-to-be-wind-farms-ia4birds/"]}]},{"@type":"ImageObject","inLanguage":"en-US","@id":"https://fundacion-biodiversidad.es/en/proyecto_prtr/explainable-ai-platform-for-the-prediction-and-protection-of-birds-in-spaces-destined-to-be-wind-farms-ia4birds/#primaryimage","url":"https://fundacion-biodiversidad.es/wp-content/uploads/2022/11/no-imagen.jpg","contentUrl":"https://fundacion-biodiversidad.es/wp-content/uploads/2022/11/no-imagen.jpg","width":2048,"height":2048,"caption":"Formación en medio ambiente natural"},{"@type":"BreadcrumbList","@id":"https://fundacion-biodiversidad.es/en/proyecto_prtr/explainable-ai-platform-for-the-prediction-and-protection-of-birds-in-spaces-destined-to-be-wind-farms-ia4birds/#breadcrumb","itemListElement":[{"@type":"ListItem","position":1,"name":"Portada","item":"https://fundacion-biodiversidad.es/en/inicio/"},{"@type":"ListItem","position":2,"name":"Proyectos de convocatorias PRTR","item":"https://fundacion-biodiversidad.es/en/proyecto_prtr/"},{"@type":"ListItem","position":3,"name":"Explainable AI platform for the prediction and protection of birds in spaces destined to be wind farms (IA4BIRDS)"}]},{"@type":"WebSite","@id":"https://fundacion-biodiversidad.es/en/#website","url":"https://fundacion-biodiversidad.es/en/","name":"Fundación Biodiversidad","description":"Fundación pública adscrita al Ministerio para la Transición Ecológica","potentialAction":[{"@type":"SearchAction","target":{"@type":"EntryPoint","urlTemplate":"https://fundacion-biodiversidad.es/en/?s={search_term_string}"},"query-input":{"@type":"PropertyValueSpecification","valueRequired":true,"valueName":"search_term_string"}}],"inLanguage":"en-US"}]}</script>
<!-- / Yoast SEO plugin. -->

Explainable AI platform for the prediction and protection of birds in spaces destined to be wind farms (IA4BIRDS) - Fundación Biodiversidad

Fundación Biodiversidad

Formación en medio ambiente natural

Fundación pública adscrita al Ministerio para la Transición Ecológica
