{"id":97856089,"date":"2022-11-01T13:35:17","date_gmt":"2022-11-01T12:35:17","guid":{"rendered":"https:\/\/fundacion-biodiversidad.es\/proyecto_prtr\/proposal-for-expansion-and-management-measures-in-the-current-and-future-marine-spas-of-the-cantabrian-sea-corminos\/"},"modified":"2025-11-13T09:29:54","modified_gmt":"2025-11-13T08:29:54","slug":"proposal-for-expansion-and-management-measures-in-the-current-and-future-marine-spas-of-the-cantabrian-sea-corminos","status":"publish","type":"proyecto_prtr","link":"https:\/\/fundacion-biodiversidad.es\/en\/proyecto_prtr\/proposal-for-expansion-and-management-measures-in-the-current-and-future-marine-spas-of-the-cantabrian-sea-corminos\/","title":{"rendered":"Proposal for expansion and management measures in the current and future marine SPAs of the Cantabrian Sea (CORMI\u00d1OS)"},"content":{"rendered":"<p>CORMI\u00d1OS aims to address the lack of knowledge about the state of conservation of the Special Protection Areas for Seabirds (SPAs) of the Cantabrian Sea and to propose the expansion of the marine area of the Natura 2000 Network. The information collected thanks to the monitoring of nesting seabirds (European shag and storm petrel) will serve to allow the expansion of some marine SPAs, as well as the designation of new ones, while allowing the design of monitoring programmes and management plans, which guarantee the good environmental status of these areas and the obtaining of quality scientific information. <\/p>\n<p>Photography: J. Becares.<\/p>\n","protected":false},"featured_media":22405,"parent":0,"template":"","meta":{"_acf_changed":false},"financiaci_n":[653],"lineas_actuacion_tematicas":[656],"class_list":["post-97856089","proyecto_prtr","type-proyecto_prtr","status-publish","has-post-thumbnail","hentry","financiaci_n-plan-de-recuperacion-transformacion-y-resiliencia-en","lineas_actuacion_tematicas-knowledge-generation-and-management"],"acf":[],"yoast_head":"<!-- This site is optimized with the Yoast SEO plugin v26.9 - https:\/\/yoast.com\/product\/yoast-seo-wordpress\/ -->\n<title>Proposal for expansion and management measures in the current and future marine SPAs of the Cantabrian Sea (CORMI\u00d1OS) - Fundaci\u00f3n Biodiversidad<\/title>\n<meta name=\"robots\" content=\"index, follow, max-snippet:-1, max-image-preview:large, max-video-preview:-1\" \/>\n<link rel=\"canonical\" href=\"https:\/\/fundacion-biodiversidad.es\/en\/proyecto_prtr\/proposal-for-expansion-and-management-measures-in-the-current-and-future-marine-spas-of-the-cantabrian-sea-corminos\/\" \/>\n<meta property=\"og:locale\" content=\"en_US\" \/>\n<meta property=\"og:type\" content=\"article\" \/>\n<meta property=\"og:title\" content=\"Proposal for expansion and management measures in the current and future marine SPAs of the Cantabrian Sea (CORMI\u00d1OS) - Fundaci\u00f3n Biodiversidad\" \/>\n<meta property=\"og:description\" content=\"CORMI\u00d1OS aims to address the lack of knowledge about the state of conservation of the Special Protection Areas for Seabirds (SPAs) of the Cantabrian Sea [&hellip;]\" \/>\n<meta property=\"og:url\" content=\"https:\/\/fundacion-biodiversidad.es\/en\/proyecto_prtr\/proposal-for-expansion-and-management-measures-in-the-current-and-future-marine-spas-of-the-cantabrian-sea-corminos\/\" \/>\n<meta property=\"og:site_name\" content=\"Fundaci\u00f3n Biodiversidad\" \/>\n<meta property=\"article:modified_time\" content=\"2025-11-13T08:29:54+00:00\" \/>\n<meta property=\"og:image\" content=\"https:\/\/fundacion-biodiversidad.es\/wp-content\/uploads\/2022\/11\/I212CO_1-1024x683.jpg\" \/>\n<meta name=\"twitter:card\" content=\"summary_large_image\" \/>\n<meta name=\"twitter:image\" content=\"https:\/\/fundacion-biodiversidad.es\/wp-content\/uploads\/2022\/11\/I212CO_1-1024x683.jpg\" \/>\n<meta name=\"twitter:label1\" content=\"Est. reading time\" \/>\n\t<meta name=\"twitter:data1\" content=\"1 minute\" \/>\n<script type=\"application\/ld+json\" class=\"yoast-schema-graph\">{\"@context\":\"https:\/\/schema.org\",\"@graph\":[{\"@type\":\"WebPage\",\"@id\":\"https:\/\/fundacion-biodiversidad.es\/en\/proyecto_prtr\/proposal-for-expansion-and-management-measures-in-the-current-and-future-marine-spas-of-the-cantabrian-sea-corminos\/\",\"url\":\"https:\/\/fundacion-biodiversidad.es\/en\/proyecto_prtr\/proposal-for-expansion-and-management-measures-in-the-current-and-future-marine-spas-of-the-cantabrian-sea-corminos\/\",\"name\":\"Proposal for expansion and management measures in the current and future marine SPAs of the Cantabrian Sea (CORMI\u00d1OS) - Fundaci\u00f3n Biodiversidad\",\"isPartOf\":{\"@id\":\"https:\/\/fundacion-biodiversidad.es\/en\/#website\"},\"primaryImageOfPage\":{\"@id\":\"https:\/\/fundacion-biodiversidad.es\/en\/proyecto_prtr\/proposal-for-expansion-and-management-measures-in-the-current-and-future-marine-spas-of-the-cantabrian-sea-corminos\/#primaryimage\"},\"image\":{\"@id\":\"https:\/\/fundacion-biodiversidad.es\/en\/proyecto_prtr\/proposal-for-expansion-and-management-measures-in-the-current-and-future-marine-spas-of-the-cantabrian-sea-corminos\/#primaryimage\"},\"thumbnailUrl\":\"https:\/\/fundacion-biodiversidad.es\/wp-content\/uploads\/2022\/11\/no-imagen.jpg\",\"datePublished\":\"2022-11-01T12:35:17+00:00\",\"dateModified\":\"2025-11-13T08:29:54+00:00\",\"breadcrumb\":{\"@id\":\"https:\/\/fundacion-biodiversidad.es\/en\/proyecto_prtr\/proposal-for-expansion-and-management-measures-in-the-current-and-future-marine-spas-of-the-cantabrian-sea-corminos\/#breadcrumb\"},\"inLanguage\":\"en-US\",\"potentialAction\":[{\"@type\":\"ReadAction\",\"target\":[\"https:\/\/fundacion-biodiversidad.es\/en\/proyecto_prtr\/proposal-for-expansion-and-management-measures-in-the-current-and-future-marine-spas-of-the-cantabrian-sea-corminos\/\"]}]},{\"@type\":\"ImageObject\",\"inLanguage\":\"en-US\",\"@id\":\"https:\/\/fundacion-biodiversidad.es\/en\/proyecto_prtr\/proposal-for-expansion-and-management-measures-in-the-current-and-future-marine-spas-of-the-cantabrian-sea-corminos\/#primaryimage\",\"url\":\"https:\/\/fundacion-biodiversidad.es\/wp-content\/uploads\/2022\/11\/no-imagen.jpg\",\"contentUrl\":\"https:\/\/fundacion-biodiversidad.es\/wp-content\/uploads\/2022\/11\/no-imagen.jpg\",\"width\":2048,\"height\":2048,\"caption\":\"Formaci\u00f3n en medio ambiente natural\"},{\"@type\":\"BreadcrumbList\",\"@id\":\"https:\/\/fundacion-biodiversidad.es\/en\/proyecto_prtr\/proposal-for-expansion-and-management-measures-in-the-current-and-future-marine-spas-of-the-cantabrian-sea-corminos\/#breadcrumb\",\"itemListElement\":[{\"@type\":\"ListItem\",\"position\":1,\"name\":\"Portada\",\"item\":\"https:\/\/fundacion-biodiversidad.es\/en\/inicio\/\"},{\"@type\":\"ListItem\",\"position\":2,\"name\":\"Proyectos de convocatorias PRTR\",\"item\":\"https:\/\/fundacion-biodiversidad.es\/en\/proyecto_prtr\/\"},{\"@type\":\"ListItem\",\"position\":3,\"name\":\"Proposal for expansion and management measures in the current and future marine SPAs of the Cantabrian Sea (CORMI\u00d1OS)\"}]},{\"@type\":\"WebSite\",\"@id\":\"https:\/\/fundacion-biodiversidad.es\/en\/#website\",\"url\":\"https:\/\/fundacion-biodiversidad.es\/en\/\",\"name\":\"Fundaci\u00f3n Biodiversidad\",\"description\":\"Fundaci\u00f3n p\u00fablica adscrita al Ministerio para la Transici\u00f3n Ecol\u00f3gica\",\"potentialAction\":[{\"@type\":\"SearchAction\",\"target\":{\"@type\":\"EntryPoint\",\"urlTemplate\":\"https:\/\/fundacion-biodiversidad.es\/en\/?s={search_term_string}\"},\"query-input\":{\"@type\":\"PropertyValueSpecification\",\"valueRequired\":true,\"valueName\":\"search_term_string\"}}],\"inLanguage\":\"en-US\"}]}<\/script>\n<!-- \/ Yoast SEO plugin. -->","yoast_head_json":{"title":"Proposal for expansion and management measures in the current and future marine SPAs of the Cantabrian Sea (CORMI\u00d1OS) - Fundaci\u00f3n Biodiversidad","robots":{"index":"index","follow":"follow","max-snippet":"max-snippet:-1","max-image-preview":"max-image-preview:large","max-video-preview":"max-video-preview:-1"},"canonical":"https:\/\/fundacion-biodiversidad.es\/en\/proyecto_prtr\/proposal-for-expansion-and-management-measures-in-the-current-and-future-marine-spas-of-the-cantabrian-sea-corminos\/","og_locale":"en_US","og_type":"article","og_title":"Proposal for expansion and management measures in the current and future marine SPAs of the Cantabrian Sea (CORMI\u00d1OS) - Fundaci\u00f3n Biodiversidad","og_description":"CORMI\u00d1OS aims to address the lack of knowledge about the state of conservation of the Special Protection Areas for Seabirds (SPAs) of the Cantabrian Sea [&hellip;]","og_url":"https:\/\/fundacion-biodiversidad.es\/en\/proyecto_prtr\/proposal-for-expansion-and-management-measures-in-the-current-and-future-marine-spas-of-the-cantabrian-sea-corminos\/","og_site_name":"Fundaci\u00f3n Biodiversidad","article_modified_time":"2025-11-13T08:29:54+00:00","og_image":[{"url":"https:\/\/fundacion-biodiversidad.es\/wp-content\/uploads\/2022\/11\/I212CO_1-1024x683.jpg","type":"","width":"","height":""}],"twitter_card":"summary_large_image","twitter_image":"https:\/\/fundacion-biodiversidad.es\/wp-content\/uploads\/2022\/11\/I212CO_1-1024x683.jpg","twitter_misc":{"Est. reading time":"1 minute"},"schema":{"@context":"https:\/\/schema.org","@graph":[{"@type":"WebPage","@id":"https:\/\/fundacion-biodiversidad.es\/en\/proyecto_prtr\/proposal-for-expansion-and-management-measures-in-the-current-and-future-marine-spas-of-the-cantabrian-sea-corminos\/","url":"https:\/\/fundacion-biodiversidad.es\/en\/proyecto_prtr\/proposal-for-expansion-and-management-measures-in-the-current-and-future-marine-spas-of-the-cantabrian-sea-corminos\/","name":"Proposal for expansion and management measures in the current and future marine SPAs of the Cantabrian Sea (CORMI\u00d1OS) - Fundaci\u00f3n Biodiversidad","isPartOf":{"@id":"https:\/\/fundacion-biodiversidad.es\/en\/#website"},"primaryImageOfPage":{"@id":"https:\/\/fundacion-biodiversidad.es\/en\/proyecto_prtr\/proposal-for-expansion-and-management-measures-in-the-current-and-future-marine-spas-of-the-cantabrian-sea-corminos\/#primaryimage"},"image":{"@id":"https:\/\/fundacion-biodiversidad.es\/en\/proyecto_prtr\/proposal-for-expansion-and-management-measures-in-the-current-and-future-marine-spas-of-the-cantabrian-sea-corminos\/#primaryimage"},"thumbnailUrl":"https:\/\/fundacion-biodiversidad.es\/wp-content\/uploads\/2022\/11\/no-imagen.jpg","datePublished":"2022-11-01T12:35:17+00:00","dateModified":"2025-11-13T08:29:54+00:00","breadcrumb":{"@id":"https:\/\/fundacion-biodiversidad.es\/en\/proyecto_prtr\/proposal-for-expansion-and-management-measures-in-the-current-and-future-marine-spas-of-the-cantabrian-sea-corminos\/#breadcrumb"},"inLanguage":"en-US","potentialAction":[{"@type":"ReadAction","target":["https:\/\/fundacion-biodiversidad.es\/en\/proyecto_prtr\/proposal-for-expansion-and-management-measures-in-the-current-and-future-marine-spas-of-the-cantabrian-sea-corminos\/"]}]},{"@type":"ImageObject","inLanguage":"en-US","@id":"https:\/\/fundacion-biodiversidad.es\/en\/proyecto_prtr\/proposal-for-expansion-and-management-measures-in-the-current-and-future-marine-spas-of-the-cantabrian-sea-corminos\/#primaryimage","url":"https:\/\/fundacion-biodiversidad.es\/wp-content\/uploads\/2022\/11\/no-imagen.jpg","contentUrl":"https:\/\/fundacion-biodiversidad.es\/wp-content\/uploads\/2022\/11\/no-imagen.jpg","width":2048,"height":2048,"caption":"Formaci\u00f3n en medio ambiente natural"},{"@type":"BreadcrumbList","@id":"https:\/\/fundacion-biodiversidad.es\/en\/proyecto_prtr\/proposal-for-expansion-and-management-measures-in-the-current-and-future-marine-spas-of-the-cantabrian-sea-corminos\/#breadcrumb","itemListElement":[{"@type":"ListItem","position":1,"name":"Portada","item":"https:\/\/fundacion-biodiversidad.es\/en\/inicio\/"},{"@type":"ListItem","position":2,"name":"Proyectos de convocatorias PRTR","item":"https:\/\/fundacion-biodiversidad.es\/en\/proyecto_prtr\/"},{"@type":"ListItem","position":3,"name":"Proposal for expansion and management measures in the current and future marine SPAs of the Cantabrian Sea (CORMI\u00d1OS)"}]},{"@type":"WebSite","@id":"https:\/\/fundacion-biodiversidad.es\/en\/#website","url":"https:\/\/fundacion-biodiversidad.es\/en\/","name":"Fundaci\u00f3n Biodiversidad","description":"Fundaci\u00f3n p\u00fablica adscrita al Ministerio para la Transici\u00f3n Ecol\u00f3gica","potentialAction":[{"@type":"SearchAction","target":{"@type":"EntryPoint","urlTemplate":"https:\/\/fundacion-biodiversidad.es\/en\/?s={search_term_string}"},"query-input":{"@type":"PropertyValueSpecification","valueRequired":true,"valueName":"search_term_string"}}],"inLanguage":"en-US"}]}},"_links":{"self":[{"href":"https:\/\/fundacion-biodiversidad.es\/en\/wp-json\/wp\/v2\/proyecto_prtr\/97856089","targetHints":{"allow":["GET"]}}],"collection":[{"href":"https:\/\/fundacion-biodiversidad.es\/en\/wp-json\/wp\/v2\/proyecto_prtr"}],"about":[{"href":"https:\/\/fundacion-biodiversidad.es\/en\/wp-json\/wp\/v2\/types\/proyecto_prtr"}],"wp:featuredmedia":[{"embeddable":true,"href":"https:\/\/fundacion-biodiversidad.es\/en\/wp-json\/wp\/v2\/media\/22405"}],"wp:attachment":[{"href":"https:\/\/fundacion-biodiversidad.es\/en\/wp-json\/wp\/v2\/media?parent=97856089"}],"wp:term":[{"taxonomy":"financiaci_n","embeddable":true,"href":"https:\/\/fundacion-biodiversidad.es\/en\/wp-json\/wp\/v2\/financiaci_n?post=97856089"},{"taxonomy":"lineas_actuacion_tematicas","embeddable":true,"href":"https:\/\/fundacion-biodiversidad.es\/en\/wp-json\/wp\/v2\/lineas_actuacion_tematicas?post=97856089"}],"curies":[{"name":"wp","href":"https:\/\/api.w.org\/{rel}","templated":true}]}}

Proposal for expansion and management measures in the current and future marine SPAs of the Cantabrian Sea (CORMIÑOS)

<p>CORMIÑOS aims to address the lack of knowledge about the state of conservation of the Special Protection Areas for Seabirds (SPAs) of the Cantabrian Sea and to propose the expansion of the marine area of the Natura 2000 Network. The information collected thanks to the monitoring of nesting seabirds (European shag and storm petrel) will serve to allow the expansion of some marine SPAs, as well as the designation of new ones, while allowing the design of monitoring programmes and management plans, which guarantee the good environmental status of these areas and the obtaining of quality scientific information. </p>
<p>Photography: J. Becares.</p>

<!-- This site is optimized with the Yoast SEO plugin v26.9 - https://yoast.com/product/yoast-seo-wordpress/ -->
<title>Proposal for expansion and management measures in the current and future marine SPAs of the Cantabrian Sea (CORMIÑOS) - Fundación Biodiversidad</title>
<meta name="robots" content="index, follow, max-snippet:-1, max-image-preview:large, max-video-preview:-1" />
<link rel="canonical" href="https://fundacion-biodiversidad.es/en/proyecto_prtr/proposal-for-expansion-and-management-measures-in-the-current-and-future-marine-spas-of-the-cantabrian-sea-corminos/" />
<meta property="og:locale" content="en_US" />
<meta property="og:type" content="article" />
<meta property="og:title" content="Proposal for expansion and management measures in the current and future marine SPAs of the Cantabrian Sea (CORMIÑOS) - Fundación Biodiversidad" />
<meta property="og:description" content="CORMIÑOS aims to address the lack of knowledge about the state of conservation of the Special Protection Areas for Seabirds (SPAs) of the Cantabrian Sea [&hellip;]" />
<meta property="og:url" content="https://fundacion-biodiversidad.es/en/proyecto_prtr/proposal-for-expansion-and-management-measures-in-the-current-and-future-marine-spas-of-the-cantabrian-sea-corminos/" />
<meta property="og:site_name" content="Fundación Biodiversidad" />
<meta property="article:modified_time" content="2025-11-13T08:29:54+00:00" />
<meta property="og:image" content="https://fundacion-biodiversidad.es/wp-content/uploads/2022/11/I212CO_1-1024x683.jpg" />
<meta name="twitter:card" content="summary_large_image" />
<meta name="twitter:image" content="https://fundacion-biodiversidad.es/wp-content/uploads/2022/11/I212CO_1-1024x683.jpg" />
<meta name="twitter:label1" content="Est. reading time" />
	<meta name="twitter:data1" content="1 minute" />
<script type="application/ld+json" class="yoast-schema-graph">{"@context":"https://schema.org","@graph":[{"@type":"WebPage","@id":"https://fundacion-biodiversidad.es/en/proyecto_prtr/proposal-for-expansion-and-management-measures-in-the-current-and-future-marine-spas-of-the-cantabrian-sea-corminos/","url":"https://fundacion-biodiversidad.es/en/proyecto_prtr/proposal-for-expansion-and-management-measures-in-the-current-and-future-marine-spas-of-the-cantabrian-sea-corminos/","name":"Proposal for expansion and management measures in the current and future marine SPAs of the Cantabrian Sea (CORMIÑOS) - Fundación Biodiversidad","isPartOf":{"@id":"https://fundacion-biodiversidad.es/en/#website"},"primaryImageOfPage":{"@id":"https://fundacion-biodiversidad.es/en/proyecto_prtr/proposal-for-expansion-and-management-measures-in-the-current-and-future-marine-spas-of-the-cantabrian-sea-corminos/#primaryimage"},"image":{"@id":"https://fundacion-biodiversidad.es/en/proyecto_prtr/proposal-for-expansion-and-management-measures-in-the-current-and-future-marine-spas-of-the-cantabrian-sea-corminos/#primaryimage"},"thumbnailUrl":"https://fundacion-biodiversidad.es/wp-content/uploads/2022/11/no-imagen.jpg","datePublished":"2022-11-01T12:35:17+00:00","dateModified":"2025-11-13T08:29:54+00:00","breadcrumb":{"@id":"https://fundacion-biodiversidad.es/en/proyecto_prtr/proposal-for-expansion-and-management-measures-in-the-current-and-future-marine-spas-of-the-cantabrian-sea-corminos/#breadcrumb"},"inLanguage":"en-US","potentialAction":[{"@type":"ReadAction","target":["https://fundacion-biodiversidad.es/en/proyecto_prtr/proposal-for-expansion-and-management-measures-in-the-current-and-future-marine-spas-of-the-cantabrian-sea-corminos/"]}]},{"@type":"ImageObject","inLanguage":"en-US","@id":"https://fundacion-biodiversidad.es/en/proyecto_prtr/proposal-for-expansion-and-management-measures-in-the-current-and-future-marine-spas-of-the-cantabrian-sea-corminos/#primaryimage","url":"https://fundacion-biodiversidad.es/wp-content/uploads/2022/11/no-imagen.jpg","contentUrl":"https://fundacion-biodiversidad.es/wp-content/uploads/2022/11/no-imagen.jpg","width":2048,"height":2048,"caption":"Formación en medio ambiente natural"},{"@type":"BreadcrumbList","@id":"https://fundacion-biodiversidad.es/en/proyecto_prtr/proposal-for-expansion-and-management-measures-in-the-current-and-future-marine-spas-of-the-cantabrian-sea-corminos/#breadcrumb","itemListElement":[{"@type":"ListItem","position":1,"name":"Portada","item":"https://fundacion-biodiversidad.es/en/inicio/"},{"@type":"ListItem","position":2,"name":"Proyectos de convocatorias PRTR","item":"https://fundacion-biodiversidad.es/en/proyecto_prtr/"},{"@type":"ListItem","position":3,"name":"Proposal for expansion and management measures in the current and future marine SPAs of the Cantabrian Sea (CORMIÑOS)"}]},{"@type":"WebSite","@id":"https://fundacion-biodiversidad.es/en/#website","url":"https://fundacion-biodiversidad.es/en/","name":"Fundación Biodiversidad","description":"Fundación pública adscrita al Ministerio para la Transición Ecológica","potentialAction":[{"@type":"SearchAction","target":{"@type":"EntryPoint","urlTemplate":"https://fundacion-biodiversidad.es/en/?s={search_term_string}"},"query-input":{"@type":"PropertyValueSpecification","valueRequired":true,"valueName":"search_term_string"}}],"inLanguage":"en-US"}]}</script>
<!-- / Yoast SEO plugin. -->

Proposal for expansion and management measures in the current and future marine SPAs of the Cantabrian Sea (CORMIÑOS) - Fundación Biodiversidad

CORMIÑOS aims to address the lack of knowledge about the state of conservation of the Special Protection Areas for Seabirds (SPAs) of the Cantabrian Sea [&hellip;]

Fundación Biodiversidad

Formación en medio ambiente natural

Fundación pública adscrita al Ministerio para la Transición Ecológica
