{"id":97862278,"date":"2022-10-29T16:34:51","date_gmt":"2022-10-29T14:34:51","guid":{"rendered":"https:\/\/fundacion-biodiversidad.es\/proyecto_prtr\/project-for-renaturation-improvement-of-biodiversity-and-increase-of-urban-resilience-in-pontevedra-redeverde-pontevedra\/"},"modified":"2025-10-21T13:22:52","modified_gmt":"2025-10-21T11:22:52","slug":"project-for-renaturation-improvement-of-biodiversity-and-increase-of-urban-resilience-in-pontevedra-redeverde-pontevedra","status":"publish","type":"proyecto_prtr","link":"https:\/\/fundacion-biodiversidad.es\/en\/proyecto_prtr\/project-for-renaturation-improvement-of-biodiversity-and-increase-of-urban-resilience-in-pontevedra-redeverde-pontevedra\/","title":{"rendered":"Project for renaturation, improvement of biodiversity and increase of urban resilience in Pontevedra (RedeVerde Pontevedra)"},"content":{"rendered":"<p>RedeVerde seeks to promote the current model of urban transformation in Pontevedra by prioritising the environmental dimension through the renaturalisation of urban space, the increase of biodiversity and the recovery and connectivity of maritime and river space.<\/p>\n","protected":false},"featured_media":22405,"parent":0,"template":"","meta":{"_acf_changed":false},"financiaci_n":[653],"lineas_actuacion_tematicas":[669],"class_list":["post-97862278","proyecto_prtr","type-proyecto_prtr","status-publish","has-post-thumbnail","hentry","financiaci_n-plan-de-recuperacion-transformacion-y-resiliencia-en","lineas_actuacion_tematicas-urban-environments"],"acf":[],"yoast_head":"<!-- This site is optimized with the Yoast SEO plugin v26.9 - https:\/\/yoast.com\/product\/yoast-seo-wordpress\/ -->\n<title>Project for renaturation, improvement of biodiversity and increase of urban resilience in Pontevedra (RedeVerde Pontevedra) - Fundaci\u00f3n Biodiversidad<\/title>\n<meta name=\"robots\" content=\"index, follow, max-snippet:-1, max-image-preview:large, max-video-preview:-1\" \/>\n<link rel=\"canonical\" href=\"https:\/\/fundacion-biodiversidad.es\/en\/proyecto_prtr\/project-for-renaturation-improvement-of-biodiversity-and-increase-of-urban-resilience-in-pontevedra-redeverde-pontevedra\/\" \/>\n<meta property=\"og:locale\" content=\"en_US\" \/>\n<meta property=\"og:type\" content=\"article\" \/>\n<meta property=\"og:title\" content=\"Project for renaturation, improvement of biodiversity and increase of urban resilience in Pontevedra (RedeVerde Pontevedra) - Fundaci\u00f3n Biodiversidad\" \/>\n<meta property=\"og:description\" content=\"RedeVerde seeks to promote the current model of urban transformation in Pontevedra by prioritising the environmental dimension through the renaturalisation of urban space, the increase [&hellip;]\" \/>\n<meta property=\"og:url\" content=\"https:\/\/fundacion-biodiversidad.es\/en\/proyecto_prtr\/project-for-renaturation-improvement-of-biodiversity-and-increase-of-urban-resilience-in-pontevedra-redeverde-pontevedra\/\" \/>\n<meta property=\"og:site_name\" content=\"Fundaci\u00f3n Biodiversidad\" \/>\n<meta property=\"article:modified_time\" content=\"2025-10-21T11:22:52+00:00\" \/>\n<meta property=\"og:image\" content=\"https:\/\/fundacion-biodiversidad.es\/wp-content\/uploads\/2022\/10\/CIU050-AYTO-PONTEVEDRA-Gafos-1024x577.jpeg\" \/>\n<meta name=\"twitter:card\" content=\"summary_large_image\" \/>\n<meta name=\"twitter:image\" content=\"https:\/\/fundacion-biodiversidad.es\/wp-content\/uploads\/2022\/10\/CIU050-AYTO-PONTEVEDRA-Gafos-1024x577.jpeg\" \/>\n<script type=\"application\/ld+json\" class=\"yoast-schema-graph\">{\"@context\":\"https:\/\/schema.org\",\"@graph\":[{\"@type\":\"WebPage\",\"@id\":\"https:\/\/fundacion-biodiversidad.es\/en\/proyecto_prtr\/project-for-renaturation-improvement-of-biodiversity-and-increase-of-urban-resilience-in-pontevedra-redeverde-pontevedra\/\",\"url\":\"https:\/\/fundacion-biodiversidad.es\/en\/proyecto_prtr\/project-for-renaturation-improvement-of-biodiversity-and-increase-of-urban-resilience-in-pontevedra-redeverde-pontevedra\/\",\"name\":\"Project for renaturation, improvement of biodiversity and increase of urban resilience in Pontevedra (RedeVerde Pontevedra) - Fundaci\u00f3n Biodiversidad\",\"isPartOf\":{\"@id\":\"https:\/\/fundacion-biodiversidad.es\/en\/#website\"},\"primaryImageOfPage\":{\"@id\":\"https:\/\/fundacion-biodiversidad.es\/en\/proyecto_prtr\/project-for-renaturation-improvement-of-biodiversity-and-increase-of-urban-resilience-in-pontevedra-redeverde-pontevedra\/#primaryimage\"},\"image\":{\"@id\":\"https:\/\/fundacion-biodiversidad.es\/en\/proyecto_prtr\/project-for-renaturation-improvement-of-biodiversity-and-increase-of-urban-resilience-in-pontevedra-redeverde-pontevedra\/#primaryimage\"},\"thumbnailUrl\":\"https:\/\/fundacion-biodiversidad.es\/wp-content\/uploads\/2022\/11\/no-imagen.jpg\",\"datePublished\":\"2022-10-29T14:34:51+00:00\",\"dateModified\":\"2025-10-21T11:22:52+00:00\",\"breadcrumb\":{\"@id\":\"https:\/\/fundacion-biodiversidad.es\/en\/proyecto_prtr\/project-for-renaturation-improvement-of-biodiversity-and-increase-of-urban-resilience-in-pontevedra-redeverde-pontevedra\/#breadcrumb\"},\"inLanguage\":\"en-US\",\"potentialAction\":[{\"@type\":\"ReadAction\",\"target\":[\"https:\/\/fundacion-biodiversidad.es\/en\/proyecto_prtr\/project-for-renaturation-improvement-of-biodiversity-and-increase-of-urban-resilience-in-pontevedra-redeverde-pontevedra\/\"]}]},{\"@type\":\"ImageObject\",\"inLanguage\":\"en-US\",\"@id\":\"https:\/\/fundacion-biodiversidad.es\/en\/proyecto_prtr\/project-for-renaturation-improvement-of-biodiversity-and-increase-of-urban-resilience-in-pontevedra-redeverde-pontevedra\/#primaryimage\",\"url\":\"https:\/\/fundacion-biodiversidad.es\/wp-content\/uploads\/2022\/11\/no-imagen.jpg\",\"contentUrl\":\"https:\/\/fundacion-biodiversidad.es\/wp-content\/uploads\/2022\/11\/no-imagen.jpg\",\"width\":2048,\"height\":2048,\"caption\":\"Formaci\u00f3n en medio ambiente natural\"},{\"@type\":\"BreadcrumbList\",\"@id\":\"https:\/\/fundacion-biodiversidad.es\/en\/proyecto_prtr\/project-for-renaturation-improvement-of-biodiversity-and-increase-of-urban-resilience-in-pontevedra-redeverde-pontevedra\/#breadcrumb\",\"itemListElement\":[{\"@type\":\"ListItem\",\"position\":1,\"name\":\"Portada\",\"item\":\"https:\/\/fundacion-biodiversidad.es\/en\/inicio\/\"},{\"@type\":\"ListItem\",\"position\":2,\"name\":\"Proyectos de convocatorias PRTR\",\"item\":\"https:\/\/fundacion-biodiversidad.es\/en\/proyecto_prtr\/\"},{\"@type\":\"ListItem\",\"position\":3,\"name\":\"Project for renaturation, improvement of biodiversity and increase of urban resilience in Pontevedra (RedeVerde Pontevedra)\"}]},{\"@type\":\"WebSite\",\"@id\":\"https:\/\/fundacion-biodiversidad.es\/en\/#website\",\"url\":\"https:\/\/fundacion-biodiversidad.es\/en\/\",\"name\":\"Fundaci\u00f3n Biodiversidad\",\"description\":\"Fundaci\u00f3n p\u00fablica adscrita al Ministerio para la Transici\u00f3n Ecol\u00f3gica\",\"potentialAction\":[{\"@type\":\"SearchAction\",\"target\":{\"@type\":\"EntryPoint\",\"urlTemplate\":\"https:\/\/fundacion-biodiversidad.es\/en\/?s={search_term_string}\"},\"query-input\":{\"@type\":\"PropertyValueSpecification\",\"valueRequired\":true,\"valueName\":\"search_term_string\"}}],\"inLanguage\":\"en-US\"}]}<\/script>\n<!-- \/ Yoast SEO plugin. -->","yoast_head_json":{"title":"Project for renaturation, improvement of biodiversity and increase of urban resilience in Pontevedra (RedeVerde Pontevedra) - Fundaci\u00f3n Biodiversidad","robots":{"index":"index","follow":"follow","max-snippet":"max-snippet:-1","max-image-preview":"max-image-preview:large","max-video-preview":"max-video-preview:-1"},"canonical":"https:\/\/fundacion-biodiversidad.es\/en\/proyecto_prtr\/project-for-renaturation-improvement-of-biodiversity-and-increase-of-urban-resilience-in-pontevedra-redeverde-pontevedra\/","og_locale":"en_US","og_type":"article","og_title":"Project for renaturation, improvement of biodiversity and increase of urban resilience in Pontevedra (RedeVerde Pontevedra) - Fundaci\u00f3n Biodiversidad","og_description":"RedeVerde seeks to promote the current model of urban transformation in Pontevedra by prioritising the environmental dimension through the renaturalisation of urban space, the increase [&hellip;]","og_url":"https:\/\/fundacion-biodiversidad.es\/en\/proyecto_prtr\/project-for-renaturation-improvement-of-biodiversity-and-increase-of-urban-resilience-in-pontevedra-redeverde-pontevedra\/","og_site_name":"Fundaci\u00f3n Biodiversidad","article_modified_time":"2025-10-21T11:22:52+00:00","og_image":[{"url":"https:\/\/fundacion-biodiversidad.es\/wp-content\/uploads\/2022\/10\/CIU050-AYTO-PONTEVEDRA-Gafos-1024x577.jpeg","type":"","width":"","height":""}],"twitter_card":"summary_large_image","twitter_image":"https:\/\/fundacion-biodiversidad.es\/wp-content\/uploads\/2022\/10\/CIU050-AYTO-PONTEVEDRA-Gafos-1024x577.jpeg","schema":{"@context":"https:\/\/schema.org","@graph":[{"@type":"WebPage","@id":"https:\/\/fundacion-biodiversidad.es\/en\/proyecto_prtr\/project-for-renaturation-improvement-of-biodiversity-and-increase-of-urban-resilience-in-pontevedra-redeverde-pontevedra\/","url":"https:\/\/fundacion-biodiversidad.es\/en\/proyecto_prtr\/project-for-renaturation-improvement-of-biodiversity-and-increase-of-urban-resilience-in-pontevedra-redeverde-pontevedra\/","name":"Project for renaturation, improvement of biodiversity and increase of urban resilience in Pontevedra (RedeVerde Pontevedra) - Fundaci\u00f3n Biodiversidad","isPartOf":{"@id":"https:\/\/fundacion-biodiversidad.es\/en\/#website"},"primaryImageOfPage":{"@id":"https:\/\/fundacion-biodiversidad.es\/en\/proyecto_prtr\/project-for-renaturation-improvement-of-biodiversity-and-increase-of-urban-resilience-in-pontevedra-redeverde-pontevedra\/#primaryimage"},"image":{"@id":"https:\/\/fundacion-biodiversidad.es\/en\/proyecto_prtr\/project-for-renaturation-improvement-of-biodiversity-and-increase-of-urban-resilience-in-pontevedra-redeverde-pontevedra\/#primaryimage"},"thumbnailUrl":"https:\/\/fundacion-biodiversidad.es\/wp-content\/uploads\/2022\/11\/no-imagen.jpg","datePublished":"2022-10-29T14:34:51+00:00","dateModified":"2025-10-21T11:22:52+00:00","breadcrumb":{"@id":"https:\/\/fundacion-biodiversidad.es\/en\/proyecto_prtr\/project-for-renaturation-improvement-of-biodiversity-and-increase-of-urban-resilience-in-pontevedra-redeverde-pontevedra\/#breadcrumb"},"inLanguage":"en-US","potentialAction":[{"@type":"ReadAction","target":["https:\/\/fundacion-biodiversidad.es\/en\/proyecto_prtr\/project-for-renaturation-improvement-of-biodiversity-and-increase-of-urban-resilience-in-pontevedra-redeverde-pontevedra\/"]}]},{"@type":"ImageObject","inLanguage":"en-US","@id":"https:\/\/fundacion-biodiversidad.es\/en\/proyecto_prtr\/project-for-renaturation-improvement-of-biodiversity-and-increase-of-urban-resilience-in-pontevedra-redeverde-pontevedra\/#primaryimage","url":"https:\/\/fundacion-biodiversidad.es\/wp-content\/uploads\/2022\/11\/no-imagen.jpg","contentUrl":"https:\/\/fundacion-biodiversidad.es\/wp-content\/uploads\/2022\/11\/no-imagen.jpg","width":2048,"height":2048,"caption":"Formaci\u00f3n en medio ambiente natural"},{"@type":"BreadcrumbList","@id":"https:\/\/fundacion-biodiversidad.es\/en\/proyecto_prtr\/project-for-renaturation-improvement-of-biodiversity-and-increase-of-urban-resilience-in-pontevedra-redeverde-pontevedra\/#breadcrumb","itemListElement":[{"@type":"ListItem","position":1,"name":"Portada","item":"https:\/\/fundacion-biodiversidad.es\/en\/inicio\/"},{"@type":"ListItem","position":2,"name":"Proyectos de convocatorias PRTR","item":"https:\/\/fundacion-biodiversidad.es\/en\/proyecto_prtr\/"},{"@type":"ListItem","position":3,"name":"Project for renaturation, improvement of biodiversity and increase of urban resilience in Pontevedra (RedeVerde Pontevedra)"}]},{"@type":"WebSite","@id":"https:\/\/fundacion-biodiversidad.es\/en\/#website","url":"https:\/\/fundacion-biodiversidad.es\/en\/","name":"Fundaci\u00f3n Biodiversidad","description":"Fundaci\u00f3n p\u00fablica adscrita al Ministerio para la Transici\u00f3n Ecol\u00f3gica","potentialAction":[{"@type":"SearchAction","target":{"@type":"EntryPoint","urlTemplate":"https:\/\/fundacion-biodiversidad.es\/en\/?s={search_term_string}"},"query-input":{"@type":"PropertyValueSpecification","valueRequired":true,"valueName":"search_term_string"}}],"inLanguage":"en-US"}]}},"_links":{"self":[{"href":"https:\/\/fundacion-biodiversidad.es\/en\/wp-json\/wp\/v2\/proyecto_prtr\/97862278","targetHints":{"allow":["GET"]}}],"collection":[{"href":"https:\/\/fundacion-biodiversidad.es\/en\/wp-json\/wp\/v2\/proyecto_prtr"}],"about":[{"href":"https:\/\/fundacion-biodiversidad.es\/en\/wp-json\/wp\/v2\/types\/proyecto_prtr"}],"wp:featuredmedia":[{"embeddable":true,"href":"https:\/\/fundacion-biodiversidad.es\/en\/wp-json\/wp\/v2\/media\/22405"}],"wp:attachment":[{"href":"https:\/\/fundacion-biodiversidad.es\/en\/wp-json\/wp\/v2\/media?parent=97862278"}],"wp:term":[{"taxonomy":"financiaci_n","embeddable":true,"href":"https:\/\/fundacion-biodiversidad.es\/en\/wp-json\/wp\/v2\/financiaci_n?post=97862278"},{"taxonomy":"lineas_actuacion_tematicas","embeddable":true,"href":"https:\/\/fundacion-biodiversidad.es\/en\/wp-json\/wp\/v2\/lineas_actuacion_tematicas?post=97862278"}],"curies":[{"name":"wp","href":"https:\/\/api.w.org\/{rel}","templated":true}]}}

<!-- This site is optimized with the Yoast SEO plugin v26.9 - https://yoast.com/product/yoast-seo-wordpress/ -->
<title>Project for renaturation, improvement of biodiversity and increase of urban resilience in Pontevedra (RedeVerde Pontevedra) - Fundación Biodiversidad</title>
<meta name="robots" content="index, follow, max-snippet:-1, max-image-preview:large, max-video-preview:-1" />
<link rel="canonical" href="https://fundacion-biodiversidad.es/en/proyecto_prtr/project-for-renaturation-improvement-of-biodiversity-and-increase-of-urban-resilience-in-pontevedra-redeverde-pontevedra/" />
<meta property="og:locale" content="en_US" />
<meta property="og:type" content="article" />
<meta property="og:title" content="Project for renaturation, improvement of biodiversity and increase of urban resilience in Pontevedra (RedeVerde Pontevedra) - Fundación Biodiversidad" />
<meta property="og:description" content="RedeVerde seeks to promote the current model of urban transformation in Pontevedra by prioritising the environmental dimension through the renaturalisation of urban space, the increase [&hellip;]" />
<meta property="og:url" content="https://fundacion-biodiversidad.es/en/proyecto_prtr/project-for-renaturation-improvement-of-biodiversity-and-increase-of-urban-resilience-in-pontevedra-redeverde-pontevedra/" />
<meta property="og:site_name" content="Fundación Biodiversidad" />
<meta property="article:modified_time" content="2025-10-21T11:22:52+00:00" />
<meta property="og:image" content="https://fundacion-biodiversidad.es/wp-content/uploads/2022/10/CIU050-AYTO-PONTEVEDRA-Gafos-1024x577.jpeg" />
<meta name="twitter:card" content="summary_large_image" />
<meta name="twitter:image" content="https://fundacion-biodiversidad.es/wp-content/uploads/2022/10/CIU050-AYTO-PONTEVEDRA-Gafos-1024x577.jpeg" />
<script type="application/ld+json" class="yoast-schema-graph">{"@context":"https://schema.org","@graph":[{"@type":"WebPage","@id":"https://fundacion-biodiversidad.es/en/proyecto_prtr/project-for-renaturation-improvement-of-biodiversity-and-increase-of-urban-resilience-in-pontevedra-redeverde-pontevedra/","url":"https://fundacion-biodiversidad.es/en/proyecto_prtr/project-for-renaturation-improvement-of-biodiversity-and-increase-of-urban-resilience-in-pontevedra-redeverde-pontevedra/","name":"Project for renaturation, improvement of biodiversity and increase of urban resilience in Pontevedra (RedeVerde Pontevedra) - Fundación Biodiversidad","isPartOf":{"@id":"https://fundacion-biodiversidad.es/en/#website"},"primaryImageOfPage":{"@id":"https://fundacion-biodiversidad.es/en/proyecto_prtr/project-for-renaturation-improvement-of-biodiversity-and-increase-of-urban-resilience-in-pontevedra-redeverde-pontevedra/#primaryimage"},"image":{"@id":"https://fundacion-biodiversidad.es/en/proyecto_prtr/project-for-renaturation-improvement-of-biodiversity-and-increase-of-urban-resilience-in-pontevedra-redeverde-pontevedra/#primaryimage"},"thumbnailUrl":"https://fundacion-biodiversidad.es/wp-content/uploads/2022/11/no-imagen.jpg","datePublished":"2022-10-29T14:34:51+00:00","dateModified":"2025-10-21T11:22:52+00:00","breadcrumb":{"@id":"https://fundacion-biodiversidad.es/en/proyecto_prtr/project-for-renaturation-improvement-of-biodiversity-and-increase-of-urban-resilience-in-pontevedra-redeverde-pontevedra/#breadcrumb"},"inLanguage":"en-US","potentialAction":[{"@type":"ReadAction","target":["https://fundacion-biodiversidad.es/en/proyecto_prtr/project-for-renaturation-improvement-of-biodiversity-and-increase-of-urban-resilience-in-pontevedra-redeverde-pontevedra/"]}]},{"@type":"ImageObject","inLanguage":"en-US","@id":"https://fundacion-biodiversidad.es/en/proyecto_prtr/project-for-renaturation-improvement-of-biodiversity-and-increase-of-urban-resilience-in-pontevedra-redeverde-pontevedra/#primaryimage","url":"https://fundacion-biodiversidad.es/wp-content/uploads/2022/11/no-imagen.jpg","contentUrl":"https://fundacion-biodiversidad.es/wp-content/uploads/2022/11/no-imagen.jpg","width":2048,"height":2048,"caption":"Formación en medio ambiente natural"},{"@type":"BreadcrumbList","@id":"https://fundacion-biodiversidad.es/en/proyecto_prtr/project-for-renaturation-improvement-of-biodiversity-and-increase-of-urban-resilience-in-pontevedra-redeverde-pontevedra/#breadcrumb","itemListElement":[{"@type":"ListItem","position":1,"name":"Portada","item":"https://fundacion-biodiversidad.es/en/inicio/"},{"@type":"ListItem","position":2,"name":"Proyectos de convocatorias PRTR","item":"https://fundacion-biodiversidad.es/en/proyecto_prtr/"},{"@type":"ListItem","position":3,"name":"Project for renaturation, improvement of biodiversity and increase of urban resilience in Pontevedra (RedeVerde Pontevedra)"}]},{"@type":"WebSite","@id":"https://fundacion-biodiversidad.es/en/#website","url":"https://fundacion-biodiversidad.es/en/","name":"Fundación Biodiversidad","description":"Fundación pública adscrita al Ministerio para la Transición Ecológica","potentialAction":[{"@type":"SearchAction","target":{"@type":"EntryPoint","urlTemplate":"https://fundacion-biodiversidad.es/en/?s={search_term_string}"},"query-input":{"@type":"PropertyValueSpecification","valueRequired":true,"valueName":"search_term_string"}}],"inLanguage":"en-US"}]}</script>
<!-- / Yoast SEO plugin. -->

Project for renaturation, improvement of biodiversity and increase of urban resilience in Pontevedra (RedeVerde Pontevedra) - Fundación Biodiversidad

Fundación Biodiversidad

Formación en medio ambiente natural

Fundación pública adscrita al Ministerio para la Transición Ecológica
