{"id":97874073,"date":"2026-04-20T12:34:05","date_gmt":"2026-04-20T10:34:05","guid":{"rendered":"https:\/\/fundacion-biodiversidad.es\/proyecto_prtr\/fibra-investments-in-equipment-for-the-innovative-manufacture-of-100-recyclable-fiber-components-for-the-mobility-sector\/"},"modified":"2026-04-20T12:34:05","modified_gmt":"2026-04-20T10:34:05","slug":"fibra-investments-in-equipment-for-the-innovative-manufacture-of-100-recyclable-fiber-components-for-the-mobility-sector","status":"publish","type":"proyecto_prtr","link":"https:\/\/fundacion-biodiversidad.es\/en\/proyecto_prtr\/fibra-investments-in-equipment-for-the-innovative-manufacture-of-100-recyclable-fiber-components-for-the-mobility-sector\/","title":{"rendered":"FIBRA: Investments in equipment for the Innovative Manufacture of 100% recyclable fiber components for the mobility sector"},"content":{"rendered":"<p>The project plans to make an investment in a line consisting of a new water-assisted injection machine + 3 additive manufacturing to produce components reinforced with 100% recyclable long fibers in less time, more efficient and flexible, which would allow production to be brought from Asia to Mallabia and manufacture parts with high technical requirements. This project will improve the efficiency and sustainability of production processes, reducing the consumption of virgin raw materials (50%), waste generation (80%) and the carbon footprint associated with transport (80%). <\/p>\n","protected":false},"featured_media":22405,"parent":0,"template":"","meta":{"_acf_changed":false},"financiaci_n":[653],"lineas_actuacion_tematicas":[671],"class_list":["post-97874073","proyecto_prtr","type-proyecto_prtr","status-publish","has-post-thumbnail","hentry","financiaci_n-plan-de-recuperacion-transformacion-y-resiliencia-en","lineas_actuacion_tematicas-private-sector"],"acf":[],"yoast_head":"<!-- This site is optimized with the Yoast SEO plugin v26.9 - https:\/\/yoast.com\/product\/yoast-seo-wordpress\/ -->\n<title>FIBRA: Investments in equipment for the Innovative Manufacture of 100% recyclable fiber components for the mobility sector - Fundaci\u00f3n Biodiversidad<\/title>\n<meta name=\"robots\" content=\"index, follow, max-snippet:-1, max-image-preview:large, max-video-preview:-1\" \/>\n<link rel=\"canonical\" href=\"https:\/\/fundacion-biodiversidad.es\/en\/proyecto_prtr\/fibra-investments-in-equipment-for-the-innovative-manufacture-of-100-recyclable-fiber-components-for-the-mobility-sector\/\" \/>\n<meta property=\"og:locale\" content=\"en_US\" \/>\n<meta property=\"og:type\" content=\"article\" \/>\n<meta property=\"og:title\" content=\"FIBRA: Investments in equipment for the Innovative Manufacture of 100% recyclable fiber components for the mobility sector - Fundaci\u00f3n Biodiversidad\" \/>\n<meta property=\"og:description\" content=\"The project plans to make an investment in a line consisting of a new water-assisted injection machine + 3 additive manufacturing to produce components reinforced [&hellip;]\" \/>\n<meta property=\"og:url\" content=\"https:\/\/fundacion-biodiversidad.es\/en\/proyecto_prtr\/fibra-investments-in-equipment-for-the-innovative-manufacture-of-100-recyclable-fiber-components-for-the-mobility-sector\/\" \/>\n<meta property=\"og:site_name\" content=\"Fundaci\u00f3n Biodiversidad\" \/>\n<meta property=\"og:image\" content=\"https:\/\/fundacion-biodiversidad.es\/wp-content\/uploads\/2026\/04\/Imagen-plastico.png\" \/>\n<meta name=\"twitter:card\" content=\"summary_large_image\" \/>\n<meta name=\"twitter:image\" content=\"https:\/\/fundacion-biodiversidad.es\/wp-content\/uploads\/2026\/04\/Imagen-plastico.png\" \/>\n<script type=\"application\/ld+json\" class=\"yoast-schema-graph\">{\"@context\":\"https:\/\/schema.org\",\"@graph\":[{\"@type\":\"WebPage\",\"@id\":\"https:\/\/fundacion-biodiversidad.es\/en\/proyecto_prtr\/fibra-investments-in-equipment-for-the-innovative-manufacture-of-100-recyclable-fiber-components-for-the-mobility-sector\/\",\"url\":\"https:\/\/fundacion-biodiversidad.es\/en\/proyecto_prtr\/fibra-investments-in-equipment-for-the-innovative-manufacture-of-100-recyclable-fiber-components-for-the-mobility-sector\/\",\"name\":\"FIBRA: Investments in equipment for the Innovative Manufacture of 100% recyclable fiber components for the mobility sector - Fundaci\u00f3n Biodiversidad\",\"isPartOf\":{\"@id\":\"https:\/\/fundacion-biodiversidad.es\/en\/#website\"},\"primaryImageOfPage\":{\"@id\":\"https:\/\/fundacion-biodiversidad.es\/en\/proyecto_prtr\/fibra-investments-in-equipment-for-the-innovative-manufacture-of-100-recyclable-fiber-components-for-the-mobility-sector\/#primaryimage\"},\"image\":{\"@id\":\"https:\/\/fundacion-biodiversidad.es\/en\/proyecto_prtr\/fibra-investments-in-equipment-for-the-innovative-manufacture-of-100-recyclable-fiber-components-for-the-mobility-sector\/#primaryimage\"},\"thumbnailUrl\":\"https:\/\/fundacion-biodiversidad.es\/wp-content\/uploads\/2022\/11\/no-imagen.jpg\",\"datePublished\":\"2026-04-20T10:34:05+00:00\",\"breadcrumb\":{\"@id\":\"https:\/\/fundacion-biodiversidad.es\/en\/proyecto_prtr\/fibra-investments-in-equipment-for-the-innovative-manufacture-of-100-recyclable-fiber-components-for-the-mobility-sector\/#breadcrumb\"},\"inLanguage\":\"en-US\",\"potentialAction\":[{\"@type\":\"ReadAction\",\"target\":[\"https:\/\/fundacion-biodiversidad.es\/en\/proyecto_prtr\/fibra-investments-in-equipment-for-the-innovative-manufacture-of-100-recyclable-fiber-components-for-the-mobility-sector\/\"]}]},{\"@type\":\"ImageObject\",\"inLanguage\":\"en-US\",\"@id\":\"https:\/\/fundacion-biodiversidad.es\/en\/proyecto_prtr\/fibra-investments-in-equipment-for-the-innovative-manufacture-of-100-recyclable-fiber-components-for-the-mobility-sector\/#primaryimage\",\"url\":\"https:\/\/fundacion-biodiversidad.es\/wp-content\/uploads\/2022\/11\/no-imagen.jpg\",\"contentUrl\":\"https:\/\/fundacion-biodiversidad.es\/wp-content\/uploads\/2022\/11\/no-imagen.jpg\",\"width\":2048,\"height\":2048,\"caption\":\"Formaci\u00f3n en medio ambiente natural\"},{\"@type\":\"BreadcrumbList\",\"@id\":\"https:\/\/fundacion-biodiversidad.es\/en\/proyecto_prtr\/fibra-investments-in-equipment-for-the-innovative-manufacture-of-100-recyclable-fiber-components-for-the-mobility-sector\/#breadcrumb\",\"itemListElement\":[{\"@type\":\"ListItem\",\"position\":1,\"name\":\"Portada\",\"item\":\"https:\/\/fundacion-biodiversidad.es\/en\/inicio\/\"},{\"@type\":\"ListItem\",\"position\":2,\"name\":\"Proyectos de convocatorias PRTR\",\"item\":\"https:\/\/fundacion-biodiversidad.es\/en\/proyecto_prtr\/\"},{\"@type\":\"ListItem\",\"position\":3,\"name\":\"FIBRA: Investments in equipment for the Innovative Manufacture of 100% recyclable fiber components for the mobility sector\"}]},{\"@type\":\"WebSite\",\"@id\":\"https:\/\/fundacion-biodiversidad.es\/en\/#website\",\"url\":\"https:\/\/fundacion-biodiversidad.es\/en\/\",\"name\":\"Fundaci\u00f3n Biodiversidad\",\"description\":\"Fundaci\u00f3n p\u00fablica adscrita al Ministerio para la Transici\u00f3n Ecol\u00f3gica\",\"potentialAction\":[{\"@type\":\"SearchAction\",\"target\":{\"@type\":\"EntryPoint\",\"urlTemplate\":\"https:\/\/fundacion-biodiversidad.es\/en\/?s={search_term_string}\"},\"query-input\":{\"@type\":\"PropertyValueSpecification\",\"valueRequired\":true,\"valueName\":\"search_term_string\"}}],\"inLanguage\":\"en-US\"}]}<\/script>\n<!-- \/ Yoast SEO plugin. -->","yoast_head_json":{"title":"FIBRA: Investments in equipment for the Innovative Manufacture of 100% recyclable fiber components for the mobility sector - Fundaci\u00f3n Biodiversidad","robots":{"index":"index","follow":"follow","max-snippet":"max-snippet:-1","max-image-preview":"max-image-preview:large","max-video-preview":"max-video-preview:-1"},"canonical":"https:\/\/fundacion-biodiversidad.es\/en\/proyecto_prtr\/fibra-investments-in-equipment-for-the-innovative-manufacture-of-100-recyclable-fiber-components-for-the-mobility-sector\/","og_locale":"en_US","og_type":"article","og_title":"FIBRA: Investments in equipment for the Innovative Manufacture of 100% recyclable fiber components for the mobility sector - Fundaci\u00f3n Biodiversidad","og_description":"The project plans to make an investment in a line consisting of a new water-assisted injection machine + 3 additive manufacturing to produce components reinforced [&hellip;]","og_url":"https:\/\/fundacion-biodiversidad.es\/en\/proyecto_prtr\/fibra-investments-in-equipment-for-the-innovative-manufacture-of-100-recyclable-fiber-components-for-the-mobility-sector\/","og_site_name":"Fundaci\u00f3n Biodiversidad","og_image":[{"url":"https:\/\/fundacion-biodiversidad.es\/wp-content\/uploads\/2026\/04\/Imagen-plastico.png","type":"","width":"","height":""}],"twitter_card":"summary_large_image","twitter_image":"https:\/\/fundacion-biodiversidad.es\/wp-content\/uploads\/2026\/04\/Imagen-plastico.png","schema":{"@context":"https:\/\/schema.org","@graph":[{"@type":"WebPage","@id":"https:\/\/fundacion-biodiversidad.es\/en\/proyecto_prtr\/fibra-investments-in-equipment-for-the-innovative-manufacture-of-100-recyclable-fiber-components-for-the-mobility-sector\/","url":"https:\/\/fundacion-biodiversidad.es\/en\/proyecto_prtr\/fibra-investments-in-equipment-for-the-innovative-manufacture-of-100-recyclable-fiber-components-for-the-mobility-sector\/","name":"FIBRA: Investments in equipment for the Innovative Manufacture of 100% recyclable fiber components for the mobility sector - Fundaci\u00f3n Biodiversidad","isPartOf":{"@id":"https:\/\/fundacion-biodiversidad.es\/en\/#website"},"primaryImageOfPage":{"@id":"https:\/\/fundacion-biodiversidad.es\/en\/proyecto_prtr\/fibra-investments-in-equipment-for-the-innovative-manufacture-of-100-recyclable-fiber-components-for-the-mobility-sector\/#primaryimage"},"image":{"@id":"https:\/\/fundacion-biodiversidad.es\/en\/proyecto_prtr\/fibra-investments-in-equipment-for-the-innovative-manufacture-of-100-recyclable-fiber-components-for-the-mobility-sector\/#primaryimage"},"thumbnailUrl":"https:\/\/fundacion-biodiversidad.es\/wp-content\/uploads\/2022\/11\/no-imagen.jpg","datePublished":"2026-04-20T10:34:05+00:00","breadcrumb":{"@id":"https:\/\/fundacion-biodiversidad.es\/en\/proyecto_prtr\/fibra-investments-in-equipment-for-the-innovative-manufacture-of-100-recyclable-fiber-components-for-the-mobility-sector\/#breadcrumb"},"inLanguage":"en-US","potentialAction":[{"@type":"ReadAction","target":["https:\/\/fundacion-biodiversidad.es\/en\/proyecto_prtr\/fibra-investments-in-equipment-for-the-innovative-manufacture-of-100-recyclable-fiber-components-for-the-mobility-sector\/"]}]},{"@type":"ImageObject","inLanguage":"en-US","@id":"https:\/\/fundacion-biodiversidad.es\/en\/proyecto_prtr\/fibra-investments-in-equipment-for-the-innovative-manufacture-of-100-recyclable-fiber-components-for-the-mobility-sector\/#primaryimage","url":"https:\/\/fundacion-biodiversidad.es\/wp-content\/uploads\/2022\/11\/no-imagen.jpg","contentUrl":"https:\/\/fundacion-biodiversidad.es\/wp-content\/uploads\/2022\/11\/no-imagen.jpg","width":2048,"height":2048,"caption":"Formaci\u00f3n en medio ambiente natural"},{"@type":"BreadcrumbList","@id":"https:\/\/fundacion-biodiversidad.es\/en\/proyecto_prtr\/fibra-investments-in-equipment-for-the-innovative-manufacture-of-100-recyclable-fiber-components-for-the-mobility-sector\/#breadcrumb","itemListElement":[{"@type":"ListItem","position":1,"name":"Portada","item":"https:\/\/fundacion-biodiversidad.es\/en\/inicio\/"},{"@type":"ListItem","position":2,"name":"Proyectos de convocatorias PRTR","item":"https:\/\/fundacion-biodiversidad.es\/en\/proyecto_prtr\/"},{"@type":"ListItem","position":3,"name":"FIBRA: Investments in equipment for the Innovative Manufacture of 100% recyclable fiber components for the mobility sector"}]},{"@type":"WebSite","@id":"https:\/\/fundacion-biodiversidad.es\/en\/#website","url":"https:\/\/fundacion-biodiversidad.es\/en\/","name":"Fundaci\u00f3n Biodiversidad","description":"Fundaci\u00f3n p\u00fablica adscrita al Ministerio para la Transici\u00f3n Ecol\u00f3gica","potentialAction":[{"@type":"SearchAction","target":{"@type":"EntryPoint","urlTemplate":"https:\/\/fundacion-biodiversidad.es\/en\/?s={search_term_string}"},"query-input":{"@type":"PropertyValueSpecification","valueRequired":true,"valueName":"search_term_string"}}],"inLanguage":"en-US"}]}},"_links":{"self":[{"href":"https:\/\/fundacion-biodiversidad.es\/en\/wp-json\/wp\/v2\/proyecto_prtr\/97874073","targetHints":{"allow":["GET"]}}],"collection":[{"href":"https:\/\/fundacion-biodiversidad.es\/en\/wp-json\/wp\/v2\/proyecto_prtr"}],"about":[{"href":"https:\/\/fundacion-biodiversidad.es\/en\/wp-json\/wp\/v2\/types\/proyecto_prtr"}],"wp:featuredmedia":[{"embeddable":true,"href":"https:\/\/fundacion-biodiversidad.es\/en\/wp-json\/wp\/v2\/media\/22405"}],"wp:attachment":[{"href":"https:\/\/fundacion-biodiversidad.es\/en\/wp-json\/wp\/v2\/media?parent=97874073"}],"wp:term":[{"taxonomy":"financiaci_n","embeddable":true,"href":"https:\/\/fundacion-biodiversidad.es\/en\/wp-json\/wp\/v2\/financiaci_n?post=97874073"},{"taxonomy":"lineas_actuacion_tematicas","embeddable":true,"href":"https:\/\/fundacion-biodiversidad.es\/en\/wp-json\/wp\/v2\/lineas_actuacion_tematicas?post=97874073"}],"curies":[{"name":"wp","href":"https:\/\/api.w.org\/{rel}","templated":true}]}}

<!-- This site is optimized with the Yoast SEO plugin v26.9 - https://yoast.com/product/yoast-seo-wordpress/ -->
<title>FIBRA: Investments in equipment for the Innovative Manufacture of 100% recyclable fiber components for the mobility sector - Fundación Biodiversidad</title>
<meta name="robots" content="index, follow, max-snippet:-1, max-image-preview:large, max-video-preview:-1" />
<link rel="canonical" href="https://fundacion-biodiversidad.es/en/proyecto_prtr/fibra-investments-in-equipment-for-the-innovative-manufacture-of-100-recyclable-fiber-components-for-the-mobility-sector/" />
<meta property="og:locale" content="en_US" />
<meta property="og:type" content="article" />
<meta property="og:title" content="FIBRA: Investments in equipment for the Innovative Manufacture of 100% recyclable fiber components for the mobility sector - Fundación Biodiversidad" />
<meta property="og:description" content="The project plans to make an investment in a line consisting of a new water-assisted injection machine + 3 additive manufacturing to produce components reinforced [&hellip;]" />
<meta property="og:url" content="https://fundacion-biodiversidad.es/en/proyecto_prtr/fibra-investments-in-equipment-for-the-innovative-manufacture-of-100-recyclable-fiber-components-for-the-mobility-sector/" />
<meta property="og:site_name" content="Fundación Biodiversidad" />
<meta property="og:image" content="https://fundacion-biodiversidad.es/wp-content/uploads/2026/04/Imagen-plastico.png" />
<meta name="twitter:card" content="summary_large_image" />
<meta name="twitter:image" content="https://fundacion-biodiversidad.es/wp-content/uploads/2026/04/Imagen-plastico.png" />
<script type="application/ld+json" class="yoast-schema-graph">{"@context":"https://schema.org","@graph":[{"@type":"WebPage","@id":"https://fundacion-biodiversidad.es/en/proyecto_prtr/fibra-investments-in-equipment-for-the-innovative-manufacture-of-100-recyclable-fiber-components-for-the-mobility-sector/","url":"https://fundacion-biodiversidad.es/en/proyecto_prtr/fibra-investments-in-equipment-for-the-innovative-manufacture-of-100-recyclable-fiber-components-for-the-mobility-sector/","name":"FIBRA: Investments in equipment for the Innovative Manufacture of 100% recyclable fiber components for the mobility sector - Fundación Biodiversidad","isPartOf":{"@id":"https://fundacion-biodiversidad.es/en/#website"},"primaryImageOfPage":{"@id":"https://fundacion-biodiversidad.es/en/proyecto_prtr/fibra-investments-in-equipment-for-the-innovative-manufacture-of-100-recyclable-fiber-components-for-the-mobility-sector/#primaryimage"},"image":{"@id":"https://fundacion-biodiversidad.es/en/proyecto_prtr/fibra-investments-in-equipment-for-the-innovative-manufacture-of-100-recyclable-fiber-components-for-the-mobility-sector/#primaryimage"},"thumbnailUrl":"https://fundacion-biodiversidad.es/wp-content/uploads/2022/11/no-imagen.jpg","datePublished":"2026-04-20T10:34:05+00:00","breadcrumb":{"@id":"https://fundacion-biodiversidad.es/en/proyecto_prtr/fibra-investments-in-equipment-for-the-innovative-manufacture-of-100-recyclable-fiber-components-for-the-mobility-sector/#breadcrumb"},"inLanguage":"en-US","potentialAction":[{"@type":"ReadAction","target":["https://fundacion-biodiversidad.es/en/proyecto_prtr/fibra-investments-in-equipment-for-the-innovative-manufacture-of-100-recyclable-fiber-components-for-the-mobility-sector/"]}]},{"@type":"ImageObject","inLanguage":"en-US","@id":"https://fundacion-biodiversidad.es/en/proyecto_prtr/fibra-investments-in-equipment-for-the-innovative-manufacture-of-100-recyclable-fiber-components-for-the-mobility-sector/#primaryimage","url":"https://fundacion-biodiversidad.es/wp-content/uploads/2022/11/no-imagen.jpg","contentUrl":"https://fundacion-biodiversidad.es/wp-content/uploads/2022/11/no-imagen.jpg","width":2048,"height":2048,"caption":"Formación en medio ambiente natural"},{"@type":"BreadcrumbList","@id":"https://fundacion-biodiversidad.es/en/proyecto_prtr/fibra-investments-in-equipment-for-the-innovative-manufacture-of-100-recyclable-fiber-components-for-the-mobility-sector/#breadcrumb","itemListElement":[{"@type":"ListItem","position":1,"name":"Portada","item":"https://fundacion-biodiversidad.es/en/inicio/"},{"@type":"ListItem","position":2,"name":"Proyectos de convocatorias PRTR","item":"https://fundacion-biodiversidad.es/en/proyecto_prtr/"},{"@type":"ListItem","position":3,"name":"FIBRA: Investments in equipment for the Innovative Manufacture of 100% recyclable fiber components for the mobility sector"}]},{"@type":"WebSite","@id":"https://fundacion-biodiversidad.es/en/#website","url":"https://fundacion-biodiversidad.es/en/","name":"Fundación Biodiversidad","description":"Fundación pública adscrita al Ministerio para la Transición Ecológica","potentialAction":[{"@type":"SearchAction","target":{"@type":"EntryPoint","urlTemplate":"https://fundacion-biodiversidad.es/en/?s={search_term_string}"},"query-input":{"@type":"PropertyValueSpecification","valueRequired":true,"valueName":"search_term_string"}}],"inLanguage":"en-US"}]}</script>
<!-- / Yoast SEO plugin. -->

FIBRA: Investments in equipment for the Innovative Manufacture of 100% recyclable fiber components for the mobility sector - Fundación Biodiversidad

Fundación Biodiversidad

Formación en medio ambiente natural

Fundación pública adscrita al Ministerio para la Transición Ecológica
