{"id":97874126,"date":"2026-04-21T11:18:47","date_gmt":"2026-04-21T09:18:47","guid":{"rendered":"https:\/\/fundacion-biodiversidad.es\/proyecto_prtr\/valoriz-ia-digital-transformation-in-the-sustainable-management-recovery-and-recycling-of-automotive-plastic-components\/"},"modified":"2026-04-21T11:18:47","modified_gmt":"2026-04-21T09:18:47","slug":"valoriz-ia-digital-transformation-in-the-sustainable-management-recovery-and-recycling-of-automotive-plastic-components","status":"publish","type":"proyecto_prtr","link":"https:\/\/fundacion-biodiversidad.es\/en\/proyecto_prtr\/valoriz-ia-digital-transformation-in-the-sustainable-management-recovery-and-recycling-of-automotive-plastic-components\/","title":{"rendered":"Valoriz-IA: Digital transformation in the sustainable management, recovery and recycling of automotive plastic components"},"content":{"rendered":"<p>The VALORIZ-IA project integrates artificial intelligence into the process of reusing and recycling automotive plastic waste, optimising the selection and reuse of key components such as bumpers, headlights and mirrors. Through a neural network, operational efficiency is improved, the carbon footprint is reduced and the recovery of advanced parts is increased, contributing significantly to the circular economy and promoting sustainable practices in the automotive industry and being able to be scalable to other sectors that have plastic in their composition. <\/p>\n","protected":false},"featured_media":22405,"parent":0,"template":"","meta":{"_acf_changed":false},"financiaci_n":[653],"lineas_actuacion_tematicas":[671],"class_list":["post-97874126","proyecto_prtr","type-proyecto_prtr","status-publish","has-post-thumbnail","hentry","financiaci_n-plan-de-recuperacion-transformacion-y-resiliencia-en","lineas_actuacion_tematicas-private-sector"],"acf":[],"yoast_head":"<!-- This site is optimized with the Yoast SEO plugin v26.9 - https:\/\/yoast.com\/product\/yoast-seo-wordpress\/ -->\n<title>Valoriz-IA: Digital transformation in the sustainable management, recovery and recycling of automotive plastic components - Fundaci\u00f3n Biodiversidad<\/title>\n<meta name=\"robots\" content=\"index, follow, max-snippet:-1, max-image-preview:large, max-video-preview:-1\" \/>\n<link rel=\"canonical\" href=\"https:\/\/fundacion-biodiversidad.es\/en\/proyecto_prtr\/valoriz-ia-digital-transformation-in-the-sustainable-management-recovery-and-recycling-of-automotive-plastic-components\/\" \/>\n<meta property=\"og:locale\" content=\"en_US\" \/>\n<meta property=\"og:type\" content=\"article\" \/>\n<meta property=\"og:title\" content=\"Valoriz-IA: Digital transformation in the sustainable management, recovery and recycling of automotive plastic components - Fundaci\u00f3n Biodiversidad\" \/>\n<meta property=\"og:description\" content=\"The VALORIZ-IA project integrates artificial intelligence into the process of reusing and recycling automotive plastic waste, optimising the selection and reuse of key components such [&hellip;]\" \/>\n<meta property=\"og:url\" content=\"https:\/\/fundacion-biodiversidad.es\/en\/proyecto_prtr\/valoriz-ia-digital-transformation-in-the-sustainable-management-recovery-and-recycling-of-automotive-plastic-components\/\" \/>\n<meta property=\"og:site_name\" content=\"Fundaci\u00f3n Biodiversidad\" \/>\n<meta property=\"og:image\" content=\"https:\/\/fundacion-biodiversidad.es\/wp-content\/uploads\/2026\/04\/Imagen-plastico.png\" \/>\n<meta name=\"twitter:card\" content=\"summary_large_image\" \/>\n<meta name=\"twitter:image\" content=\"https:\/\/fundacion-biodiversidad.es\/wp-content\/uploads\/2026\/04\/Imagen-plastico.png\" \/>\n<script type=\"application\/ld+json\" class=\"yoast-schema-graph\">{\"@context\":\"https:\/\/schema.org\",\"@graph\":[{\"@type\":\"WebPage\",\"@id\":\"https:\/\/fundacion-biodiversidad.es\/en\/proyecto_prtr\/valoriz-ia-digital-transformation-in-the-sustainable-management-recovery-and-recycling-of-automotive-plastic-components\/\",\"url\":\"https:\/\/fundacion-biodiversidad.es\/en\/proyecto_prtr\/valoriz-ia-digital-transformation-in-the-sustainable-management-recovery-and-recycling-of-automotive-plastic-components\/\",\"name\":\"Valoriz-IA: Digital transformation in the sustainable management, recovery and recycling of automotive plastic components - Fundaci\u00f3n Biodiversidad\",\"isPartOf\":{\"@id\":\"https:\/\/fundacion-biodiversidad.es\/en\/#website\"},\"primaryImageOfPage\":{\"@id\":\"https:\/\/fundacion-biodiversidad.es\/en\/proyecto_prtr\/valoriz-ia-digital-transformation-in-the-sustainable-management-recovery-and-recycling-of-automotive-plastic-components\/#primaryimage\"},\"image\":{\"@id\":\"https:\/\/fundacion-biodiversidad.es\/en\/proyecto_prtr\/valoriz-ia-digital-transformation-in-the-sustainable-management-recovery-and-recycling-of-automotive-plastic-components\/#primaryimage\"},\"thumbnailUrl\":\"https:\/\/fundacion-biodiversidad.es\/wp-content\/uploads\/2022\/11\/no-imagen.jpg\",\"datePublished\":\"2026-04-21T09:18:47+00:00\",\"breadcrumb\":{\"@id\":\"https:\/\/fundacion-biodiversidad.es\/en\/proyecto_prtr\/valoriz-ia-digital-transformation-in-the-sustainable-management-recovery-and-recycling-of-automotive-plastic-components\/#breadcrumb\"},\"inLanguage\":\"en-US\",\"potentialAction\":[{\"@type\":\"ReadAction\",\"target\":[\"https:\/\/fundacion-biodiversidad.es\/en\/proyecto_prtr\/valoriz-ia-digital-transformation-in-the-sustainable-management-recovery-and-recycling-of-automotive-plastic-components\/\"]}]},{\"@type\":\"ImageObject\",\"inLanguage\":\"en-US\",\"@id\":\"https:\/\/fundacion-biodiversidad.es\/en\/proyecto_prtr\/valoriz-ia-digital-transformation-in-the-sustainable-management-recovery-and-recycling-of-automotive-plastic-components\/#primaryimage\",\"url\":\"https:\/\/fundacion-biodiversidad.es\/wp-content\/uploads\/2022\/11\/no-imagen.jpg\",\"contentUrl\":\"https:\/\/fundacion-biodiversidad.es\/wp-content\/uploads\/2022\/11\/no-imagen.jpg\",\"width\":2048,\"height\":2048,\"caption\":\"Formaci\u00f3n en medio ambiente natural\"},{\"@type\":\"BreadcrumbList\",\"@id\":\"https:\/\/fundacion-biodiversidad.es\/en\/proyecto_prtr\/valoriz-ia-digital-transformation-in-the-sustainable-management-recovery-and-recycling-of-automotive-plastic-components\/#breadcrumb\",\"itemListElement\":[{\"@type\":\"ListItem\",\"position\":1,\"name\":\"Portada\",\"item\":\"https:\/\/fundacion-biodiversidad.es\/en\/inicio\/\"},{\"@type\":\"ListItem\",\"position\":2,\"name\":\"Proyectos de convocatorias PRTR\",\"item\":\"https:\/\/fundacion-biodiversidad.es\/en\/proyecto_prtr\/\"},{\"@type\":\"ListItem\",\"position\":3,\"name\":\"Valoriz-IA: Digital transformation in the sustainable management, recovery and recycling of automotive plastic components\"}]},{\"@type\":\"WebSite\",\"@id\":\"https:\/\/fundacion-biodiversidad.es\/en\/#website\",\"url\":\"https:\/\/fundacion-biodiversidad.es\/en\/\",\"name\":\"Fundaci\u00f3n Biodiversidad\",\"description\":\"Fundaci\u00f3n p\u00fablica adscrita al Ministerio para la Transici\u00f3n Ecol\u00f3gica\",\"potentialAction\":[{\"@type\":\"SearchAction\",\"target\":{\"@type\":\"EntryPoint\",\"urlTemplate\":\"https:\/\/fundacion-biodiversidad.es\/en\/?s={search_term_string}\"},\"query-input\":{\"@type\":\"PropertyValueSpecification\",\"valueRequired\":true,\"valueName\":\"search_term_string\"}}],\"inLanguage\":\"en-US\"}]}<\/script>\n<!-- \/ Yoast SEO plugin. -->","yoast_head_json":{"title":"Valoriz-IA: Digital transformation in the sustainable management, recovery and recycling of automotive plastic components - Fundaci\u00f3n Biodiversidad","robots":{"index":"index","follow":"follow","max-snippet":"max-snippet:-1","max-image-preview":"max-image-preview:large","max-video-preview":"max-video-preview:-1"},"canonical":"https:\/\/fundacion-biodiversidad.es\/en\/proyecto_prtr\/valoriz-ia-digital-transformation-in-the-sustainable-management-recovery-and-recycling-of-automotive-plastic-components\/","og_locale":"en_US","og_type":"article","og_title":"Valoriz-IA: Digital transformation in the sustainable management, recovery and recycling of automotive plastic components - Fundaci\u00f3n Biodiversidad","og_description":"The VALORIZ-IA project integrates artificial intelligence into the process of reusing and recycling automotive plastic waste, optimising the selection and reuse of key components such [&hellip;]","og_url":"https:\/\/fundacion-biodiversidad.es\/en\/proyecto_prtr\/valoriz-ia-digital-transformation-in-the-sustainable-management-recovery-and-recycling-of-automotive-plastic-components\/","og_site_name":"Fundaci\u00f3n Biodiversidad","og_image":[{"url":"https:\/\/fundacion-biodiversidad.es\/wp-content\/uploads\/2026\/04\/Imagen-plastico.png","type":"","width":"","height":""}],"twitter_card":"summary_large_image","twitter_image":"https:\/\/fundacion-biodiversidad.es\/wp-content\/uploads\/2026\/04\/Imagen-plastico.png","schema":{"@context":"https:\/\/schema.org","@graph":[{"@type":"WebPage","@id":"https:\/\/fundacion-biodiversidad.es\/en\/proyecto_prtr\/valoriz-ia-digital-transformation-in-the-sustainable-management-recovery-and-recycling-of-automotive-plastic-components\/","url":"https:\/\/fundacion-biodiversidad.es\/en\/proyecto_prtr\/valoriz-ia-digital-transformation-in-the-sustainable-management-recovery-and-recycling-of-automotive-plastic-components\/","name":"Valoriz-IA: Digital transformation in the sustainable management, recovery and recycling of automotive plastic components - Fundaci\u00f3n Biodiversidad","isPartOf":{"@id":"https:\/\/fundacion-biodiversidad.es\/en\/#website"},"primaryImageOfPage":{"@id":"https:\/\/fundacion-biodiversidad.es\/en\/proyecto_prtr\/valoriz-ia-digital-transformation-in-the-sustainable-management-recovery-and-recycling-of-automotive-plastic-components\/#primaryimage"},"image":{"@id":"https:\/\/fundacion-biodiversidad.es\/en\/proyecto_prtr\/valoriz-ia-digital-transformation-in-the-sustainable-management-recovery-and-recycling-of-automotive-plastic-components\/#primaryimage"},"thumbnailUrl":"https:\/\/fundacion-biodiversidad.es\/wp-content\/uploads\/2022\/11\/no-imagen.jpg","datePublished":"2026-04-21T09:18:47+00:00","breadcrumb":{"@id":"https:\/\/fundacion-biodiversidad.es\/en\/proyecto_prtr\/valoriz-ia-digital-transformation-in-the-sustainable-management-recovery-and-recycling-of-automotive-plastic-components\/#breadcrumb"},"inLanguage":"en-US","potentialAction":[{"@type":"ReadAction","target":["https:\/\/fundacion-biodiversidad.es\/en\/proyecto_prtr\/valoriz-ia-digital-transformation-in-the-sustainable-management-recovery-and-recycling-of-automotive-plastic-components\/"]}]},{"@type":"ImageObject","inLanguage":"en-US","@id":"https:\/\/fundacion-biodiversidad.es\/en\/proyecto_prtr\/valoriz-ia-digital-transformation-in-the-sustainable-management-recovery-and-recycling-of-automotive-plastic-components\/#primaryimage","url":"https:\/\/fundacion-biodiversidad.es\/wp-content\/uploads\/2022\/11\/no-imagen.jpg","contentUrl":"https:\/\/fundacion-biodiversidad.es\/wp-content\/uploads\/2022\/11\/no-imagen.jpg","width":2048,"height":2048,"caption":"Formaci\u00f3n en medio ambiente natural"},{"@type":"BreadcrumbList","@id":"https:\/\/fundacion-biodiversidad.es\/en\/proyecto_prtr\/valoriz-ia-digital-transformation-in-the-sustainable-management-recovery-and-recycling-of-automotive-plastic-components\/#breadcrumb","itemListElement":[{"@type":"ListItem","position":1,"name":"Portada","item":"https:\/\/fundacion-biodiversidad.es\/en\/inicio\/"},{"@type":"ListItem","position":2,"name":"Proyectos de convocatorias PRTR","item":"https:\/\/fundacion-biodiversidad.es\/en\/proyecto_prtr\/"},{"@type":"ListItem","position":3,"name":"Valoriz-IA: Digital transformation in the sustainable management, recovery and recycling of automotive plastic components"}]},{"@type":"WebSite","@id":"https:\/\/fundacion-biodiversidad.es\/en\/#website","url":"https:\/\/fundacion-biodiversidad.es\/en\/","name":"Fundaci\u00f3n Biodiversidad","description":"Fundaci\u00f3n p\u00fablica adscrita al Ministerio para la Transici\u00f3n Ecol\u00f3gica","potentialAction":[{"@type":"SearchAction","target":{"@type":"EntryPoint","urlTemplate":"https:\/\/fundacion-biodiversidad.es\/en\/?s={search_term_string}"},"query-input":{"@type":"PropertyValueSpecification","valueRequired":true,"valueName":"search_term_string"}}],"inLanguage":"en-US"}]}},"_links":{"self":[{"href":"https:\/\/fundacion-biodiversidad.es\/en\/wp-json\/wp\/v2\/proyecto_prtr\/97874126","targetHints":{"allow":["GET"]}}],"collection":[{"href":"https:\/\/fundacion-biodiversidad.es\/en\/wp-json\/wp\/v2\/proyecto_prtr"}],"about":[{"href":"https:\/\/fundacion-biodiversidad.es\/en\/wp-json\/wp\/v2\/types\/proyecto_prtr"}],"wp:featuredmedia":[{"embeddable":true,"href":"https:\/\/fundacion-biodiversidad.es\/en\/wp-json\/wp\/v2\/media\/22405"}],"wp:attachment":[{"href":"https:\/\/fundacion-biodiversidad.es\/en\/wp-json\/wp\/v2\/media?parent=97874126"}],"wp:term":[{"taxonomy":"financiaci_n","embeddable":true,"href":"https:\/\/fundacion-biodiversidad.es\/en\/wp-json\/wp\/v2\/financiaci_n?post=97874126"},{"taxonomy":"lineas_actuacion_tematicas","embeddable":true,"href":"https:\/\/fundacion-biodiversidad.es\/en\/wp-json\/wp\/v2\/lineas_actuacion_tematicas?post=97874126"}],"curies":[{"name":"wp","href":"https:\/\/api.w.org\/{rel}","templated":true}]}}

<!-- This site is optimized with the Yoast SEO plugin v26.9 - https://yoast.com/product/yoast-seo-wordpress/ -->
<title>Valoriz-IA: Digital transformation in the sustainable management, recovery and recycling of automotive plastic components - Fundación Biodiversidad</title>
<meta name="robots" content="index, follow, max-snippet:-1, max-image-preview:large, max-video-preview:-1" />
<link rel="canonical" href="https://fundacion-biodiversidad.es/en/proyecto_prtr/valoriz-ia-digital-transformation-in-the-sustainable-management-recovery-and-recycling-of-automotive-plastic-components/" />
<meta property="og:locale" content="en_US" />
<meta property="og:type" content="article" />
<meta property="og:title" content="Valoriz-IA: Digital transformation in the sustainable management, recovery and recycling of automotive plastic components - Fundación Biodiversidad" />
<meta property="og:description" content="The VALORIZ-IA project integrates artificial intelligence into the process of reusing and recycling automotive plastic waste, optimising the selection and reuse of key components such [&hellip;]" />
<meta property="og:url" content="https://fundacion-biodiversidad.es/en/proyecto_prtr/valoriz-ia-digital-transformation-in-the-sustainable-management-recovery-and-recycling-of-automotive-plastic-components/" />
<meta property="og:site_name" content="Fundación Biodiversidad" />
<meta property="og:image" content="https://fundacion-biodiversidad.es/wp-content/uploads/2026/04/Imagen-plastico.png" />
<meta name="twitter:card" content="summary_large_image" />
<meta name="twitter:image" content="https://fundacion-biodiversidad.es/wp-content/uploads/2026/04/Imagen-plastico.png" />
<script type="application/ld+json" class="yoast-schema-graph">{"@context":"https://schema.org","@graph":[{"@type":"WebPage","@id":"https://fundacion-biodiversidad.es/en/proyecto_prtr/valoriz-ia-digital-transformation-in-the-sustainable-management-recovery-and-recycling-of-automotive-plastic-components/","url":"https://fundacion-biodiversidad.es/en/proyecto_prtr/valoriz-ia-digital-transformation-in-the-sustainable-management-recovery-and-recycling-of-automotive-plastic-components/","name":"Valoriz-IA: Digital transformation in the sustainable management, recovery and recycling of automotive plastic components - Fundación Biodiversidad","isPartOf":{"@id":"https://fundacion-biodiversidad.es/en/#website"},"primaryImageOfPage":{"@id":"https://fundacion-biodiversidad.es/en/proyecto_prtr/valoriz-ia-digital-transformation-in-the-sustainable-management-recovery-and-recycling-of-automotive-plastic-components/#primaryimage"},"image":{"@id":"https://fundacion-biodiversidad.es/en/proyecto_prtr/valoriz-ia-digital-transformation-in-the-sustainable-management-recovery-and-recycling-of-automotive-plastic-components/#primaryimage"},"thumbnailUrl":"https://fundacion-biodiversidad.es/wp-content/uploads/2022/11/no-imagen.jpg","datePublished":"2026-04-21T09:18:47+00:00","breadcrumb":{"@id":"https://fundacion-biodiversidad.es/en/proyecto_prtr/valoriz-ia-digital-transformation-in-the-sustainable-management-recovery-and-recycling-of-automotive-plastic-components/#breadcrumb"},"inLanguage":"en-US","potentialAction":[{"@type":"ReadAction","target":["https://fundacion-biodiversidad.es/en/proyecto_prtr/valoriz-ia-digital-transformation-in-the-sustainable-management-recovery-and-recycling-of-automotive-plastic-components/"]}]},{"@type":"ImageObject","inLanguage":"en-US","@id":"https://fundacion-biodiversidad.es/en/proyecto_prtr/valoriz-ia-digital-transformation-in-the-sustainable-management-recovery-and-recycling-of-automotive-plastic-components/#primaryimage","url":"https://fundacion-biodiversidad.es/wp-content/uploads/2022/11/no-imagen.jpg","contentUrl":"https://fundacion-biodiversidad.es/wp-content/uploads/2022/11/no-imagen.jpg","width":2048,"height":2048,"caption":"Formación en medio ambiente natural"},{"@type":"BreadcrumbList","@id":"https://fundacion-biodiversidad.es/en/proyecto_prtr/valoriz-ia-digital-transformation-in-the-sustainable-management-recovery-and-recycling-of-automotive-plastic-components/#breadcrumb","itemListElement":[{"@type":"ListItem","position":1,"name":"Portada","item":"https://fundacion-biodiversidad.es/en/inicio/"},{"@type":"ListItem","position":2,"name":"Proyectos de convocatorias PRTR","item":"https://fundacion-biodiversidad.es/en/proyecto_prtr/"},{"@type":"ListItem","position":3,"name":"Valoriz-IA: Digital transformation in the sustainable management, recovery and recycling of automotive plastic components"}]},{"@type":"WebSite","@id":"https://fundacion-biodiversidad.es/en/#website","url":"https://fundacion-biodiversidad.es/en/","name":"Fundación Biodiversidad","description":"Fundación pública adscrita al Ministerio para la Transición Ecológica","potentialAction":[{"@type":"SearchAction","target":{"@type":"EntryPoint","urlTemplate":"https://fundacion-biodiversidad.es/en/?s={search_term_string}"},"query-input":{"@type":"PropertyValueSpecification","valueRequired":true,"valueName":"search_term_string"}}],"inLanguage":"en-US"}]}</script>
<!-- / Yoast SEO plugin. -->

Valoriz-IA: Digital transformation in the sustainable management, recovery and recycling of automotive plastic components - Fundación Biodiversidad

Fundación Biodiversidad

Formación en medio ambiente natural

Fundación pública adscrita al Ministerio para la Transición Ecológica
